000
CDUS46 KOTX 160824
CLIDEW


CLIMATE REPORT
NATIONAL WEATHER SERVICE SPOKANE, WA
124 AM PDT WED AUG 16 2017


...................................

...THE DEER_PARK WA AIRPORT CLIMATE SUMMARY FOR AUGUST 15 2017...

CLIMATE NORMAL PERIOD 1981 TO 2010
CLIMATE RECORD PERIOD 9999 TO 9999


WEATHER ITEM   OBSERVED TIME   RECORD YEAR NORMAL DEPARTURE LAST
                VALUE   (LST)  VALUE       VALUE  FROM      YEAR
                                                  NORMAL
..................................................................
TEMPERATURE (F)
 YESTERDAY
  MAXIMUM         83    244 PM  MM      MM  84     -1       93
  MINIMUM         37    504 AM  MM      MM  47    -10       47
  AVERAGE         60                        66     -6       70

PRECIPITATION (IN)
  YESTERDAY        0.00         MM      MM   0.03  -0.03     0.00
  MONTH TO DATE    0.02                      0.30  -0.28     0.17
  SINCE OCT 1     28.41                     20.72   7.69    23.24
  SINCE JAN 1     16.97                     12.90   4.07    14.25

SNOWFALL (IN)
  YESTERDAY       MM

DEGREE DAYS
 HEATING
  YESTERDAY        5                         2      3        0
  MONTH TO DATE    9                        26    -17       23
  SINCE JUN 1    176                       294   -118      276
  SINCE JUL 1     20                        94    -74      105

 COOLING
  YESTERDAY        0                         3     -3        5
  MONTH TO DATE   94                        45     49       40
  SINCE JUN 1    230                       139     91      161
  SINCE JAN 1    236                       142     94      161
..................................................................


WIND (MPH)
  HIGHEST WIND SPEED    10   HIGHEST WIND DIRECTION     W (270)
  HIGHEST GUST SPEED    16   HIGHEST GUST DIRECTION     W (290)
  AVERAGE WIND SPEED     2.4


SKY COVER
  POSSIBLE SUNSHINE  MM
  AVERAGE SKY COVER 0.0


WEATHER CONDITIONS
 THE FOLLOWING WEATHER WAS RECORDED YESTERDAY.
  HAZE


RELATIVE HUMIDITY (PERCENT)
 HIGHEST    76           500 AM
 LOWEST     14           400 PM
 AVERAGE    45

..........................................................


THE DEER_PARK WA AIRPORT CLIMATE NORMALS FOR TODAY
                         NORMAL    RECORD    YEAR
 MAXIMUM TEMPERATURE (F)   84        MM        MM
 MINIMUM TEMPERATURE (F)   47        MM        MM


SUNRISE AND SUNSET
AUGUST 16 2017........SUNRISE   546 AM PDT   SUNSET   800 PM PDT
AUGUST 17 2017........SUNRISE   548 AM PDT   SUNSET   759 PM PDT


-  INDICATES NEGATIVE NUMBERS.
R  INDICATES RECORD WAS SET OR TIED.
MM INDICATES DATA IS MISSING.
T  INDICATES TRACE AMOUNT.




$$
