000
CDUS46 KOTX 010825
CLIDEW


CLIMATE REPORT
NATIONAL WEATHER SERVICE SPOKANE, WA
123 AM PDT TUE SEP 1 2015


...................................

...THE DEER_PARK WA AIRPORT CLIMATE SUMMARY FOR AUGUST 31 2015...

CLIMATE NORMAL PERIOD 1981 TO 2010
CLIMATE RECORD PERIOD 9999 TO 9999


WEATHER ITEM   OBSERVED TIME   RECORD YEAR NORMAL DEPARTURE LAST
                VALUE   (LST)  VALUE       VALUE  FROM      YEAR
                                                  NORMAL
..................................................................
TEMPERATURE (F)
 YESTERDAY
  MAXIMUM         71    237 PM  MM      MM  80     -9       71
  MINIMUM         48    527 AM  MM      MM  44      4       47
  AVERAGE         60                        62     -2       59

PRECIPITATION (IN)
  YESTERDAY        0.00         MM      MM   0.04  -0.04      T
  MONTH TO DATE    0.41                      0.84  -0.43     0.89
  SINCE OCT 1     17.03                     21.26  -4.23    18.37
  SINCE JAN 1     10.64                     13.44  -2.80    14.57

SNOWFALL (IN)
  YESTERDAY       MM

DEGREE DAYS
 HEATING
  YESTERDAY        5                         5      0        6
  MONTH TO DATE   39                        76    -37       18
  SINCE JUN 1    131                       344   -213      242
  SINCE JUL 1     53                       144    -91       36

 COOLING
  YESTERDAY        0                         1     -1        0
  MONTH TO DATE  114                        78     36      134
  SINCE JUN 1    375                       172    203      346
  SINCE JAN 1    386                       175    211      346
..................................................................


WIND (MPH)
  HIGHEST WIND SPEED    17   HIGHEST WIND DIRECTION     S (170)
  HIGHEST GUST SPEED    24   HIGHEST GUST DIRECTION     S (200)
  AVERAGE WIND SPEED     9.0


SKY COVER
  POSSIBLE SUNSHINE  MM
  AVERAGE SKY COVER 0.5


WEATHER CONDITIONS
 THE FOLLOWING WEATHER WAS RECORDED YESTERDAY.
  HAZE


RELATIVE HUMIDITY (PERCENT)
 HIGHEST    86           500 AM
 LOWEST     40           400 PM
 AVERAGE    63

..........................................................


THE DEER_PARK WA AIRPORT CLIMATE NORMALS FOR TODAY
                         NORMAL    RECORD    YEAR
 MAXIMUM TEMPERATURE (F)   79        MM        MM
 MINIMUM TEMPERATURE (F)   44        MM        MM


SUNRISE AND SUNSET
SEPTEMBER  1 2015.....SUNRISE   607 AM PDT   SUNSET   731 PM PDT
SEPTEMBER  2 2015.....SUNRISE   609 AM PDT   SUNSET   729 PM PDT


-  INDICATES NEGATIVE NUMBERS.
R  INDICATES RECORD WAS SET OR TIED.
MM INDICATES DATA IS MISSING.
T  INDICATES TRACE AMOUNT.




$$
