000
CDUS46 KOTX 270838
CLIDEW


CLIMATE REPORT
NATIONAL WEATHER SERVICE SPOKANE, WA
133 AM PDT THU APR 27 2017


...................................

...THE DEER_PARK WA AIRPORT CLIMATE SUMMARY FOR APRIL 26 2017...

CLIMATE NORMAL PERIOD 1981 TO 2010
CLIMATE RECORD PERIOD 9999 TO 9999


WEATHER ITEM   OBSERVED TIME   RECORD YEAR NORMAL DEPARTURE LAST
                VALUE   (LST)  VALUE       VALUE  FROM      YEAR
                                                  NORMAL
..................................................................
TEMPERATURE (F)
 YESTERDAY
  MAXIMUM         56    130 PM  MM      MM  61     -5       63
  MINIMUM         34   1227 AM  MM      MM  33      1       32
  AVERAGE         45                        47     -2       48

PRECIPITATION (IN)
  YESTERDAY        0.13         MM      MM   0.04   0.09     0.00
  MONTH TO DATE    2.33                      1.42   0.91     0.57
  SINCE OCT 1     25.04                     15.56   9.48    18.76
  SINCE JAN 1     13.60                      7.74   5.86     9.77

DEGREE DAYS
 HEATING
  YESTERDAY       20                        18      2       17
  MONTH TO DATE  565                       535     30      351
  SINCE MAR 1   1393                      1377     16     1092
  SINCE JUL 1   6903                      6742    161     5715

 COOLING
  YESTERDAY        0                         0      0        0
  MONTH TO DATE    0                         0      0        0
  SINCE MAR 1      0                         0      0        0
  SINCE JAN 1      0                         0      0        0
..................................................................


WIND (MPH)
  HIGHEST WIND SPEED    24   HIGHEST WIND DIRECTION    SW (220)
  HIGHEST GUST SPEED    29   HIGHEST GUST DIRECTION    SW (220)
  AVERAGE WIND SPEED     5.4


SKY COVER
  POSSIBLE SUNSHINE  MM
  AVERAGE SKY COVER 0.8


WEATHER CONDITIONS
 THE FOLLOWING WEATHER WAS RECORDED YESTERDAY.
  LIGHT RAIN
  FOG


RELATIVE HUMIDITY (PERCENT)
 HIGHEST   100          1200 AM
 LOWEST     38           200 PM
 AVERAGE    69

..........................................................


THE DEER_PARK WA AIRPORT CLIMATE NORMALS FOR TODAY
                         NORMAL    RECORD    YEAR
 MAXIMUM TEMPERATURE (F)   61        MM        MM
 MINIMUM TEMPERATURE (F)   33        MM        MM


SUNRISE AND SUNSET
APRIL 27 2017.........SUNRISE   538 AM PDT   SUNSET   758 PM PDT
APRIL 28 2017.........SUNRISE   536 AM PDT   SUNSET   759 PM PDT


-  INDICATES NEGATIVE NUMBERS.
R  INDICATES RECORD WAS SET OR TIED.
MM INDICATES DATA IS MISSING.
T  INDICATES TRACE AMOUNT.




$$
