000
CDUS46 KOTX 070830
CLIDEW


CLIMATE REPORT
NATIONAL WEATHER SERVICE SPOKANE, WA
1230 AM PST SUN FEB 7 2016


...................................

...THE DEER_PARK WA AIRPORT CLIMATE SUMMARY FOR FEBRUARY 6 2016...

CLIMATE NORMAL PERIOD 1981 TO 2010
CLIMATE RECORD PERIOD 9999 TO 9999


WEATHER ITEM   OBSERVED TIME   RECORD YEAR NORMAL DEPARTURE LAST
                VALUE   (LST)  VALUE       VALUE  FROM      YEAR
                                                  NORMAL
..................................................................
TEMPERATURE (F)
 YESTERDAY
  MAXIMUM         41   1256 AM  MM      MM  37      4       48
  MINIMUM         21   1109 PM  MM      MM  22     -1       38
  AVERAGE         31                        29      2       43

PRECIPITATION (IN)
  YESTERDAY        0.00         MM      MM   0.06  -0.06     0.47
  MONTH TO DATE    0.24                      0.41  -0.17     1.24
  SINCE OCT 1     12.46                     10.86   1.60     9.67
  SINCE JAN 1      3.47                      3.04   0.43     3.28

SNOWFALL (IN)
  YESTERDAY       MM

DEGREE DAYS
 HEATING
  YESTERDAY       34                        36     -2       22
  MONTH TO DATE  188                       216    -28      171
  SINCE DEC 1   2354                      2609   -255     2332
  SINCE JUL 1   4025                      4612   -587     3957

 COOLING
  YESTERDAY        0                         0      0        0
  MONTH TO DATE    0                         0      0        0
  SINCE DEC 1      0                         0      0        0
  SINCE JAN 1      0                         0      0        0
..................................................................


WIND (MPH)
  HIGHEST WIND SPEED    28   HIGHEST WIND DIRECTION    SW (220)
  HIGHEST GUST SPEED    33   HIGHEST GUST DIRECTION    SW (220)
  AVERAGE WIND SPEED     9.5


SKY COVER
  POSSIBLE SUNSHINE  MM
  AVERAGE SKY COVER 0.1


WEATHER CONDITIONS
 THE FOLLOWING WEATHER WAS RECORDED YESTERDAY.
  FOG
  FOG W/VISIBILITY <= 1/4 MILE


RELATIVE HUMIDITY (PERCENT)
 HIGHEST   100          1100 PM
 LOWEST     70           200 AM
 AVERAGE    85

..........................................................


THE DEER_PARK WA AIRPORT CLIMATE NORMALS FOR TODAY
                         NORMAL    RECORD    YEAR
 MAXIMUM TEMPERATURE (F)   37        MM        MM
 MINIMUM TEMPERATURE (F)   22        MM        MM


SUNRISE AND SUNSET
FEBRUARY  7 2016......SUNRISE   709 AM PST   SUNSET   459 PM PST
FEBRUARY  8 2016......SUNRISE   708 AM PST   SUNSET   500 PM PST


-  INDICATES NEGATIVE NUMBERS.
R  INDICATES RECORD WAS SET OR TIED.
MM INDICATES DATA IS MISSING.
T  INDICATES TRACE AMOUNT.




$$
