000
CDUS44 KFWD 270638
CLIDFW


CLIMATE REPORT
NATIONAL WEATHER SERVICE FORT WORTH TX
138 AM CDT FRI MAY 27 2016


...................................

...THE DALLAS FORT WORTH CLIMATE SUMMARY FOR MAY 26 2016...

CLIMATE NORMAL PERIOD 1981 TO 2010
CLIMATE RECORD PERIOD 1898 TO 2016


WEATHER ITEM   OBSERVED TIME   RECORD YEAR NORMAL DEPARTURE LAST
                VALUE   (LST)  VALUE       VALUE  FROM      YEAR
                                                  NORMAL
..................................................................
TEMPERATURE (F)
 YESTERDAY
  MAXIMUM         81   1248 PM  99    1980  86     -5       81
  MINIMUM         67   1151 PM  50    1901  67      0       58
  AVERAGE         74                        77     -3       70

PRECIPITATION (IN)
  YESTERDAY        0.15          2.96 1900   0.15   0.00     0.43
  MONTH TO DATE    3.10                      4.11  -1.01    12.31
  SINCE MAR 1     10.37                     10.67  -0.30    20.40
  SINCE JAN 1     13.61                     15.46  -1.85    26.98

DEGREE DAYS
 HEATING
  YESTERDAY        0                         0      0        0
  MONTH TO DATE   12                         6      6        6
  SINCE MAR 1    181                       350   -169      363
  SINCE JUL 1   1592                      2282   -690     2399

 COOLING
  YESTERDAY        9                        12     -3        5
  MONTH TO DATE  191                       222    -31      163
  SINCE MAR 1    352                       353     -1      286
  SINCE JAN 1    363                       360      3      286
..................................................................


WIND (MPH)
  HIGHEST WIND SPEED    36   HIGHEST WIND DIRECTION    SW (210)
  HIGHEST GUST SPEED    45   HIGHEST GUST DIRECTION    SW (220)
  AVERAGE WIND SPEED    16.0


SKY COVER
  POSSIBLE SUNSHINE  MM
  AVERAGE SKY COVER 0.8


WEATHER CONDITIONS
 THE FOLLOWING WEATHER WAS RECORDED YESTERDAY.
  THUNDERSTORM
  HEAVY RAIN
  RAIN
  LIGHT RAIN
  FOG


RELATIVE HUMIDITY (PERCENT)
 HIGHEST    88           900 AM
 LOWEST     54          1200 PM
 AVERAGE    71

..........................................................


THE DALLAS FORT WORTH CLIMATE NORMALS FOR TODAY
                         NORMAL    RECORD    YEAR
 MAXIMUM TEMPERATURE (F)   87       103      1928
 MINIMUM TEMPERATURE (F)   67        47      1901


SUNRISE AND SUNSET
MAY 27 2016...........SUNRISE   622 AM CDT   SUNSET   829 PM CDT
MAY 28 2016...........SUNRISE   622 AM CDT   SUNSET   829 PM CDT


-  INDICATES NEGATIVE NUMBERS.
R  INDICATES RECORD WAS SET OR TIED.
MM INDICATES DATA IS MISSING.
T  INDICATES TRACE AMOUNT.




$$
