000
CDUS44 KFWD 310637
CLIDFW

CLIMATE REPORT
NATIONAL WEATHER SERVICE FORT WORTH TX
1236 AM CST SAT JAN 31 2015


...................................

...THE DALLAS FORT WORTH CLIMATE SUMMARY FOR JANUARY 30 2015...

CLIMATE NORMAL PERIOD 1981 TO 2010
CLIMATE RECORD PERIOD 1898 TO 2015


WEATHER ITEM   OBSERVED TIME   RECORD YEAR NORMAL DEPARTURE LAST
                VALUE   (LST)  VALUE       VALUE  FROM      YEAR
                                                  NORMAL
..................................................................
TEMPERATURE (F)
 YESTERDAY
  MAXIMUM         57    352 PM  86    1911  58     -1       60
  MINIMUM         40    736 AM   8    1949  36      4       32
  AVERAGE         49                        47      2       46

PRECIPITATION (IN)
  YESTERDAY        0.00          1.24 1982   0.08  -0.08     0.00
  MONTH TO DATE    3.08                      2.05   1.03     0.33
  SINCE DEC 1      4.21                      4.60  -0.39     3.09
  SINCE JAN 1      3.08                      2.05   1.03     0.33

SNOWFALL (IN)
  YESTERDAY        0.0           4.0  1977   0.0    0.0      0.0
  MONTH TO DATE    T                         0.3   -0.3       T
  SINCE DEC 1      T                         0.6   -0.6      2.1
  SINCE JUL 1      T                         0.6   -0.6      2.1
  SNOW DEPTH       0

DEGREE DAYS
 HEATING
  YESTERDAY       16                        18     -2       19
  MONTH TO DATE  611                       576     35      601
  SINCE DEC 1   1067                      1134    -67     1272
  SINCE JUL 1   1485                      1488     -3     1673

 COOLING
  YESTERDAY        0                         0      0        0
  MONTH TO DATE    0                         0      0        0
  SINCE DEC 1      1                         4     -3        0
  SINCE JAN 1      0                         0      0        0
..................................................................


WIND (MPH)
  HIGHEST WIND SPEED    16   HIGHEST WIND DIRECTION     N (20)
  HIGHEST GUST SPEED    21   HIGHEST GUST DIRECTION     N (20)
  AVERAGE WIND SPEED     8.5


SKY COVER
  POSSIBLE SUNSHINE  MM
  AVERAGE SKY COVER 0.8


WEATHER CONDITIONS
 THE FOLLOWING WEATHER WAS RECORDED YESTERDAY.
  NO SIGNIFICANT WEATHER WAS OBSERVED.


RELATIVE HUMIDITY (PERCENT)
 HIGHEST    70           700 AM
 LOWEST     35           300 PM
 AVERAGE    53

..........................................................


THE DALLAS FORT WORTH CLIMATE NORMALS FOR TODAY
                         NORMAL    RECORD    YEAR
 MAXIMUM TEMPERATURE (F)   58        93      1911
 MINIMUM TEMPERATURE (F)   36        -2      1949


SUNRISE AND SUNSET
JANUARY 31 2015.......SUNRISE   724 AM CST   SUNSET   559 PM CST
FEBRUARY  1 2015......SUNRISE   723 AM CST   SUNSET   600 PM CST


-  INDICATES NEGATIVE NUMBERS.
R  INDICATES RECORD WAS SET OR TIED.
MM INDICATES DATA IS MISSING.
T  INDICATES TRACE AMOUNT.




$$
