000
CDUS44 KFWD 220649
CLIDFW

CLIMATE REPORT
NATIONAL WEATHER SERVICE FORT WORTH TX
150 AM CDT FRI SEP 22 2017

...................................

...THE DALLAS FORT WORTH CLIMATE SUMMARY FOR SEPTEMBER 21 2017...

CLIMATE NORMAL PERIOD 1981 TO 2010
CLIMATE RECORD PERIOD 1898 TO 2017


WEATHER ITEM   OBSERVED TIME   RECORD YEAR NORMAL DEPARTURE LAST
                VALUE   (LST)  VALUE       VALUE  FROM      YEAR
                                                  NORMAL
..................................................................
TEMPERATURE (F)
 YESTERDAY
  MAXIMUM         97    411 PM  99    2005  86     11       95
                                      1956
  MINIMUM         78   1159 PM  45    1983  65     13       74
  AVERAGE         88                        76     12       85

PRECIPITATION (IN)
  YESTERDAY        0.00          6.38 1900   0.07  -0.07     0.00
  MONTH TO DATE    T                         1.85  -1.85     0.48
  SINCE SEP 1      T                         1.85  -1.85     0.48
  SINCE JAN 1     28.66                     25.96   2.70    29.15

DEGREE DAYS
 HEATING
  YESTERDAY        0                         0      0        0
  MONTH TO DATE    0                         0      0        0
  SINCE SEP 1      0                         0      0        0
  SINCE JUL 1      0                         0      0        0

 COOLING
  YESTERDAY       23                        11     12       20
  MONTH TO DATE  338                       308     30      403
  SINCE SEP 1    338                       308     30      403
  SINCE JAN 1   2839                      2490    349     2754
..................................................................


WIND (MPH)
  HIGHEST WIND SPEED    29   HIGHEST WIND DIRECTION    SE (140)
  HIGHEST GUST SPEED    37   HIGHEST GUST DIRECTION    SE (140)
  AVERAGE WIND SPEED    13.8


SKY COVER
  POSSIBLE SUNSHINE  MM
  AVERAGE SKY COVER 0.5


WEATHER CONDITIONS
 THE FOLLOWING WEATHER WAS RECORDED YESTERDAY.
  NO SIGNIFICANT WEATHER WAS OBSERVED.


RELATIVE HUMIDITY (PERCENT)
 HIGHEST    79           400 AM
 LOWEST     38           400 PM
 AVERAGE    59

..........................................................


THE DALLAS FORT WORTH CLIMATE NORMALS FOR TODAY
                         NORMAL    RECORD    YEAR
 MAXIMUM TEMPERATURE (F)   86       101      2005
 MINIMUM TEMPERATURE (F)   65        45      1983


SUNRISE AND SUNSET
SEPTEMBER 22 2017.....SUNRISE   716 AM CDT   SUNSET   724 PM CDT
SEPTEMBER 23 2017.....SUNRISE   717 AM CDT   SUNSET   723 PM CDT


-  INDICATES NEGATIVE NUMBERS.
R  INDICATES RECORD WAS SET OR TIED.
MM INDICATES DATA IS MISSING.
T  INDICATES TRACE AMOUNT.

$$
