000
CDUS44 KFWD 010642
CLIDFW


CLIMATE REPORT
NATIONAL WEATHER SERVICE FORT WORTH TX
141 AM CDT WED JUL 1 2015


...................................

...THE DALLAS FORT WORTH CLIMATE SUMMARY FOR JUNE 30 2015...

CLIMATE NORMAL PERIOD 1981 TO 2010
CLIMATE RECORD PERIOD 1898 TO 2015


WEATHER ITEM   OBSERVED TIME   RECORD YEAR NORMAL DEPARTURE LAST
                VALUE   (LST)  VALUE       VALUE  FROM      YEAR
                                                  NORMAL
..................................................................
TEMPERATURE (F)
 YESTERDAY
  MAXIMUM         95    502 PM 107    1980  94      1       95
  MINIMUM         71    307 AM  64    1899  74     -3       77
  AVERAGE         83                        84     -1       86

PRECIPITATION (IN)
  YESTERDAY        0.03          0.88 2002   0.10  -0.07     0.00
                                      1919
  MONTH TO DATE    3.95                      3.79   0.16     3.26
  SINCE JUN 1      3.95                      3.79   0.16     3.26
  SINCE JAN 1     35.58                     20.04  15.54    10.59

DEGREE DAYS
 HEATING
  YESTERDAY        0                         0      0        0
  MONTH TO DATE    0                         0      0        0
  SINCE JUN 1      0                         0      0        0
  SINCE JUL 1   2399                      2284    115     2603

 COOLING
  YESTERDAY       18                        19     -1       21
  MONTH TO DATE  520                       491     29      527
  SINCE JUN 1    520                       491     29      527
  SINCE JAN 1    839                       913    -74     1003
..................................................................


WIND (MPH)
  HIGHEST WIND SPEED    26   HIGHEST WIND DIRECTION     E (70)
  HIGHEST GUST SPEED    34   HIGHEST GUST DIRECTION    NE (40)
  AVERAGE WIND SPEED    11.3


SKY COVER
  POSSIBLE SUNSHINE  MM
  AVERAGE SKY COVER 0.6


WEATHER CONDITIONS
 THE FOLLOWING WEATHER WAS RECORDED YESTERDAY.
  THUNDERSTORM
  LIGHT RAIN


RELATIVE HUMIDITY (PERCENT)
 HIGHEST    79           500 AM
 LOWEST     43           300 PM
 AVERAGE    61

..........................................................


THE DALLAS FORT WORTH CLIMATE NORMALS FOR TODAY
                         NORMAL    RECORD    YEAR
 MAXIMUM TEMPERATURE (F)   94       109      1980
 MINIMUM TEMPERATURE (F)   74        64      1924


SUNRISE AND SUNSET
JULY  1 2015..........SUNRISE   623 AM CDT   SUNSET   840 PM CDT
JULY  2 2015..........SUNRISE   624 AM CDT   SUNSET   840 PM CDT


-  INDICATES NEGATIVE NUMBERS.
R  INDICATES RECORD WAS SET OR TIED.
MM INDICATES DATA IS MISSING.
T  INDICATES TRACE AMOUNT.




$$
