000
CDUS44 KFWD 270658
CLIDFW


CLIMATE REPORT
NATIONAL WEATHER SERVICE FORT WORTH TX
158 AM CDT THU JUL 27 2017


...................................

...THE DALLAS FORT WORTH CLIMATE SUMMARY FOR JULY 26 2017...

CLIMATE NORMAL PERIOD 1981 TO 2010
CLIMATE RECORD PERIOD 1898 TO 2017


WEATHER ITEM   OBSERVED TIME   RECORD YEAR NORMAL DEPARTURE LAST
                VALUE   (LST)  VALUE       VALUE  FROM      YEAR
                                                  NORMAL
..................................................................
TEMPERATURE (F)
 YESTERDAY
  MAXIMUM         98    437 PM 106    1980  97      1       98
  MINIMUM         80    628 AM  65    1911  76      4       77
  AVERAGE         89                        86      3       88

PRECIPITATION (IN)
  YESTERDAY        0.00          1.49 1962   0.05  -0.05     0.00
  MONTH TO DATE    4.12                      1.89   2.23     3.89
  SINCE JUN 1     12.56                      5.68   6.88     7.49
  SINCE JAN 1     24.42                     21.93   2.49    24.25

DEGREE DAYS
 HEATING
  YESTERDAY        0                         0      0        0
  MONTH TO DATE    0                         0      0        0
  SINCE JUN 1      0                         0      0        0
  SINCE JUL 1      0                         0      0        0

 COOLING
  YESTERDAY       24                        21      3       23
  MONTH TO DATE  560                       525     35      583
  SINCE JUN 1   1092                      1016     76     1157
  SINCE JAN 1   1774                      1438    336     1580
..................................................................


WIND (MPH)
  HIGHEST WIND SPEED    21   HIGHEST WIND DIRECTION     S (190)
  HIGHEST GUST SPEED    24   HIGHEST GUST DIRECTION     S (180)
  AVERAGE WIND SPEED    11.7


SKY COVER
  POSSIBLE SUNSHINE  MM
  AVERAGE SKY COVER 0.4


WEATHER CONDITIONS
 THE FOLLOWING WEATHER WAS RECORDED YESTERDAY.
  NO SIGNIFICANT WEATHER WAS OBSERVED.


RELATIVE HUMIDITY (PERCENT)
 HIGHEST    79           600 AM
 LOWEST     38           600 PM
 AVERAGE    59

..........................................................


THE DALLAS FORT WORTH CLIMATE NORMALS FOR TODAY
                         NORMAL    RECORD    YEAR
 MAXIMUM TEMPERATURE (F)   97       106      1944
 MINIMUM TEMPERATURE (F)   76        68      1994
                                             1933


SUNRISE AND SUNSET
JULY 27 2017..........SUNRISE   639 AM CDT   SUNSET   830 PM CDT
JULY 28 2017..........SUNRISE   639 AM CDT   SUNSET   830 PM CDT


-  INDICATES NEGATIVE NUMBERS.
R  INDICATES RECORD WAS SET OR TIED.
MM INDICATES DATA IS MISSING.
T  INDICATES TRACE AMOUNT.




$$
