000
CDUS44 KFWD 020658
CLIDFW


CLIMATE REPORT
NATIONAL WEATHER SERVICE FORT WORTH TX
158 AM CDT MON MAY 2 2016


...................................

...THE DALLAS FORT WORTH CLIMATE SUMMARY FOR MAY 1 2016...

CLIMATE NORMAL PERIOD 1981 TO 2010
CLIMATE RECORD PERIOD 1898 TO 2016


WEATHER ITEM   OBSERVED TIME   RECORD YEAR NORMAL DEPARTURE LAST
                VALUE   (LST)  VALUE       VALUE  FROM      YEAR
                                                  NORMAL
..................................................................
TEMPERATURE (F)
 YESTERDAY
  MAXIMUM         74    524 PM  92    2002  80     -6       82
                                      1948
  MINIMUM         58    553 AM  34    1903  60     -2       54
  AVERAGE         66                        70     -4       68

PRECIPITATION (IN)
  YESTERDAY        0.00          3.15 1990   0.15  -0.15     0.00
  MONTH TO DATE    0.00                      0.15  -0.15     0.00
  SINCE MAR 1      7.27                      6.71   0.56     8.09
  SINCE JAN 1     10.51                     11.50  -0.99    14.67

DEGREE DAYS
 HEATING
  YESTERDAY        0                         1     -1        0
  MONTH TO DATE    0                         1     -1        0
  SINCE MAR 1    169                       345   -176      357
  SINCE JUL 1   1580                      2277   -697     2393

 COOLING
  YESTERDAY        1                         5     -4        3
  MONTH TO DATE    1                         5     -4        3
  SINCE MAR 1    162                       136     26      126
  SINCE JAN 1    173                       143     30      126
..................................................................


WIND (MPH)
  HIGHEST WIND SPEED    23   HIGHEST WIND DIRECTION     N (360)
  HIGHEST GUST SPEED    29   HIGHEST GUST DIRECTION     N (350)
  AVERAGE WIND SPEED    14.0


SKY COVER
  POSSIBLE SUNSHINE  MM
  AVERAGE SKY COVER 0.2


WEATHER CONDITIONS
 THE FOLLOWING WEATHER WAS RECORDED YESTERDAY.
  NO SIGNIFICANT WEATHER WAS OBSERVED.


RELATIVE HUMIDITY (PERCENT)
 HIGHEST    84           100 AM
 LOWEST     41           200 PM
 AVERAGE    63

..........................................................


THE DALLAS FORT WORTH CLIMATE NORMALS FOR TODAY
                         NORMAL    RECORD    YEAR
 MAXIMUM TEMPERATURE (F)   80        95      1943
 MINIMUM TEMPERATURE (F)   60        44      2013
                                             1978


SUNRISE AND SUNSET
MAY  2 2016...........SUNRISE   639 AM CDT   SUNSET   811 PM CDT
MAY  3 2016...........SUNRISE   638 AM CDT   SUNSET   812 PM CDT


-  INDICATES NEGATIVE NUMBERS.
R  INDICATES RECORD WAS SET OR TIED.
MM INDICATES DATA IS MISSING.
T  INDICATES TRACE AMOUNT.




$$
