000
CDUS44 KFWD 222226
CLIDFW


CLIMATE REPORT
NATIONAL WEATHER SERVICE FORT WORTH TX
426 PM CST WED NOV 22 2017


...................................

...THE DALLAS FORT WORTH CLIMATE SUMMARY FOR NOVEMBER 22 2017...
VALID AS OF 0400 PM LOCAL TIME.

CLIMATE NORMAL PERIOD 1981 TO 2010
CLIMATE RECORD PERIOD 1898 TO 2017


WEATHER ITEM   OBSERVED TIME   RECORD YEAR NORMAL DEPARTURE LAST
                VALUE   (LST)  VALUE       VALUE  FROM      YEAR
                                                  NORMAL
..................................................................
TEMPERATURE (F)
 TODAY
  MAXIMUM         56    359 PM  89    1955  64     -8       76
  MINIMUM         41    727 AM  23    1898  44     -3       62
  AVERAGE         49

PRECIPITATION (IN)
  TODAY            0.00          1.89 1913   0.07  -0.07      T
  MONTH TO DATE    0.81                      2.11  -1.30     2.41
  SINCE SEP 1      3.40                      8.88  -5.48     5.40
  SINCE JAN 1     32.06                     32.99  -0.93    34.07

SNOWFALL (IN)
  TODAY            0.0           5.0  1937   0.0    0.0      0.0
  MONTH TO DATE    0.0                       0.0    0.0      0.0
  SINCE SEP 1      0.0                       0.0    0.0      0.0
  SINCE JUL 1      0.0                       0.0    0.0      0.0
  SNOW DEPTH       0

..................................................................


WIND (MPH)
  HIGHEST WIND SPEED    25   HIGHEST WIND DIRECTION     N (10)
  HIGHEST GUST SPEED    33   HIGHEST GUST DIRECTION     N (10)
  AVERAGE WIND SPEED    14.4




..........................................................


THE DALLAS FORT WORTH CLIMATE NORMALS FOR TOMORROW
                         NORMAL    RECORD    YEAR
 MAXIMUM TEMPERATURE (F)   64        82      2005
                                             1921
                                             1904
 MINIMUM TEMPERATURE (F)   43        22      1975


SUNRISE AND SUNSET
NOVEMBER 22 2017......SUNRISE   705 AM CST   SUNSET   523 PM CST
NOVEMBER 23 2017......SUNRISE   706 AM CST   SUNSET   523 PM CST


-  INDICATES NEGATIVE NUMBERS.
R  INDICATES RECORD WAS SET OR TIED.
MM INDICATES DATA IS MISSING.
T  INDICATES TRACE AMOUNT.




$$
