000
CDUS43 KDDC 212331
CLIDGC


CLIMATE REPORT
NATIONAL WEATHER SERVICE DODGE CITY KS
530 PM CST SAT JAN 21 2017


...................................

...THE DODGE CITY KS CLIMATE SUMMARY FOR JANUARY 21 2017...
VALID TODAY AS OF 0500 PM LOCAL TIME.

CLIMATE NORMAL PERIOD 1981 TO 2010
CLIMATE RECORD PERIOD 1875 TO 2017


WEATHER ITEM   OBSERVED TIME   RECORD YEAR NORMAL DEPARTURE LAST
                VALUE   (LST)  VALUE       VALUE  FROM      YEAR
                                                  NORMAL
..................................................................
TEMPERATURE (F)
 TODAY
  MAXIMUM         55    253 PM  70    1964  45     10       32
                                      1953
                                      1943
  MINIMUM         23    725 AM -13    1883  20      3       22
  AVERAGE         39                        32      7       27

PRECIPITATION (IN)
  TODAY            0.00          0.11 1898   0.01  -0.01      T
  MONTH TO DATE    2.51                      0.37   2.14     0.28
  SINCE DEC 1      3.13                      1.21   1.92     2.71
  SINCE JAN 1      2.51                      0.37   2.14     0.28

SNOWFALL (IN)
  TODAY            0.0           1.3  1898   0.1   -0.1       T
  MONTH TO DATE    2.7                       3.1   -0.4      0.7
  SINCE DEC 1      5.0                       7.2   -2.2      8.8
  SINCE JUL 1      5.0                       9.4   -4.4      9.9
  SNOW DEPTH       0

DEGREE DAYS
 HEATING
  TODAY           26                        33     -7       38
  MONTH TO DATE  717                       693     24      704
  SINCE DEC 1   1794                      1693    101     1581
  SINCE JUL 1   2390                      2707   -317     2411

 COOLING
  TODAY            0                         0      0        0
  MONTH TO DATE    0                         0      0        0
  SINCE DEC 1      0                         0      0        0
  SINCE JAN 1      0                         0      0        0
..................................................................


WIND (MPH)
  HIGHEST WIND SPEED    17   HIGHEST WIND DIRECTION    SE (140)
  HIGHEST GUST SPEED    20   HIGHEST GUST DIRECTION    SE (140)
  AVERAGE WIND SPEED     7.6


SKY COVER
  POSSIBLE SUNSHINE  MM
  AVERAGE SKY COVER 0.1


WEATHER CONDITIONS
 THE FOLLOWING WEATHER WAS RECORDED TODAY.
  FOG


RELATIVE HUMIDITY (PERCENT)
 HIGHEST   100           300 AM
 LOWEST     47           300 PM
 AVERAGE    74

..........................................................


THE DODGE CITY KS CLIMATE NORMALS FOR TOMORROW
                         NORMAL    RECORD    YEAR
 MAXIMUM TEMPERATURE (F)   45        78      1967
 MINIMUM TEMPERATURE (F)   20       -10      1966


SUNRISE AND SUNSET
JANUARY 21 2017.......SUNRISE   751 AM CST   SUNSET   552 PM CST
JANUARY 22 2017.......SUNRISE   751 AM CST   SUNSET   553 PM CST


-  INDICATES NEGATIVE NUMBERS.
R  INDICATES RECORD WAS SET OR TIED.
MM INDICATES DATA IS MISSING.
T  INDICATES TRACE AMOUNT.




$$
