000
CDUS43 KDDC 221010
CLIDGC


CLIMATE REPORT
NATIONAL WEATHER SERVICE DODGE CITY KS
509 AM CDT FRI AUG 22 2014


...................................

...THE DODGE CITY KS CLIMATE SUMMARY FOR AUGUST 21 2014...

CLIMATE NORMAL PERIOD 1981 TO 2010
CLIMATE RECORD PERIOD 1875 TO 2014


WEATHER ITEM   OBSERVED TIME   RECORD YEAR NORMAL DEPARTURE LAST
                VALUE   (LST)  VALUE       VALUE  FROM      YEAR
                                                  NORMAL
..................................................................
TEMPERATURE (F)
 YESTERDAY
  MAXIMUM         99    322 PM 105    1983  90      9       93
  MINIMUM         75    629 AM  48    1950  65     10       66
  AVERAGE         87                        78      9       80

PRECIPITATION (IN)
  YESTERDAY        0.03          1.23 2006   0.08  -0.05     0.00
  MONTH TO DATE    1.86                      1.92  -0.06     6.92
  SINCE JUN 1     13.96                      8.24   5.72    12.05
  SINCE JAN 1     17.48                     15.76   1.72    15.48

SNOWFALL (IN)
  YESTERDAY        0.0           0.0  2002   0.0    0.0      0.0
                                      2001
  MONTH TO DATE    0.0                       0.0    0.0      0.0
  SINCE JUN 1      0.0                       0.0    0.0      0.0
  SINCE JUL 1      0.0                       0.0    0.0      0.0
  SNOW DEPTH       0

DEGREE DAYS
 HEATING
  YESTERDAY        0                         0      0        0
  MONTH TO DATE    0                         0      0        0
  SINCE JUN 1     20                        14      6       12
  SINCE JUL 1     13                         1     12        0

 COOLING
  YESTERDAY       22                        13      9       15
  MONTH TO DATE  299                       292      7      206
  SINCE JUN 1    927                      1022    -95     1037
  SINCE JAN 1   1099                      1131    -32     1199
..................................................................


WIND (MPH)
  HIGHEST WIND SPEED    23   HIGHEST WIND DIRECTION     S (180)
  HIGHEST GUST SPEED    30   HIGHEST GUST DIRECTION     S (190)
  AVERAGE WIND SPEED    13.4


SKY COVER
  POSSIBLE SUNSHINE  MM
  AVERAGE SKY COVER 0.0


WEATHER CONDITIONS
 THE FOLLOWING WEATHER WAS RECORDED YESTERDAY.
  THUNDERSTORM
  LIGHT RAIN


RELATIVE HUMIDITY (PERCENT)
 HIGHEST    64           600 AM
 LOWEST     30           500 PM
 AVERAGE    47

..........................................................


THE DODGE CITY KS CLIMATE NORMALS FOR TODAY
                         NORMAL    RECORD    YEAR
 MAXIMUM TEMPERATURE (F)   90       104      1910
 MINIMUM TEMPERATURE (F)   65        50      1923


SUNRISE AND SUNSET
AUGUST 22 2014........SUNRISE   701 AM CDT   SUNSET   823 PM CDT
AUGUST 23 2014........SUNRISE   702 AM CDT   SUNSET   822 PM CDT


-  INDICATES NEGATIVE NUMBERS.
R  INDICATES RECORD WAS SET OR TIED.
MM INDICATES DATA IS MISSING.
T  INDICATES TRACE AMOUNT.




$$
