000
CDUS45 KCYS 230727
CLIDGW


CLIMATE REPORT
NATIONAL WEATHER SERVICE CHEYENNE WY
126 AM MDT THU OCT 23 2014


...................................

...THE DOUGLAS WY AIRPORT CLIMATE SUMMARY FOR OCTOBER 22 2014...

CLIMATE NORMAL PERIOD 1981 TO 2010
CLIMATE RECORD PERIOD 1998 TO 2014


WEATHER ITEM   OBSERVED TIME   RECORD YEAR NORMAL DEPARTURE LAST
                VALUE   (LST)  VALUE       VALUE  FROM      YEAR
                                                  NORMAL
..................................................................
TEMPERATURE (F)
 YESTERDAY
  MAXIMUM         64    311 PM  80    2003  59      5       64
  MINIMUM         31   1140 PM  20    2009  28      3       34
  AVERAGE         48                        44      4       49

PRECIPITATION (IN)
  YESTERDAY        0.00          0.88 2013   0.02  -0.02     0.00
  MONTH TO DATE    0.37                      0.86  -0.49     1.96
  SINCE JAN 1     11.95                     12.14  -0.19     9.22

DEGREE DAYS
 HEATING
  YESTERDAY       17                        21     -4       16
  MONTH TO DATE  293                       391    -98      478
  SINCE SEP 1    465                       619   -154      616
  SINCE JUL 1    502                       660   -158      616

 COOLING
  YESTERDAY        0                         0      0        0
  MONTH TO DATE    0                         0      0        0
  SINCE SEP 1     24                        28     -4       88
  SINCE JAN 1    401                       486    -85      739
..................................................................


WIND (MPH)
  HIGHEST WIND SPEED    23   HIGHEST WIND DIRECTION     W (290)
  HIGHEST GUST SPEED    29   HIGHEST GUST DIRECTION     W (290)
  AVERAGE WIND SPEED     9.3


SKY COVER
  AVERAGE SKY COVER 0.1


WEATHER CONDITIONS
 THE FOLLOWING WEATHER WAS RECORDED YESTERDAY.
  NO SIGNIFICANT WEATHER WAS OBSERVED.


RELATIVE HUMIDITY (PERCENT)
 HIGHEST    64           700 AM
 LOWEST     14           400 PM
 AVERAGE    39

..........................................................


THE DOUGLAS WY AIRPORT CLIMATE NORMALS FOR TODAY
                         NORMAL    RECORD    YEAR
 MAXIMUM TEMPERATURE (F)   59        83      2003
 MINIMUM TEMPERATURE (F)   28        19      2008
                                             2006
                                             2005


SUNRISE AND SUNSET
OCTOBER 23 2014.......SUNRISE   724 AM MDT   SUNSET   606 PM MDT
OCTOBER 24 2014.......SUNRISE   726 AM MDT   SUNSET   605 PM MDT


-  INDICATES NEGATIVE NUMBERS.
R  INDICATES RECORD WAS SET OR TIED.
MM INDICATES DATA IS MISSING.
T  INDICATES TRACE AMOUNT.




$$
