000
CDUS45 KCYS 030733
CLIDGW


CLIMATE REPORT
NATIONAL WEATHER SERVICE CHEYENNE WY
1232 AM MST TUE MAR 3 2015


...................................

...THE DOUGLAS WY AIRPORT CLIMATE SUMMARY FOR MARCH 2 2015...

CLIMATE NORMAL PERIOD 1981 TO 2010
CLIMATE RECORD PERIOD 1998 TO 2015


WEATHER ITEM   OBSERVED TIME   RECORD YEAR NORMAL DEPARTURE LAST
                VALUE   (LST)  VALUE       VALUE  FROM      YEAR
                                                  NORMAL
..................................................................
TEMPERATURE (F)
 YESTERDAY
  MAXIMUM         38    127 PM  65    2009  44     -6       11
  MINIMUM         22    234 AM  -4    2002  17      5       -3
  AVERAGE         30                        31     -1        4

PRECIPITATION (IN)
  YESTERDAY        0.09R         0.05 2007   0.02   0.07     0.01
  MONTH TO DATE    0.09                      0.03   0.06     0.24
  SINCE JAN 1      0.95                      0.82   0.13     1.70

DEGREE DAYS
 HEATING
  YESTERDAY       35                        34      1       61
  MONTH TO DATE   80                        69     11      123
  SINCE MAR 1     80                        69     11      123
  SINCE JUL 1   5083                      5469   -386     5713

 COOLING
  YESTERDAY        0                         0      0        0
  MONTH TO DATE    0                         0      0        0
  SINCE MAR 1      0                         0      0        0
  SINCE JAN 1      0                         0      0        0
..................................................................


WIND (MPH)
  HIGHEST WIND SPEED    23   HIGHEST WIND DIRECTION     N (10)
  HIGHEST GUST SPEED    30   HIGHEST GUST DIRECTION     N (20)
  AVERAGE WIND SPEED    11.8


SKY COVER
  AVERAGE SKY COVER 0.6


WEATHER CONDITIONS
 THE FOLLOWING WEATHER WAS RECORDED YESTERDAY.
  SNOW
  LIGHT SNOW
  FOG
  FOG W/VISIBILITY <= 1/4 MILE
  HAZE


RELATIVE HUMIDITY (PERCENT)
 HIGHEST   100           800 PM
 LOWEST     54          1200 PM
 AVERAGE    77

..........................................................


THE DOUGLAS WY AIRPORT CLIMATE NORMALS FOR TODAY
                         NORMAL    RECORD    YEAR
 MAXIMUM TEMPERATURE (F)   45        65      2009
 MINIMUM TEMPERATURE (F)   18         0      2014


SUNRISE AND SUNSET
MARCH  3 2015.........SUNRISE   634 AM MST   SUNSET   553 PM MST
MARCH  4 2015.........SUNRISE   633 AM MST   SUNSET   554 PM MST


-  INDICATES NEGATIVE NUMBERS.
R  INDICATES RECORD WAS SET OR TIED.
MM INDICATES DATA IS MISSING.
T  INDICATES TRACE AMOUNT.




$$
