000
CDUS45 KCYS 300329
CLIDGW


CLIMATE REPORT
NATIONAL WEATHER SERVICE CHEYENNE WY
929 PM MDT MON JUN 29 2015


...................................

...THE DOUGLAS WY AIRPORT CLIMATE SUMMARY FOR JUNE 29 2015...
VALID TODAY AS OF 0900 PM LOCAL TIME.

CLIMATE NORMAL PERIOD 1981 TO 2010
CLIMATE RECORD PERIOD 1998 TO 2015


WEATHER ITEM   OBSERVED TIME   RECORD YEAR NORMAL DEPARTURE LAST
                VALUE   (LST)  VALUE       VALUE  FROM      YEAR
                                                  NORMAL
..................................................................
TEMPERATURE (F)
 TODAY
  MAXIMUM         91    135 PM 101    2002  85      6       88
  MINIMUM         54    411 AM  42    2014  51      3       42
  AVERAGE         73                        68      5       65

PRECIPITATION (IN)
  TODAY            0.00          0.12 2003   0.06  -0.06     0.00
  MONTH TO DATE    2.68                      1.85   0.83     1.06
  SINCE JAN 1     11.13                      7.49   3.64     6.83

DEGREE DAYS
 HEATING
  TODAY            0                         1     -1        0
  MONTH TO DATE   22                       108    -86      140
  SINCE JUN 1     22                       108    -86      140
  SINCE JUL 1   6845                      7439   -594     7613

 COOLING
  TODAY            8                         4      4        0
  MONTH TO DATE   76                        66     10       27
  SINCE JUN 1     76                        66     10       27
  SINCE JAN 1     77                        72      5       32
..................................................................


WIND (MPH)
  HIGHEST WIND SPEED    16   HIGHEST WIND DIRECTION     N (350)
  HIGHEST GUST SPEED    21   HIGHEST GUST DIRECTION    NW (330)
  AVERAGE WIND SPEED     5.4


SKY COVER
  AVERAGE SKY COVER 0.0


WEATHER CONDITIONS
 THE FOLLOWING WEATHER WAS RECORDED TODAY.
  NO SIGNIFICANT WEATHER WAS OBSERVED.


RELATIVE HUMIDITY (PERCENT)
 HIGHEST    86           300 AM
 LOWEST     19           100 PM
 AVERAGE    53

..........................................................


THE DOUGLAS WY AIRPORT CLIMATE NORMALS FOR TOMORROW
                         NORMAL    RECORD    YEAR
 MAXIMUM TEMPERATURE (F)   85        97      2007
 MINIMUM TEMPERATURE (F)   51        41      2005


SUNRISE AND SUNSET
JUNE 29 2015..........SUNRISE   526 AM MDT   SUNSET   844 PM MDT
JUNE 30 2015..........SUNRISE   526 AM MDT   SUNSET   844 PM MDT


-  INDICATES NEGATIVE NUMBERS.
R  INDICATES RECORD WAS SET OR TIED.
MM INDICATES DATA IS MISSING.
T  INDICATES TRACE AMOUNT.




$$
