000
CDUS45 KCYS 010327
CLIDGW


CLIMATE REPORT
NATIONAL WEATHER SERVICE CHEYENNE WY
926 PM MDT FRI JUL 31 2015


...................................

...THE DOUGLAS WY AIRPORT CLIMATE SUMMARY FOR JULY 31 2015...
VALID TODAY AS OF 0900 PM LOCAL TIME.

CLIMATE NORMAL PERIOD 1981 TO 2010
CLIMATE RECORD PERIOD 1998 TO 2015


WEATHER ITEM   OBSERVED TIME   RECORD YEAR NORMAL DEPARTURE LAST
                VALUE   (LST)  VALUE       VALUE  FROM      YEAR
                                                  NORMAL
..................................................................
TEMPERATURE (F)
 TODAY
  MAXIMUM         95    226 PM 101    2002  89      6       84
  MINIMUM         50    521 AM  44    2009  55     -5       50
  AVERAGE         73                        72      1       67

PRECIPITATION (IN)
  TODAY            0.00          0.04 2001   0.04  -0.04     0.00
  MONTH TO DATE    0.90                      1.36  -0.46     2.15
  SINCE JAN 1     11.43                      8.91   2.52     8.98

DEGREE DAYS
 HEATING
  TODAY            0                         0      0        0
  MONTH TO DATE   15                         9      6       14
  SINCE JUN 1     37                       125    -88      157
  SINCE JUL 1     15                        15      0       14

 COOLING
  TODAY            8                         8      0        2
  MONTH TO DATE  154                       205    -51      206
  SINCE JUN 1    238                       276    -38      233
  SINCE JAN 1    239                       282    -43      238
..................................................................


WIND (MPH)
  HIGHEST WIND SPEED    17   HIGHEST WIND DIRECTION     E (110)
  HIGHEST GUST SPEED    26   HIGHEST GUST DIRECTION    NE (40)
  AVERAGE WIND SPEED     5.3


SKY COVER
  AVERAGE SKY COVER 0.0


WEATHER CONDITIONS
 THE FOLLOWING WEATHER WAS RECORDED TODAY.
  NO SIGNIFICANT WEATHER WAS OBSERVED.


RELATIVE HUMIDITY (PERCENT)
 HIGHEST    71           500 AM
 LOWEST     10           100 PM
 AVERAGE    41

..........................................................


THE DOUGLAS WY AIRPORT CLIMATE NORMALS FOR TOMORROW
                         NORMAL    RECORD    YEAR
 MAXIMUM TEMPERATURE (F)   89       101      2008
 MINIMUM TEMPERATURE (F)   55        44      2009


SUNRISE AND SUNSET
JULY 31 2015..........SUNRISE   552 AM MDT   SUNSET   823 PM MDT
AUGUST  1 2015........SUNRISE   553 AM MDT   SUNSET   822 PM MDT


-  INDICATES NEGATIVE NUMBERS.
R  INDICATES RECORD WAS SET OR TIED.
MM INDICATES DATA IS MISSING.
T  INDICATES TRACE AMOUNT.




$$
