000
CDUS44 KTAE 220633
CLIDHN


CLIMATE REPORT
NATIONAL WEATHER SERVICE TALLAHASSEE FL
132 AM EST THU FEB 22 2018


...................................

...THE DOTHAN CLIMATE SUMMARY FOR FEBRUARY 21 2018...

CLIMATE NORMAL PERIOD 1981 TO 2010
CLIMATE RECORD PERIOD 1965 TO 2018


WEATHER ITEM   OBSERVED TIME   NORMAL DEPARTURE LAST
                VALUE   (LST)  VALUE  FROM      YEAR
                                      NORMAL
......................................................
TEMPERATURE (F)
 YESTERDAY
  MAXIMUM         85    422 PM  66     19       68
  MINIMUM         64    337 AM  42     22       56
  AVERAGE         75            54     21       62

PRECIPITATION (IN)
  YESTERDAY        0.00          0.17  -0.17     1.65
  MONTH TO DATE    8.09          3.63   4.46     3.65
  SINCE DEC 1     12.42         12.65  -0.23    28.49
  SINCE JAN 1      9.51          8.26   1.25    18.13

SNOWFALL (IN)
  YESTERDAY        0.0

DEGREE DAYS
 HEATING
  YESTERDAY        0            11    -11        3
  MONTH TO DATE   98           272   -174      126
  SINCE DEC 1   1054          1211   -157      679
  SINCE JUL 1   1275          1488   -213      840
......................................................


WIND (MPH)
  HIGHEST WIND SPEED    18   HIGHEST WIND DIRECTION    SE (150)
  HIGHEST GUST SPEED    24   HIGHEST GUST DIRECTION     S (180)
  AVERAGE WIND SPEED     8.9








-  INDICATES NEGATIVE NUMBERS.
R  INDICATES RECORD WAS SET OR TIED.
MM INDICATES DATA IS MISSING.
T  INDICATES TRACE AMOUNT.




$$
