000
CDUS44 KTAE 030619
CLIDHN


CLIMATE REPORT
NATIONAL WEATHER SERVICE TALLAHASSEE FL
117 AM EST TUE MAR 3 2015

...................................

...THE DOTHAN CLIMATE SUMMARY FOR MARCH 2 2015...

CLIMATE NORMAL PERIOD 1981 TO 2010
CLIMATE RECORD PERIOD 1965 TO 2015


WEATHER ITEM   OBSERVED TIME   NORMAL DEPARTURE LAST
                VALUE   (LST)  VALUE  FROM      YEAR
                                      NORMAL
......................................................
TEMPERATURE (F)
 YESTERDAY
  MAXIMUM         65    359 PM  68     -3       77
  MINIMUM         49    212 AM  44      5       43
  AVERAGE         57            56      1       60

PRECIPITATION (IN)
  YESTERDAY        T             0.16  -0.16     0.00
  MONTH TO DATE    T             0.30  -0.30     0.00
  SINCE MAR 1      T             0.30  -0.30     0.00
  SINCE JAN 1      6.67          9.70  -3.03     7.73

SNOWFALL (IN)
  YESTERDAY        0.0

DEGREE DAYS
 HEATING
  YESTERDAY        8             9     -1        5
  MONTH TO DATE   25            18      7       13
  SINCE MAR 1     25            18      7       13
  SINCE JUL 1   1712          1577    135     1678

 COOLING
  YESTERDAY        0             1     -1        0
  MONTH TO DATE    0             2     -2        0
  SINCE MAR 1      0             2     -2        0
  SINCE JAN 1      4            12     -8        9
......................................................


WIND (MPH)
  HIGHEST WIND SPEED    10   HIGHEST WIND DIRECTION     N (340)
  HIGHEST GUST SPEED    MM   HIGHEST GUST DIRECTION    MM
  AVERAGE WIND SPEED     2.5





-  INDICATES NEGATIVE NUMBERS.
R  INDICATES RECORD WAS SET OR TIED.
MM INDICATES DATA IS MISSING.
T  INDICATES TRACE AMOUNT.

$$
