000
CDUS44 KTAE 250637
CLIDHN


CLIMATE REPORT
NATIONAL WEATHER SERVICE TALLAHASSEE FL
237 AM EDT MON JUL 25 2016


...................................

...THE DOTHAN CLIMATE SUMMARY FOR JULY 24 2016...

CLIMATE NORMAL PERIOD 1981 TO 2010
CLIMATE RECORD PERIOD 1965 TO 2016


WEATHER ITEM   OBSERVED TIME   NORMAL DEPARTURE LAST
                VALUE   (LST)  VALUE  FROM      YEAR
                                      NORMAL
......................................................
TEMPERATURE (F)
 YESTERDAY
  MAXIMUM         93    352 PM  92      1       94
  MINIMUM         73    513 AM  72      1       74
  AVERAGE         83            82      1       84

PRECIPITATION (IN)
  YESTERDAY        0.00          0.21  -0.21     0.37
  MONTH TO DATE    6.70          4.62   2.08     4.02
  SINCE JUN 1     11.79         10.22   1.57     7.22
  SINCE JAN 1     36.21         32.58   3.63    31.47

SNOWFALL (IN)
  YESTERDAY        0.0

DEGREE DAYS
 COOLING
  YESTERDAY       18            17      1       19
  MONTH TO DATE  439           407     32      445
  SINCE JUN 1    930           851     79      939
  SINCE JAN 1   1383          1264    119     1527
......................................................


WIND (MPH)
  HIGHEST WIND SPEED    13   HIGHEST WIND DIRECTION    SW (210)
  HIGHEST GUST SPEED    15   HIGHEST GUST DIRECTION    SW (210)
  AVERAGE WIND SPEED     3.9








-  INDICATES NEGATIVE NUMBERS.
R  INDICATES RECORD WAS SET OR TIED.
MM INDICATES DATA IS MISSING.
T  INDICATES TRACE AMOUNT.




$$
