000
CDUS44 KAMA 272242
CLIDHT


CLIMATE REPORT
NATIONAL WEATHER SERVICE AMARILLO TX
440 PM CST SAT DEC 27 2014


...................................

...THE DALHART CLIMATE SUMMARY FOR DECEMBER 27 2014...
VALID TODAY AS OF 0400 PM LOCAL TIME.

CLIMATE NORMAL PERIOD 1981 TO 2010
CLIMATE RECORD PERIOD 1894 TO 2014


WEATHER ITEM   OBSERVED TIME   RECORD YEAR NORMAL DEPARTURE LAST
                VALUE   (LST)  VALUE       VALUE  FROM      YEAR
                                                  NORMAL
..................................................................
TEMPERATURE (F)
 TODAY
  MAXIMUM         35    259 PM  75    1980  48    -13       53
  MINIMUM         13    904 AM  -4    1966  19     -6       25
  AVERAGE         24                        34    -10       39

PRECIPITATION (IN)
  TODAY            0.00          0.46 1982   0.01  -0.01     0.00
  MONTH TO DATE    0.25                      0.47  -0.22     0.21
  SINCE DEC 1      0.25                      0.47  -0.22     0.21
  SINCE JAN 1     11.60                     17.52  -5.92     7.84

SNOWFALL (IN)
  TODAY            0.0           4.6  1982   0.1   -0.1      0.0
  MONTH TO DATE    1.5                       3.7   -2.2      6.5
  SINCE DEC 1      1.5                       3.7   -2.2      6.5
  SINCE JUL 1      3.0                       5.6   -2.6      9.5
  SNOW DEPTH       0

DEGREE DAYS
 HEATING
  TODAY           41                        31     10       26
  MONTH TO DATE  690                       819   -129      865
  SINCE DEC 1    690                       819   -129      865
  SINCE JUL 1   1543                      1814   -271     1811

 COOLING
  TODAY            0                         0      0        0
  MONTH TO DATE    0                         0      0        0
  SINCE DEC 1      0                         0      0        0
  SINCE JAN 1   1411                      1138    273     1576
..................................................................


WIND (MPH)
  RESULTANT WIND SPEED   4   RESULTANT WIND DIRECTION   N (340)
  HIGHEST WIND SPEED    10   HIGHEST WIND DIRECTION     N (10)
  HIGHEST GUST SPEED    13   HIGHEST GUST DIRECTION    SW (240)
  AVERAGE WIND SPEED     6.3


SKY COVER
  AVERAGE SKY COVER 0.0


WEATHER CONDITIONS
 THE FOLLOWING WEATHER WAS RECORDED TODAY.
  NO SIGNIFICANT WEATHER WAS OBSERVED.


RELATIVE HUMIDITY (PERCENT)
 HIGHEST    88           100 AM
 LOWEST     43           200 PM
 AVERAGE    66

..........................................................


THE DALHART CLIMATE NORMALS FOR TOMORROW
                         NORMAL    RECORD    YEAR
 MAXIMUM TEMPERATURE (F)   48        72      1999
 MINIMUM TEMPERATURE (F)   19        -4      1966


SUNRISE AND SUNSET
DECEMBER 27 2014......SUNRISE   800 AM CST   SUNSET   543 PM CST
DECEMBER 28 2014......SUNRISE   800 AM CST   SUNSET   544 PM CST


-  INDICATES NEGATIVE NUMBERS.
R  INDICATES RECORD WAS SET OR TIED.
MM INDICATES DATA IS MISSING.
T  INDICATES TRACE AMOUNT.




$$
