000
CDUS44 KAMA 222135
CLIDHT


CLIMATE REPORT
NATIONAL WEATHER SERVICE AMARILLO TX
434 PM CDT WED MAR 22 2017


...................................

...THE DALHART CLIMATE SUMMARY FOR MARCH 22 2017...
VALID TODAY AS OF 0400 PM LOCAL TIME.

CLIMATE NORMAL PERIOD 1981 TO 2010
CLIMATE RECORD PERIOD 1948 TO 2017


WEATHER ITEM   OBSERVED TIME   RECORD YEAR NORMAL DEPARTURE LAST
                VALUE   (LST)  VALUE       VALUE  FROM      YEAR
                                                  NORMAL
..................................................................
TEMPERATURE (F)
 TODAY
  MAXIMUM         MM        MM  85    2016  63     MM       85
  MINIMUM         MM        MM  10    1955  31     MM       43
  AVERAGE         MM                        47     MM       64

PRECIPITATION (IN)
  TODAY           MM             1.20 2000   0.05  MM        0.00
  MONTH TO DATE    0.00                      0.78  -0.78      T
  SINCE MAR 1      0.00                      0.78  -0.78      T
  SINCE JAN 1      1.08                      1.70  -0.62     0.38

SNOWFALL (IN)
  TODAY           MM             1.0  1957   0.2   MM        0.0
  MONTH TO DATE    0.0                       3.0   -3.0      0.0
  SINCE MAR 1      0.0                       3.0   -3.0      0.0
  SINCE JUL 1      1.3                      16.5  -15.2      6.7
  SNOW DEPTH      MM

DEGREE DAYS
 HEATING
  TODAY           MM                        18     MM        1
  MONTH TO DATE  280                       460   -180      326
  SINCE MAR 1    280                       460   -180      326
  SINCE JUL 1   3097                      4103  -1006     3271

 COOLING
  TODAY           MM                         0     MM        0
  MONTH TO DATE    3                         0      3        0
  SINCE MAR 1      3                         0      3        0
  SINCE JAN 1      3                         0      3        0
..................................................................


WIND (MPH)
  RESULTANT WIND SPEED  MM   RESULTANT WIND DIRECTION  MM
  HIGHEST WIND SPEED    MM   HIGHEST WIND DIRECTION    MM
  HIGHEST GUST SPEED    MM   HIGHEST GUST DIRECTION    MM
  AVERAGE WIND SPEED    MM


SKY COVER
  AVERAGE SKY COVER  MM


WEATHER CONDITIONS
 THE FOLLOWING WEATHER WAS RECORDED TODAY.
  NO SIGNIFICANT WEATHER WAS OBSERVED.


RELATIVE HUMIDITY (PERCENT)
 HIGHEST    MM
 LOWEST     MM
 AVERAGE    MM

..........................................................


THE DALHART CLIMATE NORMALS FOR TOMORROW
                         NORMAL    RECORD    YEAR
 MAXIMUM TEMPERATURE (F)   63        82      2002
 MINIMUM TEMPERATURE (F)   31        14      1952


SUNRISE AND SUNSET
MARCH 22 2017.........SUNRISE   750 AM CDT   SUNSET   804 PM CDT
MARCH 23 2017.........SUNRISE   749 AM CDT   SUNSET   805 PM CDT


-  INDICATES NEGATIVE NUMBERS.
R  INDICATES RECORD WAS SET OR TIED.
MM INDICATES DATA IS MISSING.
T  INDICATES TRACE AMOUNT.




$$
