007
CDUS44 KAMA 160730
CLIDHT


CLIMATE REPORT
NATIONAL WEATHER SERVICE AMARILLO TX
130 AM CST MON JAN 16 2017


...................................

...THE DALHART CLIMATE SUMMARY FOR JANUARY 15 2017...

CLIMATE NORMAL PERIOD 1981 TO 2010
CLIMATE RECORD PERIOD 1948 TO 2017


WEATHER ITEM   OBSERVED TIME   RECORD YEAR NORMAL DEPARTURE LAST
                VALUE   (LST)  VALUE       VALUE  FROM      YEAR
                                                  NORMAL
..................................................................
TEMPERATURE (F)
 YESTERDAY
  MAXIMUM         34   1159 PM  77    2000  50    -16       48
                                      1999
  MINIMUM         33   1143 AM  -3    1972  19     14       18
  AVERAGE         34                        35     -1       33

PRECIPITATION (IN)
  YESTERDAY        0.70R         0.12 1959   0.01   0.69     0.00
  MONTH TO DATE    0.78                      0.21   0.57     0.24
  SINCE DEC 1      0.98                      0.75   0.23     0.79
  SINCE JAN 1      0.78                      0.21   0.57     0.24

SNOWFALL (IN)
  YESTERDAY       MM             1.6  1959   0.1   MM        0.0
  MONTH TO DATE    0.0                       1.8   -1.8      4.0
  SINCE DEC 1      1.3                       6.1   -4.8      5.5
  SINCE JUL 1      1.3                       8.0   -6.7      6.0
  SNOW DEPTH       0

DEGREE DAYS
 HEATING
  YESTERDAY       31                        30      1       32
  MONTH TO DATE  440                       461    -21      463
  SINCE DEC 1   1332                      1409    -77     1260
  SINCE JUL 1   1908                      2404   -496     1970

 COOLING
  YESTERDAY        0                         0      0        0
  MONTH TO DATE    0                         0      0        0
  SINCE DEC 1      0                         0      0        0
  SINCE JAN 1      0                         0      0        0
..................................................................


WIND (MPH)
  RESULTANT WIND SPEED  10   RESULTANT WIND DIRECTION  NE (30)
  HIGHEST WIND SPEED    18   HIGHEST WIND DIRECTION     N (10)
  HIGHEST GUST SPEED    21   HIGHEST GUST DIRECTION     N (10)
  AVERAGE WIND SPEED    10.0


SKY COVER
  AVERAGE SKY COVER 0.9


WEATHER CONDITIONS
 THE FOLLOWING WEATHER WAS RECORDED YESTERDAY.
  THUNDERSTORM
  RAIN
  LIGHT RAIN
  FREEZING RAIN
  LT FREEZING RAIN
  LIGHT SNOW
  FOG


RELATIVE HUMIDITY (PERCENT)
 HIGHEST    96           200 AM
 LOWEST     89           300 PM
 AVERAGE    93

..........................................................


THE DALHART CLIMATE NORMALS FOR TODAY
                         NORMAL    RECORD    YEAR
 MAXIMUM TEMPERATURE (F)   50        74      1974
 MINIMUM TEMPERATURE (F)   19         3      2007
                                             1982


SUNRISE AND SUNSET
JANUARY 16 2017.......SUNRISE   800 AM CST   SUNSET   601 PM CST
JANUARY 17 2017.......SUNRISE   759 AM CST   SUNSET   602 PM CST


-  INDICATES NEGATIVE NUMBERS.
R  INDICATES RECORD WAS SET OR TIED.
MM INDICATES DATA IS MISSING.
T  INDICATES TRACE AMOUNT.




$$
