000
CDUS44 KAMA 042144
CLIDHT


CLIMATE REPORT
NATIONAL WEATHER SERVICE AMARILLO TX
443 PM CDT SAT JUL 4 2015


...................................

...THE DALHART CLIMATE SUMMARY FOR JULY 4 2015...
VALID TODAY AS OF 0400 PM LOCAL TIME.

CLIMATE NORMAL PERIOD 1981 TO 2010
CLIMATE RECORD PERIOD 1894 TO 2015


WEATHER ITEM   OBSERVED TIME   RECORD YEAR NORMAL DEPARTURE LAST
                VALUE   (LST)  VALUE       VALUE  FROM      YEAR
                                                  NORMAL
..................................................................
TEMPERATURE (F)
 TODAY
  MAXIMUM         92    322 PM 102    1980  91      1       91
  MINIMUM         62    250 AM  52    1972  62      0       65
  AVERAGE         77                        76      1       78

PRECIPITATION (IN)
  TODAY            T             1.81 1968   0.08  -0.08     0.00
  MONTH TO DATE    T                         0.33  -0.33     0.09
  SINCE JUN 1      0.85                      2.63  -1.78     3.86
  SINCE JAN 1      7.56                      8.04  -0.48     5.70

SNOWFALL (IN)
  TODAY            0.0           0.0         0.0    0.0      0.0
  MONTH TO DATE    0.0                       0.0    0.0      0.0
  SINCE JUN 1      0.0                       0.0    0.0      0.0
  SINCE JUL 1      0.0                       0.0    0.0      0.0
  SNOW DEPTH       0

DEGREE DAYS
 HEATING
  TODAY            0                         0      0        0
  MONTH TO DATE    0                         0      0        0
  SINCE JUN 1      0                        12    -12        4
  SINCE JUL 1      0                         0      0        0

 COOLING
  TODAY           12                        11      1       13
  MONTH TO DATE   57                        44     13       33
  SINCE JUN 1    390                       284    106      329
  SINCE JAN 1    412                       356     56      449
..................................................................


WIND (MPH)
  RESULTANT WIND SPEED  11   RESULTANT WIND DIRECTION  SW (220)
  HIGHEST WIND SPEED    23   HIGHEST WIND DIRECTION     S (190)
  HIGHEST GUST SPEED    29   HIGHEST GUST DIRECTION     S (180)
  AVERAGE WIND SPEED    12.5


SKY COVER
  AVERAGE SKY COVER 0.0


WEATHER CONDITIONS
 THE FOLLOWING WEATHER WAS RECORDED TODAY.
  LIGHT RAIN


RELATIVE HUMIDITY (PERCENT)
 HIGHEST    93           200 AM
 LOWEST     30           200 PM
 AVERAGE    62

..........................................................


THE DALHART CLIMATE NORMALS FOR TOMORROW
                         NORMAL    RECORD    YEAR
 MAXIMUM TEMPERATURE (F)   91       102      1966
 MINIMUM TEMPERATURE (F)   62        50      1995


SUNRISE AND SUNSET
JULY  4 2015..........SUNRISE   638 AM CDT   SUNSET   911 PM CDT
JULY  5 2015..........SUNRISE   639 AM CDT   SUNSET   910 PM CDT


-  INDICATES NEGATIVE NUMBERS.
R  INDICATES RECORD WAS SET OR TIED.
MM INDICATES DATA IS MISSING.
T  INDICATES TRACE AMOUNT.




$$
