000
CDUS44 KAMA 150738
CLIDHT


CLIMATE REPORT
NATIONAL WEATHER SERVICE AMARILLO TX
137 AM CST FRI DEC 15 2017


...................................

...THE DALHART CLIMATE SUMMARY FOR DECEMBER 14 2017...

CLIMATE NORMAL PERIOD 1981 TO 2010
CLIMATE RECORD PERIOD 1948 TO 2017


WEATHER ITEM   OBSERVED TIME   RECORD YEAR NORMAL DEPARTURE LAST
                VALUE   (LST)  VALUE       VALUE  FROM      YEAR
                                                  NORMAL
..................................................................
TEMPERATURE (F)
 YESTERDAY
  MAXIMUM         46    352 PM  72    2010  49     -3       37
  MINIMUM         30   1159 PM   0    1963  20     10       17
  AVERAGE         38                        34      4       27

PRECIPITATION (IN)
  YESTERDAY        T             0.78 1987   0.02  -0.02     0.00
  MONTH TO DATE    T                         0.25  -0.25     0.03
  SINCE DEC 1      T                         0.25  -0.25     0.03
  SINCE JAN 1     24.41                     17.30   7.11    18.91

SNOWFALL (IN)
  YESTERDAY       MM             8.8  1987   0.2   MM        0.0
  MONTH TO DATE    0.0                       1.9   -1.9      0.5
  SINCE DEC 1      0.0                       1.9   -1.9      0.5
  SINCE JUL 1      2.3                       3.8   -1.5      0.5
  SNOW DEPTH       0

DEGREE DAYS
 HEATING
  YESTERDAY       27                        31     -4       38
  MONTH TO DATE  318                       416    -98      420
  SINCE DEC 1    318                       416    -98      420
  SINCE JUL 1    993                      1411   -418      996

 COOLING
  YESTERDAY        0                         0      0        0
  MONTH TO DATE    0                         0      0        0
  SINCE DEC 1      0                         0      0        0
  SINCE JAN 1   1349                      1138    211     1556
..................................................................


WIND (MPH)
  RESULTANT WIND SPEED  13   RESULTANT WIND DIRECTION   N (0)
  HIGHEST WIND SPEED    25   HIGHEST WIND DIRECTION     N (20)
  HIGHEST GUST SPEED    30   HIGHEST GUST DIRECTION    NE (30)
  AVERAGE WIND SPEED    14.0


SKY COVER
  AVERAGE SKY COVER 0.4


WEATHER CONDITIONS
 THE FOLLOWING WEATHER WAS RECORDED YESTERDAY.
  NO SIGNIFICANT WEATHER WAS OBSERVED.


RELATIVE HUMIDITY (PERCENT)
 HIGHEST    85          1100 PM
 LOWEST     31           200 AM
 AVERAGE    58

..........................................................


THE DALHART CLIMATE NORMALS FOR TODAY
                         NORMAL    RECORD    YEAR
 MAXIMUM TEMPERATURE (F)   48        75      2010
 MINIMUM TEMPERATURE (F)   20        -6      1987


SUNRISE AND SUNSET
DECEMBER 15 2017......SUNRISE   754 AM CST   SUNSET   537 PM CST
DECEMBER 16 2017......SUNRISE   754 AM CST   SUNSET   538 PM CST


-  INDICATES NEGATIVE NUMBERS.
R  INDICATES RECORD WAS SET OR TIED.
MM INDICATES DATA IS MISSING.
T  INDICATES TRACE AMOUNT.




$$
