000
CDUS44 KAMA 182132
CLIDHT


CLIMATE REPORT
NATIONAL WEATHER SERVICE AMARILLO TX
431 PM CDT FRI AUG 18 2017


...................................

...THE DALHART CLIMATE SUMMARY FOR AUGUST 18 2017...
VALID TODAY AS OF 0400 PM LOCAL TIME.

CLIMATE NORMAL PERIOD 1981 TO 2010
CLIMATE RECORD PERIOD 1948 TO 2017


WEATHER ITEM   OBSERVED TIME   RECORD YEAR NORMAL DEPARTURE LAST
                VALUE   (LST)  VALUE       VALUE  FROM      YEAR
                                                  NORMAL
..................................................................
TEMPERATURE (F)
 TODAY
  MAXIMUM         87    259 PM 101    2002  89     -2       95
  MINIMUM         65    613 AM  50    1950  62      3       57
  AVERAGE         76                        75      1       76

PRECIPITATION (IN)
  TODAY            0.00          2.23 1956   0.09  -0.09     0.00
  MONTH TO DATE    3.76                      1.88   1.88     1.60
  SINCE JUN 1      8.03                      6.97   1.06     5.68
  SINCE JAN 1     17.17                     12.38   4.79    12.90

SNOWFALL (IN)
  TODAY            0.0           0.0    MM   0.0    0.0      0.0
  MONTH TO DATE    0.0                       0.0    0.0      0.0
  SINCE JUN 1      0.0                       0.0    0.0      0.0
  SINCE JUL 1      0.0                       0.0    0.0      0.0
  SNOW DEPTH       0

DEGREE DAYS
 HEATING
  TODAY            0                         0      0        0
  MONTH TO DATE    0                         0      0        0
  SINCE JUN 1      0                        13    -13        0
  SINCE JUL 1      0                         1     -1        0

 COOLING
  TODAY           11                        10      1       11
  MONTH TO DATE  154                       197    -43      243
  SINCE JUN 1    975                       802    173     1125
  SINCE JAN 1   1052                       874    178     1171
..................................................................


WIND (MPH)
  RESULTANT WIND SPEED   4   RESULTANT WIND DIRECTION   S (170)
  HIGHEST WIND SPEED    18   HIGHEST WIND DIRECTION    SW (210)
  HIGHEST GUST SPEED    22   HIGHEST GUST DIRECTION     S (200)
  AVERAGE WIND SPEED     9.1


SKY COVER
  AVERAGE SKY COVER 0.1


WEATHER CONDITIONS
 THE FOLLOWING WEATHER WAS RECORDED TODAY.
  NO SIGNIFICANT WEATHER WAS OBSERVED.


RELATIVE HUMIDITY (PERCENT)
 HIGHEST    93           100 AM
 LOWEST     46           300 PM
 AVERAGE    70

..........................................................


THE DALHART CLIMATE NORMALS FOR TOMORROW
                         NORMAL    RECORD    YEAR
 MAXIMUM TEMPERATURE (F)   89       101      2011
 MINIMUM TEMPERATURE (F)   61        53      1956


SUNRISE AND SUNSET
AUGUST 18 2017........SUNRISE   711 AM CDT   SUNSET   836 PM CDT
AUGUST 19 2017........SUNRISE   712 AM CDT   SUNSET   835 PM CDT


-  INDICATES NEGATIVE NUMBERS.
R  INDICATES RECORD WAS SET OR TIED.
MM INDICATES DATA IS MISSING.
T  INDICATES TRACE AMOUNT.




$$
