000
CDUS44 KAMA 302138
CLIDHT


CLIMATE REPORT
NATIONAL WEATHER SERVICE AMARILLO TX
437 PM CDT THU OCT 30 2014


...................................

...THE DALHART CLIMATE SUMMARY FOR OCTOBER 30 2014...
VALID TODAY AS OF 0400 PM LOCAL TIME.

CLIMATE NORMAL PERIOD 1981 TO 2010
CLIMATE RECORD PERIOD 1894 TO 2014


WEATHER ITEM   OBSERVED TIME   RECORD YEAR NORMAL DEPARTURE LAST
                VALUE   (LST)  VALUE       VALUE  FROM      YEAR
                                                  NORMAL
..................................................................
TEMPERATURE (F)
 TODAY
  MAXIMUM         71    316 PM  85    1950  67      4       73
  MINIMUM         40    337 AM   9    1993  35      5       43
  AVERAGE         56                        51      5       58

PRECIPITATION (IN)
  TODAY            0.00          1.58 1998   0.04  -0.04     0.00
  MONTH TO DATE    1.01                      1.43  -0.42      T
  SINCE SEP 1      2.56                      3.08  -0.52     1.64
  SINCE JAN 1     11.20                     16.43  -5.23     6.66

SNOWFALL (IN)
  TODAY           MM             3.2  1991   0.1   MM        0.0
  MONTH TO DATE    0.0                       0.6   -0.6       T
  SINCE SEP 1      0.0                       0.6   -0.6       T
  SINCE JUL 1      0.0                       0.6   -0.6       T
  SNOW DEPTH       0

DEGREE DAYS
 HEATING
  TODAY            9                        14     -5        7
  MONTH TO DATE  155                       282   -127      276
  SINCE SEP 1    176                       342   -166      290
  SINCE JUL 1    176                       345   -169      290

 COOLING
  TODAY            0                         0      0        0
  MONTH TO DATE   19                         8     11       13
  SINCE SEP 1    196                       140     56      223
  SINCE JAN 1   1411                      1136    275     1576
..................................................................


WIND (MPH)
  RESULTANT WIND SPEED  10   RESULTANT WIND DIRECTION   N (10)
  HIGHEST WIND SPEED    24   HIGHEST WIND DIRECTION     N (10)
  HIGHEST GUST SPEED    30   HIGHEST GUST DIRECTION     N (10)
  AVERAGE WIND SPEED    13.9


SKY COVER
  AVERAGE SKY COVER 0.0


WEATHER CONDITIONS
 THE FOLLOWING WEATHER WAS RECORDED TODAY.
  NO SIGNIFICANT WEATHER WAS OBSERVED.


RELATIVE HUMIDITY (PERCENT)
 HIGHEST    82          1200 AM
 LOWEST     19           100 PM
 AVERAGE    51

..........................................................


THE DALHART CLIMATE NORMALS FOR TOMORROW
                         NORMAL    RECORD    YEAR
 MAXIMUM TEMPERATURE (F)   67        86      1950
 MINIMUM TEMPERATURE (F)   35        13      1991


SUNRISE AND SUNSET
OCTOBER 30 2014.......SUNRISE   811 AM CDT   SUNSET   656 PM CDT
OCTOBER 31 2014.......SUNRISE   812 AM CDT   SUNSET   655 PM CDT


-  INDICATES NEGATIVE NUMBERS.
R  INDICATES RECORD WAS SET OR TIED.
MM INDICATES DATA IS MISSING.
T  INDICATES TRACE AMOUNT.




$$
