000
CDUS44 KAMA 012232
CLIDHT


CLIMATE REPORT
NATIONAL WEATHER SERVICE AMARILLO TX
431 PM CST SUN MAR 1 2015


...................................

...THE DALHART CLIMATE SUMMARY FOR MARCH 1 2015...
VALID TODAY AS OF 0400 PM LOCAL TIME.

CLIMATE NORMAL PERIOD 1981 TO 2010
CLIMATE RECORD PERIOD 1894 TO 2015


WEATHER ITEM   OBSERVED TIME   RECORD YEAR NORMAL DEPARTURE LAST
                VALUE   (LST)  VALUE       VALUE  FROM      YEAR
                                                  NORMAL
..................................................................
TEMPERATURE (F)
 TODAY
  MAXIMUM         31    206 PM  80    1974  57    -26       52
  MINIMUM         24    237 AM   5    1980  26     -2       14
  AVERAGE         28                        41    -13       33

PRECIPITATION (IN)
  TODAY            0.00          0.31 1993   0.02  -0.02      T
  MONTH TO DATE    0.00                      0.02  -0.02      T
  SINCE MAR 1      0.00                      0.02  -0.02      T
  SINCE JAN 1      3.31                      0.94   2.37     0.09

SNOWFALL (IN)
  TODAY            0.0           2.0  1995   0.1   -0.1       T
  MONTH TO DATE    0.0                       0.1   -0.1       T
  SINCE MAR 1      0.0                       0.1   -0.1       T
  SINCE JUL 1     33.3                      13.6   19.7     15.3
  SNOW DEPTH       3

DEGREE DAYS
 HEATING
  TODAY           37                        24     13       32
  MONTH TO DATE   37                        24     13       32
  SINCE MAR 1     37                        24     13       32
  SINCE JUL 1   3330                      3667   -337     3626

 COOLING
  TODAY            0                         0      0        0
  MONTH TO DATE    0                         0      0        0
  SINCE MAR 1      0                         0      0        0
  SINCE JAN 1      0                         0      0        0
..................................................................


WIND (MPH)
  RESULTANT WIND SPEED   1   RESULTANT WIND DIRECTION   E (70)
  HIGHEST WIND SPEED    13   HIGHEST WIND DIRECTION    NE (40)
  HIGHEST GUST SPEED    18   HIGHEST GUST DIRECTION    NE (30)
  AVERAGE WIND SPEED     6.6


SKY COVER
  AVERAGE SKY COVER 1.0


WEATHER CONDITIONS
 THE FOLLOWING WEATHER WAS RECORDED TODAY.
  FOG


RELATIVE HUMIDITY (PERCENT)
 HIGHEST    88          1200 AM
 LOWEST     72           300 PM
 AVERAGE    80

..........................................................


THE DALHART CLIMATE NORMALS FOR TOMORROW
                         NORMAL    RECORD    YEAR
 MAXIMUM TEMPERATURE (F)   57        81      1967
 MINIMUM TEMPERATURE (F)   26         4      1960


SUNRISE AND SUNSET
MARCH  1 2015.........SUNRISE   721 AM CST   SUNSET   645 PM CST
MARCH  2 2015.........SUNRISE   719 AM CST   SUNSET   646 PM CST


-  INDICATES NEGATIVE NUMBERS.
R  INDICATES RECORD WAS SET OR TIED.
MM INDICATES DATA IS MISSING.
T  INDICATES TRACE AMOUNT.




$$
