000
CDUS44 KAMA 250638
CLIDHT


CLIMATE REPORT
NATIONAL WEATHER SERVICE AMARILLO TX
138 AM CDT SUN JUN 25 2017


...................................

...THE DALHART CLIMATE SUMMARY FOR JUNE 24 2017...

CLIMATE NORMAL PERIOD 1981 TO 2010
CLIMATE RECORD PERIOD 1948 TO 2017


WEATHER ITEM   OBSERVED TIME   RECORD YEAR NORMAL DEPARTURE LAST
                VALUE   (LST)  VALUE       VALUE  FROM      YEAR
                                                  NORMAL
..................................................................
TEMPERATURE (F)
 YESTERDAY
  MAXIMUM         75    539 PM 108    2011  90    -15      100
  MINIMUM         63    616 AM  52    1976  60      3       68
  AVERAGE         69                        75     -6       84

PRECIPITATION (IN)
  YESTERDAY        T             0.56 1965   0.08  -0.08     0.02
  MONTH TO DATE    0.09                      1.83  -1.74     1.76
  SINCE JUN 1      0.09                      1.83  -1.74     1.76
  SINCE JAN 1      9.23                      7.24   1.99     8.98

SNOWFALL (IN)
  YESTERDAY        0.0           T    1951   0.0    0.0      0.0
  MONTH TO DATE    0.0                       0.0    0.0      0.0
  SINCE JUN 1      0.0                       0.0    0.0      0.0
  SINCE JUL 1     11.3                      18.9   -7.6     12.7
  SNOW DEPTH       0

DEGREE DAYS
 HEATING
  YESTERDAY        0                         0      0        0
  MONTH TO DATE    0                         9     -9        0
  SINCE JUN 1      0                         9     -9        0
  SINCE JUL 1   3634                      4726  -1092     3851

 COOLING
  YESTERDAY        4                        10     -6       19
  MONTH TO DATE  277                       176    101      267
  SINCE JUN 1    277                       176    101      267
  SINCE JAN 1    354                       248    106      313
..................................................................


WIND (MPH)
  RESULTANT WIND SPEED   7   RESULTANT WIND DIRECTION  SE (130)
  HIGHEST WIND SPEED    20   HIGHEST WIND DIRECTION     S (160)
  HIGHEST GUST SPEED    24   HIGHEST GUST DIRECTION     S (170)
  AVERAGE WIND SPEED     9.1


SKY COVER
  AVERAGE SKY COVER 0.9


WEATHER CONDITIONS
 THE FOLLOWING WEATHER WAS RECORDED YESTERDAY.
  LIGHT RAIN


RELATIVE HUMIDITY (PERCENT)
 HIGHEST    78          1100 PM
 LOWEST     44          1200 PM
 AVERAGE    61

..........................................................


THE DALHART CLIMATE NORMALS FOR TODAY
                         NORMAL    RECORD    YEAR
 MAXIMUM TEMPERATURE (F)   90       104      1994
 MINIMUM TEMPERATURE (F)   60        53      1958


SUNRISE AND SUNSET
JUNE 25 2017..........SUNRISE   635 AM CDT   SUNSET   911 PM CDT
JUNE 26 2017..........SUNRISE   635 AM CDT   SUNSET   911 PM CDT


-  INDICATES NEGATIVE NUMBERS.
R  INDICATES RECORD WAS SET OR TIED.
MM INDICATES DATA IS MISSING.
T  INDICATES TRACE AMOUNT.




$$
