000
CDUS43 KBIS 020726
CLIDIK


CLIMATE REPORT
NATIONAL WEATHER SERVICE BISMARCK ND
225 AM CDT THU OCT 2 2014


...................................

...THE DICKINSON ND CLIMATE SUMMARY FOR OCTOBER 1 2014...

CLIMATE NORMAL PERIOD 1981 TO 2010
CLIMATE RECORD PERIOD 1903 TO 2014


WEATHER ITEM   OBSERVED TIME   RECORD YEAR NORMAL DEPARTURE LAST
                VALUE   (LST)  VALUE       VALUE  FROM      YEAR
                                                  NORMAL
..................................................................
TEMPERATURE (F)
 YESTERDAY
  MAXIMUM         56    127 PM  94    1953  64     -8       66
  MINIMUM         41   1149 PM  12    1936  37      4       41
  AVERAGE         49                        50     -1       54

PRECIPITATION (IN)
  YESTERDAY        T             0.98 1971   0.05  -0.05     0.00
  MONTH TO DATE    T                         0.05  -0.05     0.00
  SINCE SEP 1      1.36                      1.52  -0.16     3.32
  SINCE JAN 1     21.13                     13.81   7.32    18.33

DEGREE DAYS
 HEATING
  YESTERDAY       16                        15      1       11
  MONTH TO DATE   16                        15      1       11
  SINCE SEP 1    278                       283     -5      139
  SINCE JUL 1    379                       369     10      179

 COOLING
  YESTERDAY        0                         0      0        0
  MONTH TO DATE    0                         0      0        0
  SINCE SEP 1     24                        32     -8       74
  SINCE JAN 1    256                       418   -162      386
..................................................................


WIND (MPH)
  HIGHEST WIND SPEED    30   HIGHEST WIND DIRECTION     W (290)
  HIGHEST GUST SPEED    37   HIGHEST GUST DIRECTION    NW (300)
  AVERAGE WIND SPEED    14.8


SKY COVER
  POSSIBLE SUNSHINE  MM
  AVERAGE SKY COVER 0.9


WEATHER CONDITIONS
 THE FOLLOWING WEATHER WAS RECORDED YESTERDAY.
  LIGHT RAIN


RELATIVE HUMIDITY (PERCENT)
 HIGHEST    93          1200 AM
 LOWEST     71           500 PM
 AVERAGE    82

..........................................................


THE DICKINSON ND CLIMATE NORMALS FOR TODAY
                         NORMAL    RECORD    YEAR
 MAXIMUM TEMPERATURE (F)   63        95      2011
 MINIMUM TEMPERATURE (F)   36        23      1987


SUNRISE AND SUNSET
OCTOBER  2 2014.......SUNRISE   651 AM MDT   SUNSET   629 PM MDT
OCTOBER  3 2014.......SUNRISE   653 AM MDT   SUNSET   627 PM MDT


-  INDICATES NEGATIVE NUMBERS.
R  INDICATES RECORD WAS SET OR TIED.
MM INDICATES DATA IS MISSING.
T  INDICATES TRACE AMOUNT.




$$
