000
CDUS43 KBIS 030735
CLIDIK


CLIMATE REPORT
NATIONAL WEATHER SERVICE BISMARCK ND
134 AM CST TUE MAR 3 2015


...................................

...THE DICKINSON ND CLIMATE SUMMARY FOR MARCH 2 2015...

CLIMATE NORMAL PERIOD 1981 TO 2010
CLIMATE RECORD PERIOD 1903 TO 2015


WEATHER ITEM   OBSERVED TIME   RECORD YEAR NORMAL DEPARTURE LAST
                VALUE   (LST)  VALUE       VALUE  FROM      YEAR
                                                  NORMAL
..................................................................
TEMPERATURE (F)
 YESTERDAY
  MAXIMUM         44    207 PM  70    1905  35      9        5
  MINIMUM          3   1250 AM -29    1916  14    -11      -17
  AVERAGE         24                        25     -1       -6

PRECIPITATION (IN)
  YESTERDAY        T             0.29 1966   0.02  -0.02     0.00
  MONTH TO DATE    T                         0.03  -0.03     0.00
  SINCE MAR 1      T                         0.03  -0.03     0.00
  SINCE JAN 1      0.27                      0.66  -0.39     0.17

DEGREE DAYS
 HEATING
  YESTERDAY       41                        40      1       71
  MONTH TO DATE   90                        81      9      148
  SINCE MAR 1     90                        81      9      148
  SINCE JUL 1   6205                      6375   -170     6790

 COOLING
  YESTERDAY        0                         0      0        0
  MONTH TO DATE    0                         0      0        0
  SINCE MAR 1      0                         0      0        0
  SINCE JAN 1      0                         0      0        0
..................................................................


WIND (MPH)
  HIGHEST WIND SPEED    28   HIGHEST WIND DIRECTION    NW (330)
  HIGHEST GUST SPEED    36   HIGHEST GUST DIRECTION    NW (330)
  AVERAGE WIND SPEED    16.5


SKY COVER
  POSSIBLE SUNSHINE  MM
  AVERAGE SKY COVER 0.1


WEATHER CONDITIONS
 THE FOLLOWING WEATHER WAS RECORDED YESTERDAY.
  NO SIGNIFICANT WEATHER WAS OBSERVED.


RELATIVE HUMIDITY (PERCENT)
 HIGHEST    86           100 AM
 LOWEST     25           200 PM
 AVERAGE    56

..........................................................


THE DICKINSON ND CLIMATE NORMALS FOR TODAY
                         NORMAL    RECORD    YEAR
 MAXIMUM TEMPERATURE (F)   36        67      1905
 MINIMUM TEMPERATURE (F)   14       -19      1917


SUNRISE AND SUNSET
MARCH  3 2015.........SUNRISE   628 AM MST   SUNSET   539 PM MST
MARCH  4 2015.........SUNRISE   626 AM MST   SUNSET   541 PM MST


-  INDICATES NEGATIVE NUMBERS.
R  INDICATES RECORD WAS SET OR TIED.
MM INDICATES DATA IS MISSING.
T  INDICATES TRACE AMOUNT.




$$
