000
CDUS43 KBIS 220722
CLIDIK


CLIMATE REPORT
NATIONAL WEATHER SERVICE BISMARCK ND
221 AM CDT WED OCT 22 2014


...................................

...THE DICKINSON ND CLIMATE SUMMARY FOR OCTOBER 21 2014...

CLIMATE NORMAL PERIOD 1981 TO 2010
CLIMATE RECORD PERIOD 1903 TO 2014


WEATHER ITEM   OBSERVED TIME   RECORD YEAR NORMAL DEPARTURE LAST
                VALUE   (LST)  VALUE       VALUE  FROM      YEAR
                                                  NORMAL
..................................................................
TEMPERATURE (F)
 YESTERDAY
  MAXIMUM         79    320 PM  82    1927  54     25       46
  MINIMUM         38    636 AM  11    1906  30      8       27
  AVERAGE         59                        42     17       37

PRECIPITATION (IN)
  YESTERDAY        0.00          1.09 1953   0.03  -0.03     0.07
  MONTH TO DATE    0.35                      0.91  -0.56     4.30
  SINCE SEP 1      1.71                      2.38  -0.67     7.62
  SINCE JAN 1     21.48                     14.67   6.81    22.63

DEGREE DAYS
 HEATING
  YESTERDAY        6                        23    -17       28
  MONTH TO DATE  336                       399    -63      418
  SINCE SEP 1    598                       667    -69      546
  SINCE JUL 1    699                       753    -54      586

 COOLING
  YESTERDAY        0                         0      0        0
  MONTH TO DATE    0                         0      0        0
  SINCE SEP 1     24                        32     -8       74
  SINCE JAN 1    256                       418   -162      386
..................................................................


WIND (MPH)
  HIGHEST WIND SPEED    20   HIGHEST WIND DIRECTION     S (170)
  HIGHEST GUST SPEED    25   HIGHEST GUST DIRECTION     S (160)
  AVERAGE WIND SPEED    10.5


SKY COVER
  POSSIBLE SUNSHINE  MM
  AVERAGE SKY COVER 0.0


WEATHER CONDITIONS
 THE FOLLOWING WEATHER WAS RECORDED YESTERDAY.
  NO SIGNIFICANT WEATHER WAS OBSERVED.


RELATIVE HUMIDITY (PERCENT)
 HIGHEST    85           500 AM
 LOWEST     30           200 PM
 AVERAGE    58

..........................................................


THE DICKINSON ND CLIMATE NORMALS FOR TODAY
                         NORMAL    RECORD    YEAR
 MAXIMUM TEMPERATURE (F)   54        81      1963
 MINIMUM TEMPERATURE (F)   29         3      2002


SUNRISE AND SUNSET
OCTOBER 22 2014.......SUNRISE   719 AM MDT   SUNSET   552 PM MDT
OCTOBER 23 2014.......SUNRISE   720 AM MDT   SUNSET   550 PM MDT


-  INDICATES NEGATIVE NUMBERS.
R  INDICATES RECORD WAS SET OR TIED.
MM INDICATES DATA IS MISSING.
T  INDICATES TRACE AMOUNT.




$$
