000
CDUS43 KBIS 232228
CLIDIK


CLIMATE REPORT
NATIONAL WEATHER SERVICE BISMARCK ND
527 PM CDT SAT SEP 23 2017


...................................

...THE DICKINSON ND CLIMATE SUMMARY FOR SEPTEMBER 23 2017...
VALID TODAY AS OF 0500 PM LOCAL TIME.

CLIMATE NORMAL PERIOD 1981 TO 2010
CLIMATE RECORD PERIOD 1893 TO 2017


WEATHER ITEM   OBSERVED TIME   RECORD YEAR NORMAL DEPARTURE LAST
                VALUE   (LST)  VALUE       VALUE  FROM      YEAR
                                                  NORMAL
..................................................................
TEMPERATURE (F)
 TODAY
  MAXIMUM         49        MM  97    1917  68    -19       56
  MINIMUM         43        MM  25    1943  40      3       50
                                      1932
  AVERAGE         46                        54     -8       53

PRECIPITATION (IN)
  TODAY            T             1.52 2016   0.05  -0.05     1.52
  MONTH TO DATE    2.21                      1.13   1.08     3.23
  SINCE SEP 1      2.21                      1.13   1.08     3.23
  SINCE JAN 1      9.45                     13.42  -3.97    14.86

DEGREE DAYS
 HEATING
  TODAY           19                        12      7       12
  MONTH TO DATE  157                       174    -17      168
  SINCE SEP 1    157                       174    -17      168
  SINCE JUL 1    208                       260    -52      228

 COOLING
  TODAY            0                         0      0        0
  MONTH TO DATE   41                        30     11       21
  SINCE SEP 1     41                        30     11       21
  SINCE JAN 1    487                       416     71      315
..................................................................


WIND (MPH)
  RESULTANT WIND SPEED   6   RESULTANT WIND DIRECTION   N (20)
  HIGHEST WIND SPEED    10   HIGHEST WIND DIRECTION    NE (30)
  HIGHEST GUST SPEED    MM   HIGHEST GUST DIRECTION    MM
  AVERAGE WIND SPEED     7.2


SKY COVER
  POSSIBLE SUNSHINE  MM
  AVERAGE SKY COVER 1.0


WEATHER CONDITIONS
 THE FOLLOWING WEATHER WAS RECORDED TODAY.
  RAIN
  LIGHT RAIN
  FOG


RELATIVE HUMIDITY (PERCENT)
 HIGHEST    93           300 PM
 LOWEST     76           800 AM
 AVERAGE    85

..........................................................


THE DICKINSON ND CLIMATE NORMALS FOR TOMORROW
                         NORMAL    RECORD    YEAR
 MAXIMUM TEMPERATURE (F)   67        91      1992
 MINIMUM TEMPERATURE (F)   39        20      1926


SUNRISE AND SUNSET
SEPTEMBER 23 2017.....SUNRISE   640 AM MDT   SUNSET   646 PM MDT
SEPTEMBER 24 2017.....SUNRISE   641 AM MDT   SUNSET   644 PM MDT


-  INDICATES NEGATIVE NUMBERS.
R  INDICATES RECORD WAS SET OR TIED.
MM INDICATES DATA IS MISSING.
T  INDICATES TRACE AMOUNT.




$$
