491
CDUS43 KBIS 230053
CLIDIK


CLIMATE REPORT
NATIONAL WEATHER SERVICE BISMARCK ND
652 PM CST WED NOV 22 2017


...................................

...THE DICKINSON ND CLIMATE SUMMARY FOR NOVEMBER 22 2017...
VALID TODAY AS OF 0600 PM LOCAL TIME.

CLIMATE NORMAL PERIOD 1981 TO 2010
CLIMATE RECORD PERIOD 1893 TO 2017


WEATHER ITEM   OBSERVED TIME   RECORD YEAR NORMAL DEPARTURE LAST
                VALUE   (LST)  VALUE       VALUE  FROM      YEAR
                                                  NORMAL
..................................................................
TEMPERATURE (F)
 TODAY
  MAXIMUM         63   1221 PM  64    1904  36     27       44
  MINIMUM         21    113 AM -14    1929  16      5       27
  AVERAGE         42                        26     16       36

PRECIPITATION (IN)
  TODAY            0.00          0.25 1906   0.02  -0.02     0.00
  MONTH TO DATE    0.08                      0.46  -0.38      T
  SINCE SEP 1      2.97                      3.16  -0.19     4.35
  SINCE JAN 1     10.21                     15.45  -5.24    15.98

DEGREE DAYS
 HEATING
  TODAY           23                        39    -16       29
  MONTH TO DATE  841                       737    104      512
  SINCE SEP 1   1715                      1662     53     1336
  SINCE JUL 1   1766                      1748     18     1396

 COOLING
  TODAY            0                         0      0        0
  MONTH TO DATE    0                         0      0        0
  SINCE SEP 1     41                        33      8       21
  SINCE JAN 1    487                       419     68      315
..................................................................


WIND (MPH)
  RESULTANT WIND SPEED  13   RESULTANT WIND DIRECTION   W (260)
  HIGHEST WIND SPEED    36   HIGHEST WIND DIRECTION    NW (300)
  HIGHEST GUST SPEED    46   HIGHEST GUST DIRECTION     W (290)
  AVERAGE WIND SPEED    18.3


SKY COVER
  POSSIBLE SUNSHINE  MM
  AVERAGE SKY COVER 0.2


WEATHER CONDITIONS
 THE FOLLOWING WEATHER WAS RECORDED TODAY.
  NO SIGNIFICANT WEATHER WAS OBSERVED.


RELATIVE HUMIDITY (PERCENT)
 HIGHEST    70           500 PM
 LOWEST     39          1200 PM
 AVERAGE    55

..........................................................


THE DICKINSON ND CLIMATE NORMALS FOR TOMORROW
                         NORMAL    RECORD    YEAR
 MAXIMUM TEMPERATURE (F)   36        63      1984
 MINIMUM TEMPERATURE (F)   15       -15      1996


SUNRISE AND SUNSET
NOVEMBER 22 2017......SUNRISE   704 AM MST   SUNSET   410 PM MST
NOVEMBER 23 2017......SUNRISE   706 AM MST   SUNSET   409 PM MST


-  INDICATES NEGATIVE NUMBERS.
R  INDICATES RECORD WAS SET OR TIED.
MM INDICATES DATA IS MISSING.
T  INDICATES TRACE AMOUNT.




$$
