000
CDUS43 KBIS 020725
CLIDIK


CLIMATE REPORT
NATIONAL WEATHER SERVICE BISMARCK ND
224 AM CDT TUE JUN 2 2015


...................................

...THE DICKINSON ND CLIMATE SUMMARY FOR JUNE 1 2015...

CLIMATE NORMAL PERIOD 1981 TO 2010
CLIMATE RECORD PERIOD 1893 TO 2015


WEATHER ITEM   OBSERVED TIME   RECORD YEAR NORMAL DEPARTURE LAST
                VALUE   (LST)  VALUE       VALUE  FROM      YEAR
                                                  NORMAL
..................................................................
TEMPERATURE (F)
 YESTERDAY
  MAXIMUM         85    406 PM  90    1934  71     14       70
                                      1905
  MINIMUM         48    228 AM  28    1917  45      3       54
  AVERAGE         67                        58      9       62

PRECIPITATION (IN)
  YESTERDAY        0.03          1.14 1911   0.10  -0.07      T
  MONTH TO DATE    0.03                      0.10  -0.07      T
  SINCE JUN 1      0.03                      0.10  -0.07      T
  SINCE JAN 1      3.46                      5.21  -1.75     8.04

DEGREE DAYS
 HEATING
  YESTERDAY        0                         8     -8        3
  MONTH TO DATE    0                         8     -8        3
  SINCE JUN 1      0                         8     -8        3
  SINCE JUL 1   8021                      8448   -427     9003

 COOLING
  YESTERDAY        2                         1      1        0
  MONTH TO DATE    2                         1      1        0
  SINCE JUN 1      2                         1      1        0
  SINCE JAN 1      2                        11     -9       30
..................................................................


WIND (MPH)
  HIGHEST WIND SPEED    30   HIGHEST WIND DIRECTION    NE (40)
  HIGHEST GUST SPEED    35   HIGHEST GUST DIRECTION    NE (60)
  AVERAGE WIND SPEED    15.2


SKY COVER
  POSSIBLE SUNSHINE  MM
  AVERAGE SKY COVER 0.2


WEATHER CONDITIONS
 THE FOLLOWING WEATHER WAS RECORDED YESTERDAY.
  THUNDERSTORM
  LIGHT RAIN


RELATIVE HUMIDITY (PERCENT)
 HIGHEST    93           100 AM
 LOWEST     43           200 PM
 AVERAGE    68

..........................................................


THE DICKINSON ND CLIMATE NORMALS FOR TODAY
                         NORMAL    RECORD    YEAR
 MAXIMUM TEMPERATURE (F)   71        90      1986
                                             1900
 MINIMUM TEMPERATURE (F)   46        28      1919


SUNRISE AND SUNSET
JUNE  2 2015..........SUNRISE   500 AM MDT   SUNSET   838 PM MDT
JUNE  3 2015..........SUNRISE   500 AM MDT   SUNSET   839 PM MDT


-  INDICATES NEGATIVE NUMBERS.
R  INDICATES RECORD WAS SET OR TIED.
MM INDICATES DATA IS MISSING.
T  INDICATES TRACE AMOUNT.




$$
