000
CDUS43 KBIS 210732
CLIDIK


CLIMATE REPORT
NATIONAL WEATHER SERVICE BISMARCK ND
231 AM CDT FRI JUL 21 2017


...................................

...THE DICKINSON ND CLIMATE SUMMARY FOR JULY 20 2017...

CLIMATE NORMAL PERIOD 1981 TO 2010
CLIMATE RECORD PERIOD 1893 TO 2017


WEATHER ITEM   OBSERVED TIME   RECORD YEAR NORMAL DEPARTURE LAST
                VALUE   (LST)  VALUE       VALUE  FROM      YEAR
                                                  NORMAL
..................................................................
TEMPERATURE (F)
 YESTERDAY
  MAXIMUM         97    241 PM 105    1960  85     12       98
  MINIMUM         63    244 AM  38    1915  56      7       66
  AVERAGE         80                        70     10       82

PRECIPITATION (IN)
  YESTERDAY        0.32          1.22 1923   0.07   0.25     0.00
  MONTH TO DATE    1.96                      1.74   0.22     2.50
  SINCE JUN 1      2.59                      4.94  -2.35     5.16
  SINCE JAN 1      4.92                     10.05  -5.13     9.58

DEGREE DAYS
 HEATING
  YESTERDAY        0                         1     -1        0
  MONTH TO DATE    0                        26    -26       13
  SINCE JUN 1     92                       163    -71       72
  SINCE JUL 1      0                        26    -26       13

 COOLING
  YESTERDAY       15                         6      9       17
  MONTH TO DATE  207                        96    111       79
  SINCE JUN 1    257                       150    107      136
  SINCE JAN 1    267                       160    107      139
..................................................................


WIND (MPH)
  HIGHEST WIND SPEED    39   HIGHEST WIND DIRECTION    SE (150)
  HIGHEST GUST SPEED    49   HIGHEST GUST DIRECTION    SW (230)
  AVERAGE WIND SPEED    15.0


SKY COVER
  POSSIBLE SUNSHINE  MM
  AVERAGE SKY COVER 0.0


WEATHER CONDITIONS
 THE FOLLOWING WEATHER WAS RECORDED YESTERDAY.
  THUNDERSTORM
  HEAVY RAIN
  RAIN
  LIGHT RAIN


RELATIVE HUMIDITY (PERCENT)
 HIGHEST    84           200 AM
 LOWEST     25           100 PM
 AVERAGE    55

..........................................................


THE DICKINSON ND CLIMATE NORMALS FOR TODAY
                         NORMAL    RECORD    YEAR
 MAXIMUM TEMPERATURE (F)   85       108      1893
 MINIMUM TEMPERATURE (F)   56        39      1925


SUNRISE AND SUNSET
JULY 21 2017..........SUNRISE   519 AM MDT   SUNSET   836 PM MDT
JULY 22 2017..........SUNRISE   520 AM MDT   SUNSET   835 PM MDT


-  INDICATES NEGATIVE NUMBERS.
R  INDICATES RECORD WAS SET OR TIED.
MM INDICATES DATA IS MISSING.
T  INDICATES TRACE AMOUNT.




$$
