000
CDUS43 KBIS 250741
CLIDIK


CLIMATE REPORT
NATIONAL WEATHER SERVICE BISMARCK ND
241 AM CDT FRI JUL 25 2014


...................................

...THE DICKINSON ND CLIMATE SUMMARY FOR JULY 24 2014...

CLIMATE NORMAL PERIOD 1981 TO 2010
CLIMATE RECORD PERIOD 1903 TO 2014


WEATHER ITEM   OBSERVED TIME   RECORD YEAR NORMAL DEPARTURE LAST
                VALUE   (LST)  VALUE       VALUE  FROM      YEAR
                                                  NORMAL
..................................................................
TEMPERATURE (F)
 YESTERDAY
  MAXIMUM         83    322 PM 107    1931  85     -2       85
  MINIMUM         62    617 AM  42    1911  56      6       50
  AVERAGE         73                        70      3       68

PRECIPITATION (IN)
  YESTERDAY        0.16          0.47 1997   0.06   0.10     0.00
  MONTH TO DATE    1.11                      2.01  -0.90     1.93
  SINCE JUN 1      4.94                      5.21  -0.27     4.25
  SINCE JAN 1     12.98                     10.32   2.66    13.18

DEGREE DAYS
 HEATING
  YESTERDAY        0                         1     -1        0
  MONTH TO DATE   44                        30     14        7
  SINCE JUN 1    209                       167     42      131
  SINCE JUL 1     44                        30     14        7

 COOLING
  YESTERDAY        8                         6      2        3
  MONTH TO DATE   81                       120    -39      107
  SINCE JUN 1     93                       174    -81      133
  SINCE JAN 1    123                       184    -61      142
..................................................................


WIND (MPH)
  HIGHEST WIND SPEED    24   HIGHEST WIND DIRECTION    SE (130)
  HIGHEST GUST SPEED    29   HIGHEST GUST DIRECTION    SE (140)
  AVERAGE WIND SPEED    15.7


SKY COVER
  POSSIBLE SUNSHINE  MM
  AVERAGE SKY COVER 0.3


WEATHER CONDITIONS
 THE FOLLOWING WEATHER WAS RECORDED YESTERDAY.
  THUNDERSTORM
  LIGHT RAIN
  FOG


RELATIVE HUMIDITY (PERCENT)
 HIGHEST    90           900 PM
 LOWEST     58           400 PM
 AVERAGE    74

..........................................................


THE DICKINSON ND CLIMATE NORMALS FOR TODAY
                         NORMAL    RECORD    YEAR
 MAXIMUM TEMPERATURE (F)   85       108      1931
 MINIMUM TEMPERATURE (F)   56        37      1911


SUNRISE AND SUNSET
JULY 25 2014..........SUNRISE   523 AM MDT   SUNSET   832 PM MDT
JULY 26 2014..........SUNRISE   524 AM MDT   SUNSET   831 PM MDT


-  INDICATES NEGATIVE NUMBERS.
R  INDICATES RECORD WAS SET OR TIED.
MM INDICATES DATA IS MISSING.
T  INDICATES TRACE AMOUNT.




$$
