000
CDUS43 KBIS 190720
CLIDIK


CLIMATE REPORT
NATIONAL WEATHER SERVICE BISMARCK ND
219 AM CDT FRI SEP 19 2014


...................................

...THE DICKINSON ND CLIMATE SUMMARY FOR SEPTEMBER 18 2014...

CLIMATE NORMAL PERIOD 1981 TO 2010
CLIMATE RECORD PERIOD 1903 TO 2014


WEATHER ITEM   OBSERVED TIME   RECORD YEAR NORMAL DEPARTURE LAST
                VALUE   (LST)  VALUE       VALUE  FROM      YEAR
                                                  NORMAL
..................................................................
TEMPERATURE (F)
 YESTERDAY
  MAXIMUM         79    145 PM  95    1933  70      9       80
  MINIMUM         50    443 AM  25    1991  42      8       54
  AVERAGE         65                        56      9       67

PRECIPITATION (IN)
  YESTERDAY        T             1.01 1996   0.05  -0.05      T
  MONTH TO DATE    0.77                      0.88  -0.11     2.75
  SINCE SEP 1      0.77                      0.88  -0.11     2.75
  SINCE JAN 1     20.54                     13.17   7.37    17.76

DEGREE DAYS
 HEATING
  YESTERDAY        0                        10    -10        0
  MONTH TO DATE  199                       120     79       19
  SINCE SEP 1    199                       120     79       19
  SINCE JUL 1    300                       206     94       59

 COOLING
  YESTERDAY        0                         1     -1        2
  MONTH TO DATE    0                        29    -29       74
  SINCE SEP 1      0                        29    -29       74
  SINCE JAN 1    232                       415   -183      386
..................................................................


WIND (MPH)
  HIGHEST WIND SPEED    22   HIGHEST WIND DIRECTION     S (170)
  HIGHEST GUST SPEED    26   HIGHEST GUST DIRECTION     S (170)
  AVERAGE WIND SPEED    12.8


SKY COVER
  POSSIBLE SUNSHINE  MM
  AVERAGE SKY COVER 0.0


WEATHER CONDITIONS
 THE FOLLOWING WEATHER WAS RECORDED YESTERDAY.
  LIGHT RAIN


RELATIVE HUMIDITY (PERCENT)
 HIGHEST    83           300 AM
 LOWEST     48          1200 PM
 AVERAGE    66

..........................................................


THE DICKINSON ND CLIMATE NORMALS FOR TODAY
                         NORMAL    RECORD    YEAR
 MAXIMUM TEMPERATURE (F)   69        89      2008
 MINIMUM TEMPERATURE (F)   42        17      1918


SUNRISE AND SUNSET
SEPTEMBER 19 2014.....SUNRISE   634 AM MDT   SUNSET   655 PM MDT
SEPTEMBER 20 2014.....SUNRISE   635 AM MDT   SUNSET   653 PM MDT


-  INDICATES NEGATIVE NUMBERS.
R  INDICATES RECORD WAS SET OR TIED.
MM INDICATES DATA IS MISSING.
T  INDICATES TRACE AMOUNT.




$$
