000
CDUS43 KDLH 220624
CLIDLH


CLIMATE REPORT
NATIONAL WEATHER SERVICE DULUTH MN
123 AM CDT TUE AUG 22 2017


...................................

...THE DULUTH MN CLIMATE SUMMARY FOR AUGUST 21 2017...

CLIMATE NORMAL PERIOD 1981 TO 2010
CLIMATE RECORD PERIOD 1870 TO 2017


WEATHER ITEM   OBSERVED TIME   RECORD YEAR NORMAL DEPARTURE LAST
                VALUE   (LST)  VALUE       VALUE  FROM      YEAR
                                                  NORMAL
..................................................................
TEMPERATURE (F)
 YESTERDAY
  MAXIMUM         69   1055 AM  90    1976  74     -5       70
  MINIMUM         49    322 AM  37    2004  54     -5       50
  AVERAGE         59                        64     -5       60

PRECIPITATION (IN)
  YESTERDAY        1.04          1.91 1916   0.12   0.92     0.00
  MONTH TO DATE    5.02                      2.46   2.56     2.91
  SINCE JUN 1     14.34                     10.54   3.80    11.76
  SINCE JAN 1     25.48                     19.46   6.02    21.87

SNOWFALL (IN)
  YESTERDAY        0.0           0.0  2002   0.0    0.0      0.0
                                      2001
  MONTH TO DATE    0.0                       0.0    0.0      0.0
  SINCE JUN 1      T                         0.0    0.0       T
  SINCE JUL 1      T                         0.0    0.0      0.0
  SNOW DEPTH       0

DEGREE DAYS
 HEATING
  YESTERDAY        6                         3      3        5
  MONTH TO DATE   60                        47     13       16
  SINCE JUN 1    244                       289    -45      187
  SINCE JUL 1    113                       110      3       45

 COOLING
  YESTERDAY        0                         2     -2        0
  MONTH TO DATE   17                        52    -35       84
  SINCE JUN 1    100                       172    -72      230
  SINCE JAN 1    100                       176    -76      239
..................................................................


WIND (MPH)
  HIGHEST WIND SPEED    14   HIGHEST WIND DIRECTION    SE (120)
  HIGHEST GUST SPEED    19   HIGHEST GUST DIRECTION    SE (130)
  AVERAGE WIND SPEED     4.5


SKY COVER
  AVERAGE SKY COVER 0.5


WEATHER CONDITIONS
 THE FOLLOWING WEATHER WAS RECORDED YESTERDAY.
  THUNDERSTORM
  HEAVY RAIN
  RAIN
  LIGHT RAIN
  FOG


RELATIVE HUMIDITY (PERCENT)
 HIGHEST   100           300 AM
 LOWEST     53          1000 AM
 AVERAGE    77

..........................................................


THE DULUTH MN CLIMATE NORMALS FOR TODAY
                         NORMAL    RECORD    YEAR
 MAXIMUM TEMPERATURE (F)   73        87      1969
 MINIMUM TEMPERATURE (F)   54        39      1967


SUNRISE AND SUNSET
AUGUST 22 2017........SUNRISE   616 AM CDT   SUNSET   806 PM CDT
AUGUST 23 2017........SUNRISE   617 AM CDT   SUNSET   804 PM CDT


-  INDICATES NEGATIVE NUMBERS.
R  INDICATES RECORD WAS SET OR TIED.
MM INDICATES DATA IS MISSING.
T  INDICATES TRACE AMOUNT.




$$
