000
CDUS43 KDLH 242232
CLIDLH


CLIMATE REPORT
NATIONAL WEATHER SERVICE DULUTH MN
427 PM CST TUE JAN 24 2017


...................................

...THE DULUTH MN CLIMATE SUMMARY FOR JANUARY 24 2017...
VALID TODAY AS OF 0400 PM LOCAL TIME.

CLIMATE NORMAL PERIOD 1981 TO 2010
CLIMATE RECORD PERIOD 1870 TO 2017


WEATHER ITEM   OBSERVED TIME   RECORD YEAR NORMAL DEPARTURE LAST
                VALUE   (LST)  VALUE       VALUE  FROM      YEAR
                                                  NORMAL
..................................................................
TEMPERATURE (F)
 TODAY
  MAXIMUM         32    242 PM  50    1892  19     13       25
  MINIMUM         30   1036 AM -37    1904   1     29       18
  AVERAGE         31                        10     21       22

PRECIPITATION (IN)
  TODAY            T             0.86 1972   0.03  -0.03      T
  MONTH TO DATE    0.81                      0.78   0.03     0.50
  SINCE DEC 1      2.88                      1.99   0.89     4.20
  SINCE JAN 1      0.81                      0.78   0.03     0.50

SNOWFALL (IN)
  TODAY            T            11.1  1972   0.6   -0.6       T
  MONTH TO DATE   10.2                      15.7   -5.5      8.0
  SINCE JUL 1     39.6                      49.5   -9.9     37.0
  SNOW DEPTH       8

DEGREE DAYS
 HEATING
  TODAY           34                        55    -21       43
  MONTH TO DATE 1203                      1317   -114     1320
  SINCE DEC 1   2715                      2873   -158     2507
  SINCE JUL 1   4197                      5086   -889     4170

 COOLING
  TODAY            0                         0      0        0
  MONTH TO DATE    0                         0      0        0
  SINCE DEC 1      0                         0      0        0
  SINCE JAN 1      0                         0      0        0
..................................................................


WIND (MPH)
  HIGHEST WIND SPEED    10   HIGHEST WIND DIRECTION    NW (320)
  HIGHEST GUST SPEED    14   HIGHEST GUST DIRECTION    NW (320)
  AVERAGE WIND SPEED     5.7


SKY COVER
  POSSIBLE SUNSHINE  MM
  AVERAGE SKY COVER 1.0


WEATHER CONDITIONS
 THE FOLLOWING WEATHER WAS RECORDED TODAY.
  LIGHT SNOW


RELATIVE HUMIDITY (PERCENT)
 HIGHEST    92          1200 AM
 LOWEST     78           600 AM
 AVERAGE    85

..........................................................


THE DULUTH MN CLIMATE NORMALS FOR TOMORROW
                         NORMAL    RECORD    YEAR
 MAXIMUM TEMPERATURE (F)   19        47      1973
 MINIMUM TEMPERATURE (F)    1       -31      1904


SUNRISE AND SUNSET
JANUARY 24 2017.......SUNRISE   741 AM CST   SUNSET   500 PM CST
JANUARY 25 2017.......SUNRISE   740 AM CST   SUNSET   502 PM CST


-  INDICATES NEGATIVE NUMBERS.
R  INDICATES RECORD WAS SET OR TIED.
MM INDICATES DATA IS MISSING.
T  INDICATES TRACE AMOUNT.




$$

WM
