000
CDUS43 KDLH 240625
CLIDLH


CLIMATE REPORT
NATIONAL WEATHER SERVICE DULUTH MN
123 AM CDT SAT JUN 24 2017


...................................

...THE DULUTH MN CLIMATE SUMMARY FOR JUNE 23 2017...

CLIMATE NORMAL PERIOD 1981 TO 2010
CLIMATE RECORD PERIOD 1870 TO 2017


WEATHER ITEM   OBSERVED TIME   RECORD YEAR NORMAL DEPARTURE LAST
                VALUE   (LST)  VALUE       VALUE  FROM      YEAR
                                                  NORMAL
..................................................................
TEMPERATURE (F)
 YESTERDAY
  MAXIMUM         70    301 PM  92    1922  73     -3       79
  MINIMUM         50    448 AM  35    1972  52     -2       50
  AVERAGE         60                        62     -2       65

PRECIPITATION (IN)
  YESTERDAY        0.01          4.00 1876   0.15  -0.14      T
  MONTH TO DATE    2.93                      3.15  -0.22     3.63
  SINCE JUN 1      2.93                      3.15  -0.22     3.63
  SINCE JAN 1     14.07                     12.07   2.00    13.74

SNOWFALL (IN)
  YESTERDAY        0.0           0.0  2002   0.0    0.0      0.0
                                      2001
  MONTH TO DATE    T                         0.0    0.0       T
  SINCE JUN 1      T                         0.0    0.0       T
  SINCE JUL 1     67.0                      86.1  -19.1     81.4
  SNOW DEPTH       0

DEGREE DAYS
 HEATING
  YESTERDAY        5                         4      1        0
  MONTH TO DATE   79                       153    -74      131
  SINCE JUN 1     79                       153    -74      131
  SINCE JUL 1   8086                      9418  -1332     8175

 COOLING
  YESTERDAY        0                         2     -2        0
  MONTH TO DATE   13                        15     -2       27
  SINCE JUN 1     13                        15     -2       27
  SINCE JAN 1     13                        19     -6       36
..................................................................


WIND (MPH)
  HIGHEST WIND SPEED    23   HIGHEST WIND DIRECTION    NW (310)
  HIGHEST GUST SPEED    31   HIGHEST GUST DIRECTION    NW (320)
  AVERAGE WIND SPEED    12.6


SKY COVER
  AVERAGE SKY COVER 0.5


WEATHER CONDITIONS
 THE FOLLOWING WEATHER WAS RECORDED YESTERDAY.
  LIGHT RAIN


RELATIVE HUMIDITY (PERCENT)
 HIGHEST    93          1200 AM
 LOWEST     47           200 PM
 AVERAGE    70

..........................................................


THE DULUTH MN CLIMATE NORMALS FOR TODAY
                         NORMAL    RECORD    YEAR
 MAXIMUM TEMPERATURE (F)   73        91      1890
 MINIMUM TEMPERATURE (F)   52        36      1979


SUNRISE AND SUNSET
JUNE 24 2017..........SUNRISE   515 AM CDT   SUNSET   907 PM CDT
JUNE 25 2017..........SUNRISE   516 AM CDT   SUNSET   907 PM CDT


-  INDICATES NEGATIVE NUMBERS.
R  INDICATES RECORD WAS SET OR TIED.
MM INDICATES DATA IS MISSING.
T  INDICATES TRACE AMOUNT.




$$
