000
CDUS45 KTFX 211006
CLIDLN


CLIMATE REPORT
NATIONAL WEATHER SERVICE GREAT FALLS MT
405 AM MDT MON APR 21 2014


...................................

...THE DILLON AIRPORT MT CLIMATE SUMMARY FOR APRIL 20 2014...

CLIMATE NORMAL PERIOD 1981 TO 2010
CLIMATE RECORD PERIOD 1929 TO 2014


WEATHER ITEM   OBSERVED TIME   RECORD YEAR NORMAL DEPARTURE LAST
                VALUE   (LST)  VALUE       VALUE  FROM      YEAR
                                                  NORMAL
..................................................................
TEMPERATURE (F)
 YESTERDAY
  MAXIMUM         59    413 PM  78    1980  56      3       57
  MINIMUM         34   1158 PM  10    2008  30      4       35
  AVERAGE         47                        43      4       46

PRECIPITATION (IN)
  YESTERDAY        0.00          0.52 1984   0.04  -0.04     0.00
  MONTH TO DATE    0.04                      0.67  -0.63     0.11
  SINCE OCT 1      1.10                      3.15  -2.05     1.53
  SINCE JAN 1      0.61                      1.75  -1.14     0.51

SNOWFALL (IN)
  YESTERDAY       MM
  SNOW DEPTH       0

DEGREE DAYS
 HEATING
  YESTERDAY       18                               -4       19
  MONTH TO DATE  451                              -46      535
  SINCE MAR 1   1375                              -72     1451
  SINCE JUL 1   7155                             -209     6866

 COOLING
  YESTERDAY        0                                0        0
  MONTH TO DATE    0                                0        0
  SINCE MAR 1      0                                0        0
  SINCE JAN 1      0                                0        0
..................................................................


WIND (MPH)
  HIGHEST WIND SPEED    23   HIGHEST WIND DIRECTION     W (270)
  HIGHEST GUST SPEED    34   HIGHEST GUST DIRECTION     W (270)
  AVERAGE WIND SPEED    11.7



WEATHER CONDITIONS
 THE FOLLOWING WEATHER WAS RECORDED YESTERDAY.
  NO SIGNIFICANT WEATHER WAS OBSERVED.


RELATIVE HUMIDITY (PERCENT)
 HIGHEST    53
 LOWEST     11
 AVERAGE    32

..........................................................


THE DILLON AIRPORT MT CLIMATE NORMALS FOR TODAY
                         NORMAL    RECORD    YEAR
 MAXIMUM TEMPERATURE (F)   56        78      1989
 MINIMUM TEMPERATURE (F)   30         9      1951


SUNRISE AND SUNSET
APRIL 21 2014.........SUNRISE   635 AM MDT   SUNSET   824 PM MDT
APRIL 22 2014.........SUNRISE   633 AM MDT   SUNSET   825 PM MDT


-  INDICATES NEGATIVE NUMBERS.
R  INDICATES RECORD WAS SET OR TIED.
MM INDICATES DATA IS MISSING.
T  INDICATES TRACE AMOUNT.




$$
