000
CDUS45 KTFX 291015
CLIDLN


CLIMATE REPORT
NATIONAL WEATHER SERVICE GREAT FALLS MT
413 AM MDT FRI MAY 29 2015


...................................

...THE DILLON AIRPORT MT CLIMATE SUMMARY FOR MAY 28 2015...

CLIMATE NORMAL PERIOD 1981 TO 2010
CLIMATE RECORD PERIOD 1929 TO 2015


WEATHER ITEM   OBSERVED TIME   RECORD YEAR NORMAL DEPARTURE LAST
                VALUE   (LST)  VALUE       VALUE  FROM      YEAR
                                                  NORMAL
..................................................................
TEMPERATURE (F)
 YESTERDAY
  MAXIMUM         63   1209 PM  89    2003  67     -4       82
  MINIMUM         47    552 AM  25    1947  40      7       45
  AVERAGE         55                        53      2       64

PRECIPITATION (IN)
  YESTERDAY        0.06          0.93 1964   0.08  -0.02     0.00
  MONTH TO DATE    2.81                      1.70   1.11     1.13
  SINCE OCT 1      5.50                      5.22   0.28     3.35
  SINCE JAN 1      4.34                      3.82   0.52     2.86

SNOWFALL (IN)
  YESTERDAY       MM
  SNOW DEPTH       0

DEGREE DAYS
 HEATING
  YESTERDAY       10                               -2        1
  MONTH TO DATE  395                              -27      361
  SINCE MAR 1   1784                             -290     1957
  SINCE JUL 1   6896                            -1095     7737

 COOLING
  YESTERDAY        0                                0        0
  MONTH TO DATE    0                                0        0
  SINCE MAR 1      0                                0        0
  SINCE JAN 1      0                                0        0
..................................................................


WIND (MPH)
  HIGHEST WIND SPEED    25   HIGHEST WIND DIRECTION    NE (40)
  HIGHEST GUST SPEED    31   HIGHEST GUST DIRECTION     N (20)
  AVERAGE WIND SPEED     6.3


SKY COVER
  AVERAGE SKY COVER 0.9


WEATHER CONDITIONS
 THE FOLLOWING WEATHER WAS RECORDED YESTERDAY.
  THUNDERSTORM
  LIGHT RAIN
  FOG


RELATIVE HUMIDITY (PERCENT)
 HIGHEST    93
 LOWEST     53
 AVERAGE    73

..........................................................


THE DILLON AIRPORT MT CLIMATE NORMALS FOR TODAY
                         NORMAL    RECORD    YEAR
 MAXIMUM TEMPERATURE (F)   67        87      2003
 MINIMUM TEMPERATURE (F)   40        23      1982


SUNRISE AND SUNSET
MAY 29 2015...........SUNRISE   548 AM MDT   SUNSET   908 PM MDT
MAY 30 2015...........SUNRISE   547 AM MDT   SUNSET   909 PM MDT


-  INDICATES NEGATIVE NUMBERS.
R  INDICATES RECORD WAS SET OR TIED.
MM INDICATES DATA IS MISSING.
T  INDICATES TRACE AMOUNT.




$$
