000
CDUS45 KTFX 290957
CLIDLN


CLIMATE REPORT
NATIONAL WEATHER SERVICE GREAT FALLS MT
256 AM MST SAT NOV 29 2014


...................................

...THE DILLON AIRPORT MT CLIMATE SUMMARY FOR NOVEMBER 28 2014...

CLIMATE NORMAL PERIOD 1981 TO 2010
CLIMATE RECORD PERIOD 1929 TO 2014


WEATHER ITEM   OBSERVED TIME   RECORD YEAR NORMAL DEPARTURE LAST
                VALUE   (LST)  VALUE       VALUE  FROM      YEAR
                                                  NORMAL
..................................................................
TEMPERATURE (F)
 YESTERDAY
  MAXIMUM         55    250 PM  56    1945  34     21       46
  MINIMUM         35   1030 PM -14    1952  14     21       19
  AVERAGE         45                        24     21       33

PRECIPITATION (IN)
  YESTERDAY        0.00          0.18 1964   0.01  -0.01     0.00
  MONTH TO DATE    0.22                      0.35  -0.13     0.08
  SINCE OCT 1      0.48                      1.11  -0.63     0.35
  SINCE JAN 1     10.21                     10.28  -0.07     9.81

SNOWFALL (IN)
  YESTERDAY        0.0
  SNOW DEPTH       0

DEGREE DAYS
 HEATING
  YESTERDAY       20                              -21       32
  MONTH TO DATE 1033                               81      869
  SINCE SEP 1   1776                             -156     1868
  SINCE JUL 1   1868                             -200     1874

 COOLING
  YESTERDAY        0                                0        0
  MONTH TO DATE    0                                0        0
  SINCE SEP 1      6                               -2       19
  SINCE JAN 1    170                               14      247
..................................................................


WIND (MPH)
  HIGHEST WIND SPEED    37   HIGHEST WIND DIRECTION    SW (230)
  HIGHEST GUST SPEED    47   HIGHEST GUST DIRECTION    SW (220)
  AVERAGE WIND SPEED    16.8



WEATHER CONDITIONS
 THE FOLLOWING WEATHER WAS RECORDED YESTERDAY.
  NO SIGNIFICANT WEATHER WAS OBSERVED.


RELATIVE HUMIDITY (PERCENT)
 HIGHEST    57
 LOWEST     24
 AVERAGE    41

..........................................................


THE DILLON AIRPORT MT CLIMATE NORMALS FOR TODAY
                         NORMAL    RECORD    YEAR
 MAXIMUM TEMPERATURE (F)   34        55      1980
 MINIMUM TEMPERATURE (F)   14       -16      2006


SUNRISE AND SUNSET
NOVEMBER 29 2014......SUNRISE   747 AM MST   SUNSET   450 PM MST
NOVEMBER 30 2014......SUNRISE   748 AM MST   SUNSET   450 PM MST


-  INDICATES NEGATIVE NUMBERS.
R  INDICATES RECORD WAS SET OR TIED.
MM INDICATES DATA IS MISSING.
T  INDICATES TRACE AMOUNT.




$$
