000
CDUS45 KTFX 070927
CLIDLN


CLIMATE REPORT
NATIONAL WEATHER SERVICE GREAT FALLS MT
226 AM MST WED DEC 7 2016


...................................

...THE DILLON AIRPORT MT CLIMATE SUMMARY FOR DECEMBER 6 2016...

CLIMATE NORMAL PERIOD 1981 TO 2010
CLIMATE RECORD PERIOD 1929 TO 2016


WEATHER ITEM   OBSERVED TIME   RECORD YEAR NORMAL DEPARTURE LAST
                VALUE   (LST)  VALUE       VALUE  FROM      YEAR
                                                  NORMAL
..................................................................
TEMPERATURE (F)
 YESTERDAY
  MAXIMUM         16    245 PM  56    1939  31    -15       43
  MINIMUM          1   1153 PM -24    1972  12    -11       20
  AVERAGE          9                        21    -12       32

PRECIPITATION (IN)
  YESTERDAY        T             0.20 1982   0.01  -0.01     0.00
  MONTH TO DATE    0.01                      0.07  -0.06      T
  SINCE OCT 1      2.50                      1.20   1.30     1.67
  SINCE JAN 1      9.51                     10.37  -0.86     9.63

SNOWFALL (IN)
  YESTERDAY       MM
  SNOW DEPTH       0

DEGREE DAYS
 HEATING
  YESTERDAY       56                               12       33
  MONTH TO DATE  252                               -5      239
  SINCE DEC 1    252                               -5      239
  SINCE JUL 1   2035                             -373     2162

 COOLING
  YESTERDAY        0                                0        0
  MONTH TO DATE    0                                0        0
  SINCE DEC 1      0                                0        0
  SINCE JAN 1    168                               12      258
..................................................................


WIND (MPH)
  HIGHEST WIND SPEED    20   HIGHEST WIND DIRECTION    NE (50)
  HIGHEST GUST SPEED    24   HIGHEST GUST DIRECTION    NE (50)
  AVERAGE WIND SPEED     9.0


SKY COVER
  AVERAGE SKY COVER 0.5


WEATHER CONDITIONS
 THE FOLLOWING WEATHER WAS RECORDED YESTERDAY.
  LIGHT SNOW
  HAZE


RELATIVE HUMIDITY (PERCENT)
 HIGHEST    80
 LOWEST     53
 AVERAGE    67

..........................................................


THE DILLON AIRPORT MT CLIMATE NORMALS FOR TODAY
                         NORMAL    RECORD    YEAR
 MAXIMUM TEMPERATURE (F)   31        54      1939
 MINIMUM TEMPERATURE (F)   12       -24      1972


SUNRISE AND SUNSET
DECEMBER  7 2016......SUNRISE   756 AM MST   SUNSET   448 PM MST
DECEMBER  8 2016......SUNRISE   757 AM MST   SUNSET   448 PM MST


-  INDICATES NEGATIVE NUMBERS.
R  INDICATES RECORD WAS SET OR TIED.
MM INDICATES DATA IS MISSING.
T  INDICATES TRACE AMOUNT.




$$
