000
CDUS45 KTFX 220826
CLIDLN


CLIMATE REPORT
NATIONAL WEATHER SERVICE GREAT FALLS MT
225 AM MDT MON SEP 22 2014


...................................

...THE DILLON AIRPORT MT CLIMATE SUMMARY FOR SEPTEMBER 21 2014...

CLIMATE NORMAL PERIOD 1981 TO 2010
CLIMATE RECORD PERIOD 1929 TO 2014


WEATHER ITEM   OBSERVED TIME   RECORD YEAR NORMAL DEPARTURE LAST
                VALUE   (LST)  VALUE       VALUE  FROM      YEAR
                                                  NORMAL
..................................................................
TEMPERATURE (F)
 YESTERDAY
  MAXIMUM         77    333 PM  86    1987  67     10       79
  MINIMUM         39    534 AM  24    1983  38      1       41
  AVERAGE         58                        53      5       60

PRECIPITATION (IN)
  YESTERDAY        0.00          0.71 1959   0.02  -0.02     0.00
  MONTH TO DATE    0.11                      0.62  -0.51     1.39
  SINCE OCT 1      9.47                     10.32  -0.85     9.41
  SINCE JAN 1      8.98                      8.92   0.06     8.39

SNOWFALL (IN)
  YESTERDAY       MM
  SNOW DEPTH       0

DEGREE DAYS
 HEATING
  YESTERDAY        7                               -5        5
  MONTH TO DATE  193                               10       81
  SINCE SEP 1    193                               10       81
  SINCE JUL 1    285                              -34       87

 COOLING
  YESTERDAY        0                                0        0
  MONTH TO DATE    1                               -6       19
  SINCE SEP 1      1                               -6       19
  SINCE JAN 1    165                               10      247
..................................................................


WIND (MPH)
  HIGHEST WIND SPEED    10   HIGHEST WIND DIRECTION    SW (210)
  HIGHEST GUST SPEED    13   HIGHEST GUST DIRECTION    NE (50)
  AVERAGE WIND SPEED     5.2



WEATHER CONDITIONS
 THE FOLLOWING WEATHER WAS RECORDED YESTERDAY.
  NO SIGNIFICANT WEATHER WAS OBSERVED.


RELATIVE HUMIDITY (PERCENT)
 HIGHEST    79
 LOWEST     27
 AVERAGE    53

..........................................................


THE DILLON AIRPORT MT CLIMATE NORMALS FOR TODAY
                         NORMAL    RECORD    YEAR
 MAXIMUM TEMPERATURE (F)   67        86      1987
 MINIMUM TEMPERATURE (F)   38        24      2000


SUNRISE AND SUNSET
SEPTEMBER 22 2014.....SUNRISE   717 AM MDT   SUNSET   728 PM MDT
SEPTEMBER 23 2014.....SUNRISE   718 AM MDT   SUNSET   726 PM MDT


-  INDICATES NEGATIVE NUMBERS.
R  INDICATES RECORD WAS SET OR TIED.
MM INDICATES DATA IS MISSING.
T  INDICATES TRACE AMOUNT.




$$
