000
CDUS45 KTFX 162230
CLIDLN


CLIMATE REPORT
NATIONAL WEATHER SERVICE GREAT FALLS MT
430 PM MDT WED AUG 16 2017


...................................

...THE DILLON AIRPORT MT CLIMATE SUMMARY FOR AUGUST 16 2017...
VALID TODAY AS OF 0400 PM LOCAL TIME.

CLIMATE NORMAL PERIOD 1981 TO 2010
CLIMATE RECORD PERIOD 1929 TO 2017


WEATHER ITEM   OBSERVED TIME   RECORD YEAR NORMAL DEPARTURE LAST
                VALUE   (LST)  VALUE       VALUE  FROM      YEAR
                                                  NORMAL
..................................................................
TEMPERATURE (F)
 TODAY
  MAXIMUM         81    225 PM  94    2013  81      0       91
                                      1966
  MINIMUM         44    504 AM  34    1985  48     -4       47
  AVERAGE         63                        64     -1       69

PRECIPITATION (IN)
  TODAY            0.00          0.83 1997   0.04  -0.04     0.00
  MONTH TO DATE    0.18                      0.52  -0.34     0.11
  SINCE OCT 1      8.97                      9.17  -0.20     7.60
  SINCE JAN 1      6.43                      7.77  -1.34     5.52

DEGREE DAYS
 HEATING
  TODAY            2                         2      0        0
  MONTH TO DATE    9                        26    -17       26
  SINCE JUN 1    189                       304   -115      188
  SINCE JUL 1      9                        81    -72       80

 COOLING
  TODAY            0                         2     -2        4
  MONTH TO DATE   20                        35    -15       15
  SINCE JUN 1    214                       128     86      132
  SINCE JAN 1    214                       129     85      132
..................................................................


WIND (MPH)
  HIGHEST WIND SPEED    17   HIGHEST WIND DIRECTION     S (200)
  HIGHEST GUST SPEED    24   HIGHEST GUST DIRECTION    SW (230)
  AVERAGE WIND SPEED     8.0


SKY COVER
  AVERAGE SKY COVER 0.0


WEATHER CONDITIONS
 THE FOLLOWING WEATHER WAS RECORDED TODAY.
  NO SIGNIFICANT WEATHER WAS OBSERVED.


RELATIVE HUMIDITY (PERCENT)
 HIGHEST    83
 LOWEST     23
 AVERAGE    53

..........................................................


THE DILLON AIRPORT MT CLIMATE NORMALS FOR TOMORROW
                         NORMAL    RECORD    YEAR
 MAXIMUM TEMPERATURE (F)   81        95      1944
 MINIMUM TEMPERATURE (F)   48        35      2002


SUNRISE AND SUNSET
AUGUST 16 2017........SUNRISE   633 AM MDT   SUNSET   835 PM MDT
AUGUST 17 2017........SUNRISE   634 AM MDT   SUNSET   833 PM MDT


-  INDICATES NEGATIVE NUMBERS.
R  INDICATES RECORD WAS SET OR TIED.
MM INDICATES DATA IS MISSING.
T  INDICATES TRACE AMOUNT.




$$
