000
CDUS45 KTFX 290909
CLIDLN


CLIMATE REPORT
NATIONAL WEATHER SERVICE GREAT FALLS MT
307 AM MDT SAT APR 29 2017


...................................

...THE DILLON AIRPORT MT CLIMATE SUMMARY FOR APRIL 28 2017...

CLIMATE NORMAL PERIOD 1981 TO 2010
CLIMATE RECORD PERIOD 1929 TO 2017


WEATHER ITEM   OBSERVED TIME   RECORD YEAR NORMAL DEPARTURE LAST
                VALUE   (LST)  VALUE       VALUE  FROM      YEAR
                                                  NORMAL
..................................................................
TEMPERATURE (F)
 YESTERDAY
  MAXIMUM         51    340 PM  84    1987  59     -8       46
  MINIMUM         29    601 AM  14    1984  32     -3       33
  AVERAGE         40                        45     -5       40

PRECIPITATION (IN)
  YESTERDAY        0.00          0.82 1967   0.04  -0.04      T
  MONTH TO DATE    1.88                      0.96   0.92     1.09
  SINCE OCT 1      5.28                      3.44   1.84     3.76
  SINCE JAN 1      2.74                      2.04   0.70     1.68

SNOWFALL (IN)
  YESTERDAY       MM
  SNOW DEPTH       0

DEGREE DAYS
 HEATING
  YESTERDAY       25                                5       25
  MONTH TO DATE  643                              -21      508
  SINCE MAR 1   1379                             -235     1362
  SINCE JUL 1   7334                             -197     6862

 COOLING
  YESTERDAY        0                                0        0
  MONTH TO DATE    0                                0        0
  SINCE MAR 1      0                                0        0
  SINCE JAN 1      0                                0        0
..................................................................


WIND (MPH)
  HIGHEST WIND SPEED    21   HIGHEST WIND DIRECTION     N (20)
  HIGHEST GUST SPEED    27   HIGHEST GUST DIRECTION    NE (30)
  AVERAGE WIND SPEED     8.5


SKY COVER
  AVERAGE SKY COVER 0.7


WEATHER CONDITIONS
 THE FOLLOWING WEATHER WAS RECORDED YESTERDAY.
  NO SIGNIFICANT WEATHER WAS OBSERVED.


RELATIVE HUMIDITY (PERCENT)
 HIGHEST    82
 LOWEST     34
 AVERAGE    58

..........................................................


THE DILLON AIRPORT MT CLIMATE NORMALS FOR TODAY
                         NORMAL    RECORD    YEAR
 MAXIMUM TEMPERATURE (F)   59        80      1992
 MINIMUM TEMPERATURE (F)   32        14      2011


SUNRISE AND SUNSET
APRIL 29 2017.........SUNRISE   621 AM MDT   SUNSET   834 PM MDT
APRIL 30 2017.........SUNRISE   620 AM MDT   SUNSET   836 PM MDT


-  INDICATES NEGATIVE NUMBERS.
R  INDICATES RECORD WAS SET OR TIED.
MM INDICATES DATA IS MISSING.
T  INDICATES TRACE AMOUNT.




$$
