000
CDUS45 KTFX 060758
CLIDLN


CLIMATE REPORT
NATIONAL WEATHER SERVICE GREAT FALLS MT
1258 AM MST SAT FEB 6 2016


...................................

...THE DILLON AIRPORT MT CLIMATE SUMMARY FOR FEBRUARY 5 2016...

CLIMATE NORMAL PERIOD 1981 TO 2010
CLIMATE RECORD PERIOD 1929 TO 2016


WEATHER ITEM   OBSERVED TIME   RECORD YEAR NORMAL DEPARTURE LAST
                VALUE   (LST)  VALUE       VALUE  FROM      YEAR
                                                  NORMAL
..................................................................
TEMPERATURE (F)
 YESTERDAY
  MAXIMUM         34    119 PM  57    2015  35     -1       57
                                      2007
                                      1963
  MINIMUM         19    742 AM -32    1989  14      5       32
  AVERAGE         27                        24      3       45

PRECIPITATION (IN)
  YESTERDAY        0.00          0.08 1950   0.00   0.00     0.00
  MONTH TO DATE    0.00                      0.03  -0.03     0.03
  SINCE OCT 1      2.13                      1.71   0.42     1.19
  SINCE JAN 1      0.05                      0.31  -0.26     0.03

SNOWFALL (IN)
  YESTERDAY       MM
  SNOW DEPTH       1

DEGREE DAYS
 HEATING
  YESTERDAY       38                               -3       20
  MONTH TO DATE  228                               23      152
  SINCE DEC 1   2894                                9     2416
  SINCE JUL 1   4817                             -219     4390

 COOLING
  YESTERDAY        0                                0        0
  MONTH TO DATE    0                                0        0
  SINCE DEC 1      0                                0        0
  SINCE JAN 1      0                                0        0
..................................................................


WIND (MPH)
  HIGHEST WIND SPEED    28   HIGHEST WIND DIRECTION    SW (230)
  HIGHEST GUST SPEED    32   HIGHEST GUST DIRECTION    SW (230)
  AVERAGE WIND SPEED    16.4


SKY COVER
  AVERAGE SKY COVER 0.0


WEATHER CONDITIONS
 THE FOLLOWING WEATHER WAS RECORDED YESTERDAY.
  NO SIGNIFICANT WEATHER WAS OBSERVED.


RELATIVE HUMIDITY (PERCENT)
 HIGHEST    74
 LOWEST     59
 AVERAGE    67

..........................................................


THE DILLON AIRPORT MT CLIMATE NORMALS FOR TODAY
                         NORMAL    RECORD    YEAR
 MAXIMUM TEMPERATURE (F)   35        59      2015
 MINIMUM TEMPERATURE (F)   14       -28      2014


SUNRISE AND SUNSET
FEBRUARY  6 2016......SUNRISE   745 AM MST   SUNSET   544 PM MST
FEBRUARY  7 2016......SUNRISE   744 AM MST   SUNSET   546 PM MST


-  INDICATES NEGATIVE NUMBERS.
R  INDICATES RECORD WAS SET OR TIED.
MM INDICATES DATA IS MISSING.
T  INDICATES TRACE AMOUNT.




$$
