000
CDUS45 KTFX 272348
CLIDLN


CLIMATE REPORT
NATIONAL WEATHER SERVICE GREAT FALLS MT
447 PM MST SAT DEC 27 2014


...................................

...THE DILLON AIRPORT MT CLIMATE SUMMARY FOR DECEMBER 27 2014...
VALID TODAY AS OF 0400 PM LOCAL TIME.

CLIMATE NORMAL PERIOD 1981 TO 2010
CLIMATE RECORD PERIOD 1929 TO 2014


WEATHER ITEM   OBSERVED TIME   RECORD YEAR NORMAL DEPARTURE LAST
                VALUE   (LST)  VALUE       VALUE  FROM      YEAR
                                                  NORMAL
..................................................................
TEMPERATURE (F)
 TODAY
  MAXIMUM         22    359 PM  57    1980  30     -8       41
  MINIMUM          3    100 AM -16    1941  11     -8       25
  AVERAGE         13                        21     -8       33

PRECIPITATION (IN)
  TODAY            0.00          0.11 1946   0.01  -0.01     0.00
  MONTH TO DATE    0.48                      0.25   0.23     0.14
  SINCE OCT 1      1.16                      1.38  -0.22     0.49
  SINCE JAN 1     10.89                     10.55   0.34     9.95

SNOWFALL (IN)
  TODAY           MM
  SNOW DEPTH       1

DEGREE DAYS
 HEATING
  TODAY           52                        44      8       32
  MONTH TO DATE  941                      1196   -255     1260
  SINCE DEC 1    941                      1196   -255     1260
  SINCE JUL 1   2915                      3347   -432     3189

 COOLING
  TODAY            0                         0      0        0
  MONTH TO DATE    0                         0      0        0
  SINCE DEC 1      0                         0      0        0
  SINCE JAN 1    170                       156     14      247
..................................................................


WIND (MPH)
  HIGHEST WIND SPEED    23   HIGHEST WIND DIRECTION    SW (220)
  HIGHEST GUST SPEED    26   HIGHEST GUST DIRECTION    SW (220)
  AVERAGE WIND SPEED    13.7


SKY COVER
  AVERAGE SKY COVER 0.6


WEATHER CONDITIONS
 THE FOLLOWING WEATHER WAS RECORDED TODAY.
  NO SIGNIFICANT WEATHER WAS OBSERVED.


RELATIVE HUMIDITY (PERCENT)
 HIGHEST    73
 LOWEST     61
 AVERAGE    67

..........................................................


THE DILLON AIRPORT MT CLIMATE NORMALS FOR TOMORROW
                         NORMAL    RECORD    YEAR
 MAXIMUM TEMPERATURE (F)   30        52      1945
 MINIMUM TEMPERATURE (F)   11       -24      1978


SUNRISE AND SUNSET
DECEMBER 27 2014......SUNRISE   809 AM MST   SUNSET   454 PM MST
DECEMBER 28 2014......SUNRISE   809 AM MST   SUNSET   455 PM MST


-  INDICATES NEGATIVE NUMBERS.
R  INDICATES RECORD WAS SET OR TIED.
MM INDICATES DATA IS MISSING.
T  INDICATES TRACE AMOUNT.




$$
