000
CDUS45 KTFX 242235
CLIDLN


CLIMATE REPORT
NATIONAL WEATHER SERVICE GREAT FALLS MT
435 PM MDT THU JUL 24 2014


...................................

...THE DILLON AIRPORT MT CLIMATE SUMMARY FOR JULY 24 2014...
VALID TODAY AS OF 0400 PM LOCAL TIME.

CLIMATE NORMAL PERIOD 1981 TO 2010
CLIMATE RECORD PERIOD 1929 TO 2014


WEATHER ITEM   OBSERVED TIME   RECORD YEAR NORMAL DEPARTURE LAST
                VALUE   (LST)  VALUE       VALUE  FROM      YEAR
                                                  NORMAL
..................................................................
TEMPERATURE (F)
 TODAY
  MAXIMUM         78    236 PM  95    1978  84     -6       88
  MINIMUM         51    456 AM  41    1950  50      1       52
  AVERAGE         65                        67     -2       70

PRECIPITATION (IN)
  TODAY            0.00          0.51 1977   0.04  -0.04     0.00
  MONTH TO DATE    0.63                      0.95  -0.32     0.83
  SINCE OCT 1      6.58                      8.39  -1.81     6.43
  SINCE JAN 1      6.09                      6.99  -0.90     5.41

SNOWFALL (IN)
  TODAY           MM
  SNOW DEPTH       0

DEGREE DAYS
 HEATING
  TODAY            0                         1     -1        0
  MONTH TO DATE    7                        47    -40        0
  SINCE JUN 1    257                       270    -13      188
  SINCE JUL 1      7                        47    -40        0

 COOLING
  TODAY            0                         3     -3        5
  MONTH TO DATE   96                        60     36      112
  SINCE JUN 1     96                        76     20      134
  SINCE JAN 1     96                        77     19      137
..................................................................


WIND (MPH)
  HIGHEST WIND SPEED    35   HIGHEST WIND DIRECTION     W (270)
  HIGHEST GUST SPEED    49   HIGHEST GUST DIRECTION     W (270)
  AVERAGE WIND SPEED    12.4


SKY COVER
  AVERAGE SKY COVER 0.0


WEATHER CONDITIONS
 THE FOLLOWING WEATHER WAS RECORDED TODAY.
  NO SIGNIFICANT WEATHER WAS OBSERVED.


RELATIVE HUMIDITY (PERCENT)
 HIGHEST    67
 LOWEST     18
 AVERAGE    43

..........................................................


THE DILLON AIRPORT MT CLIMATE NORMALS FOR TOMORROW
                         NORMAL    RECORD    YEAR
 MAXIMUM TEMPERATURE (F)   84        98      1931
 MINIMUM TEMPERATURE (F)   50        37      1948


SUNRISE AND SUNSET
JULY 24 2014..........SUNRISE   606 AM MDT   SUNSET   907 PM MDT
JULY 25 2014..........SUNRISE   607 AM MDT   SUNSET   906 PM MDT


-  INDICATES NEGATIVE NUMBERS.
R  INDICATES RECORD WAS SET OR TIED.
MM INDICATES DATA IS MISSING.
T  INDICATES TRACE AMOUNT.




$$
