000
CDUS45 KTFX 191138
CLIDLN


CLIMATE REPORT
NATIONAL WEATHER SERVICE GREAT FALLS MT
436 AM MST SUN FEB 19 2017


...................................

...THE DILLON AIRPORT MT CLIMATE SUMMARY FOR FEBRUARY 18 2017...

CLIMATE NORMAL PERIOD 1981 TO 2010
CLIMATE RECORD PERIOD 1929 TO 2017


WEATHER ITEM   OBSERVED TIME   RECORD YEAR NORMAL DEPARTURE LAST
                VALUE   (LST)  VALUE       VALUE  FROM      YEAR
                                                  NORMAL
..................................................................
TEMPERATURE (F)
 YESTERDAY
  MAXIMUM         49    227 PM  61    1958  38     11       47
  MINIMUM         32    659 AM -18    2006  16     16       33
  AVERAGE         41                        27     14       40

PRECIPITATION (IN)
  YESTERDAY        0.00          0.41 1986   0.00   0.00     0.01
  MONTH TO DATE    0.06                      0.13  -0.07     0.01
  SINCE OCT 1      2.66                      1.81   0.85     2.14
  SINCE JAN 1      0.12                      0.41  -0.29     0.06

SNOWFALL (IN)
  YESTERDAY       MM
  SNOW DEPTH       0

DEGREE DAYS
 HEATING
  YESTERDAY       24                              -14       25
  MONTH TO DATE  652                              -68      579
  SINCE DEC 1   3815                              415     3245
  SINCE JUL 1   5598                               47     5168

 COOLING
  YESTERDAY        0                                0        0
  MONTH TO DATE    0                                0        0
  SINCE DEC 1      0                                0        0
  SINCE JAN 1      0                                0        0
..................................................................


WIND (MPH)
  HIGHEST WIND SPEED    33   HIGHEST WIND DIRECTION    SE (130)
  HIGHEST GUST SPEED    44   HIGHEST GUST DIRECTION    SE (130)
  AVERAGE WIND SPEED    10.7


SKY COVER
  AVERAGE SKY COVER 0.8


WEATHER CONDITIONS
 THE FOLLOWING WEATHER WAS RECORDED YESTERDAY.
  NO SIGNIFICANT WEATHER WAS OBSERVED.


RELATIVE HUMIDITY (PERCENT)
 HIGHEST    82
 LOWEST     46
 AVERAGE    64

..........................................................


THE DILLON AIRPORT MT CLIMATE NORMALS FOR TODAY
                         NORMAL    RECORD    YEAR
 MAXIMUM TEMPERATURE (F)   38        59      1977
 MINIMUM TEMPERATURE (F)   16       -12      1955


SUNRISE AND SUNSET
FEBRUARY 19 2017......SUNRISE   725 AM MST   SUNSET   604 PM MST
FEBRUARY 20 2017......SUNRISE   723 AM MST   SUNSET   605 PM MST


-  INDICATES NEGATIVE NUMBERS.
R  INDICATES RECORD WAS SET OR TIED.
MM INDICATES DATA IS MISSING.
T  INDICATES TRACE AMOUNT.




$$
