000
CDUS41 KLWX 102130
CLIDMH


CLIMATE REPORT
NATIONAL WEATHER SERVICE BALTIMORE MD/WASHINGTON DC
430 PM EST WED FEB 10 2016


...................................

...THE BALTIMORE INNER HARBOR MD CLIMATE SUMMARY FOR FEBRUARY 10 2016...
VALID TODAY AS OF 0400 PM LOCAL TIME.

CLIMATE NORMAL PERIOD 1981 TO 2010
CLIMATE RECORD PERIOD 9999 TO 9999


WEATHER ITEM   OBSERVED TIME   RECORD YEAR NORMAL DEPARTURE LAST
                VALUE   (LST)  VALUE       VALUE  FROM      YEAR
                                                  NORMAL
..................................................................
TEMPERATURE (F)
 TODAY
  MAXIMUM         36    137 PM  MM      MM  45     -9       37
  MINIMUM         29    440 AM  MM      MM  31     -2       28
  AVERAGE         33                        38     -5       33

PRECIPITATION (IN)
  TODAY            0.00         MM      MM   0.10  -0.10     0.11
  MONTH TO DATE    1.16                      0.96   0.20     0.55
  SINCE DEC 1     10.68                      7.29   3.39     7.58
  SINCE JAN 1      4.44                      3.88   0.56     4.25

DEGREE DAYS
 HEATING
  TODAY           32                        27      5       32
  MONTH TO DATE  233                       280    -47      311
  SINCE DEC 1   1584                      1977   -393     2027
  SINCE JUL 1   2112                      2628   -516     2762

 COOLING
  TODAY            0                         0      0        0
  MONTH TO DATE    0                         0      0        0
  SINCE DEC 1      3                         0      3        0
  SINCE JAN 1      0                         0      0        0
..................................................................


WIND (MPH)
  HIGHEST WIND SPEED    MM   HIGHEST WIND DIRECTION    MM
  HIGHEST GUST SPEED    MM   HIGHEST GUST DIRECTION    MM
  AVERAGE WIND SPEED    MM


SKY COVER
  POSSIBLE SUNSHINE  MM



RELATIVE HUMIDITY (PERCENT)
 HIGHEST    78           400 AM
 LOWEST     41           400 PM
 AVERAGE    60

..........................................................


THE BALTIMORE INNER HARBOR MD CLIMATE NORMALS FOR TOMORROW
                         NORMAL    RECORD    YEAR
 MAXIMUM TEMPERATURE (F)   45        MM        MM
 MINIMUM TEMPERATURE (F)   31        MM        MM


SUNRISE AND SUNSET
FEBRUARY 10 2016......SUNRISE   705 AM EST   SUNSET   537 PM EST
FEBRUARY 11 2016......SUNRISE   704 AM EST   SUNSET   538 PM EST


-  INDICATES NEGATIVE NUMBERS.
R  INDICATES RECORD WAS SET OR TIED.
MM INDICATES DATA IS MISSING.
T  INDICATES TRACE AMOUNT.




$$
