000
CDUS41 KLWX 280532
CLIDMH


CLIMATE REPORT
NATIONAL WEATHER SERVICE BALTIMORE MD/WASHINGTON DC
131 AM EDT SUN MAY 28 2017


...................................

...THE BALTIMORE INNER HARBOR MD CLIMATE SUMMARY FOR MAY 27 2017...

CLIMATE NORMAL PERIOD 1981 TO 2010
CLIMATE RECORD PERIOD 9999 TO 9999


WEATHER ITEM   OBSERVED TIME   RECORD YEAR NORMAL DEPARTURE LAST
                VALUE   (LST)  VALUE       VALUE  FROM      YEAR
                                                  NORMAL
..................................................................
TEMPERATURE (F)
 YESTERDAY
  MAXIMUM         75   1230 PM  MM      MM  79     -4       89
  MINIMUM         63    508 AM  MM      MM  61      2       71
  AVERAGE         69                        70     -1       80

PRECIPITATION (IN)
  YESTERDAY        0.00         MM      MM   0.12  -0.12     0.00
  MONTH TO DATE    4.21                      2.99   1.22     3.66
  SINCE MAR 1     10.97                     10.07   0.90     7.43
  SINCE JAN 1     14.86                     15.59  -0.73    16.03

DEGREE DAYS
 HEATING
  YESTERDAY        0                         1     -1        0
  MONTH TO DATE   72                        77     -5      133
  SINCE MAR 1    788                       934   -146      805
  SINCE JUL 1   3242                      4022   -780     3421

 COOLING
  YESTERDAY        4                         6     -2       15
  MONTH TO DATE   78                        89    -11       52
  SINCE MAR 1    160                       114     46       87
  SINCE JAN 1    160                       114     46       87
..................................................................


WIND (MPH)
  HIGHEST WIND SPEED    MM   HIGHEST WIND DIRECTION    MM
  HIGHEST GUST SPEED    MM   HIGHEST GUST DIRECTION    MM
  AVERAGE WIND SPEED    MM


SKY COVER
  POSSIBLE SUNSHINE  MM



RELATIVE HUMIDITY (PERCENT)
 HIGHEST    87           900 PM
 LOWEST     53          1000 AM
 AVERAGE    70

..........................................................


THE BALTIMORE INNER HARBOR MD CLIMATE NORMALS FOR TODAY
                         NORMAL
 MAXIMUM TEMPERATURE (F)   79
 MINIMUM TEMPERATURE (F)   61


SUNRISE AND SUNSET
MAY 28 2017...........SUNRISE   544 AM EDT   SUNSET   824 PM EDT
MAY 29 2017...........SUNRISE   543 AM EDT   SUNSET   825 PM EDT


-  INDICATES NEGATIVE NUMBERS.
R  INDICATES RECORD WAS SET OR TIED.
MM INDICATES DATA IS MISSING.
T  INDICATES TRACE AMOUNT.




$$
