000
CDUS41 KLWX 170533
CLIDMH


CLIMATE REPORT
NATIONAL WEATHER SERVICE BALTIMORE MD/WASHINGTON DC
1233 AM EST FRI NOV 17 2017


...................................

...THE BALTIMORE INNER HARBOR MD CLIMATE SUMMARY FOR NOVEMBER 16 2017...

CLIMATE NORMAL PERIOD 1981 TO 2010
CLIMATE RECORD PERIOD 1999 TO 2017


WEATHER ITEM   OBSERVED TIME   RECORD YEAR NORMAL DEPARTURE LAST
                VALUE   (LST)  VALUE       VALUE  FROM      YEAR
                                                  NORMAL
..................................................................
TEMPERATURE (F)
 YESTERDAY
  MAXIMUM         63    136 PM  MM      MM  58      5       65
  MINIMUM         47    706 AM  MM      MM  43      4       46
  AVERAGE         55                        50      5       56

PRECIPITATION (IN)
  YESTERDAY        0.00         MM      MM   0.09  -0.09     0.00
  MONTH TO DATE    1.59                      1.57   0.02     0.13
  SINCE SEP 1      6.09                      8.71  -2.62     6.02
  SINCE JAN 1     34.17                     36.08  -1.91    35.89

DEGREE DAYS
 HEATING
  YESTERDAY       10                        15     -5        9
  MONTH TO DATE  223                       196     27      158
  SINCE SEP 1    307                       405    -98      287
  SINCE JUL 1    307                       405    -98      287

 COOLING
  YESTERDAY        0                         0      0        0
  MONTH TO DATE    4                         0      4        2
  SINCE SEP 1    371                       268    103      370
  SINCE JAN 1   1885                      1664    221     1923
..................................................................


WIND (MPH)
  HIGHEST WIND SPEED    MM   HIGHEST WIND DIRECTION    MM
  HIGHEST GUST SPEED    MM   HIGHEST GUST DIRECTION    MM
  AVERAGE WIND SPEED    MM


SKY COVER
  POSSIBLE SUNSHINE  MM



RELATIVE HUMIDITY (PERCENT)
 HIGHEST    86           200 AM
 LOWEST     32           200 PM
 AVERAGE    59

..........................................................


THE BALTIMORE INNER HARBOR MD CLIMATE NORMALS FOR TODAY
                         NORMAL
 MAXIMUM TEMPERATURE (F)   57
 MINIMUM TEMPERATURE (F)   43


SUNRISE AND SUNSET
NOVEMBER 17 2017......SUNRISE   652 AM EST   SUNSET   450 PM EST
NOVEMBER 18 2017......SUNRISE   654 AM EST   SUNSET   449 PM EST


-  INDICATES NEGATIVE NUMBERS.
R  INDICATES RECORD WAS SET OR TIED.
MM INDICATES DATA IS MISSING.
T  INDICATES TRACE AMOUNT.




$$
