000
CDUS41 KLWX 302128
CLIDMH


CLIMATE REPORT
NATIONAL WEATHER SERVICE BALTIMORE MD/WASHINGTON DC
528 PM EDT SAT JUL 30 2016


...................................

...THE BALTIMORE INNER HARBOR MD CLIMATE SUMMARY FOR JULY 30 2016...
VALID TODAY AS OF 0500 PM LOCAL TIME.

CLIMATE NORMAL PERIOD 1981 TO 2010
CLIMATE RECORD PERIOD 9999 TO 9999


WEATHER ITEM   OBSERVED TIME   RECORD YEAR NORMAL DEPARTURE LAST
                VALUE   (LST)  VALUE       VALUE  FROM      YEAR
                                                  NORMAL
..................................................................
TEMPERATURE (F)
 TODAY
  MAXIMUM         89   1254 PM  MM      MM  88      1       90
  MINIMUM         77    616 AM  MM      MM  72      5       76
  AVERAGE         83                        80      3       83

PRECIPITATION (IN)
  TODAY            0.04         MM      MM   0.14  -0.10     0.38
  MONTH TO DATE    3.65                      4.48  -0.83     2.44
  SINCE JUN 1      7.13                      7.75  -0.62    10.08
  SINCE JAN 1     23.31                     23.84  -0.53    26.42

DEGREE DAYS
 HEATING
  TODAY            0                         0      0        0
  MONTH TO DATE    0                         0      0        0
  SINCE JUN 1      0                         5     -5       10
  SINCE JUL 1      0                         0      0        0

 COOLING
  TODAY           18                        15      3       18
  MONTH TO DATE  544                       473     71      445
  SINCE JUN 1    868                       810     58      799
  SINCE JAN 1   1005                       949     56     1045
..................................................................


WIND (MPH)
  HIGHEST WIND SPEED    MM   HIGHEST WIND DIRECTION    MM
  HIGHEST GUST SPEED    MM   HIGHEST GUST DIRECTION    MM
  AVERAGE WIND SPEED    MM


SKY COVER
  POSSIBLE SUNSHINE  MM



RELATIVE HUMIDITY (PERCENT)
 HIGHEST    82           400 AM
 LOWEST     52           100 PM
 AVERAGE    67

..........................................................


THE BALTIMORE INNER HARBOR MD CLIMATE NORMALS FOR TOMORROW
                         NORMAL    RECORD    YEAR
 MAXIMUM TEMPERATURE (F)   88        MM        MM
 MINIMUM TEMPERATURE (F)   72        MM        MM


SUNRISE AND SUNSET
JULY 30 2016..........SUNRISE   605 AM EDT   SUNSET   820 PM EDT
JULY 31 2016..........SUNRISE   606 AM EDT   SUNSET   819 PM EDT


-  INDICATES NEGATIVE NUMBERS.
R  INDICATES RECORD WAS SET OR TIED.
MM INDICATES DATA IS MISSING.
T  INDICATES TRACE AMOUNT.




$$
