000
CDUS41 KLWX 260523
CLIDMH


CLIMATE REPORT
NATIONAL WEATHER SERVICE BALTIMORE MD/WASHINGTON DC
123 AM EDT TUE SEP 26 2017


...................................

...THE BALTIMORE INNER HARBOR MD CLIMATE SUMMARY FOR SEPTEMBER 25 2017...

CLIMATE NORMAL PERIOD 1981 TO 2010
CLIMATE RECORD PERIOD 1999 TO 2017


WEATHER ITEM   OBSERVED TIME   RECORD YEAR NORMAL DEPARTURE LAST
                VALUE   (LST)  VALUE       VALUE  FROM      YEAR
                                                  NORMAL
..................................................................
TEMPERATURE (F)
 YESTERDAY
  MAXIMUM         90    235 PM  MM      MM  77     13       71
  MINIMUM         74    629 AM  MM      MM  60     14       57
  AVERAGE         82                        68     14       64

PRECIPITATION (IN)
  YESTERDAY        0.00         MM      MM   0.14  -0.14     0.00
  MONTH TO DATE    1.86                      3.35  -1.49     2.16
  SINCE SEP 1      1.86                      3.35  -1.49     2.16
  SINCE JAN 1     29.94                     30.72  -0.78    32.03

DEGREE DAYS
 HEATING
  YESTERDAY        0                         1     -1        1
  MONTH TO DATE    3                         7     -4        1
  SINCE SEP 1      3                         7     -4        1
  SINCE JUL 1      3                         7     -4        1

 COOLING
  YESTERDAY       17                         5     12        0
  MONTH TO DATE  219                       208     11      302
  SINCE SEP 1    219                       208     11      302
  SINCE JAN 1   1733                      1604    129     1855
..................................................................


WIND (MPH)
  HIGHEST WIND SPEED    MM   HIGHEST WIND DIRECTION    MM
  HIGHEST GUST SPEED    MM   HIGHEST GUST DIRECTION    MM
  AVERAGE WIND SPEED    MM


SKY COVER
  POSSIBLE SUNSHINE  MM



RELATIVE HUMIDITY (PERCENT)
 HIGHEST    79           200 AM
 LOWEST     47           100 PM
 AVERAGE    63

..........................................................


THE BALTIMORE INNER HARBOR MD CLIMATE NORMALS FOR TODAY
                         NORMAL
 MAXIMUM TEMPERATURE (F)   76
 MINIMUM TEMPERATURE (F)   60


SUNRISE AND SUNSET
SEPTEMBER 26 2017.....SUNRISE   658 AM EDT   SUNSET   657 PM EDT
SEPTEMBER 27 2017.....SUNRISE   659 AM EDT   SUNSET   655 PM EDT


-  INDICATES NEGATIVE NUMBERS.
R  INDICATES RECORD WAS SET OR TIED.
MM INDICATES DATA IS MISSING.
T  INDICATES TRACE AMOUNT.




$$
