000
CDUS41 KLWX 250525
CLIDMH


CLIMATE REPORT
NATIONAL WEATHER SERVICE BALTIMORE MD/WASHINGTON DC
124 AM EDT TUE APR 25 2017


...................................

...THE BALTIMORE INNER HARBOR MD CLIMATE SUMMARY FOR APRIL 24 2017...

CLIMATE NORMAL PERIOD 1981 TO 2010
CLIMATE RECORD PERIOD 9999 TO 9999


WEATHER ITEM   OBSERVED TIME   RECORD YEAR NORMAL DEPARTURE LAST
                VALUE   (LST)  VALUE       VALUE  FROM      YEAR
                                                  NORMAL
..................................................................
TEMPERATURE (F)
 YESTERDAY
  MAXIMUM         61    102 PM  MM      MM  69     -8       66
  MINIMUM         52   1051 PM  MM      MM  50      2       49
  AVERAGE         57                        59     -2       58

PRECIPITATION (IN)
  YESTERDAY        0.01         MM      MM   0.09  -0.08     0.00
  MONTH TO DATE    2.43                      2.61  -0.18     1.47
  SINCE MAR 1      6.10                      6.47  -0.37     3.65
  SINCE JAN 1      9.99                     11.99  -2.00    12.25

DEGREE DAYS
 HEATING
  YESTERDAY        8                         7      1        7
  MONTH TO DATE  121                       243   -122      240
  SINCE MAR 1    707                       822   -115      626
  SINCE JUL 1   3161                      3910   -749     3242

 COOLING
  YESTERDAY        0                         1     -1        0
  MONTH TO DATE   39                        17     22       20
  SINCE MAR 1     43                        18     25       26
  SINCE JAN 1     43                        18     25       26
..................................................................


WIND (MPH)
  HIGHEST WIND SPEED    MM   HIGHEST WIND DIRECTION    MM
  HIGHEST GUST SPEED    MM   HIGHEST GUST DIRECTION    MM
  AVERAGE WIND SPEED    MM


SKY COVER
  POSSIBLE SUNSHINE  MM



RELATIVE HUMIDITY (PERCENT)
 HIGHEST    72           100 AM
 LOWEST     42           100 PM
 AVERAGE    57

..........................................................


THE BALTIMORE INNER HARBOR MD CLIMATE NORMALS FOR TODAY
                         NORMAL
 MAXIMUM TEMPERATURE (F)   69
 MINIMUM TEMPERATURE (F)   50


SUNRISE AND SUNSET
APRIL 25 2017.........SUNRISE   615 AM EDT   SUNSET   754 PM EDT
APRIL 26 2017.........SUNRISE   614 AM EDT   SUNSET   755 PM EDT


-  INDICATES NEGATIVE NUMBERS.
R  INDICATES RECORD WAS SET OR TIED.
MM INDICATES DATA IS MISSING.
T  INDICATES TRACE AMOUNT.




$$
