000
CDUS45 KEPZ 020945
CLIDMN


CLIMATE REPORT
NATIONAL WEATHER SERVICE EL PASO, TX
344 AM MDT THU JUL 2 2015


...................................

...THE DEMING CLIMATE SUMMARY FOR JULY 1 2015...

CLIMATE NORMAL PERIOD 1981 TO 2010
CLIMATE RECORD PERIOD 2000 TO 2015


WEATHER ITEM   OBSERVED TIME   NORMAL DEPARTURE LAST
                VALUE   (LST)  VALUE  FROM      YEAR
                                      NORMAL
......................................................
TEMPERATURE (F)
 YESTERDAY
  MAXIMUM         96    303 PM  97             100
  MINIMUM         65    524 AM  64              71
  AVERAGE         81            81      0       86

PRECIPITATION (IN)
  YESTERDAY        0.00          0.05  -0.05     0.00
  MONTH TO DATE    0.00          0.05  -0.05     0.00
  SINCE JUN 1      0.45          0.75  -0.30     0.03
  SINCE JAN 1      3.08          3.16  -0.08     0.60

......................................................


WIND (MPH)
  HIGHEST WIND SPEED    16   HIGHEST WIND DIRECTION     W (260)
  HIGHEST GUST SPEED    20   HIGHEST GUST DIRECTION     S (190)
  AVERAGE WIND SPEED     4.5


SKY COVER
  AVERAGE SKY COVER 0.0


WEATHER CONDITIONS
 THE FOLLOWING WEATHER WAS RECORDED YESTERDAY.
  NO SIGNIFICANT WEATHER WAS OBSERVED.


RELATIVE HUMIDITY (PERCENT)
 HIGHEST    56           400 AM
 LOWEST     17           200 PM
 AVERAGE    37

..........................................................


THE DEMING CLIMATE NORMALS FOR TODAY
                         NORMAL
 MAXIMUM TEMPERATURE (F)   97
 MINIMUM TEMPERATURE (F)   64


SUNRISE AND SUNSET
JULY  2 2015..........SUNRISE   608 AM MDT   SUNSET   821 PM MDT
JULY  3 2015..........SUNRISE   609 AM MDT   SUNSET   821 PM MDT


-  INDICATES NEGATIVE NUMBERS.
R  INDICATES RECORD WAS SET OR TIED.
MM INDICATES DATA IS MISSING.
T  INDICATES TRACE AMOUNT.




$$
