000
CDUS45 KEPZ 242327
CLIDMN


CLIMATE REPORT
NATIONAL WEATHER SERVICE EL PASO, TX
427 PM MST SAT FEB 24 2018


...................................

...THE DEMING CLIMATE SUMMARY FOR FEBRUARY 24 2018...
VALID TODAY AS OF 400 PM LOCAL TIME.

CLIMATE NORMAL PERIOD 1981 TO 2010
CLIMATE RECORD PERIOD 2000 TO 2018


WEATHER ITEM   OBSERVED TIME   NORMAL DEPARTURE LAST
                VALUE   (LST)  VALUE  FROM      YEAR
                                      NORMAL
......................................................
TEMPERATURE (F)
 TODAY
  MAXIMUM         53    349 PM  64    -11       57
  MINIMUM         34    705 AM  33      1       31

PRECIPITATION (IN)
  TODAY            0.00          0.02  -0.02     0.00
  MONTH TO DATE    0.77          0.52   0.25     0.48
  SINCE DEC 1      1.07          2.02  -0.95     4.72
  SINCE JAN 1      0.81          1.13  -0.32     2.93

......................................................


WIND (MPH)
  HIGHEST WIND SPEED    24   HIGHEST WIND DIRECTION     W (290)
  HIGHEST GUST SPEED    29   HIGHEST GUST DIRECTION     W (290)


SKY COVER
  AVERAGE SKY COVER 0.0


WEATHER CONDITIONS
 THE FOLLOWING WEATHER WAS RECORDED TODAY.
  NO SIGNIFICANT WEATHER WAS OBSERVED.


RELATIVE HUMIDITY (PERCENT)
 HIGHEST    59           400 AM
 LOWEST     16           200 PM
 AVERAGE    38

..........................................................


THE DEMING CLIMATE NORMALS FOR TOMORROW
                         NORMAL
 MAXIMUM TEMPERATURE (F)   64
 MINIMUM TEMPERATURE (F)   33


SUNRISE AND SUNSET
FEBRUARY 24 2018......SUNRISE   644 AM MST   SUNSET   605 PM MST
FEBRUARY 25 2018......SUNRISE   643 AM MST   SUNSET   605 PM MST


-  INDICATES NEGATIVE NUMBERS.
R  INDICATES RECORD WAS SET OR TIED.
MM INDICATES DATA IS MISSING.
T  INDICATES TRACE AMOUNT.




$$
