000
CDUS43 KEAX 010653
CLIDMO


CLIMATE REPORT
NATIONAL WEATHER SERVICE KANSAS CITY/PLEASANT HILL MO
1252 AM CST WED MAR 1 2017


...................................

...THE SEDALIA MO CLIMATE SUMMARY FOR FEBRUARY 28 2017...

CLIMATE NORMAL PERIOD 1981 TO 2010
CLIMATE RECORD PERIOD 9999 TO 9999


WEATHER ITEM   OBSERVED TIME   NORMAL DEPARTURE LAST
                VALUE   (LST)  VALUE  FROM      YEAR
                                      NORMAL
......................................................
TEMPERATURE (F)
 YESTERDAY
  MAXIMUM         78    413 PM  50     28       71
  MINIMUM         49   1113 PM  31     18       42
  AVERAGE         64            40     24       57

PRECIPITATION (IN)
  YESTERDAY        0.41          0.06   0.35     0.00
  MONTH TO DATE    0.43          1.93  -1.50     0.24
  SINCE DEC 1      2.20          5.92  -3.72     6.35
  SINCE JAN 1      1.42          3.60  -2.18     1.15

DEGREE DAYS
 HEATING
  YESTERDAY        1            25    -24        8
  MONTH TO DATE  503           804   -301      693
  SINCE DEC 1   2376          2772   -396     2331
  SINCE JUL 1   2883          3617   -734     2976

 COOLING
  YESTERDAY        0             0      0        0
  MONTH TO DATE    0             0      0        0
  SINCE DEC 1      0             0      0        0
  SINCE JAN 1      0             0      0        0
......................................................


WIND (MPH)
  HIGHEST WIND SPEED    33   HIGHEST WIND DIRECTION    SW (210)
  HIGHEST GUST SPEED    43   HIGHEST GUST DIRECTION    SW (220)
  AVERAGE WIND SPEED    19.6


SKY COVER
  AVERAGE SKY COVER 0.4


WEATHER CONDITIONS
 THE FOLLOWING WEATHER WAS RECORDED YESTERDAY.
  THUNDERSTORM
  HEAVY RAIN
  LIGHT RAIN
  FOG


RELATIVE HUMIDITY (PERCENT)
 HIGHEST    84           300 AM
 LOWEST     35           400 PM
 AVERAGE    60

..........................................................


THE SEDALIA MO CLIMATE NORMALS FOR TODAY
                         NORMAL
 MAXIMUM TEMPERATURE (F)   51
 MINIMUM TEMPERATURE (F)   31


SUNRISE AND SUNSET
MARCH  1 2017.........SUNRISE   644 AM CST   SUNSET   606 PM CST
MARCH  2 2017.........SUNRISE   643 AM CST   SUNSET   607 PM CST


-  INDICATES NEGATIVE NUMBERS.
R  INDICATES RECORD WAS SET OR TIED.
MM INDICATES DATA IS MISSING.
T  INDICATES TRACE AMOUNT.




$$
