000
CDUS43 KEAX 300031
CLIDMO


CLIMATE REPORT
NATIONAL WEATHER SERVICE KANSAS CITY/PLEASANT HILL MO
731 PM CDT MON JUN 29 2015


...................................

...THE SEDALIA MO CLIMATE SUMMARY FOR JUNE 29 2015...
VALID TODAY AS OF 0700 PM LOCAL TIME.

CLIMATE NORMAL PERIOD 1981 TO 2010
CLIMATE RECORD PERIOD 9999 TO 9999


WEATHER ITEM   OBSERVED TIME   NORMAL DEPARTURE LAST
                VALUE   (LST)  VALUE  FROM      YEAR
                                      NORMAL
......................................................
TEMPERATURE (F)
 TODAY
  MAXIMUM         86    225 PM  88     -2       90
  MINIMUM         66    512 AM  68     -2       67
  AVERAGE         76            78     -2       79

PRECIPITATION (IN)
  TODAY            0.00          0.14  -0.14     0.00
  MONTH TO DATE    6.29          4.96   1.33     6.04
  SINCE JUN 1      6.29          4.96   1.33     6.04
  SINCE JAN 1     19.72         20.11  -0.39    17.41

DEGREE DAYS
 HEATING
  TODAY            0             0      0        0
  MONTH TO DATE    5             4      1        0
  SINCE JUN 1      5             4      1        0
  SINCE JUL 1   4645          4569     76     5301

 COOLING
  TODAY           11            13     -2       14
  MONTH TO DATE  327           291     36      293
  SINCE JUN 1    327           291     36      293
  SINCE JAN 1    454           430     24      488
......................................................


WIND (MPH)
  HIGHEST WIND SPEED    15   HIGHEST WIND DIRECTION    NW (330)
  HIGHEST GUST SPEED    20   HIGHEST GUST DIRECTION    NW (330)
  AVERAGE WIND SPEED     7.4


SKY COVER
  AVERAGE SKY COVER 0.1


WEATHER CONDITIONS
 THE FOLLOWING WEATHER WAS RECORDED TODAY.
  NO SIGNIFICANT WEATHER WAS OBSERVED.


RELATIVE HUMIDITY (PERCENT)
 HIGHEST    87           300 AM
 LOWEST     51           500 PM
 AVERAGE    69

..........................................................


THE SEDALIA MO CLIMATE NORMALS FOR TOMORROW
                         NORMAL
 MAXIMUM TEMPERATURE (F)   88
 MINIMUM TEMPERATURE (F)   69


SUNRISE AND SUNSET
JUNE 29 2015..........SUNRISE   550 AM CDT   SUNSET   841 PM CDT
JUNE 30 2015..........SUNRISE   551 AM CDT   SUNSET   841 PM CDT


-  INDICATES NEGATIVE NUMBERS.
R  INDICATES RECORD WAS SET OR TIED.
MM INDICATES DATA IS MISSING.
T  INDICATES TRACE AMOUNT.




$$
