000
CDUS43 KEAX 190637
CLIDMO


CLIMATE REPORT
NATIONAL WEATHER SERVICE KANSAS CITY/PLEASANT HILL MO
133 AM CDT THU OCT 19 2017


...................................

...THE SEDALIA MO CLIMATE SUMMARY FOR OCTOBER 18 2017...

CLIMATE NORMAL PERIOD 1981 TO 2010
CLIMATE RECORD PERIOD 9999 TO 9999


WEATHER ITEM   OBSERVED TIME   NORMAL DEPARTURE LAST
                VALUE   (LST)  VALUE  FROM      YEAR
                                      NORMAL
......................................................
TEMPERATURE (F)
 YESTERDAY
  MAXIMUM         76    320 PM  68      8       81
  MINIMUM         47    524 AM  47      0       59
  AVERAGE         62            58      4       70

PRECIPITATION (IN)
  YESTERDAY        0.00          0.14  -0.14     0.00
  MONTH TO DATE    2.98          2.29   0.69     1.78
  SINCE SEP 1      4.00          6.40  -2.40     6.25
  SINCE JAN 1     33.20         34.34  -1.14    30.61

DEGREE DAYS
 HEATING
  YESTERDAY        3             8     -5        0
  MONTH TO DATE   55           113    -58       55
  SINCE SEP 1     59           157    -98       61
  SINCE JUL 1     64           158    -94       61

 COOLING
  YESTERDAY        0             1     -1        5
  MONTH TO DATE   74            28     46       64
  SINCE SEP 1    307           193    114      322
  SINCE JAN 1   1481          1478      3     1735
......................................................


WIND (MPH)
  HIGHEST WIND SPEED    18   HIGHEST WIND DIRECTION     S (200)
  HIGHEST GUST SPEED    24   HIGHEST GUST DIRECTION     S (200)
  AVERAGE WIND SPEED    10.3


SKY COVER
  AVERAGE SKY COVER 0.0


WEATHER CONDITIONS
 THE FOLLOWING WEATHER WAS RECORDED YESTERDAY.
  NO SIGNIFICANT WEATHER WAS OBSERVED.


RELATIVE HUMIDITY (PERCENT)
 HIGHEST    93           400 AM
 LOWEST     38           200 PM
 AVERAGE    66

..........................................................


THE SEDALIA MO CLIMATE NORMALS FOR TODAY
                         NORMAL
 MAXIMUM TEMPERATURE (F)   68
 MINIMUM TEMPERATURE (F)   47


SUNRISE AND SUNSET
OCTOBER 19 2017.......SUNRISE   726 AM CDT   SUNSET   628 PM CDT
OCTOBER 20 2017.......SUNRISE   727 AM CDT   SUNSET   627 PM CDT


-  INDICATES NEGATIVE NUMBERS.
R  INDICATES RECORD WAS SET OR TIED.
MM INDICATES DATA IS MISSING.
T  INDICATES TRACE AMOUNT.




$$
