000
CDUS43 KEAX 240634
CLIDMO


CLIMATE REPORT
NATIONAL WEATHER SERVICE KANSAS CITY/PLEASANT HILL MO
134 AM CDT WED AUG 24 2016


...................................

...THE SEDALIA MO CLIMATE SUMMARY FOR AUGUST 23 2016...

CLIMATE NORMAL PERIOD 1981 TO 2010
CLIMATE RECORD PERIOD 9999 TO 9999


WEATHER ITEM   OBSERVED TIME   NORMAL DEPARTURE LAST
                VALUE   (LST)  VALUE  FROM      YEAR
                                      NORMAL
......................................................
TEMPERATURE (F)
 YESTERDAY
  MAXIMUM         83    150 PM  88     -5       81
  MINIMUM         63    302 AM  66     -3       57
  AVERAGE         73            77     -4       69

PRECIPITATION (IN)
  YESTERDAY        0.08          0.13  -0.05     0.01
  MONTH TO DATE    2.09          2.35  -0.26     2.37
  SINCE JUN 1     14.84         11.65   3.19    14.79
  SINCE JAN 1     24.10         26.80  -2.70    28.22

DEGREE DAYS
 HEATING
  YESTERDAY        0             0      0        0
  MONTH TO DATE    0             0      0        0
  SINCE JUN 1      0             6     -6        5
  SINCE JUL 1      0             0      0        0

 COOLING
  YESTERDAY        8            12     -4        4
  MONTH TO DATE  297           313    -16      266
  SINCE JUN 1   1176          1054    122     1052
  SINCE JAN 1   1298          1193    105     1179
......................................................


WIND (MPH)
  HIGHEST WIND SPEED    21   HIGHEST WIND DIRECTION     S (170)
  HIGHEST GUST SPEED    25   HIGHEST GUST DIRECTION     S (160)
  AVERAGE WIND SPEED    11.2


SKY COVER
  AVERAGE SKY COVER 0.5


WEATHER CONDITIONS
 THE FOLLOWING WEATHER WAS RECORDED YESTERDAY.
  THUNDERSTORM
  HEAVY RAIN
  LIGHT RAIN
  FOG


RELATIVE HUMIDITY (PERCENT)
 HIGHEST    94           100 PM
 LOWEST     74           500 PM
 AVERAGE    84

..........................................................


THE SEDALIA MO CLIMATE NORMALS FOR TODAY
                         NORMAL
 MAXIMUM TEMPERATURE (F)   88
 MINIMUM TEMPERATURE (F)   66


SUNRISE AND SUNSET
AUGUST 24 2016........SUNRISE   635 AM CDT   SUNSET   754 PM CDT
AUGUST 25 2016........SUNRISE   636 AM CDT   SUNSET   752 PM CDT


-  INDICATES NEGATIVE NUMBERS.
R  INDICATES RECORD WAS SET OR TIED.
MM INDICATES DATA IS MISSING.
T  INDICATES TRACE AMOUNT.




$$
