000
CDUS43 KEAX 010632
CLIDMO


CLIMATE REPORT
NATIONAL WEATHER SERVICE KANSAS CITY/PLEASANT HILL MO
131 AM CDT TUE SEP 1 2015


...................................

...THE SEDALIA MO CLIMATE SUMMARY FOR AUGUST 31 2015...

CLIMATE NORMAL PERIOD 1981 TO 2010
CLIMATE RECORD PERIOD 9999 TO 9999


WEATHER ITEM   OBSERVED TIME   NORMAL DEPARTURE LAST
                VALUE   (LST)  VALUE  FROM      YEAR
                                      NORMAL
......................................................
TEMPERATURE (F)
 YESTERDAY
  MAXIMUM         93    338 PM  86      7       95
  MINIMUM         70    608 AM  64      6       68
  AVERAGE         82            75      7       82

PRECIPITATION (IN)
  YESTERDAY        0.00          0.14  -0.14     0.15
  MONTH TO DATE    2.38          3.49  -1.11     3.51
  SINCE JUN 1     14.80         12.79   2.01    10.20
  SINCE JAN 1     28.23         27.94   0.29    21.57

DEGREE DAYS
 HEATING
  YESTERDAY        0             0      0        0
  MONTH TO DATE    0             0      0        0
  SINCE JUN 1      5             7     -2        0
  SINCE JUL 1      0             1     -1        0

 COOLING
  YESTERDAY       17            10      7       17
  MONTH TO DATE  326           405    -79      415
  SINCE JUN 1   1112          1146    -34     1022
  SINCE JAN 1   1239          1285    -46     1217
......................................................


WIND (MPH)
  HIGHEST WIND SPEED    17   HIGHEST WIND DIRECTION     S (200)
  HIGHEST GUST SPEED    23   HIGHEST GUST DIRECTION     S (190)
  AVERAGE WIND SPEED     8.5


SKY COVER
  AVERAGE SKY COVER 0.0


WEATHER CONDITIONS
 THE FOLLOWING WEATHER WAS RECORDED YESTERDAY.
  FOG


RELATIVE HUMIDITY (PERCENT)
 HIGHEST    93           100 AM
 LOWEST     39           300 PM
 AVERAGE    66

..........................................................


THE SEDALIA MO CLIMATE NORMALS FOR TODAY
                         NORMAL
 MAXIMUM TEMPERATURE (F)   86
 MINIMUM TEMPERATURE (F)   64


SUNRISE AND SUNSET
SEPTEMBER  1 2015.....SUNRISE   641 AM CDT   SUNSET   743 PM CDT
SEPTEMBER  2 2015.....SUNRISE   642 AM CDT   SUNSET   741 PM CDT


-  INDICATES NEGATIVE NUMBERS.
R  INDICATES RECORD WAS SET OR TIED.
MM INDICATES DATA IS MISSING.
T  INDICATES TRACE AMOUNT.




$$
