000
CDUS42 KCAE 250641
CLIDNL


CLIMATE REPORT
NATIONAL WEATHER SERVICE COLUMBIA SC
140 AM EST THU DEC 25 2014


...................................

...THE AUGUSTA DANIEL FIELD GA CLIMATE SUMMARY FOR DECEMBER 24 2014...

CLIMATE NORMAL PERIOD 1981 TO 2010
CLIMATE RECORD PERIOD 9999 TO 9999


WEATHER ITEM   OBSERVED TIME   NORMAL DEPARTURE LAST
                VALUE   (LST)  VALUE  FROM      YEAR
                                      NORMAL
......................................................
TEMPERATURE (F)
 YESTERDAY
  MAXIMUM         68    310 PM  56     12       54
  MINIMUM         54   1159 PM  38     16       36
  AVERAGE         61            47     14       45

PRECIPITATION (IN)
  YESTERDAY        2.07          0.10   1.97     0.00
  MONTH TO DATE    2.82          2.96  -0.14     4.46
  SINCE DEC 1      2.82          2.96  -0.14     4.46
  SINCE JAN 1     39.87         45.89  -6.02    58.01

DEGREE DAYS
 HEATING
  YESTERDAY        4            18    -14       20
  MONTH TO DATE  277           378   -101      263
  SINCE DEC 1    277           378   -101      263
  SINCE JUL 1    677           712    -35      636

 COOLING
  YESTERDAY        0             0      0        0
  MONTH TO DATE    0             0      0       15
  SINCE DEC 1      0             0      0       15
  SINCE JAN 1   2634          2256    378     2096
......................................................


WIND (MPH)
  HIGHEST WIND SPEED    17   HIGHEST WIND DIRECTION    NW (300)
  HIGHEST GUST SPEED    31   HIGHEST GUST DIRECTION     W (280)
  AVERAGE WIND SPEED     8.0


SKY COVER
  AVERAGE SKY COVER 1.0


WEATHER CONDITIONS
 THE FOLLOWING WEATHER WAS RECORDED YESTERDAY.
  HEAVY RAIN
  RAIN
  LIGHT RAIN
  FOG
  FOG W/VISIBILITY <= 1/4 MILE


RELATIVE HUMIDITY (PERCENT)
 HIGHEST   100           100 AM
 LOWEST     90           900 AM

..........................................................


THE AUGUSTA DANIEL FIELD GA CLIMATE NORMALS FOR TODAY
                         NORMAL    RECORD    YEAR
 MAXIMUM TEMPERATURE (F)   56        MM        MM
 MINIMUM TEMPERATURE (F)   38        MM        MM


SUNRISE AND SUNSET
DECEMBER 25 2014......SUNRISE   730 AM EST   SUNSET   526 PM EST
DECEMBER 26 2014......SUNRISE   730 AM EST   SUNSET   527 PM EST


-  INDICATES NEGATIVE NUMBERS.
R  INDICATES RECORD WAS SET OR TIED.
MM INDICATES DATA IS MISSING.
T  INDICATES TRACE AMOUNT.




$$
