000
CDUS42 KCAE 062127
CLIDNL


CLIMATE REPORT
NATIONAL WEATHER SERVICE COLUMBIA SC
526 PM EDT FRI MAY 6 2016


...................................

...THE AUGUSTA DANIEL FIELD GA CLIMATE SUMMARY FOR MAY 6 2016...
VALID TODAY AS OF 0500 PM LOCAL TIME.

CLIMATE NORMAL PERIOD 1981 TO 2010
CLIMATE RECORD PERIOD 9999 TO 9999


WEATHER ITEM   OBSERVED TIME   NORMAL DEPARTURE LAST
                VALUE   (LST)  VALUE  FROM      YEAR
                                      NORMAL
......................................................
TEMPERATURE (F)
 TODAY
  MAXIMUM         74    305 PM  81     -7       84
  MINIMUM         49    555 AM  59    -10       60
  AVERAGE         62            70     -8

PRECIPITATION (IN)
  TODAY            0.00          0.07  -0.07     0.00
  MONTH TO DATE    1.75          0.38   1.37     0.00
  SINCE MAR 1      6.98          7.64  -0.66     6.06
  SINCE JAN 1     11.59         15.88  -4.29    10.99

DEGREE DAYS
 HEATING
  TODAY            3             1      2        0
  MONTH TO DATE    7             6      1        2
  SINCE MAR 1    162           352   -190      181
  SINCE JUL 1   1463          2165   -702     2036

 COOLING
  TODAY            0             6     -6        7
  MONTH TO DATE   43            31     12       26
  SINCE MAR 1    270           128    142      217
  SINCE JAN 1    276           132    144      217
......................................................


WIND (MPH)
  HIGHEST WIND SPEED    14   HIGHEST WIND DIRECTION     N (350)
  HIGHEST GUST SPEED    20   HIGHEST GUST DIRECTION    NW (330)
  AVERAGE WIND SPEED     7.6


SKY COVER
  AVERAGE SKY COVER 0.2


WEATHER CONDITIONS
 THE FOLLOWING WEATHER WAS RECORDED TODAY.
  HAZE


RELATIVE HUMIDITY (PERCENT)
 HIGHEST    77           500 AM
 LOWEST     31           200 PM

..........................................................


THE AUGUSTA DANIEL FIELD GA CLIMATE NORMALS FOR TOMORROW
                         NORMAL
 MAXIMUM TEMPERATURE (F)   81
 MINIMUM TEMPERATURE (F)   59


SUNRISE AND SUNSET
MAY  6 2016...........SUNRISE   635 AM EDT   SUNSET   815 PM EDT
MAY  7 2016...........SUNRISE   634 AM EDT   SUNSET   816 PM EDT


-  INDICATES NEGATIVE NUMBERS.
R  INDICATES RECORD WAS SET OR TIED.
MM INDICATES DATA IS MISSING.
T  INDICATES TRACE AMOUNT.




$$
