000
CDUS42 KCAE 240530
CLIDNL


CLIMATE REPORT
NATIONAL WEATHER SERVICE COLUMBIA SC
129 AM EDT SAT JUN 24 2017


...................................

...THE AUGUSTA DANIEL FIELD GA CLIMATE SUMMARY FOR JUNE 23 2017...

CLIMATE NORMAL PERIOD 1981 TO 2010
CLIMATE RECORD PERIOD 9999 TO 9999


WEATHER ITEM   OBSERVED TIME   NORMAL DEPARTURE LAST
                VALUE   (LST)  VALUE  FROM      YEAR
                                      NORMAL
......................................................
TEMPERATURE (F)
 YESTERDAY
  MAXIMUM         96    337 PM  90      6       97
  MINIMUM         77    644 AM  71      6       78
  AVERAGE         87            80      7       88

PRECIPITATION (IN)
  YESTERDAY        0.00          0.13  -0.13     0.00
  MONTH TO DATE    0.94          3.34  -2.40     0.93
  SINCE JUN 1      0.94          3.34  -2.40     0.93
  SINCE JAN 1     21.73         22.02  -0.29    13.90

DEGREE DAYS
 HEATING
  YESTERDAY        0             0      0        0
  MONTH TO DATE    0             0      0        0
  SINCE JUN 1      0             0      0        0
  SINCE JUL 1   1245          2170   -925     1463

 COOLING
  YESTERDAY       22            16      6       23
  MONTH TO DATE  369           322     47      420
  SINCE JUN 1    369           322     47      420
  SINCE JAN 1   1018           679    339      942
......................................................


WIND (MPH)
  HIGHEST WIND SPEED    20   HIGHEST WIND DIRECTION    SW (210)
  HIGHEST GUST SPEED    27   HIGHEST GUST DIRECTION     S (190)
  AVERAGE WIND SPEED     9.7


SKY COVER
  AVERAGE SKY COVER 0.3


WEATHER CONDITIONS
 THE FOLLOWING WEATHER WAS RECORDED YESTERDAY.
  NO SIGNIFICANT WEATHER WAS OBSERVED.


RELATIVE HUMIDITY (PERCENT)
 HIGHEST    85           100 AM
 LOWEST     39           200 PM

..........................................................


THE AUGUSTA DANIEL FIELD GA CLIMATE NORMALS FOR TODAY
                         NORMAL    RECORD    YEAR
 MAXIMUM TEMPERATURE (F)   91        MM        MM
 MINIMUM TEMPERATURE (F)   71        MM        MM


SUNRISE AND SUNSET
JUNE 24 2017..........SUNRISE   620 AM EDT   SUNSET   842 PM EDT
JUNE 25 2017..........SUNRISE   620 AM EDT   SUNSET   842 PM EDT


-  INDICATES NEGATIVE NUMBERS.
R  INDICATES RECORD WAS SET OR TIED.
MM INDICATES DATA IS MISSING.
T  INDICATES TRACE AMOUNT.




$$
