000
CDUS42 KCAE 202140
CLIDNL


CLIMATE REPORT
NATIONAL WEATHER SERVICE COLUMBIA SC
540 PM EDT FRI OCT 20 2017


...................................

...THE AUGUSTA DANIEL FIELD GA CLIMATE SUMMARY FOR OCTOBER 20 2017...
VALID TODAY AS OF 0500 PM LOCAL TIME.

CLIMATE NORMAL PERIOD 1981 TO 2010
CLIMATE RECORD PERIOD 9999 TO 9999


WEATHER ITEM   OBSERVED TIME   NORMAL DEPARTURE LAST
                VALUE   (LST)  VALUE  FROM      YEAR
                                      NORMAL
......................................................
TEMPERATURE (F)
 TODAY
  MAXIMUM         83    251 PM  75      8       88
  MINIMUM         53    648 AM  55     -2       67
  AVERAGE         68            65      3

PRECIPITATION (IN)
  TODAY            0.00          0.11  -0.11     0.00
  MONTH TO DATE    0.41          2.37  -1.96     1.86
  SINCE SEP 1      4.80          5.74  -0.94     7.19
  SINCE JAN 1     35.10         38.90  -3.80    30.86

DEGREE DAYS
 HEATING
  TODAY            0             3     -3        0
  MONTH TO DATE    7            32    -25        0
  SINCE SEP 1      7            35    -28        0
  SINCE JUL 1      7            35    -28        0

 COOLING
  TODAY            3             2      1       13
  MONTH TO DATE  200            86    114      146
  SINCE SEP 1    612           406    206      606
  SINCE JAN 1   2913          2217    696     2976
......................................................


WIND (MPH)
  HIGHEST WIND SPEED    10   HIGHEST WIND DIRECTION     E (100)
  HIGHEST GUST SPEED    13   HIGHEST GUST DIRECTION     N (340)
  AVERAGE WIND SPEED     3.0


SKY COVER
  AVERAGE SKY COVER 0.0


WEATHER CONDITIONS
 THE FOLLOWING WEATHER WAS RECORDED TODAY.
  NO SIGNIFICANT WEATHER WAS OBSERVED.


RELATIVE HUMIDITY (PERCENT)
 HIGHEST    71           500 AM
 LOWEST     24           300 PM

..........................................................


THE AUGUSTA DANIEL FIELD GA CLIMATE NORMALS FOR TOMORROW
                         NORMAL
 MAXIMUM TEMPERATURE (F)   74
 MINIMUM TEMPERATURE (F)   54


SUNRISE AND SUNSET
OCTOBER 20 2017.......SUNRISE   737 AM EDT   SUNSET   648 PM EDT
OCTOBER 21 2017.......SUNRISE   738 AM EDT   SUNSET   647 PM EDT


-  INDICATES NEGATIVE NUMBERS.
R  INDICATES RECORD WAS SET OR TIED.
MM INDICATES DATA IS MISSING.
T  INDICATES TRACE AMOUNT.




$$
