000
CDUS42 KCAE 220622
CLIDNL


CLIMATE REPORT
NATIONAL WEATHER SERVICE COLUMBIA SC
122 AM EST WED FEB 22 2017


...................................

...THE AUGUSTA DANIEL FIELD GA CLIMATE SUMMARY FOR FEBRUARY 21 2017...

CLIMATE NORMAL PERIOD 1981 TO 2010
CLIMATE RECORD PERIOD 9999 TO 9999


WEATHER ITEM   OBSERVED TIME   NORMAL DEPARTURE LAST
                VALUE   (LST)  VALUE  FROM      YEAR
                                      NORMAL
......................................................
TEMPERATURE (F)
 YESTERDAY
  MAXIMUM         73    404 PM  62     11       68
  MINIMUM         54    734 AM  42     12       55
  AVERAGE         64            52     12       62

PRECIPITATION (IN)
  YESTERDAY        T             0.16  -0.16      T
  MONTH TO DATE    1.57          2.90  -1.33     1.99
  SINCE DEC 1     16.28         10.73   5.55     9.14
  SINCE JAN 1     12.07          7.11   4.96     3.66

DEGREE DAYS
 HEATING
  YESTERDAY        1            13    -12        3
  MONTH TO DATE  137           321   -184      305
  SINCE DEC 1    820          1393   -573     1047
  SINCE JUL 1    989          1727   -738     1238

 COOLING
  YESTERDAY        0             0      0        0
  MONTH TO DATE    5             0      5        6
  SINCE DEC 1     24             6     18       70
  SINCE JAN 1     20             1     19        6
......................................................


WIND (MPH)
  HIGHEST WIND SPEED    13   HIGHEST WIND DIRECTION     E (80)
  HIGHEST GUST SPEED    20   HIGHEST GUST DIRECTION    SE (120)
  AVERAGE WIND SPEED     7.4


SKY COVER
  AVERAGE SKY COVER 0.5


WEATHER CONDITIONS
 THE FOLLOWING WEATHER WAS RECORDED YESTERDAY.
  RAIN
  LIGHT RAIN


RELATIVE HUMIDITY (PERCENT)
 HIGHEST    78          1000 AM
 LOWEST     51          1200 AM

..........................................................


THE AUGUSTA DANIEL FIELD GA CLIMATE NORMALS FOR TODAY
                         NORMAL    RECORD    YEAR
 MAXIMUM TEMPERATURE (F)   62        MM        MM
 MINIMUM TEMPERATURE (F)   42        MM        MM


SUNRISE AND SUNSET
FEBRUARY 22 2017......SUNRISE   704 AM EST   SUNSET   619 PM EST
FEBRUARY 23 2017......SUNRISE   703 AM EST   SUNSET   620 PM EST


-  INDICATES NEGATIVE NUMBERS.
R  INDICATES RECORD WAS SET OR TIED.
MM INDICATES DATA IS MISSING.
T  INDICATES TRACE AMOUNT.




$$
