000
CDUS42 KCAE 200543
CLIDNL


CLIMATE REPORT
NATIONAL WEATHER SERVICE COLUMBIA SC
1242 AM EST FRI JAN 20 2017


...................................

...THE AUGUSTA DANIEL FIELD GA CLIMATE SUMMARY FOR JANUARY 19 2017...

CLIMATE NORMAL PERIOD 1981 TO 2010
CLIMATE RECORD PERIOD 9999 TO 9999


WEATHER ITEM   OBSERVED TIME   NORMAL DEPARTURE LAST
                VALUE   (LST)  VALUE  FROM      YEAR
                                      NORMAL
......................................................
TEMPERATURE (F)
 YESTERDAY
  MAXIMUM         74    356 PM  56     18       43
  MINIMUM         52    649 AM  38     14       24
  AVERAGE         63            47     16       34

PRECIPITATION (IN)
  YESTERDAY        0.00          0.14  -0.14     0.00
  MONTH TO DATE    7.06          2.33   4.73     0.87
  SINCE DEC 1     11.27          5.95   5.32     6.35
  SINCE JAN 1      7.06          2.33   4.73     0.87

DEGREE DAYS
 HEATING
  YESTERDAY        2            18    -16       31
  MONTH TO DATE  173           357   -184      361
  SINCE DEC 1    568           862   -294      524
  SINCE JUL 1    737          1196   -459      715

 COOLING
  YESTERDAY        0             0      0        0
  MONTH TO DATE   11             0     11        0
  SINCE DEC 1     15             5     10       64
  SINCE JAN 1     11             0     11        0
......................................................


WIND (MPH)
  HIGHEST WIND SPEED     9   HIGHEST WIND DIRECTION     E (90)
  HIGHEST GUST SPEED    13   HIGHEST GUST DIRECTION     E (100)
  AVERAGE WIND SPEED     4.7


SKY COVER
  AVERAGE SKY COVER 0.0


WEATHER CONDITIONS
 THE FOLLOWING WEATHER WAS RECORDED YESTERDAY.
  NO SIGNIFICANT WEATHER WAS OBSERVED.


RELATIVE HUMIDITY (PERCENT)
 HIGHEST    72           500 AM
 LOWEST     31           300 PM

..........................................................


THE AUGUSTA DANIEL FIELD GA CLIMATE NORMALS FOR TODAY
                         NORMAL    RECORD    YEAR
 MAXIMUM TEMPERATURE (F)   56        MM        MM
 MINIMUM TEMPERATURE (F)   38        MM        MM


SUNRISE AND SUNSET
JANUARY 20 2017.......SUNRISE   731 AM EST   SUNSET   548 PM EST
JANUARY 21 2017.......SUNRISE   730 AM EST   SUNSET   549 PM EST


-  INDICATES NEGATIVE NUMBERS.
R  INDICATES RECORD WAS SET OR TIED.
MM INDICATES DATA IS MISSING.
T  INDICATES TRACE AMOUNT.




$$
