000
CDUS43 KLOT 250634
CLIDPA


CLIMATE REPORT
NATIONAL WEATHER SERVICE CHICAGO IL
134 AM CDT THU AUG 25 2016


...................................

...THE DU PAGE  AIRPORT CLIMATE SUMMARY FOR AUGUST 24 2016...

CLIMATE NORMAL PERIOD 1981 TO 2010
CLIMATE RECORD PERIOD 1997 TO 2016


WEATHER ITEM   OBSERVED TIME   RECORD YEAR NORMAL DEPARTURE LAST
                VALUE   (LST)  VALUE       VALUE  FROM      YEAR
                                                  NORMAL
..................................................................
TEMPERATURE (F)
 YESTERDAY
  MAXIMUM         84    229 PM  94    2012  82      2       73
  MINIMUM         70    424 AM  51    2005  61      9       52
  AVERAGE         77                        71      6       63

PRECIPITATION (IN)
  YESTERDAY        0.37          0.68        0.15   0.22     0.00
  MONTH TO DATE    1.46                      3.69  -2.23     1.90
  SINCE JUN 1     10.32                     11.70  -1.38    13.17
  SINCE JAN 1     24.60                     24.72  -0.12    24.16

SNOWFALL (IN)
  YESTERDAY        0.0
  MONTH TO DATE    0.0
  SINCE JUL 1      0.0

DEGREE DAYS
 HEATING
  YESTERDAY        0                         0      0        2
  MONTH TO DATE    0                         0      0        2
  SINCE JUN 1     13                        38    -25       54
  SINCE JUL 1      1                         2     -1       20

 COOLING
  YESTERDAY       12                         6      6        0
  MONTH TO DATE  238                       181     57      163
  SINCE JUN 1    708                       637     71      505
  SINCE JAN 1    781                       683     98      559
..................................................................


WIND (MPH)
  RESULTANT WIND SPEED  10   RESULTANT WIND DIRECTION  SW (210)
  HIGHEST WIND SPEED    24   HIGHEST WIND DIRECTION     S (170)
  HIGHEST GUST SPEED    30   HIGHEST GUST DIRECTION     S (180)
  AVERAGE WIND SPEED    11.5



WEATHER CONDITIONS
 THE FOLLOWING WEATHER WAS RECORDED YESTERDAY.
  THUNDERSTORM
  HEAVY RAIN
  RAIN
  LIGHT RAIN
  FOG


..........................................................


THE DU PAGE  AIRPORT CLIMATE NORMALS FOR TODAY
                         NORMAL    RECORD    YEAR
 MAXIMUM TEMPERATURE (F)   82        95      2003
 MINIMUM TEMPERATURE (F)   60        55      2015
                                             2008
                                             1997


SUNRISE AND SUNSET
AUGUST 25 2016........SUNRISE   612 AM CDT   SUNSET   737 PM CDT
AUGUST 26 2016........SUNRISE   613 AM CDT   SUNSET   736 PM CDT


-  INDICATES NEGATIVE NUMBERS.
R  INDICATES RECORD WAS SET OR TIED.
MM INDICATES DATA IS MISSING.
T  INDICATES TRACE AMOUNT.




$$
