000
CDUS43 KLOT 110636
CLIDPA


CLIMATE REPORT
NATIONAL WEATHER SERVICE CHICAGO IL
1235 AM CST THU FEB 11 2016


...................................

...THE DU PAGE  AIRPORT CLIMATE SUMMARY FOR FEBRUARY 10 2016...

CLIMATE NORMAL PERIOD 1981 TO 2010
CLIMATE RECORD PERIOD 1997 TO 2016


WEATHER ITEM   OBSERVED TIME   RECORD YEAR NORMAL DEPARTURE LAST
                VALUE   (LST)  VALUE       VALUE  FROM      YEAR
                                                  NORMAL
..................................................................
TEMPERATURE (F)
 YESTERDAY
  MAXIMUM         17    405 PM  62    2009  35    -18       32
  MINIMUM          4    705 AM -20    2011  18    -14       15
  AVERAGE         11                        26    -15       24

PRECIPITATION (IN)
  YESTERDAY        T             0.22        0.05  -0.05     0.00
  MONTH TO DATE    1.41                      0.41   1.00     0.76
  SINCE DEC 1      7.20                      3.44   3.76     2.21
  SINCE JAN 1      2.10                      1.72   0.38     1.63

SNOWFALL (IN)
  YESTERDAY        0.0
  MONTH TO DATE    0.3
  SINCE JUL 1     17.0

DEGREE DAYS
 HEATING
  YESTERDAY       54                        39     15       41
  MONTH TO DATE  376                       396    -20      465
  SINCE DEC 1   2478                      2857   -379     2865
  SINCE JUL 1   3555                      4111   -556     4324

 COOLING
  YESTERDAY        0                         0      0        0
  MONTH TO DATE    0                         0      0        0
  SINCE DEC 1      0                         0      0        0
  SINCE JAN 1      0                         0      0        0
..................................................................


WIND (MPH)
  RESULTANT WIND SPEED  10   RESULTANT WIND DIRECTION  NW (320)
  HIGHEST WIND SPEED    22   HIGHEST WIND DIRECTION    NW (320)
  HIGHEST GUST SPEED    28   HIGHEST GUST DIRECTION    NW (310)
  AVERAGE WIND SPEED    10.4



WEATHER CONDITIONS
 THE FOLLOWING WEATHER WAS RECORDED YESTERDAY.
  NO SIGNIFICANT WEATHER WAS OBSERVED.


..........................................................


THE DU PAGE  AIRPORT CLIMATE NORMALS FOR TODAY
                         NORMAL    RECORD    YEAR
 MAXIMUM TEMPERATURE (F)   35        69      1999
 MINIMUM TEMPERATURE (F)   18       -14      2014


SUNRISE AND SUNSET
FEBRUARY 11 2016......SUNRISE   655 AM CST   SUNSET   520 PM CST
FEBRUARY 12 2016......SUNRISE   653 AM CST   SUNSET   522 PM CST


-  INDICATES NEGATIVE NUMBERS.
R  INDICATES RECORD WAS SET OR TIED.
MM INDICATES DATA IS MISSING.
T  INDICATES TRACE AMOUNT.




$$
