000
CDUS45 KGJT 302330
CLIDRO


CLIMATE REPORT
NATIONAL WEATHER SERVICE GRAND JUNCTION CO
530 PM MDT SAT AUG 30 2014


...................................

...THE DURANGO AIRPORT CO CLIMATE SUMMARY FOR AUGUST 30 2014...
VALID TODAY AS OF 0500 PM LOCAL TIME.

CLIMATE NORMAL PERIOD 1981 TO 2010
CLIMATE RECORD PERIOD 9999 TO 9999


WEATHER ITEM   OBSERVED TIME   RECORD YEAR NORMAL DEPARTURE LAST
                VALUE   (LST)  VALUE       VALUE  FROM      YEAR
                                                  NORMAL
..................................................................
TEMPERATURE (F)
 TODAY
  MAXIMUM         84    249 PM  MM      MM  80      4       89
  MINIMUM         45    512 AM  MM      MM  48     -3       56
  AVERAGE         65                        64      1       73

PRECIPITATION (IN)
  TODAY            0.00         MM      MM   0.09  -0.09      T
  MONTH TO DATE    1.93                      2.11  -0.18     2.37
  SINCE JUN 1      3.23                      4.47  -1.24     4.46
  SINCE JAN 1      5.63                      9.90  -4.27     8.21

SNOWFALL (IN)
  TODAY           MM            MM      MM  MM     MM       MM
  MONTH TO DATE   MM                        MM     MM       MM
  SINCE JUN 1     MM                        MM     MM       MM
  SINCE JUL 1     MM                        MM     MM       MM
  SNOW DEPTH      MM

DEGREE DAYS
 HEATING
  TODAY            0                         2     -2        0
  MONTH TO DATE   27                        15     12       13
  SINCE JUN 1    115                       140    -25       53
  SINCE JUL 1     27                        25      2       13

 COOLING
  TODAY            0                         1     -1        8
  MONTH TO DATE   68                        84    -16       97
  SINCE JUN 1    287                       234     53      343
  SINCE JAN 1    292                       235     57      343
..................................................................


WIND (MPH)
  HIGHEST WIND SPEED    18   HIGHEST WIND DIRECTION     W (260)
  HIGHEST GUST SPEED    24   HIGHEST GUST DIRECTION     W (260)
  AVERAGE WIND SPEED     4.7


SKY COVER
  POSSIBLE SUNSHINE  MM
  AVERAGE SKY COVER 0.0


WEATHER CONDITIONS
 THE FOLLOWING WEATHER WAS RECORDED TODAY.
  NO SIGNIFICANT WEATHER WAS OBSERVED.


RELATIVE HUMIDITY (PERCENT)
 HIGHEST    77           400 AM
 LOWEST     16           200 PM
 AVERAGE    47

..........................................................


THE DURANGO AIRPORT CO CLIMATE NORMALS FOR TOMORROW
                         NORMAL    RECORD    YEAR
 MAXIMUM TEMPERATURE (F)   80        MM        MM
 MINIMUM TEMPERATURE (F)   48        MM        MM


SUNRISE AND SUNSET
AUGUST 30 2014........SUNRISE   640 AM MDT   SUNSET   742 PM MDT
AUGUST 31 2014........SUNRISE   641 AM MDT   SUNSET   741 PM MDT


-  INDICATES NEGATIVE NUMBERS.
R  INDICATES RECORD WAS SET OR TIED.
MM INDICATES DATA IS MISSING.
T  INDICATES TRACE AMOUNT.




$$
