000
CDUS45 KGJT 280736
CLIDRO


CLIMATE REPORT
NATIONAL WEATHER SERVICE GRAND JUNCTION CO
133 AM MDT SUN MAY 28 2017


...................................

...THE DURANGO AIRPORT CO CLIMATE SUMMARY FOR MAY 27 2017...

CLIMATE NORMAL PERIOD 1981 TO 2010
CLIMATE RECORD PERIOD 9999 TO 9999


WEATHER ITEM   OBSERVED TIME   RECORD YEAR NORMAL DEPARTURE LAST
                VALUE   (LST)  VALUE       VALUE  FROM      YEAR
                                                  NORMAL
..................................................................
TEMPERATURE (F)
 YESTERDAY
  MAXIMUM         72    210 PM  MM      MM  75     -3       64
  MINIMUM         33    506 AM  MM      MM  38     -5       36
  AVERAGE         53                        56     -3       50

PRECIPITATION (IN)
  YESTERDAY        0.00         MM      MM   0.01  -0.01     0.04
  MONTH TO DATE    0.89                      0.73   0.16     0.96
  SINCE MAR 1      2.02                      3.08  -1.06     1.86
  SINCE JAN 1      5.45                      5.36   0.09     3.24

SNOWFALL (IN)
  YESTERDAY       MM            MM      MM  MM     MM       MM
  MONTH TO DATE   MM                        MM     MM       MM
  SINCE MAR 1     MM                        MM     MM       MM
  SINCE JUL 1     MM                        MM     MM       MM
  SNOW DEPTH      MM

DEGREE DAYS
 HEATING
  YESTERDAY       12                         9      3       15
  MONTH TO DATE  361                       339     22      396
  SINCE MAR 1   1694                      1800   -106     1832
  SINCE JUL 1   6314                      6975   -661     7121

 COOLING
  YESTERDAY        0                         0      0        0
  MONTH TO DATE    0                         0      0        0
  SINCE MAR 1      0                         0      0        0
  SINCE JAN 1      0                         0      0        0
..................................................................


WIND (MPH)
  HIGHEST WIND SPEED    30   HIGHEST WIND DIRECTION     W (270)
  HIGHEST GUST SPEED    39   HIGHEST GUST DIRECTION     W (260)
  AVERAGE WIND SPEED     9.8


SKY COVER
  POSSIBLE SUNSHINE  MM
  AVERAGE SKY COVER 0.1


WEATHER CONDITIONS
 THE FOLLOWING WEATHER WAS RECORDED YESTERDAY.
  NO SIGNIFICANT WEATHER WAS OBSERVED.


RELATIVE HUMIDITY (PERCENT)
 HIGHEST    56           500 AM
 LOWEST     15           100 PM
 AVERAGE    36

..........................................................


THE DURANGO AIRPORT CO CLIMATE NORMALS FOR TODAY
                         NORMAL    RECORD    YEAR
 MAXIMUM TEMPERATURE (F)   75        MM        MM
 MINIMUM TEMPERATURE (F)   38        MM        MM


SUNRISE AND SUNSET
MAY 28 2017...........SUNRISE   554 AM MDT   SUNSET   823 PM MDT
MAY 29 2017...........SUNRISE   554 AM MDT   SUNSET   824 PM MDT


-  INDICATES NEGATIVE NUMBERS.
R  INDICATES RECORD WAS SET OR TIED.
MM INDICATES DATA IS MISSING.
T  INDICATES TRACE AMOUNT.




$$
