000
CDUS44 KEWX 182251
CLIDRT


CLIMATE REPORT
NATIONAL WEATHER SERVICE AUSTIN/SAN ANTONIO, TX
551 PM CDT FRI AUG 18 2017


...................................

...THE DEL RIO CLIMATE SUMMARY FOR AUGUST 18 2017...
VALID TODAY AS OF 550 PM LOCAL TIME.

CLIMATE NORMAL PERIOD 1981 TO 2010
CLIMATE RECORD PERIOD 1906 TO 2017


WEATHER ITEM   OBSERVED TIME   RECORD YEAR NORMAL DEPARTURE LAST
                VALUE   (LST)  VALUE       VALUE  FROM      YEAR
                                                  NORMAL
..................................................................
TEMPERATURE (F)
 TODAY
  MAXIMUM        101    443 PM 107    1909  97      4       88
  MINIMUM         78    704 AM  66    1931  76      2       74
  AVERAGE         90                        86      4       81

PRECIPITATION (IN)
  TODAY            0.00          1.29 2016   0.08  -0.08     1.29
  MONTH TO DATE    1.60                      1.06   0.54     4.60
  SINCE JUN 1      4.72                      5.19  -0.47     7.58
  SINCE JAN 1     15.81                     12.39   3.42    16.19

SNOWFALL (IN)
  TODAY            0.0
  MONTH TO DATE    0.0
  SINCE JUN 1      0.0
  SINCE JUL 1      0.0
  SNOW DEPTH       0

DEGREE DAYS
 HEATING
  TODAY            0                         0      0        0
  MONTH TO DATE    0                         0      0        0
  SINCE JUN 1      0                         0      0        0
  SINCE JUL 1      0                         0      0        0

 COOLING
  TODAY           25                        21      4       16
  MONTH TO DATE  408                       395     13      411
  SINCE JUN 1   1698                      1614     84     1765
  SINCE JAN 1   2523                      2373    150     2491
..................................................................


WIND (MPH)
  HIGHEST WIND SPEED    16   HIGHEST WIND DIRECTION    SE (150)
  HIGHEST GUST SPEED    22   HIGHEST GUST DIRECTION     S (160)
  AVERAGE WIND SPEED     9.6



WEATHER CONDITIONS
 THE FOLLOWING WEATHER WAS RECORDED TODAY.
  NO SIGNIFICANT WEATHER WAS OBSERVED.


RELATIVE HUMIDITY (PERCENT)
 HIGHEST    79           500 AM
 LOWEST     29           400 PM
 AVERAGE    54

..........................................................


THE DEL RIO CLIMATE NORMALS FOR TOMORROW
                         NORMAL    RECORD    YEAR
 MAXIMUM TEMPERATURE (F)   97       108      1909
 MINIMUM TEMPERATURE (F)   75        66      1906


SUNRISE AND SUNSET
AUGUST 18 2017........SUNRISE   714 AM CDT   SUNSET   821 PM CDT
AUGUST 19 2017........SUNRISE   714 AM CDT   SUNSET   820 PM CDT


-  INDICATES NEGATIVE NUMBERS.
R  INDICATES RECORD WAS SET OR TIED.
MM INDICATES DATA IS MISSING.
T  INDICATES TRACE AMOUNT.




$$
