000
CDUS44 KEWX 250713
CLIDRT


CLIMATE REPORT
NATIONAL WEATHER SERVICE AUSTIN/SAN ANTONIO, TX
211 AM CDT SAT MAR 25 2017


...................................

...THE DEL RIO CLIMATE SUMMARY FOR MARCH 24 2017...

CLIMATE NORMAL PERIOD 1981 TO 2010
CLIMATE RECORD PERIOD 1906 TO 2017


WEATHER ITEM   OBSERVED TIME   RECORD YEAR NORMAL DEPARTURE LAST
                VALUE   (LST)  VALUE       VALUE  FROM      YEAR
                                                  NORMAL
..................................................................
TEMPERATURE (F)
 YESTERDAY
  MAXIMUM         89    327 PM 101    1954  78     11       73
  MINIMUM         58   1109 PM  31    1952  54      4       51
  AVERAGE         74                        66      8       62

PRECIPITATION (IN)
  YESTERDAY        0.00          1.64 1940   0.04  -0.04     0.00
  MONTH TO DATE    0.16                      0.91  -0.75     2.08
  SINCE MAR 1      0.16                      0.91  -0.75     2.08
  SINCE JAN 1      1.13                      2.51  -1.38     2.83

SNOWFALL (IN)
  YESTERDAY        0.0
  MONTH TO DATE    0.0
  SINCE MAR 1      0.0
  SINCE JUL 1      0.0

DEGREE DAYS
 HEATING
  YESTERDAY        0                         2     -2        3
  MONTH TO DATE   37                        99    -62       45
  SINCE MAR 1     37                        99    -62       45
  SINCE JUL 1    830                      1335   -505     1025

 COOLING
  YESTERDAY        9                         4      5        0
  MONTH TO DATE  109                        58     51       69
  SINCE MAR 1    109                        58     51       69
  SINCE JAN 1    172                        77     95      104
..................................................................


WIND (MPH)
  HIGHEST WIND SPEED    28   HIGHEST WIND DIRECTION     W (270)
  HIGHEST GUST SPEED    37   HIGHEST GUST DIRECTION     W (280)
  AVERAGE WIND SPEED     9.6


SKY COVER
  AVERAGE SKY COVER 0.2


WEATHER CONDITIONS
 THE FOLLOWING WEATHER WAS RECORDED YESTERDAY.
  NO SIGNIFICANT WEATHER WAS OBSERVED.


RELATIVE HUMIDITY (PERCENT)
 HIGHEST    87           600 AM
 LOWEST      6           300 PM
 AVERAGE    47

..........................................................


THE DEL RIO CLIMATE NORMALS FOR TODAY
                         NORMAL    RECORD    YEAR
 MAXIMUM TEMPERATURE (F)   79        95      1935
 MINIMUM TEMPERATURE (F)   54        37      1955


SUNRISE AND SUNSET
MARCH 25 2017.........SUNRISE   741 AM CDT   SUNSET   758 PM CDT
MARCH 26 2017.........SUNRISE   740 AM CDT   SUNSET   759 PM CDT


-  INDICATES NEGATIVE NUMBERS.
R  INDICATES RECORD WAS SET OR TIED.
MM INDICATES DATA IS MISSING.
T  INDICATES TRACE AMOUNT.




$$
