000
CDUS44 KEWX 292251
CLIDRT


CLIMATE REPORT
NATIONAL WEATHER SERVICE AUSTIN/SAN ANTONIO, TX
550 PM CDT MON JUN 29 2015


...................................

...THE DEL RIO CLIMATE SUMMARY FOR JUNE 29 2015...
VALID TODAY AS OF 550 PM LOCAL TIME.

CLIMATE NORMAL PERIOD 1981 TO 2010
CLIMATE RECORD PERIOD 1906 TO 2015


WEATHER ITEM   OBSERVED TIME   RECORD YEAR NORMAL DEPARTURE LAST
                VALUE   (LST)  VALUE       VALUE  FROM      YEAR
                                                  NORMAL
..................................................................
TEMPERATURE (F)
 TODAY
  MAXIMUM         93    354 PM 108    2013  96     -3       97
  MINIMUM         75    632 AM  62    1985  75      0       77
  AVERAGE         84                        85     -1       87

PRECIPITATION (IN)
  TODAY            0.00          3.20 1936   0.06  -0.06     0.00
  MONTH TO DATE    3.48                      2.29   1.19     4.69
  SINCE JUN 1      3.48                      2.29   1.19     4.69
  SINCE JAN 1     18.56                      9.49   9.07     6.04

SNOWFALL (IN)
  TODAY            0.0
  MONTH TO DATE    0.0
  SINCE JUN 1      0.0
  SINCE JUL 1      0.0
  SNOW DEPTH       0

DEGREE DAYS
 HEATING
  TODAY            0                         0      0        0
  MONTH TO DATE    0                         0      0        0
  SINCE JUN 1      0                         0      0        0
  SINCE JUL 1   1475                      1376     99     1559

 COOLING
  TODAY           19                        20     -1       22
  MONTH TO DATE  482                       551    -69      606
  SINCE JUN 1    482                       551    -69      606
  SINCE JAN 1   1162                      1310   -148     1456
..................................................................


WIND (MPH)
  HIGHEST WIND SPEED    15   HIGHEST WIND DIRECTION    SE (120)
  HIGHEST GUST SPEED    21   HIGHEST GUST DIRECTION     E (110)
  AVERAGE WIND SPEED     7.9



WEATHER CONDITIONS
 THE FOLLOWING WEATHER WAS RECORDED TODAY.
  NO SIGNIFICANT WEATHER WAS OBSERVED.


RELATIVE HUMIDITY (PERCENT)
 HIGHEST    87           400 AM
 LOWEST     46           400 PM
 AVERAGE    67

..........................................................


THE DEL RIO CLIMATE NORMALS FOR TOMORROW
                         NORMAL    RECORD    YEAR
 MAXIMUM TEMPERATURE (F)   96       106      1994
                                             1907
 MINIMUM TEMPERATURE (F)   75        62      1985


SUNRISE AND SUNSET
JUNE 29 2015..........SUNRISE   647 AM CDT   SUNSET   847 PM CDT
JUNE 30 2015..........SUNRISE   647 AM CDT   SUNSET   847 PM CDT


-  INDICATES NEGATIVE NUMBERS.
R  INDICATES RECORD WAS SET OR TIED.
MM INDICATES DATA IS MISSING.
T  INDICATES TRACE AMOUNT.




$$
