000
CDUS44 KEWX 260752
CLIDRT


CLIMATE REPORT
NATIONAL WEATHER SERVICE AUSTIN/SAN ANTONIO, TX
249 AM CDT MON JUN 26 2017


...................................

...THE DEL RIO CLIMATE SUMMARY FOR JUNE 25 2017...

CLIMATE NORMAL PERIOD 1981 TO 2010
CLIMATE RECORD PERIOD 1906 TO 2017


WEATHER ITEM   OBSERVED TIME   RECORD YEAR NORMAL DEPARTURE LAST
                VALUE   (LST)  VALUE       VALUE  FROM      YEAR
                                                  NORMAL
..................................................................
TEMPERATURE (F)
 YESTERDAY
  MAXIMUM         94    556 PM 106    1994  96     -2       98
  MINIMUM         72    619 AM  65    1968  74     -2       70
                                      1929
  AVERAGE         83                        85     -2       84

PRECIPITATION (IN)
  YESTERDAY        T             1.93 1959   0.07  -0.07     0.18
  MONTH TO DATE    2.34                      2.04   0.30     2.55
  SINCE JUN 1      2.34                      2.04   0.30     2.55
  SINCE JAN 1     13.43                      9.24   4.19    11.16

SNOWFALL (IN)
  YESTERDAY        0.0
  MONTH TO DATE    0.0
  SINCE JUN 1      0.0
  SINCE JUL 1      0.0

DEGREE DAYS
 HEATING
  YESTERDAY        0                         0      0        0
  MONTH TO DATE    0                         0      0        0
  SINCE JUN 1      0                         0      0        0
  SINCE JUL 1    840                      1376   -536     1050

 COOLING
  YESTERDAY       18                        20     -2       19
  MONTH TO DATE  469                       471     -2      478
  SINCE JUN 1    469                       471     -2      478
  SINCE JAN 1   1294                      1230     64     1204
..................................................................


WIND (MPH)
  HIGHEST WIND SPEED    21   HIGHEST WIND DIRECTION    SE (130)
  HIGHEST GUST SPEED    30   HIGHEST GUST DIRECTION    SE (120)
  AVERAGE WIND SPEED     4.7


SKY COVER
  AVERAGE SKY COVER 0.5


WEATHER CONDITIONS
 THE FOLLOWING WEATHER WAS RECORDED YESTERDAY.
  LIGHT RAIN


RELATIVE HUMIDITY (PERCENT)
 HIGHEST    93           600 AM
 LOWEST     41           400 PM
 AVERAGE    67

..........................................................


THE DEL RIO CLIMATE NORMALS FOR TODAY
                         NORMAL    RECORD    YEAR
 MAXIMUM TEMPERATURE (F)   96       109      2012
 MINIMUM TEMPERATURE (F)   75        64      1974


SUNRISE AND SUNSET
JUNE 26 2017..........SUNRISE   646 AM CDT   SUNSET   847 PM CDT
JUNE 27 2017..........SUNRISE   646 AM CDT   SUNSET   847 PM CDT


-  INDICATES NEGATIVE NUMBERS.
R  INDICATES RECORD WAS SET OR TIED.
MM INDICATES DATA IS MISSING.
T  INDICATES TRACE AMOUNT.




$$
