000
CDUS44 KDRT 080000
CLIDRT


CLIMATE REPORT
NATIONAL WEATHER SERVICE AUSTIN/SAN ANTONIO, TX
559 PM CST SUN FEB 7 2016


...................................

...THE DEL RIO CLIMATE SUMMARY FOR FEBRUARY 7 2016...
VALID TODAY AS OF 559 PM LOCAL TIME.

CLIMATE NORMAL PERIOD 1981 TO 2010
CLIMATE RECORD PERIOD 1906 TO 2016


WEATHER ITEM   OBSERVED TIME   RECORD YEAR NORMAL DEPARTURE LAST
                VALUE   (LST)  VALUE       VALUE  FROM      YEAR
                                                  NORMAL
..................................................................
TEMPERATURE (F)
 TODAY
  MAXIMUM         69    359 PM  93    1937  67      2       59
  MINIMUM         35    727 AM  20    1933  43     -8       46
  AVERAGE         52                        55     -3       53

PRECIPITATION (IN)
  TODAY            0.00          1.20 1977   0.03  -0.03     0.00
  MONTH TO DATE    0.00                      0.19  -0.19     0.18
  SINCE DEC 1      1.02                      1.56  -0.54     1.20
  SINCE JAN 1      0.68                      0.91  -0.23     0.95

SNOWFALL (IN)
  TODAY            0.0
  MONTH TO DATE    0.0
  SINCE DEC 1      T
  SINCE JUL 1      T
  SNOW DEPTH       0

DEGREE DAYS
 HEATING
  TODAY           13                        10      3       12
  MONTH TO DATE   84                        76      8       98
  SINCE DEC 1    751                       869   -118      846
  SINCE JUL 1    894                      1066   -172     1118

 COOLING
  TODAY            0                         0      0        0
  MONTH TO DATE    5                         0      5        0
  SINCE DEC 1      6                         6      0        6
  SINCE JAN 1      5                         3      2        0
..................................................................


WIND (MPH)
  HIGHEST WIND SPEED    14   HIGHEST WIND DIRECTION    SE (150)
  HIGHEST GUST SPEED    17   HIGHEST GUST DIRECTION    SE (130)
  AVERAGE WIND SPEED     7.2



WEATHER CONDITIONS
 THE FOLLOWING WEATHER WAS RECORDED TODAY.
  NO SIGNIFICANT WEATHER WAS OBSERVED.


RELATIVE HUMIDITY (PERCENT)
 HIGHEST    52           700 AM
 LOWEST     14           300 PM
 AVERAGE    33

..........................................................


THE DEL RIO CLIMATE NORMALS FOR TOMORROW
                         NORMAL    RECORD    YEAR
 MAXIMUM TEMPERATURE (F)   67        89      1932
 MINIMUM TEMPERATURE (F)   43        14      1933


SUNRISE AND SUNSET
FEBRUARY  7 2016......SUNRISE   729 AM CST   SUNSET   627 PM CST
FEBRUARY  8 2016......SUNRISE   729 AM CST   SUNSET   627 PM CST


-  INDICATES NEGATIVE NUMBERS.
R  INDICATES RECORD WAS SET OR TIED.
MM INDICATES DATA IS MISSING.
T  INDICATES TRACE AMOUNT.




$$
