000
CDUS44 KEWX 292257
CLIDRT


CLIMATE REPORT
NATIONAL WEATHER SERVICE AUSTIN/SAN ANTONIO, TX
556 PM CDT SAT APR 29 2017


...................................

...THE DEL RIO CLIMATE SUMMARY FOR APRIL 29 2017...
VALID TODAY AS OF 550 PM LOCAL TIME.

CLIMATE NORMAL PERIOD 1981 TO 2010
CLIMATE RECORD PERIOD 1906 TO 2017


WEATHER ITEM   OBSERVED TIME   RECORD YEAR NORMAL DEPARTURE LAST
                VALUE   (LST)  VALUE       VALUE  FROM      YEAR
                                                  NORMAL
..................................................................
TEMPERATURE (F)
 TODAY
  MAXIMUM         84    241 PM 103    1909  86     -2       90
  MINIMUM         74    644 AM  46    2015  63     11       73
                                      1908
  AVERAGE         79                        75      4       82

PRECIPITATION (IN)
  TODAY            0.00          1.29 1961   0.07  -0.07     0.01
  MONTH TO DATE    5.64                      1.58   4.06     4.01
  SINCE MAR 1      6.15                      2.72   3.43     6.09
  SINCE JAN 1      7.12                      4.32   2.80     6.84

SNOWFALL (IN)
  TODAY            0.0
  MONTH TO DATE    0.0
  SINCE MAR 1      0.0
  SINCE JUL 1      0.0
  SNOW DEPTH       0

DEGREE DAYS
 HEATING
  TODAY            0                         0      0        0
  MONTH TO DATE   10                        24    -14       14
  SINCE MAR 1     47                       138    -91       69
  SINCE JUL 1    840                      1374   -534     1049

 COOLING
  TODAY           14                        10      4       17
  MONTH TO DATE  224                       212     12      213
  SINCE MAR 1    378                       299     79      310
  SINCE JAN 1    441                       318    123      345
..................................................................


WIND (MPH)
  HIGHEST WIND SPEED    30   HIGHEST WIND DIRECTION    NW (310)
  HIGHEST GUST SPEED    39   HIGHEST GUST DIRECTION    NW (300)
  AVERAGE WIND SPEED    11.8



WEATHER CONDITIONS
 THE FOLLOWING WEATHER WAS RECORDED TODAY.
  NO SIGNIFICANT WEATHER WAS OBSERVED.


RELATIVE HUMIDITY (PERCENT)
 HIGHEST    87           400 AM
 LOWEST     35           400 PM
 AVERAGE    61

..........................................................


THE DEL RIO CLIMATE NORMALS FOR TOMORROW
                         NORMAL    RECORD    YEAR
 MAXIMUM TEMPERATURE (F)   87       102      2011
                                             1951
 MINIMUM TEMPERATURE (F)   64        38      1908


SUNRISE AND SUNSET
APRIL 29 2017.........SUNRISE   703 AM CDT   SUNSET   819 PM CDT
APRIL 30 2017.........SUNRISE   702 AM CDT   SUNSET   820 PM CDT


-  INDICATES NEGATIVE NUMBERS.
R  INDICATES RECORD WAS SET OR TIED.
MM INDICATES DATA IS MISSING.
T  INDICATES TRACE AMOUNT.




$$
