000
CDUS44 KEWX 120739
CLIDRT


CLIMATE REPORT
NATIONAL WEATHER SERVICE AUSTIN/SAN ANTONIO, TX
139 AM CST TUE DEC 12 2017


...................................

...THE DEL RIO CLIMATE SUMMARY FOR DECEMBER 11 2017...

CLIMATE NORMAL PERIOD 1981 TO 2010
CLIMATE RECORD PERIOD 1906 TO 2017


WEATHER ITEM   OBSERVED TIME   RECORD YEAR NORMAL DEPARTURE LAST
                VALUE   (LST)  VALUE       VALUE  FROM      YEAR
                                                  NORMAL
..................................................................
TEMPERATURE (F)
 YESTERDAY
  MAXIMUM         67    240 PM  89    1987  64      3       56
  MINIMUM         36    711 AM  24    1966  41     -5       46
  AVERAGE         52                        53     -1       51

PRECIPITATION (IN)
  YESTERDAY        0.00          0.76 1905   0.02  -0.02     0.00
  MONTH TO DATE    1.63                      0.21   1.42     2.37
  SINCE DEC 1      1.63                      0.21   1.42     2.37
  SINCE JAN 1     24.31                     19.08   5.23    32.36

SNOWFALL (IN)
  YESTERDAY        0.0
  MONTH TO DATE    0.0
  SINCE DEC 1      0.0
  SINCE JUL 1      0.0

DEGREE DAYS
 HEATING
  YESTERDAY       13                        12      1       14
  MONTH TO DATE  110                       125    -15      158
  SINCE DEC 1    110                       125    -15      158
  SINCE JUL 1    261                       322    -61      227

 COOLING
  YESTERDAY        0                         0      0        0
  MONTH TO DATE   10                         0     10        0
  SINCE DEC 1     10                         0     10        0
  SINCE JAN 1   3579                      3372    207     3579
..................................................................


WIND (MPH)
  HIGHEST WIND SPEED     8   HIGHEST WIND DIRECTION    NW (330)
  HIGHEST GUST SPEED    11   HIGHEST GUST DIRECTION     N (350)
  AVERAGE WIND SPEED     2.7


SKY COVER
  AVERAGE SKY COVER 0.0


WEATHER CONDITIONS
 THE FOLLOWING WEATHER WAS RECORDED YESTERDAY.
  NO SIGNIFICANT WEATHER WAS OBSERVED.


RELATIVE HUMIDITY (PERCENT)
 HIGHEST   100           500 AM
 LOWEST     32           300 PM
 AVERAGE    66

..........................................................


THE DEL RIO CLIMATE NORMALS FOR TODAY
                         NORMAL    RECORD    YEAR
 MAXIMUM TEMPERATURE (F)   64        85      1973
 MINIMUM TEMPERATURE (F)   41        23      1966


SUNRISE AND SUNSET
DECEMBER 12 2017......SUNRISE   729 AM CST   SUNSET   546 PM CST
DECEMBER 13 2017......SUNRISE   729 AM CST   SUNSET   547 PM CST


-  INDICATES NEGATIVE NUMBERS.
R  INDICATES RECORD WAS SET OR TIED.
MM INDICATES DATA IS MISSING.
T  INDICATES TRACE AMOUNT.




$$
