000
CDUS44 KEWX 262222
CLIDRT


CLIMATE REPORT
NATIONAL WEATHER SERVICE AUSTIN/SAN ANTONIO, TX
422 PM CST FRI DEC 26 2014


...................................

...THE DEL RIO CLIMATE SUMMARY FOR DECEMBER 26 2014...
VALID TODAY AS OF 420 PM LOCAL TIME.

CLIMATE NORMAL PERIOD 1981 TO 2010
CLIMATE RECORD PERIOD 1906 TO 2014


WEATHER ITEM   OBSERVED TIME   RECORD YEAR NORMAL DEPARTURE LAST
                VALUE   (LST)  VALUE       VALUE  FROM      YEAR
                                                  NORMAL
..................................................................
TEMPERATURE (F)
 TODAY
  MAXIMUM         71    339 PM  79    2008  63      8       51
                                      1955
                                      1933
  MINIMUM         49    620 AM  21    1983  40      9       40
  AVERAGE         60                        51      9       46

PRECIPITATION (IN)
  TODAY            0.00          0.34 1982   0.02  -0.02     0.07
  MONTH TO DATE    0.04                      0.53  -0.49     0.25
  SINCE DEC 1      0.04                      0.53  -0.49     0.25
  SINCE JAN 1     15.94                     19.40  -3.46    15.24

SNOWFALL (IN)
  TODAY            0.0
  MONTH TO DATE    0.0
  SINCE DEC 1      0.0
  SINCE JUL 1      0.0
  SNOW DEPTH       0

DEGREE DAYS
 HEATING
  TODAY            5                        14     -9       19
  MONTH TO DATE  180                       326   -146      366
  SINCE DEC 1    180                       326   -146      366
  SINCE JUL 1    452                       523    -71      599

 COOLING
  TODAY            0                         0      0        0
  MONTH TO DATE    6                         0      6        5
  SINCE DEC 1      6                         0      6        5
  SINCE JAN 1   3694                      3372    322     3746
..................................................................


WIND (MPH)
  HIGHEST WIND SPEED    15   HIGHEST WIND DIRECTION     E (110)
  HIGHEST GUST SPEED    21   HIGHEST GUST DIRECTION    SE (120)
  AVERAGE WIND SPEED     9.9



WEATHER CONDITIONS
 THE FOLLOWING WEATHER WAS RECORDED TODAY.
  NO SIGNIFICANT WEATHER WAS OBSERVED.


RELATIVE HUMIDITY (PERCENT)
 HIGHEST    93           600 AM
 LOWEST     40           300 PM
 AVERAGE    67

..........................................................


THE DEL RIO CLIMATE NORMALS FOR TOMORROW
                         NORMAL    RECORD    YEAR
 MAXIMUM TEMPERATURE (F)   63        84      2005
 MINIMUM TEMPERATURE (F)   40        20      1925


SUNRISE AND SUNSET
DECEMBER 26 2014......SUNRISE   736 AM CST   SUNSET   553 PM CST
DECEMBER 27 2014......SUNRISE   737 AM CST   SUNSET   553 PM CST


-  INDICATES NEGATIVE NUMBERS.
R  INDICATES RECORD WAS SET OR TIED.
MM INDICATES DATA IS MISSING.
T  INDICATES TRACE AMOUNT.




$$
