000
CDUS44 KEWX 200700
CLIDRT


CLIMATE REPORT
NATIONAL WEATHER SERVICE AUSTIN/SAN ANTONIO, TX
155 AM CDT FRI OCT 20 2017


...................................

...THE DEL RIO CLIMATE SUMMARY FOR OCTOBER 19 2017...

CLIMATE NORMAL PERIOD 1981 TO 2010
CLIMATE RECORD PERIOD 1906 TO 2017


WEATHER ITEM   OBSERVED TIME   RECORD YEAR NORMAL DEPARTURE LAST
                VALUE   (LST)  VALUE       VALUE  FROM      YEAR
                                                  NORMAL
..................................................................
TEMPERATURE (F)
 YESTERDAY
  MAXIMUM         82    420 PM  93    1938  82      0       87
  MINIMUM         58    710 AM  38    1989  60     -2       72
  AVERAGE         70                        71     -1       80

PRECIPITATION (IN)
  YESTERDAY        0.00          2.16 1983   0.08  -0.08     0.00
  MONTH TO DATE    0.43                      1.60  -1.17     0.10
  SINCE SEP 1      6.76                      3.80   2.96     6.02
  SINCE JAN 1     22.65                     17.31   5.34    27.87

SNOWFALL (IN)
  YESTERDAY        0.0
  MONTH TO DATE    0.0
  SINCE SEP 1      0.0
  SINCE JUL 1      0.0

DEGREE DAYS
 HEATING
  YESTERDAY        0                         1     -1        0
  MONTH TO DATE    7                         5      2        0
  SINCE SEP 1      7                         6      1        0
  SINCE JUL 1      7                         6      1        0

 COOLING
  YESTERDAY        5                         7     -2       15
  MONTH TO DATE  179                       169     10      225
  SINCE SEP 1    678                       629     49      695
  SINCE JAN 1   3468                      3264    204     3409
..................................................................


WIND (MPH)
  HIGHEST WIND SPEED    18   HIGHEST WIND DIRECTION    SE (130)
  HIGHEST GUST SPEED    23   HIGHEST GUST DIRECTION    SE (120)
  AVERAGE WIND SPEED    10.4


SKY COVER
  AVERAGE SKY COVER 0.1


WEATHER CONDITIONS
 THE FOLLOWING WEATHER WAS RECORDED YESTERDAY.
  NO SIGNIFICANT WEATHER WAS OBSERVED.


RELATIVE HUMIDITY (PERCENT)
 HIGHEST   100           700 AM
 LOWEST     45           500 PM
 AVERAGE    73

..........................................................


THE DEL RIO CLIMATE NORMALS FOR TODAY
                         NORMAL    RECORD    YEAR
 MAXIMUM TEMPERATURE (F)   81        95      1979
 MINIMUM TEMPERATURE (F)   60        34      1976


SUNRISE AND SUNSET
OCTOBER 20 2017.......SUNRISE   748 AM CDT   SUNSET   708 PM CDT
OCTOBER 21 2017.......SUNRISE   749 AM CDT   SUNSET   707 PM CDT


-  INDICATES NEGATIVE NUMBERS.
R  INDICATES RECORD WAS SET OR TIED.
MM INDICATES DATA IS MISSING.
T  INDICATES TRACE AMOUNT.




$$
