000
CDUS43 KDTX 312135
CLIDTW


CLIMATE REPORT
NATIONAL WEATHER SERVICE DETROIT/PONTIAC MI
434 PM EST SAT JAN 31 2015


...................................

...THE DETROIT MI CLIMATE SUMMARY FOR JANUARY 31 2015...
VALID TODAY AS OF 0400 PM LOCAL TIME.

CLIMATE NORMAL PERIOD 1981 TO 2010
CLIMATE RECORD PERIOD 1874 TO 2015


WEATHER ITEM   OBSERVED TIME   RECORD YEAR NORMAL DEPARTURE LAST
                VALUE   (LST)  VALUE       VALUE  FROM      YEAR
                                                  NORMAL
..................................................................
TEMPERATURE (F)
 TODAY
  MAXIMUM         35    206 PM  60    1989  32      3       34
  MINIMUM         11    256 AM  -7    1920  19     -8       27
  AVERAGE         23                        26     -3       31

PRECIPITATION (IN)
  TODAY            0.00          1.48 1878   0.06  -0.06      T
  MONTH TO DATE    1.45                      1.96  -0.51     2.92
  SINCE DEC 1      2.86                      4.42  -1.56     5.34
  SINCE JAN 1      1.45                      1.96  -0.51     2.92

SNOWFALL (IN)
  TODAY            0.0          10.0  1982   0.4   -0.4       T
  MONTH TO DATE   14.2                      12.5    1.7     39.1
  SINCE DEC 1     14.3                      22.1   -7.8     54.6
  SINCE JUL 1     18.3                      23.7   -5.4     55.8
  SNOW DEPTH       3

DEGREE DAYS
 HEATING
  TODAY           42                        39      3       34
  MONTH TO DATE 1349                      1226    123     1499
  SINCE DEC 1   2316                      2305     11     2676
  SINCE JUL 1   3693                      3520    173     3978

 COOLING
  TODAY            0                         0      0        0
  MONTH TO DATE    0                         0      0        0
  SINCE DEC 1      0                         0      0        0
  SINCE JAN 1      0                         0      0        0
..................................................................


WIND (MPH)
  HIGHEST WIND SPEED    15   HIGHEST WIND DIRECTION    SW (230)
  HIGHEST GUST SPEED    18   HIGHEST GUST DIRECTION    SW (230)
  AVERAGE WIND SPEED     6.0


SKY COVER
  POSSIBLE SUNSHINE  MM
  AVERAGE SKY COVER 0.7


WEATHER CONDITIONS
 THE FOLLOWING WEATHER WAS RECORDED TODAY.
  NO SIGNIFICANT WEATHER WAS OBSERVED.


RELATIVE HUMIDITY (PERCENT)
 HIGHEST    88           700 AM
 LOWEST     56           100 PM
 AVERAGE    72

..........................................................


THE DETROIT MI CLIMATE NORMALS FOR TOMORROW
                         NORMAL    RECORD    YEAR
 MAXIMUM TEMPERATURE (F)   33        54      1933
 MINIMUM TEMPERATURE (F)   19        -7      1971


SUNRISE AND SUNSET
JANUARY 31 2015.......SUNRISE   748 AM EST   SUNSET   546 PM EST
FEBRUARY  1 2015......SUNRISE   747 AM EST   SUNSET   547 PM EST


-  INDICATES NEGATIVE NUMBERS.
R  INDICATES RECORD WAS SET OR TIED.
MM INDICATES DATA IS MISSING.
T  INDICATES TRACE AMOUNT.




$$
