000
CDUS43 KDTX 282026
CLIDTW


CLIMATE REPORT
NATIONAL WEATHER SERVICE DETROIT/PONTIAC MI
425 PM EDT FRI APR 28 2017


...................................

...THE DETROIT MI CLIMATE SUMMARY FOR APRIL 28 2017...
VALID TODAY AS OF 0400 PM LOCAL TIME.

CLIMATE NORMAL PERIOD 1981 TO 2010
CLIMATE RECORD PERIOD 1874 TO 2017


WEATHER ITEM   OBSERVED TIME   RECORD YEAR NORMAL DEPARTURE LAST
                VALUE   (LST)  VALUE       VALUE  FROM      YEAR
                                                  NORMAL
..................................................................
TEMPERATURE (F)
 TODAY
  MAXIMUM         64    211 PM  84    1986  64      0       50
  MINIMUM         44    544 AM  28    1934  44      0       42
                                      1909
  AVERAGE         54                        54      0       46

PRECIPITATION (IN)
  TODAY            0.00          1.93 1936   0.10  -0.10     0.07
  MONTH TO DATE    2.93                      2.70   0.23     1.67
  SINCE MAR 1      7.19                      4.98   2.21     6.53
  SINCE JAN 1     11.92                      8.96   2.96     9.89

SNOWFALL (IN)
  TODAY            0.0           2.0  1909   0.0    0.0      0.0
  MONTH TO DATE    0.1                       1.7   -1.6      1.3
  SINCE MAR 1      7.0                       8.6   -1.6      8.7
  SINCE JUL 1     37.9                      42.5   -4.6     35.3
  SNOW DEPTH       0

DEGREE DAYS
 HEATING
  TODAY           11                        12     -1       19
  MONTH TO DATE  294                       458   -164      521
  SINCE MAR 1   1159                      1320   -161     1191
  SINCE JUL 1   4897                      5873   -976     4956

 COOLING
  TODAY            0                         0      0        0
  MONTH TO DATE    7                         0      7        0
  SINCE MAR 1      7                         0      7        0
  SINCE JAN 1      7                         0      7        0
..................................................................


WIND (MPH)
  HIGHEST WIND SPEED    23   HIGHEST WIND DIRECTION     W (250)
  HIGHEST GUST SPEED    31   HIGHEST GUST DIRECTION     W (250)
  AVERAGE WIND SPEED    12.6


SKY COVER
  POSSIBLE SUNSHINE  MM
  AVERAGE SKY COVER 0.8


WEATHER CONDITIONS
 THE FOLLOWING WEATHER WAS RECORDED TODAY.
  NO SIGNIFICANT WEATHER WAS OBSERVED.


RELATIVE HUMIDITY (PERCENT)
 HIGHEST    83           600 AM
 LOWEST     48           100 PM
 AVERAGE    66

..........................................................


THE DETROIT MI CLIMATE NORMALS FOR TOMORROW
                         NORMAL    RECORD    YEAR
 MAXIMUM TEMPERATURE (F)   64        83      1899
 MINIMUM TEMPERATURE (F)   44        26      1977
                                             1874


SUNRISE AND SUNSET
APRIL 28 2017.........SUNRISE   633 AM EDT   SUNSET   830 PM EDT
APRIL 29 2017.........SUNRISE   631 AM EDT   SUNSET   831 PM EDT


-  INDICATES NEGATIVE NUMBERS.
R  INDICATES RECORD WAS SET OR TIED.
MM INDICATES DATA IS MISSING.
T  INDICATES TRACE AMOUNT.




$$
