746
CDUS43 KDTX 240542
CLIDTW


CLIMATE REPORT
NATIONAL WEATHER SERVICE DETROIT/PONTIAC MI
142 AM EDT TUE MAY 24 2016


...................................

...THE DETROIT MI CLIMATE SUMMARY FOR MAY 23 2016...

CLIMATE NORMAL PERIOD 1981 TO 2010
CLIMATE RECORD PERIOD 1874 TO 2016


WEATHER ITEM   OBSERVED TIME   RECORD YEAR NORMAL DEPARTURE LAST
                VALUE   (LST)  VALUE       VALUE  FROM      YEAR
                                                  NORMAL
..................................................................
TEMPERATURE (F)
 YESTERDAY
  MAXIMUM         76    446 PM  89    1964  72      4       76
  MINIMUM         44    544 AM  34    1935  52     -8       41
                                      1917
  AVERAGE         60                        62     -2       59

PRECIPITATION (IN)
  YESTERDAY        0.00          1.69 2004   0.12  -0.12     0.00
  MONTH TO DATE    2.03                      2.46  -0.43     2.84
  SINCE MAR 1      9.20                      7.64   1.56     6.25
  SINCE JAN 1     12.56                     11.62   0.94     9.05

SNOWFALL (IN)
  YESTERDAY        0.0           T    1917   0.0    0.0      0.0
  MONTH TO DATE    T                         0.0    0.0      0.0
  SINCE MAR 1      8.7                       8.6    0.1      2.8
  SINCE JUL 1     35.3                      42.5   -7.2     47.5
  SNOW DEPTH       0

DEGREE DAYS
 HEATING
  YESTERDAY        5                         5      0        6
  MONTH TO DATE  192                       176     16       96
  SINCE MAR 1   1416                      1517   -101     1474
  SINCE JUL 1   5181                      6070   -889     6585

 COOLING
  YESTERDAY        0                         2     -2        0
  MONTH TO DATE    2                        22    -20       61
  SINCE MAR 1      2                        28    -26       61
  SINCE JAN 1      2                        28    -26       61
..................................................................


WIND (MPH)
  HIGHEST WIND SPEED    12   HIGHEST WIND DIRECTION    SE (150)
  HIGHEST GUST SPEED    16   HIGHEST GUST DIRECTION    SE (130)
  AVERAGE WIND SPEED     3.3


SKY COVER
  POSSIBLE SUNSHINE  MM
  AVERAGE SKY COVER 0.1


WEATHER CONDITIONS
 THE FOLLOWING WEATHER WAS RECORDED YESTERDAY.
  HAZE


RELATIVE HUMIDITY (PERCENT)
 HIGHEST    76           600 AM
 LOWEST     33           100 PM
 AVERAGE    55

..........................................................


THE DETROIT MI CLIMATE NORMALS FOR TODAY
                         NORMAL    RECORD    YEAR
 MAXIMUM TEMPERATURE (F)   72        87      2007
                                             1977
                                             1933
 MINIMUM TEMPERATURE (F)   52        33      1925


SUNRISE AND SUNSET
MAY 24 2016...........SUNRISE   604 AM EDT   SUNSET   857 PM EDT
MAY 25 2016...........SUNRISE   603 AM EDT   SUNSET   858 PM EDT


-  INDICATES NEGATIVE NUMBERS.
R  INDICATES RECORD WAS SET OR TIED.
MM INDICATES DATA IS MISSING.
T  INDICATES TRACE AMOUNT.




$$
