000
CDUS45 KTWC 220732
CLIDUG

CLIMATE REPORT
NATIONAL WEATHER SERVICE TUCSON AZ
1231 AM MST MON SEP 22 2014


...................................

...THE DOUGLAS AZ CLIMATE SUMMARY FOR SEPTEMBER 21 2014...

CLIMATE NORMAL PERIOD 1981 TO 2010
CLIMATE RECORD PERIOD 1948 TO 2014


WEATHER ITEM   OBSERVED TIME   RECORD YEAR NORMAL DEPARTURE LAST
                VALUE   (LST)  VALUE       VALUE  FROM      YEAR
                                                  NORMAL
..................................................................
TEMPERATURE (F)
 YESTERDAY
  MAXIMUM         86   1247 PM  96    2011  88     -2       89
                                      2003
  MINIMUM         63    627 AM  42    1965  58      5       58
  AVERAGE         75                        73      2       74

PRECIPITATION (IN)
  YESTERDAY        0.16          0.29 1997   0.05   0.11     0.00
  MONTH TO DATE    3.50                      1.14   2.36     2.16
  SINCE OCT 1     13.76                     12.70   1.06    17.74
  SINCE JAN 1     12.94                     10.15   2.79    17.11

DEGREE DAYS
 HEATING
  YESTERDAY        0                         0      0        0
  MONTH TO DATE    0                         0      0        0
  SINCE SEP 1      0                         0      0        0
  SINCE JUL 1      0                         0      0        0

 COOLING
  YESTERDAY       10                         8      2        9
  MONTH TO DATE  209                       223    -14      233
  SINCE SEP 1    209                       223    -14      233
  SINCE JAN 1   1655                      1693    -38     1773
..................................................................


WIND (MPH)
  HIGHEST WIND SPEED    16   HIGHEST WIND DIRECTION     S (190)
  HIGHEST GUST SPEED    20   HIGHEST GUST DIRECTION     S (190)
  AVERAGE WIND SPEED     3.7


SKY COVER
  POSSIBLE SUNSHINE  MM
  AVERAGE SKY COVER 0.3


WEATHER CONDITIONS
 THE FOLLOWING WEATHER WAS RECORDED YESTERDAY.
  THUNDERSTORM
  RAIN
  LIGHT RAIN
  FOG


RELATIVE HUMIDITY (PERCENT)
 HIGHEST   100
 LOWEST     47
 AVERAGE    74

..........................................................


THE DOUGLAS AZ CLIMATE NORMALS FOR TODAY
                         NORMAL    RECORD    YEAR
 MAXIMUM TEMPERATURE (F)   88        96      1993
 MINIMUM TEMPERATURE (F)   57        41      1965


SUNRISE AND SUNSET
SEPTEMBER 22 2014.....SUNRISE   607 AM MST   SUNSET   615 PM MST
SEPTEMBER 23 2014.....SUNRISE   607 AM MST   SUNSET   614 PM MST


-  INDICATES NEGATIVE NUMBERS.
R  INDICATES RECORD WAS SET OR TIED.
MM INDICATES DATA IS MISSING.
T  INDICATES TRACE AMOUNT.




$$
