000
CDUS45 KTWC 280030
CLIDUG

CLIMATE REPORT
NATIONAL WEATHER SERVICE TUCSON AZ
529 PM MST TUE JUN 27 2017


...................................

...THE DOUGLAS AZ CLIMATE SUMMARY FOR JUNE 27 2017...
VALID TODAY AS OF 0500 PM LOCAL TIME.

CLIMATE NORMAL PERIOD 1981 TO 2010
CLIMATE RECORD PERIOD 1948 TO 2017


WEATHER ITEM   OBSERVED TIME   RECORD YEAR NORMAL DEPARTURE LAST
                VALUE   (LST)  VALUE       VALUE  FROM      YEAR
                                                  NORMAL
..................................................................
TEMPERATURE (F)
 TODAY
  MAXIMUM        102    402 PM 107    2011  97      5       94
                                      1990
  MINIMUM         70    505 AM  51    1985  64      6       65
                                      1965
  AVERAGE         86                        80      6       80

PRECIPITATION (IN)
  TODAY            0.00                      0.03  -0.03     0.13
  MONTH TO DATE    0.04                      0.49  -0.45     0.60
  SINCE OCT 1      3.16                      5.44  -2.28     3.28
  SINCE JAN 1      1.81                      2.89  -1.08     2.07

DEGREE DAYS
 COOLING
  TODAY           21                        15      6       15
  MONTH TO DATE  437                       347     90      422
  SINCE JUN 1    437                       347     90      422
  SINCE JAN 1    630                       548     82      570
..................................................................


WIND (MPH)
  HIGHEST WIND SPEED    23   HIGHEST WIND DIRECTION     N (340)
  HIGHEST GUST SPEED    28   HIGHEST GUST DIRECTION    NW (310)
  AVERAGE WIND SPEED     7.9


SKY COVER
  POSSIBLE SUNSHINE  MM
  AVERAGE SKY COVER 0.1


WEATHER CONDITIONS
 THE FOLLOWING WEATHER WAS RECORDED TODAY.
  NO SIGNIFICANT WEATHER WAS OBSERVED.


RELATIVE HUMIDITY (PERCENT)
 HIGHEST    66
 LOWEST      8
 AVERAGE    37

..........................................................


THE DOUGLAS AZ CLIMATE NORMALS FOR TOMORROW
                         NORMAL    RECORD    YEAR
 MAXIMUM TEMPERATURE (F)   97       107      2011
                                             1994
 MINIMUM TEMPERATURE (F)   64        53      1983
                                             1965
                                             1955


SUNRISE AND SUNSET
JUNE 27 2017..........SUNRISE   516 AM MST   SUNSET   727 PM MST
JUNE 28 2017..........SUNRISE   516 AM MST   SUNSET   727 PM MST


-  INDICATES NEGATIVE NUMBERS.
R  INDICATES RECORD WAS SET OR TIED.
MM INDICATES DATA IS MISSING.
T  INDICATES TRACE AMOUNT.




$$
