000
CDUS45 KTWC 230754
CLIDUG

CLIMATE REPORT
NATIONAL WEATHER SERVICE TUCSON AZ
1254 AM MST WED JUL 23 2014


...................................

...THE DOUGLAS AZ CLIMATE SUMMARY FOR JULY 22 2014...

CLIMATE NORMAL PERIOD 1981 TO 2010
CLIMATE RECORD PERIOD 1948 TO 2014


WEATHER ITEM   OBSERVED TIME   RECORD YEAR NORMAL DEPARTURE LAST
                VALUE   (LST)  VALUE       VALUE  FROM      YEAR
                                                  NORMAL
..................................................................
TEMPERATURE (F)
 YESTERDAY
  MAXIMUM         97    525 PM 100    2006  93      4       89
                                      1987
  MINIMUM         68    556 AM  56    1961  66      2       69
  AVERAGE         83                        80      3       79

PRECIPITATION (IN)
  YESTERDAY        0.00          1.10 1948   0.12  -0.12      T
  MONTH TO DATE    2.81                      1.87   0.94     8.47
  SINCE OCT 1      4.28                      7.43  -3.15    10.08
  SINCE JAN 1      3.46                      4.88  -1.42     9.45

DEGREE DAYS
 HEATING
  YESTERDAY        0                         0      0        0
  MONTH TO DATE    0                         0      0        0
  SINCE JUN 1      0                         0      0        0
  SINCE JUL 1      0                         0      0        0

 COOLING
  YESTERDAY       18                        15      3       14
  MONTH TO DATE  330                       342    -12      313
  SINCE JUN 1    828                       737     91      822
  SINCE JAN 1    996                       938     58     1022
..................................................................


WIND (MPH)
  HIGHEST WIND SPEED    31   HIGHEST WIND DIRECTION     E (80)
  HIGHEST GUST SPEED    39   HIGHEST GUST DIRECTION     E (90)
  AVERAGE WIND SPEED     6.4


SKY COVER
  POSSIBLE SUNSHINE  MM
  AVERAGE SKY COVER 0.1


WEATHER CONDITIONS
 THE FOLLOWING WEATHER WAS RECORDED YESTERDAY.
  NO SIGNIFICANT WEATHER WAS OBSERVED.


RELATIVE HUMIDITY (PERCENT)
 HIGHEST    76
 LOWEST     20
 AVERAGE    48

..........................................................


THE DOUGLAS AZ CLIMATE NORMALS FOR TODAY
                         NORMAL    RECORD    YEAR
 MAXIMUM TEMPERATURE (F)   93       100      2003
 MINIMUM TEMPERATURE (F)   66        56      1986


SUNRISE AND SUNSET
JULY 23 2014..........SUNRISE   529 AM MST   SUNSET   720 PM MST
JULY 24 2014..........SUNRISE   530 AM MST   SUNSET   720 PM MST


-  INDICATES NEGATIVE NUMBERS.
R  INDICATES RECORD WAS SET OR TIED.
MM INDICATES DATA IS MISSING.
T  INDICATES TRACE AMOUNT.




$$
