000
CDUS45 KTWC 260735
CLIDUG

CLIMATE REPORT
NATIONAL WEATHER SERVICE TUCSON AZ
1234 AM MST SUN MAR 26 2017

...................................

...THE DOUGLAS AZ CLIMATE SUMMARY FOR MARCH 25 2017...

CLIMATE NORMAL PERIOD 1981 TO 2010
CLIMATE RECORD PERIOD 1948 TO 2017


WEATHER ITEM   OBSERVED TIME   RECORD YEAR NORMAL DEPARTURE LAST
                VALUE   (LST)  VALUE       VALUE  FROM      YEAR
                                                  NORMAL
..................................................................
TEMPERATURE (F)
 YESTERDAY
  MAXIMUM         81    346 PM  86    1956  74      7       76
  MINIMUM         30    629 AM  24    1957  38     -8       32
  AVERAGE         56                        56      0       54

PRECIPITATION (IN)
  YESTERDAY        0.00          0.11 1983   0.02  -0.02     0.00
  MONTH TO DATE    0.00                      0.44  -0.44     0.19
  SINCE OCT 1      2.97                      4.38  -1.41     2.64
  SINCE JAN 1      1.62                      1.83  -0.21     1.43

DEGREE DAYS
 HEATING
  YESTERDAY        9                         9      0       11
  MONTH TO DATE  135                       275   -140      213
  SINCE MAR 1    135                       275   -140      213
  SINCE JUL 1   1928                      2311   -383     2385

 COOLING
  YESTERDAY        0                         0      0        0
  MONTH TO DATE    7                         0      7        0
  SINCE MAR 1      7                         0      7        0
  SINCE JAN 1      7                         0      7        0
..................................................................


WIND (MPH)
  HIGHEST WIND SPEED    28   HIGHEST WIND DIRECTION     W (260)
  HIGHEST GUST SPEED    35   HIGHEST GUST DIRECTION     W (260)
  AVERAGE WIND SPEED     9.8


SKY COVER
  POSSIBLE SUNSHINE  MM
  AVERAGE SKY COVER 0.0


WEATHER CONDITIONS
 THE FOLLOWING WEATHER WAS RECORDED YESTERDAY.
  NO SIGNIFICANT WEATHER WAS OBSERVED.


RELATIVE HUMIDITY (PERCENT)
 HIGHEST    52
 LOWEST      6
 AVERAGE    29

..........................................................


THE DOUGLAS AZ CLIMATE NORMALS FOR TODAY
                         NORMAL    RECORD    YEAR
 MAXIMUM TEMPERATURE (F)   74        89      1988
 MINIMUM TEMPERATURE (F)   38        23      1995
                                             1964


SUNRISE AND SUNSET
MARCH 26 2017.........SUNRISE   614 AM MST   SUNSET   634 PM MST
MARCH 27 2017.........SUNRISE   613 AM MST   SUNSET   635 PM MST


-  INDICATES NEGATIVE NUMBERS.
R  INDICATES RECORD WAS SET OR TIED.
MM INDICATES DATA IS MISSING.
T  INDICATES TRACE AMOUNT.

$$
