383
CDUS45 KTWC 080731
CLIDUG

CLIMATE REPORT
NATIONAL WEATHER SERVICE TUCSON AZ
1229 AM MST MON FEB 8 2016


...................................

...THE DOUGLAS AZ CLIMATE SUMMARY FOR FEBRUARY 7 2016...

CLIMATE NORMAL PERIOD 1981 TO 2010
CLIMATE RECORD PERIOD 1948 TO 2016


WEATHER ITEM   OBSERVED TIME   RECORD YEAR NORMAL DEPARTURE LAST
                VALUE   (LST)  VALUE       VALUE  FROM      YEAR
                                                  NORMAL
..................................................................
TEMPERATURE (F)
 YESTERDAY
  MAXIMUM         68    404 PM  80    1996  65      3       77
  MINIMUM         20    654 AM  14    1964  32    -12       35
  AVERAGE         44                        48     -4       56

PRECIPITATION (IN)
  YESTERDAY        0.00          0.40 1966   0.02  -0.02     0.00
  MONTH TO DATE    0.08                      0.18  -0.10     0.00
  SINCE OCT 1      2.45                      3.47  -1.02     3.11
  SINCE JAN 1      1.24                      0.92   0.32     1.14

DEGREE DAYS
 HEATING
  YESTERDAY       21                        17      4        9
  MONTH TO DATE  182                       119     63       83
  SINCE DEC 1   1507                      1289    218     1236
  SINCE JUL 1   1960                      1724    236     1630

 COOLING
  YESTERDAY        0                         0      0        0
  MONTH TO DATE    0                         0      0        0
  SINCE DEC 1      0                         0      0        0
  SINCE JAN 1      0                         0      0        0
..................................................................


WIND (MPH)
  HIGHEST WIND SPEED    14   HIGHEST WIND DIRECTION    NW (330)
  HIGHEST GUST SPEED    15   HIGHEST GUST DIRECTION     N (340)
  AVERAGE WIND SPEED     5.2


SKY COVER
  POSSIBLE SUNSHINE  MM
  AVERAGE SKY COVER 0.0


WEATHER CONDITIONS
 THE FOLLOWING WEATHER WAS RECORDED YESTERDAY.
  NO SIGNIFICANT WEATHER WAS OBSERVED.


RELATIVE HUMIDITY (PERCENT)
 HIGHEST    57
 LOWEST      9
 AVERAGE    33

..........................................................


THE DOUGLAS AZ CLIMATE NORMALS FOR TODAY
                         NORMAL    RECORD    YEAR
 MAXIMUM TEMPERATURE (F)   65        80      1996
                                             1957
 MINIMUM TEMPERATURE (F)   32        16      1974


SUNRISE AND SUNSET
FEBRUARY  8 2016......SUNRISE   706 AM MST   SUNSET   559 PM MST
FEBRUARY  9 2016......SUNRISE   706 AM MST   SUNSET   600 PM MST


-  INDICATES NEGATIVE NUMBERS.
R  INDICATES RECORD WAS SET OR TIED.
MM INDICATES DATA IS MISSING.
T  INDICATES TRACE AMOUNT.




$$
