000
CDUS45 KTWC 020027
CLIDUG

CLIMATE REPORT
NATIONAL WEATHER SERVICE TUCSON AZ
525 PM MST SUN MAR 1 2015


...................................

...THE DOUGLAS AZ CLIMATE SUMMARY FOR MARCH 1 2015...
VALID TODAY AS OF 0500 PM LOCAL TIME.

CLIMATE NORMAL PERIOD 1981 TO 2010
CLIMATE RECORD PERIOD 1948 TO 2015


WEATHER ITEM   OBSERVED TIME   RECORD YEAR NORMAL DEPARTURE LAST
                VALUE   (LST)  VALUE       VALUE  FROM      YEAR
                                                  NORMAL
..................................................................
TEMPERATURE (F)
 TODAY
  MAXIMUM         72    404 PM  83    1999  69      3       70
  MINIMUM         40    547 AM  21    2007  35      5       48
                                      1962
  AVERAGE         56                        52      4       59

PRECIPITATION (IN)
  TODAY            0.00                      0.02  -0.02     0.34
  MONTH TO DATE    0.00                      0.02  -0.02     0.34
  SINCE OCT 1      3.48                      3.96  -0.48     1.16
  SINCE JAN 1      1.51                      1.41   0.10     0.34

DEGREE DAYS
 HEATING
  TODAY            9                        13     -4        6
  MONTH TO DATE    9                        13     -4        6
  SINCE MAR 1      9                        13     -4        6
  SINCE JUL 1   1847                      2049   -202     1970
..................................................................


WIND (MPH)
  HIGHEST WIND SPEED    25   HIGHEST WIND DIRECTION     S (190)
  HIGHEST GUST SPEED    33   HIGHEST GUST DIRECTION     S (190)
  AVERAGE WIND SPEED     9.1


SKY COVER
  POSSIBLE SUNSHINE  MM
  AVERAGE SKY COVER 0.0


WEATHER CONDITIONS
 THE FOLLOWING WEATHER WAS RECORDED TODAY.
  NO SIGNIFICANT WEATHER WAS OBSERVED.


RELATIVE HUMIDITY (PERCENT)
 HIGHEST    76
 LOWEST     17
 AVERAGE    47

..........................................................


THE DOUGLAS AZ CLIMATE NORMALS FOR TOMORROW
                         NORMAL    RECORD    YEAR
 MAXIMUM TEMPERATURE (F)   69        86      2009
 MINIMUM TEMPERATURE (F)   35        18      1971


SUNRISE AND SUNSET
MARCH  1 2015.........SUNRISE   645 AM MST   SUNSET   616 PM MST
MARCH  2 2015.........SUNRISE   644 AM MST   SUNSET   617 PM MST


-  INDICATES NEGATIVE NUMBERS.
R  INDICATES RECORD WAS SET OR TIED.
MM INDICATES DATA IS MISSING.
T  INDICATES TRACE AMOUNT.




$$
