000
CDUS45 KTWC 220035
CLIDUG

CLIMATE REPORT
NATIONAL WEATHER SERVICE TUCSON AZ
534 PM MST TUE FEB 21 2017


...................................

...THE DOUGLAS AZ CLIMATE SUMMARY FOR FEBRUARY 21 2017...
VALID TODAY AS OF 0500 PM LOCAL TIME.

CLIMATE NORMAL PERIOD 1981 TO 2010
CLIMATE RECORD PERIOD 1948 TO 2017


WEATHER ITEM   OBSERVED TIME   RECORD YEAR NORMAL DEPARTURE LAST
                VALUE   (LST)  VALUE       VALUE  FROM      YEAR
                                                  NORMAL
..................................................................
TEMPERATURE (F)
 TODAY
  MAXIMUM         76    446 PM  82    2016  68      8       82
  MINIMUM         33    649 AM  13    1955  34     -1       42
  AVERAGE         55                        51      4       62

PRECIPITATION (IN)
  TODAY            0.00                      0.02  -0.02     0.00
  MONTH TO DATE    0.38                      0.51  -0.13     0.08
  SINCE OCT 1      2.97                      3.80  -0.83     2.45
  SINCE JAN 1      1.62                      1.25   0.37     1.24

DEGREE DAYS
 HEATING
  TODAY           10                        14     -4        3
  MONTH TO DATE  266                       336    -70      311
  SINCE DEC 1   1363                      1506   -143     1636
  SINCE JUL 1   1699                      1941   -242     2089
..................................................................


WIND (MPH)
  HIGHEST WIND SPEED    10   HIGHEST WIND DIRECTION     N (20)
  HIGHEST GUST SPEED    12   HIGHEST GUST DIRECTION     N (20)
  AVERAGE WIND SPEED     4.5


SKY COVER
  POSSIBLE SUNSHINE  MM
  AVERAGE SKY COVER 0.0


WEATHER CONDITIONS
 THE FOLLOWING WEATHER WAS RECORDED TODAY.
  FOG


RELATIVE HUMIDITY (PERCENT)
 HIGHEST   100
 LOWEST     20
 AVERAGE    60

..........................................................


THE DOUGLAS AZ CLIMATE NORMALS FOR TOMORROW
                         NORMAL    RECORD    YEAR
 MAXIMUM TEMPERATURE (F)   68        80      1982
 MINIMUM TEMPERATURE (F)   34        14      1964
                                             1955


SUNRISE AND SUNSET
FEBRUARY 21 2017......SUNRISE   654 AM MST   SUNSET   611 PM MST
FEBRUARY 22 2017......SUNRISE   653 AM MST   SUNSET   611 PM MST


-  INDICATES NEGATIVE NUMBERS.
R  INDICATES RECORD WAS SET OR TIED.
MM INDICATES DATA IS MISSING.
T  INDICATES TRACE AMOUNT.




$$
