000
CDUS45 KTWC 310733
CLIDUG

CLIMATE REPORT
NATIONAL WEATHER SERVICE TUCSON AZ
1233 AM MST FRI OCT 31 2014


...................................

...THE DOUGLAS AZ CLIMATE SUMMARY FOR OCTOBER 30 2014...

CLIMATE NORMAL PERIOD 1981 TO 2010
CLIMATE RECORD PERIOD 1948 TO 2014


WEATHER ITEM   OBSERVED TIME   RECORD YEAR NORMAL DEPARTURE LAST
                VALUE   (LST)  VALUE       VALUE  FROM      YEAR
                                                  NORMAL
..................................................................
TEMPERATURE (F)
 YESTERDAY
  MAXIMUM         84    228 PM  90    2001  77      7       73
  MINIMUM         43    601 AM  23    1971  42      1       40
  AVERAGE         64                        60      4       57

PRECIPITATION (IN)
  YESTERDAY        0.00          1.00 1961   0.03  -0.03     0.00
  MONTH TO DATE    1.36                      0.87   0.49     0.00
  SINCE OCT 1      1.36                      0.87   0.49     0.00
  SINCE JAN 1     14.93                     11.42   3.51    17.11

DEGREE DAYS
 HEATING
  YESTERDAY        1                         6     -5        8
  MONTH TO DATE   19                        76    -57      105
  SINCE SEP 1     19                        78    -59      105
  SINCE JUL 1     19                        78    -59      105

 COOLING
  YESTERDAY        0                         0      0        0
  MONTH TO DATE   42                        60    -18       27
  SINCE SEP 1    328                       341    -13      302
  SINCE JAN 1   1774                      1811    -37     1842
..................................................................


WIND (MPH)
  HIGHEST WIND SPEED    14   HIGHEST WIND DIRECTION     E (90)
  HIGHEST GUST SPEED    17   HIGHEST GUST DIRECTION     E (90)
  AVERAGE WIND SPEED     6.1


SKY COVER
  POSSIBLE SUNSHINE  MM
  AVERAGE SKY COVER 0.0


WEATHER CONDITIONS
 THE FOLLOWING WEATHER WAS RECORDED YESTERDAY.
  NO SIGNIFICANT WEATHER WAS OBSERVED.


RELATIVE HUMIDITY (PERCENT)
 HIGHEST    82
 LOWEST     16
 AVERAGE    49

..........................................................


THE DOUGLAS AZ CLIMATE NORMALS FOR TODAY
                         NORMAL    RECORD    YEAR
 MAXIMUM TEMPERATURE (F)   77        87      2011
                                             2008
 MINIMUM TEMPERATURE (F)   42        19      1993


SUNRISE AND SUNSET
OCTOBER 31 2014.......SUNRISE   634 AM MST   SUNSET   530 PM MST
NOVEMBER  1 2014......SUNRISE   634 AM MST   SUNSET   529 PM MST


-  INDICATES NEGATIVE NUMBERS.
R  INDICATES RECORD WAS SET OR TIED.
MM INDICATES DATA IS MISSING.
T  INDICATES TRACE AMOUNT.




$$
