000
CDUS43 KDVN 252226
CLIDVN


CLIMATE REPORT
NATIONAL WEATHER SERVICE QUAD CITIES IA IL
426 PM CST TUE NOV 25 2014


...................................

...THE DAVENPORT IA CLIMATE SUMMARY FOR NOVEMBER 25 2014...
VALID TODAY AS OF 0400 PM LOCAL TIME.

CLIMATE NORMAL PERIOD 1981 TO 2010
CLIMATE RECORD PERIOD 9999 TO 9999


WEATHER ITEM   OBSERVED TIME   RECORD YEAR NORMAL DEPARTURE LAST
                VALUE   (LST)  VALUE       VALUE  FROM      YEAR
                                                  NORMAL
..................................................................
TEMPERATURE (F)
 TODAY
  MAXIMUM         24    341 PM  MM      MM  42    -18       35
  MINIMUM         14    638 AM  MM      MM  25    -11       22
  AVERAGE         19                        34    -15       29

PRECIPITATION (IN)
  TODAY            T            MM      MM   0.07  -0.07      T
  MONTH TO DATE    1.80                      2.07  -0.27     1.70
  SINCE SEP 1      8.74                      8.10   0.64     5.38
  SINCE JAN 1     33.43                     33.92  -0.49    33.77

SNOWFALL (IN)
  TODAY            T            MM      MM  MM     MM        0.1
  MONTH TO DATE    4.0                      MM     MM        0.8
  SINCE SEP 1      4.0                      MM     MM        3.3
  SINCE JUL 1      4.0                      MM     MM        3.3
  SNOW DEPTH       2

DEGREE DAYS
 HEATING
  TODAY           46                        31     15       36
  MONTH TO DATE  827                       623    204      679
  SINCE SEP 1   1395                      1169    226     1196
  SINCE JUL 1   1416                      1183    233     1215

 COOLING
  TODAY            0                         0      0        0
  MONTH TO DATE    0                         0      0        0
  SINCE SEP 1     69                        82    -13      165
  SINCE JAN 1    728                       786    -58      938
..................................................................


WIND (MPH)
  HIGHEST WIND SPEED    24   HIGHEST WIND DIRECTION    NW (300)
  HIGHEST GUST SPEED    27   HIGHEST GUST DIRECTION    NW (300)
  AVERAGE WIND SPEED    13.1


SKY COVER
  POSSIBLE SUNSHINE  MM
  AVERAGE SKY COVER 0.5


WEATHER CONDITIONS
 THE FOLLOWING WEATHER WAS RECORDED TODAY.
  LIGHT SNOW
  HAZE


RELATIVE HUMIDITY (PERCENT)
 HIGHEST    80           600 AM
 LOWEST     67           300 AM
 AVERAGE    74

..........................................................


THE DAVENPORT IA CLIMATE NORMALS FOR TOMORROW
                         NORMAL    RECORD    YEAR
 MAXIMUM TEMPERATURE (F)   42        MM        MM
 MINIMUM TEMPERATURE (F)   25        MM        MM


SUNRISE AND SUNSET
NOVEMBER 25 2014......SUNRISE   703 AM CST   SUNSET   435 PM CST
NOVEMBER 26 2014......SUNRISE   704 AM CST   SUNSET   435 PM CST


-  INDICATES NEGATIVE NUMBERS.
R  INDICATES RECORD WAS SET OR TIED.
MM INDICATES DATA IS MISSING.
T  INDICATES TRACE AMOUNT.




$$
