000
CDUS43 KDVN 271021
CLIDVN


CLIMATE REPORT
NATIONAL WEATHER SERVICE QUAD CITIES IA IL
420 AM CST FRI FEB 27 2015


...................................

...THE DAVENPORT IA CLIMATE SUMMARY FOR FEBRUARY 26 2015...

CLIMATE NORMAL PERIOD 1981 TO 2010
CLIMATE RECORD PERIOD 9999 TO 9999


WEATHER ITEM   OBSERVED TIME   RECORD YEAR NORMAL DEPARTURE LAST
                VALUE   (LST)  VALUE       VALUE  FROM      YEAR
                                                  NORMAL
..................................................................
TEMPERATURE (F)
 YESTERDAY
  MAXIMUM         14    201 AM  MM      MM  39    -25       20
  MINIMUM        -13   1159 PM  MM      MM  22    -35       -4
  AVERAGE          1                        30    -29        8

PRECIPITATION (IN)
  YESTERDAY        0.01         MM      MM   0.06  -0.05      T
  MONTH TO DATE    1.58                      1.22   0.36     2.03
  SINCE DEC 1      3.36                      4.14  -0.78     3.91
  SINCE JAN 1      2.57                      2.41   0.16     2.79

SNOWFALL (IN)
  YESTERDAY        0.4          MM      MM  MM     MM         T
  MONTH TO DATE   16.1                      MM     MM       14.5
  SINCE DEC 1     28.0                      MM     MM       39.5
  SINCE JUL 1     32.0                      MM     MM       42.8
  SNOW DEPTH       5

DEGREE DAYS
 HEATING
  YESTERDAY       64                        35     29       57
  MONTH TO DATE 1345                      1021    324     1349
  SINCE DEC 1   3760                      3609    151     4345
  SINCE JUL 1   5365                      4957    408     5758

 COOLING
  YESTERDAY        0                         0      0        0
  MONTH TO DATE    0                         0      0        0
  SINCE DEC 1      0                         0      0        0
  SINCE JAN 1      0                         0      0        0
..................................................................


WIND (MPH)
  HIGHEST WIND SPEED    20   HIGHEST WIND DIRECTION     N (10)
  HIGHEST GUST SPEED    23   HIGHEST GUST DIRECTION     N (20)
  AVERAGE WIND SPEED    12.7


SKY COVER
  POSSIBLE SUNSHINE  MM
  AVERAGE SKY COVER 0.5


WEATHER CONDITIONS
 THE FOLLOWING WEATHER WAS RECORDED YESTERDAY.
  LIGHT SNOW
  HAZE


RELATIVE HUMIDITY (PERCENT)
 HIGHEST    84           300 AM
 LOWEST     57           500 PM
 AVERAGE    71

..........................................................


THE DAVENPORT IA CLIMATE NORMALS FOR TODAY
                         NORMAL    RECORD    YEAR
 MAXIMUM TEMPERATURE (F)   39        MM        MM
 MINIMUM TEMPERATURE (F)   22        MM        MM


SUNRISE AND SUNSET
FEBRUARY 27 2015......SUNRISE   640 AM CST   SUNSET   550 PM CST
FEBRUARY 28 2015......SUNRISE   639 AM CST   SUNSET   551 PM CST


-  INDICATES NEGATIVE NUMBERS.
R  INDICATES RECORD WAS SET OR TIED.
MM INDICATES DATA IS MISSING.
T  INDICATES TRACE AMOUNT.




$$
