000
CDUS43 KDVN 260920
CLIDVN


CLIMATE REPORT
NATIONAL WEATHER SERVICE QUAD CITIES IA IL
419 AM CDT TUE MAY 26 2015


...................................

...THE DAVENPORT IA CLIMATE SUMMARY FOR MAY 25 2015...

CLIMATE NORMAL PERIOD 1981 TO 2010
CLIMATE RECORD PERIOD 9999 TO 9999


WEATHER ITEM   OBSERVED TIME   RECORD YEAR NORMAL DEPARTURE LAST
                VALUE   (LST)  VALUE       VALUE  FROM      YEAR
                                                  NORMAL
..................................................................
TEMPERATURE (F)
 YESTERDAY
  MAXIMUM         79    323 PM  MM      MM  75      4       82
  MINIMUM         64    555 AM  MM      MM  53     11       53
  AVERAGE         72                        64      8       68

PRECIPITATION (IN)
  YESTERDAY        0.10         MM      MM   0.16  -0.06      T
  MONTH TO DATE    3.98                      3.46   0.52     3.31
  SINCE MAR 1      6.73                      9.49  -2.76     8.41
  SINCE JAN 1      9.30                     12.02  -2.72    11.20

SNOWFALL (IN)
  YESTERDAY        0.0          MM      MM  MM     MM        0.0
  MONTH TO DATE    T                        MM     MM         T
  SINCE MAR 1      0.3                      MM     MM        7.4
  SINCE JUL 1     32.5                      MM     MM       50.2
  SNOW DEPTH       0

DEGREE DAYS
 HEATING
  YESTERDAY        0                         4     -4        0
  MONTH TO DATE  116                       166    -50      173
  SINCE MAR 1   1406                      1445    -39     1689
  SINCE JUL 1   6902                      6470    432     7552

 COOLING
  YESTERDAY        7                         3      4        3
  MONTH TO DATE   54                        37     17       49
  SINCE MAR 1     55                        43     12       55
  SINCE JAN 1     55                        43     12       55
..................................................................


WIND (MPH)
  HIGHEST WIND SPEED    24   HIGHEST WIND DIRECTION    SW (230)
  HIGHEST GUST SPEED    31   HIGHEST GUST DIRECTION    SW (230)
  AVERAGE WIND SPEED    14.3


SKY COVER
  POSSIBLE SUNSHINE  MM
  AVERAGE SKY COVER 0.5


WEATHER CONDITIONS
 THE FOLLOWING WEATHER WAS RECORDED YESTERDAY.
  RAIN
  LIGHT RAIN
  FOG


RELATIVE HUMIDITY (PERCENT)
 HIGHEST    93          1200 AM
 LOWEST     52           500 PM
 AVERAGE    73

..........................................................


THE DAVENPORT IA CLIMATE NORMALS FOR TODAY
                         NORMAL    RECORD    YEAR
 MAXIMUM TEMPERATURE (F)   75        MM        MM
 MINIMUM TEMPERATURE (F)   53        MM        MM


SUNRISE AND SUNSET
MAY 26 2015...........SUNRISE   534 AM CDT   SUNSET   825 PM CDT
MAY 27 2015...........SUNRISE   533 AM CDT   SUNSET   826 PM CDT


-  INDICATES NEGATIVE NUMBERS.
R  INDICATES RECORD WAS SET OR TIED.
MM INDICATES DATA IS MISSING.
T  INDICATES TRACE AMOUNT.




$$
