000
CDUS43 KDVN 260922
CLIDVN


CLIMATE REPORT
NATIONAL WEATHER SERVICE QUAD CITIES IA IL
421 AM CDT FRI MAY 26 2017


...................................

...THE DAVENPORT IA CLIMATE SUMMARY FOR MAY 25 2017...

CLIMATE NORMAL PERIOD 1981 TO 2010
CLIMATE RECORD PERIOD 9999 TO 9999


WEATHER ITEM   OBSERVED TIME   RECORD YEAR NORMAL DEPARTURE LAST
                VALUE   (LST)  VALUE       VALUE  FROM      YEAR
                                                  NORMAL
..................................................................
TEMPERATURE (F)
 YESTERDAY
  MAXIMUM         73    357 PM  MM      MM  75     -2       85
  MINIMUM         50    446 AM  MM      MM  53     -3       61
  AVERAGE         62                        64     -2       73

PRECIPITATION (IN)
  YESTERDAY        T            MM      MM   0.16  -0.16      T
  MONTH TO DATE    4.20                      3.46   0.74     1.90
  SINCE MAR 1     11.91                      9.49   2.42     7.44
  SINCE JAN 1     13.86                     12.02   1.84     8.22

SNOWFALL (IN)
  YESTERDAY        0.0          MM      MM  MM     MM        0.0
  MONTH TO DATE    T                        MM     MM        0.0
  SINCE MAR 1      6.1                      MM     MM        1.2
  SINCE JUL 1     25.2                      MM     MM       16.6
  SNOW DEPTH       0

DEGREE DAYS
 HEATING
  YESTERDAY        3                         4     -1        0
  MONTH TO DATE  184                       166     18      178
  SINCE MAR 1   1347                      1445    -98     1283
  SINCE JUL 1   5403                      6470  -1067     5507

 COOLING
  YESTERDAY        0                         3     -3        8
  MONTH TO DATE   34                        37     -3       27
  SINCE MAR 1     47                        43      4       38
  SINCE JAN 1     47                        43      4       38
..................................................................


WIND (MPH)
  HIGHEST WIND SPEED    13   HIGHEST WIND DIRECTION    SE (140)
  HIGHEST GUST SPEED    16   HIGHEST GUST DIRECTION    NE (30)
  AVERAGE WIND SPEED     7.5


SKY COVER
  POSSIBLE SUNSHINE  MM
  AVERAGE SKY COVER 0.5


WEATHER CONDITIONS
 THE FOLLOWING WEATHER WAS RECORDED YESTERDAY.
  LIGHT RAIN


RELATIVE HUMIDITY (PERCENT)
 HIGHEST    96           300 AM
 LOWEST     46           400 PM
 AVERAGE    71

..........................................................


THE DAVENPORT IA CLIMATE NORMALS FOR TODAY
                         NORMAL    RECORD    YEAR
 MAXIMUM TEMPERATURE (F)   75        MM        MM
 MINIMUM TEMPERATURE (F)   53        MM        MM


SUNRISE AND SUNSET
MAY 26 2017...........SUNRISE   534 AM CDT   SUNSET   826 PM CDT
MAY 27 2017...........SUNRISE   533 AM CDT   SUNSET   826 PM CDT


-  INDICATES NEGATIVE NUMBERS.
R  INDICATES RECORD WAS SET OR TIED.
MM INDICATES DATA IS MISSING.
T  INDICATES TRACE AMOUNT.




$$
