000
CDUS46 KOTX 200826
CLIEAT


CLIMATE REPORT
NATIONAL WEATHER SERVICE SPOKANE, WA
1226 AM PST SAT DEC 20 2014


...................................

...THE WENATCHEE WA PANGBORN FIELD CLIMATE SUMMARY FOR DECEMBER 19 2014...

CLIMATE NORMAL PERIOD 1981 TO 2010
CLIMATE RECORD PERIOD 1959 TO 2014


WEATHER ITEM   OBSERVED TIME   RECORD YEAR NORMAL DEPARTURE LAST
                VALUE   (LST)  VALUE       VALUE  FROM      YEAR
                                                  NORMAL
..................................................................
TEMPERATURE (F)
 YESTERDAY
  MAXIMUM         45    315 PM  49    2004  31     14       34
  MINIMUM         33    954 PM  -4    1984  23     10       20
  AVERAGE         39                        27     12       27

PRECIPITATION (IN)
  YESTERDAY        0.01          0.44 1981   0.05  -0.04     0.00
  MONTH TO DATE    0.76                      0.88  -0.12     0.07
  SINCE OCT 1      2.60                      2.43   0.17     0.52
  SINCE JAN 1      6.72                      7.49  -0.77     7.21

SNOWFALL (IN)
  YESTERDAY       MM

DEGREE DAYS
 HEATING
  YESTERDAY       26                        38    -12       38
  MONTH TO DATE  571                       689   -118      766
  SINCE DEC 1    571                       689   -118      766
  SINCE JUL 1   1677                      2061   -384     2131

 COOLING
  YESTERDAY        0                         0      0        0
  MONTH TO DATE    0                         0      0        0
  SINCE DEC 1      0                         0      0        0
  SINCE JAN 1   1218                       790    428     1028
..................................................................


WIND (MPH)
  HIGHEST WIND SPEED    10   HIGHEST WIND DIRECTION     W (280)
  HIGHEST GUST SPEED    12   HIGHEST GUST DIRECTION     W (290)
  AVERAGE WIND SPEED     3.4


SKY COVER
  POSSIBLE SUNSHINE  MM
  AVERAGE SKY COVER 0.4


WEATHER CONDITIONS
 THE FOLLOWING WEATHER WAS RECORDED YESTERDAY.
  LIGHT RAIN
  FOG
  FOG W/VISIBILITY <= 1/4 MILE


RELATIVE HUMIDITY (PERCENT)
 HIGHEST   100           400 AM
 LOWEST     70           300 PM
 AVERAGE    85

..........................................................


THE WENATCHEE WA PANGBORN FIELD CLIMATE NORMALS FOR TODAY
                         NORMAL    RECORD    YEAR
 MAXIMUM TEMPERATURE (F)   31        49      1966
 MINIMUM TEMPERATURE (F)   23        -7      2008


SUNRISE AND SUNSET
DECEMBER 20 2014......SUNRISE   745 AM PST   SUNSET   412 PM PST
DECEMBER 21 2014......SUNRISE   745 AM PST   SUNSET   413 PM PST


-  INDICATES NEGATIVE NUMBERS.
R  INDICATES RECORD WAS SET OR TIED.
MM INDICATES DATA IS MISSING.
T  INDICATES TRACE AMOUNT.




$$
