000
CDUS46 KOTX 200828
CLIEAT


CLIMATE REPORT
NATIONAL WEATHER SERVICE SPOKANE, WA
1228 AM PST MON FEB 20 2017


...................................

...THE WENATCHEE WA PANGBORN FIELD CLIMATE SUMMARY FOR FEBRUARY 19 2017...

CLIMATE NORMAL PERIOD 1981 TO 2010
CLIMATE RECORD PERIOD 1959 TO 2017


WEATHER ITEM   OBSERVED TIME   RECORD YEAR NORMAL DEPARTURE LAST
                VALUE   (LST)  VALUE       VALUE  FROM      YEAR
                                                  NORMAL
..................................................................
TEMPERATURE (F)
 YESTERDAY
  MAXIMUM         36    119 PM  58    1965  43     -7       45
  MINIMUM         32    740 AM  10    1986  28      4       36
  AVERAGE         34                        36     -2       41

PRECIPITATION (IN)
  YESTERDAY        T             0.50 1993   0.03  -0.03     0.13
  MONTH TO DATE    1.29                      0.56   0.73     0.43
  SINCE OCT 1      5.22                      4.57   0.65     6.51
  SINCE JAN 1      2.40                      1.62   0.78     2.65

SNOWFALL (IN)
  YESTERDAY       MM

DEGREE DAYS
 HEATING
  YESTERDAY       31                        29      2       24
  MONTH TO DATE  746                       595    151      534
  SINCE DEC 1   3400                      2843    557     2587
  SINCE JUL 1   4477                      4215    262     3652

 COOLING
  YESTERDAY        0                         0      0        0
  MONTH TO DATE    0                         0      0        0
  SINCE DEC 1      0                         0      0        0
  SINCE JAN 1      0                         0      0        0
..................................................................


WIND (MPH)
  HIGHEST WIND SPEED    13   HIGHEST WIND DIRECTION     E (80)
  HIGHEST GUST SPEED    14   HIGHEST GUST DIRECTION     E (90)
  AVERAGE WIND SPEED     5.2


SKY COVER
  POSSIBLE SUNSHINE  MM
  AVERAGE SKY COVER 1.0


WEATHER CONDITIONS
 THE FOLLOWING WEATHER WAS RECORDED YESTERDAY.
  LIGHT SNOW
  FOG
  FOG W/VISIBILITY <= 1/4 MILE


RELATIVE HUMIDITY (PERCENT)
 HIGHEST   100          1200 AM
 LOWEST     92           100 PM
 AVERAGE    96

..........................................................


THE WENATCHEE WA PANGBORN FIELD CLIMATE NORMALS FOR TODAY
                         NORMAL    RECORD    YEAR
 MAXIMUM TEMPERATURE (F)   43        62      1961
 MINIMUM TEMPERATURE (F)   29         4      1986


SUNRISE AND SUNSET
FEBRUARY 20 2017......SUNRISE   657 AM PST   SUNSET   533 PM PST
FEBRUARY 21 2017......SUNRISE   655 AM PST   SUNSET   534 PM PST


-  INDICATES NEGATIVE NUMBERS.
R  INDICATES RECORD WAS SET OR TIED.
MM INDICATES DATA IS MISSING.
T  INDICATES TRACE AMOUNT.




$$
