000
CDUS46 KOTX 270831
CLIEAT


CLIMATE REPORT
NATIONAL WEATHER SERVICE SPOKANE, WA
131 AM PDT MON MAR 27 2017


...................................

...THE WENATCHEE WA PANGBORN FIELD CLIMATE SUMMARY FOR MARCH 26 2017...

CLIMATE NORMAL PERIOD 1981 TO 2010
CLIMATE RECORD PERIOD 1959 TO 2017


WEATHER ITEM   OBSERVED TIME   RECORD YEAR NORMAL DEPARTURE LAST
                VALUE   (LST)  VALUE       VALUE  FROM      YEAR
                                                  NORMAL
..................................................................
TEMPERATURE (F)
 YESTERDAY
  MAXIMUM         43    351 PM  74    1994  57    -14       58
  MINIMUM         36    550 AM  24    1985  37     -1       37
  AVERAGE         40                        47     -7       48

PRECIPITATION (IN)
  YESTERDAY        0.05          0.22 1985   0.02   0.03      T
  MONTH TO DATE    1.02                      0.56   0.46     2.29
  SINCE OCT 1      6.65                      5.38   1.27     8.80
  SINCE JAN 1      3.83                      2.43   1.40     4.94

SNOWFALL (IN)
  YESTERDAY       MM

DEGREE DAYS
 HEATING
  YESTERDAY       25                        18      7       17
  MONTH TO DATE  651                       563     88      523
  SINCE MAR 1    651                       563     88      523
  SINCE JUL 1   5442                      5027    415     4396

 COOLING
  YESTERDAY        0                         0      0        0
  MONTH TO DATE    0                         0      0        0
  SINCE MAR 1      0                         0      0        0
  SINCE JAN 1      0                         0      0        0
..................................................................


WIND (MPH)
  HIGHEST WIND SPEED     9   HIGHEST WIND DIRECTION    SE (140)
  HIGHEST GUST SPEED    11   HIGHEST GUST DIRECTION    SE (130)
  AVERAGE WIND SPEED     2.6


SKY COVER
  POSSIBLE SUNSHINE  MM
  AVERAGE SKY COVER 0.8


WEATHER CONDITIONS
 THE FOLLOWING WEATHER WAS RECORDED YESTERDAY.
  LIGHT RAIN
  FOG


RELATIVE HUMIDITY (PERCENT)
 HIGHEST   100           900 PM
 LOWEST     62          1200 AM
 AVERAGE    81

..........................................................


THE WENATCHEE WA PANGBORN FIELD CLIMATE NORMALS FOR TODAY
                         NORMAL    RECORD    YEAR
 MAXIMUM TEMPERATURE (F)   58        75      1994
 MINIMUM TEMPERATURE (F)   38        24      1975


SUNRISE AND SUNSET
MARCH 27 2017.........SUNRISE   649 AM PDT   SUNSET   724 PM PDT
MARCH 28 2017.........SUNRISE   647 AM PDT   SUNSET   725 PM PDT


-  INDICATES NEGATIVE NUMBERS.
R  INDICATES RECORD WAS SET OR TIED.
MM INDICATES DATA IS MISSING.
T  INDICATES TRACE AMOUNT.




$$
