582
CDUS46 KOTX 190831
CLIEAT


CLIMATE REPORT
NATIONAL WEATHER SERVICE SPOKANE, WA
1231 AM PST SUN NOV 19 2017


...................................

...THE WENATCHEE WA PANGBORN FIELD CLIMATE SUMMARY FOR NOVEMBER 18 2017...

CLIMATE NORMAL PERIOD 1981 TO 2010
CLIMATE RECORD PERIOD 1959 TO 2017


WEATHER ITEM   OBSERVED TIME   RECORD YEAR NORMAL DEPARTURE LAST
                VALUE   (LST)  VALUE       VALUE  FROM      YEAR
                                                  NORMAL
..................................................................
TEMPERATURE (F)
 YESTERDAY
  MAXIMUM         46    333 PM  60    2003  42      4       42
                                      1995
  MINIMUM         29    638 AM   4    1985  31     -2       33
  AVERAGE         38                        37      1       38

PRECIPITATION (IN)
  YESTERDAY        0.00          0.62 1982   0.04  -0.04     0.00
  MONTH TO DATE    0.79                      0.62   0.17     0.28
  SINCE OCT 1      1.60                      1.06   0.54     2.31
  SINCE JAN 1      8.68                      6.12   2.56     9.66

SNOWFALL (IN)
  YESTERDAY       MM

DEGREE DAYS
 HEATING
  YESTERDAY       27                        28     -1       27
  MONTH TO DATE  493                       449     44      298
  SINCE SEP 1   1093                       985    108      801
  SINCE JUL 1   1093                       999     94      805

 COOLING
  YESTERDAY        0                         0      0        0
  MONTH TO DATE    0                         0      0        0
  SINCE SEP 1    113                         2    111       28
  SINCE JAN 1   1058                       790    268      801
..................................................................


WIND (MPH)
  HIGHEST WIND SPEED    10   HIGHEST WIND DIRECTION     E (110)
  HIGHEST GUST SPEED    15   HIGHEST GUST DIRECTION    SE (120)
  AVERAGE WIND SPEED     2.3


SKY COVER
  POSSIBLE SUNSHINE  MM
  AVERAGE SKY COVER 0.0


WEATHER CONDITIONS
 THE FOLLOWING WEATHER WAS RECORDED YESTERDAY.
  NO SIGNIFICANT WEATHER WAS OBSERVED.


RELATIVE HUMIDITY (PERCENT)
 HIGHEST    85           400 AM
 LOWEST     60           200 PM
 AVERAGE    73

..........................................................


THE WENATCHEE WA PANGBORN FIELD CLIMATE NORMALS FOR TODAY
                         NORMAL    RECORD    YEAR
 MAXIMUM TEMPERATURE (F)   42        65      1962
 MINIMUM TEMPERATURE (F)   30         4      1985


SUNRISE AND SUNSET
NOVEMBER 19 2017......SUNRISE   712 AM PST   SUNSET   420 PM PST
NOVEMBER 20 2017......SUNRISE   713 AM PST   SUNSET   420 PM PST


-  INDICATES NEGATIVE NUMBERS.
R  INDICATES RECORD WAS SET OR TIED.
MM INDICATES DATA IS MISSING.
T  INDICATES TRACE AMOUNT.




$$
