000
CDUS46 KOTX 270824
CLIEAT


CLIMATE REPORT
NATIONAL WEATHER SERVICE SPOKANE, WA
1223 AM PST TUE JAN 27 2015


...................................

...THE WENATCHEE WA PANGBORN FIELD CLIMATE SUMMARY FOR JANUARY 26 2015...

CLIMATE NORMAL PERIOD 1981 TO 2010
CLIMATE RECORD PERIOD 1959 TO 2015


WEATHER ITEM   OBSERVED TIME   RECORD YEAR NORMAL DEPARTURE LAST
                VALUE   (LST)  VALUE       VALUE  FROM      YEAR
                                                  NORMAL
..................................................................
TEMPERATURE (F)
 YESTERDAY
  MAXIMUM         39    401 PM  52    1962  37      2       30
  MINIMUM         33   1023 AM  -4    1972  26      7       28
  AVERAGE         36                        31      5       29

PRECIPITATION (IN)
  YESTERDAY        0.00          0.55 1983   0.03  -0.03     0.00
  MONTH TO DATE    0.63                      0.91  -0.28     0.13
  SINCE OCT 1      3.81                      3.86  -0.05     0.69
  SINCE JAN 1      0.63                      0.91  -0.28     0.13

SNOWFALL (IN)
  YESTERDAY       MM

DEGREE DAYS
 HEATING
  YESTERDAY       29                        34     -5       36
  MONTH TO DATE  847                       934    -87      839
  SINCE DEC 1   1777                      2082   -305     2040
  SINCE JUL 1   2883                      3454   -571     3405

 COOLING
  YESTERDAY        0                         0      0        0
  MONTH TO DATE    0                         0      0        0
  SINCE DEC 1      0                         0      0        0
  SINCE JAN 1      0                         0      0        0
..................................................................


WIND (MPH)
  HIGHEST WIND SPEED    10   HIGHEST WIND DIRECTION     W (290)
  HIGHEST GUST SPEED    13   HIGHEST GUST DIRECTION     W (280)
  AVERAGE WIND SPEED     4.2


SKY COVER
  POSSIBLE SUNSHINE  MM
  AVERAGE SKY COVER 0.9


WEATHER CONDITIONS
 THE FOLLOWING WEATHER WAS RECORDED YESTERDAY.
  FOG
  FOG W/VISIBILITY <= 1/4 MILE


RELATIVE HUMIDITY (PERCENT)
 HIGHEST   100           600 AM
 LOWEST     79           400 PM
 AVERAGE    90

..........................................................


THE WENATCHEE WA PANGBORN FIELD CLIMATE NORMALS FOR TODAY
                         NORMAL    RECORD    YEAR
 MAXIMUM TEMPERATURE (F)   37        54      1962
 MINIMUM TEMPERATURE (F)   26        -5      1969


SUNRISE AND SUNSET
JANUARY 27 2015.......SUNRISE   733 AM PST   SUNSET   455 PM PST
JANUARY 28 2015.......SUNRISE   732 AM PST   SUNSET   456 PM PST


-  INDICATES NEGATIVE NUMBERS.
R  INDICATES RECORD WAS SET OR TIED.
MM INDICATES DATA IS MISSING.
T  INDICATES TRACE AMOUNT.




$$
