000
CDUS46 KOTX 290825
CLIEAT


CLIMATE REPORT
NATIONAL WEATHER SERVICE SPOKANE, WA
125 AM PDT THU SEP 29 2016


...................................

...THE WENATCHEE WA PANGBORN FIELD CLIMATE SUMMARY FOR SEPTEMBER 28 2016...

CLIMATE NORMAL PERIOD 1981 TO 2010
CLIMATE RECORD PERIOD 1959 TO 2016


WEATHER ITEM   OBSERVED TIME   RECORD YEAR NORMAL DEPARTURE LAST
                VALUE   (LST)  VALUE       VALUE  FROM      YEAR
                                                  NORMAL
..................................................................
TEMPERATURE (F)
 YESTERDAY
  MAXIMUM         79    349 PM  89    1963  71      8       75
  MINIMUM         53    617 AM  34    1999  48      5       44
  AVERAGE         66                        60      6       60

PRECIPITATION (IN)
  YESTERDAY        0.00          0.28 1977   0.02  -0.02     0.00
  MONTH TO DATE    0.05                      0.32  -0.27     0.40
  SINCE OCT 1     11.21                      7.99   3.22     7.57
  SINCE JAN 1      7.35                      5.04   2.31     4.39

SNOWFALL (IN)
  YESTERDAY       MM

DEGREE DAYS
 HEATING
  YESTERDAY        0                         6     -6        5
  MONTH TO DATE   68                        85    -17       71
  SINCE SEP 1     68                        85    -17       71
  SINCE JUL 1     72                        99    -27       71

 COOLING
  YESTERDAY        1                         1      0        0
  MONTH TO DATE   28                        80    -52       50
  SINCE SEP 1     28                        80    -52       50
  SINCE JAN 1    801                       868    -67     1388
..................................................................


WIND (MPH)
  HIGHEST WIND SPEED    12   HIGHEST WIND DIRECTION     W (270)
  HIGHEST GUST SPEED    13   HIGHEST GUST DIRECTION     W (280)
  AVERAGE WIND SPEED     5.8


SKY COVER
  POSSIBLE SUNSHINE  MM
  AVERAGE SKY COVER 0.0


WEATHER CONDITIONS
 THE FOLLOWING WEATHER WAS RECORDED YESTERDAY.
  NO SIGNIFICANT WEATHER WAS OBSERVED.


RELATIVE HUMIDITY (PERCENT)
 HIGHEST    71           500 AM
 LOWEST     25           200 PM
 AVERAGE    48

..........................................................


THE WENATCHEE WA PANGBORN FIELD CLIMATE NORMALS FOR TODAY
                         NORMAL    RECORD    YEAR
 MAXIMUM TEMPERATURE (F)   71        87      1993
 MINIMUM TEMPERATURE (F)   48        31      1985


SUNRISE AND SUNSET
SEPTEMBER 29 2016.....SUNRISE   658 AM PDT   SUNSET   643 PM PDT
SEPTEMBER 30 2016.....SUNRISE   659 AM PDT   SUNSET   641 PM PDT


-  INDICATES NEGATIVE NUMBERS.
R  INDICATES RECORD WAS SET OR TIED.
MM INDICATES DATA IS MISSING.
T  INDICATES TRACE AMOUNT.




$$
