000
CDUS46 KOTX 160840
CLIEAT


CLIMATE REPORT
NATIONAL WEATHER SERVICE SPOKANE, WA
139 AM PDT TUE SEP 16 2014


...................................

...THE WENATCHEE WA PANGBORN FIELD CLIMATE SUMMARY FOR SEPTEMBER 15 2014...

CLIMATE NORMAL PERIOD 1981 TO 2010
CLIMATE RECORD PERIOD 1959 TO 2014


WEATHER ITEM   OBSERVED TIME   RECORD YEAR NORMAL DEPARTURE LAST
                VALUE   (LST)  VALUE       VALUE  FROM      YEAR
                                                  NORMAL
..................................................................
TEMPERATURE (F)
 YESTERDAY
  MAXIMUM         86    344 PM  92    1995  77      9       90
  MINIMUM         52    642 AM  40    1969  53     -1       63
  AVERAGE         69                        65      4       77

PRECIPITATION (IN)
  YESTERDAY        0.00          0.32 2013   0.01  -0.01     0.32
  MONTH TO DATE    T                         0.16  -0.16     0.62
  SINCE OCT 1      4.52                      7.83  -3.31    10.30
  SINCE JAN 1      3.96                      4.88  -0.92     6.50

SNOWFALL (IN)
  YESTERDAY       MM             0.0  1999   0.0   MM       MM
  MONTH TO DATE   MM                         0.0   MM       MM
  SINCE SEP 1     MM                         0.0   MM       MM
  SINCE JUL 1     MM                         0.0   MM       MM
  SNOW DEPTH      MM

DEGREE DAYS
 HEATING
  YESTERDAY        0                         3     -3        0
  MONTH TO DATE   16                        26    -10        3
  SINCE SEP 1     16                        26    -10        3
  SINCE JUL 1     16                        40    -24        3

 COOLING
  YESTERDAY        4                         3      1       12
  MONTH TO DATE   47                        59    -12      143
  SINCE SEP 1     47                        59    -12      143
  SINCE JAN 1   1138                       847    291     1024
..................................................................


WIND (MPH)
  HIGHEST WIND SPEED    15   HIGHEST WIND DIRECTION     W (280)
  HIGHEST GUST SPEED    18   HIGHEST GUST DIRECTION     W (290)
  AVERAGE WIND SPEED     5.8


SKY COVER
  POSSIBLE SUNSHINE  MM
  AVERAGE SKY COVER 0.0


WEATHER CONDITIONS
 THE FOLLOWING WEATHER WAS RECORDED YESTERDAY.
  NO SIGNIFICANT WEATHER WAS OBSERVED.


RELATIVE HUMIDITY (PERCENT)
 HIGHEST    46           500 AM
 LOWEST     12           300 PM
 AVERAGE    29

..........................................................


THE WENATCHEE WA PANGBORN FIELD CLIMATE NORMALS FOR TODAY
                         NORMAL    RECORD    YEAR
 MAXIMUM TEMPERATURE (F)   77        92      1981
 MINIMUM TEMPERATURE (F)   52        39      1992


SUNRISE AND SUNSET
SEPTEMBER 16 2014.....SUNRISE   640 AM PDT   SUNSET   711 PM PDT
SEPTEMBER 17 2014.....SUNRISE   641 AM PDT   SUNSET   708 PM PDT


-  INDICATES NEGATIVE NUMBERS.
R  INDICATES RECORD WAS SET OR TIED.
MM INDICATES DATA IS MISSING.
T  INDICATES TRACE AMOUNT.




$$
