000
CDUS46 KOTX 010827
CLIEAT


CLIMATE REPORT
NATIONAL WEATHER SERVICE SPOKANE, WA
1227 AM PST SUN MAR 1 2015


...................................

...THE WENATCHEE WA PANGBORN FIELD CLIMATE SUMMARY FOR FEBRUARY 28 2015...

CLIMATE NORMAL PERIOD 1981 TO 2010
CLIMATE RECORD PERIOD 1959 TO 2015


WEATHER ITEM   OBSERVED TIME   RECORD YEAR NORMAL DEPARTURE LAST
                VALUE   (LST)  VALUE       VALUE  FROM      YEAR
                                                  NORMAL
..................................................................
TEMPERATURE (F)
 YESTERDAY
  MAXIMUM         51    443 PM  62    1968  47      4       50
  MINIMUM         34   1027 PM   9    1993  30      4       34
  AVERAGE         43                        38      5       42

PRECIPITATION (IN)
  YESTERDAY        0.00          0.53 1977   0.03  -0.03     0.00
  MONTH TO DATE    0.90                      0.81   0.09     0.76
  SINCE OCT 1      4.71                      4.82  -0.11     1.76
  SINCE JAN 1      1.53                      1.87  -0.34     1.20

SNOWFALL (IN)
  YESTERDAY       MM

DEGREE DAYS
 HEATING
  YESTERDAY       22                        27     -5       23
  MONTH TO DATE  600                       846   -246      987
  SINCE DEC 1   2523                      3092   -569     3205
  SINCE JUL 1   3629                      4464   -835     4570

 COOLING
  YESTERDAY        0                         0      0        0
  MONTH TO DATE    0                         0      0        0
  SINCE DEC 1      0                         0      0        0
  SINCE JAN 1      0                         0      0        0
..................................................................


WIND (MPH)
  HIGHEST WIND SPEED    18   HIGHEST WIND DIRECTION     N (350)
  HIGHEST GUST SPEED    26   HIGHEST GUST DIRECTION     N (340)
  AVERAGE WIND SPEED     6.9


SKY COVER
  POSSIBLE SUNSHINE  MM
  AVERAGE SKY COVER 0.1


WEATHER CONDITIONS
 THE FOLLOWING WEATHER WAS RECORDED YESTERDAY.
  NO SIGNIFICANT WEATHER WAS OBSERVED.


RELATIVE HUMIDITY (PERCENT)
 HIGHEST    59          1100 PM
 LOWEST     21           500 PM
 AVERAGE    40

..........................................................


THE WENATCHEE WA PANGBORN FIELD CLIMATE NORMALS FOR TODAY
                         NORMAL    RECORD    YEAR
 MAXIMUM TEMPERATURE (F)   47        63      2013
                                             1988
 MINIMUM TEMPERATURE (F)   31        14      1993


SUNRISE AND SUNSET
MARCH  1 2015.........SUNRISE   641 AM PST   SUNSET   546 PM PST
MARCH  2 2015.........SUNRISE   639 AM PST   SUNSET   547 PM PST


-  INDICATES NEGATIVE NUMBERS.
R  INDICATES RECORD WAS SET OR TIED.
MM INDICATES DATA IS MISSING.
T  INDICATES TRACE AMOUNT.




$$
