000
CDUS46 KOTX 270834
CLIEAT


CLIMATE REPORT
NATIONAL WEATHER SERVICE SPOKANE, WA
1234 AM PST THU NOV 27 2014


...................................

...THE WENATCHEE WA PANGBORN FIELD CLIMATE SUMMARY FOR NOVEMBER 26 2014...

CLIMATE NORMAL PERIOD 1981 TO 2010
CLIMATE RECORD PERIOD 1959 TO 2014


WEATHER ITEM   OBSERVED TIME   RECORD YEAR NORMAL DEPARTURE LAST
                VALUE   (LST)  VALUE       VALUE  FROM      YEAR
                                                  NORMAL
..................................................................
TEMPERATURE (F)
 YESTERDAY
  MAXIMUM         41    253 PM  55    1995  38      3       38
  MINIMUM         37    439 AM  -4    1985  28      9       24
  AVERAGE         39                        33      6       31

PRECIPITATION (IN)
  YESTERDAY        T             0.45 1991   0.04  -0.04     0.00
  MONTH TO DATE    0.91                      0.93  -0.02     0.30
  SINCE OCT 1      1.84                      1.37   0.47     0.45
  SINCE JAN 1      5.96                      6.43  -0.47     7.14

SNOWFALL (IN)
  YESTERDAY       MM

DEGREE DAYS
 HEATING
  YESTERDAY       26                        32     -6       34
  MONTH TO DATE  683                       691     -8      687
  SINCE SEP 1    991                      1227   -236     1233
  SINCE JUL 1    991                      1241   -250     1233

 COOLING
  YESTERDAY        0                         0      0        0
  MONTH TO DATE    0                         0      0        0
  SINCE SEP 1    127                         2    125      147
  SINCE JAN 1   1218                       790    428     1028
..................................................................


WIND (MPH)
  HIGHEST WIND SPEED     7   HIGHEST WIND DIRECTION     E (90)
  HIGHEST GUST SPEED    11   HIGHEST GUST DIRECTION     W (260)
  AVERAGE WIND SPEED     1.1


SKY COVER
  POSSIBLE SUNSHINE  MM
  AVERAGE SKY COVER 1.0


WEATHER CONDITIONS
 THE FOLLOWING WEATHER WAS RECORDED YESTERDAY.
  LIGHT RAIN
  FOG
  FOG W/VISIBILITY <= 1/4 MILE


RELATIVE HUMIDITY (PERCENT)
 HIGHEST    92          1200 AM
 LOWEST     79          1200 PM
 AVERAGE    86

..........................................................


THE WENATCHEE WA PANGBORN FIELD CLIMATE NORMALS FOR TODAY
                         NORMAL    RECORD    YEAR
 MAXIMUM TEMPERATURE (F)   38        52      1968
 MINIMUM TEMPERATURE (F)   28         0      1985


SUNRISE AND SUNSET
NOVEMBER 27 2014......SUNRISE   722 AM PST   SUNSET   414 PM PST
NOVEMBER 28 2014......SUNRISE   724 AM PST   SUNSET   414 PM PST


-  INDICATES NEGATIVE NUMBERS.
R  INDICATES RECORD WAS SET OR TIED.
MM INDICATES DATA IS MISSING.
T  INDICATES TRACE AMOUNT.




$$
