000
CDUS46 KOTX 070832
CLIEAT


CLIMATE REPORT
NATIONAL WEATHER SERVICE SPOKANE, WA
131 AM PDT TUE JUL 7 2015


...................................

...THE WENATCHEE WA PANGBORN FIELD CLIMATE SUMMARY FOR JULY 6 2015...

CLIMATE NORMAL PERIOD 1981 TO 2010
CLIMATE RECORD PERIOD 1959 TO 2015


WEATHER ITEM   OBSERVED TIME   RECORD YEAR NORMAL DEPARTURE LAST
                VALUE   (LST)  VALUE       VALUE  FROM      YEAR
                                                  NORMAL
..................................................................
TEMPERATURE (F)
 YESTERDAY
  MAXIMUM         97    535 PM 104    1968  85     12       96
  MINIMUM         69    455 AM  46    1971  60      9       70
  AVERAGE         83                        72     11       83

PRECIPITATION (IN)
  YESTERDAY        0.00          0.13 1993   0.01  -0.01     0.00
  MONTH TO DATE    0.00                      0.07  -0.07     0.00
  SINCE OCT 1      6.91                      7.27  -0.36     3.31
  SINCE JAN 1      3.73                      4.32  -0.59     2.75

SNOWFALL (IN)
  YESTERDAY       MM

DEGREE DAYS
 HEATING
  YESTERDAY        0                         0      0        0
  MONTH TO DATE    0                         2     -2        0
  SINCE JUN 1      0                        60    -60       15
  SINCE JUL 1      0                         2     -2        0

 COOLING
  YESTERDAY       18                         7     11       18
  MONTH TO DATE  136                        40     96       84
  SINCE JUN 1    519                       332    187      240
  SINCE JAN 1    618                       479    139      298
..................................................................


WIND (MPH)
  HIGHEST WIND SPEED    20   HIGHEST WIND DIRECTION     W (280)
  HIGHEST GUST SPEED    23   HIGHEST GUST DIRECTION    SW (240)
  AVERAGE WIND SPEED     7.2


SKY COVER
  POSSIBLE SUNSHINE  MM
  AVERAGE SKY COVER 0.0


WEATHER CONDITIONS
 THE FOLLOWING WEATHER WAS RECORDED YESTERDAY.
  NO SIGNIFICANT WEATHER WAS OBSERVED.


RELATIVE HUMIDITY (PERCENT)
 HIGHEST    33           600 AM
 LOWEST     15           400 PM
 AVERAGE    24

..........................................................


THE WENATCHEE WA PANGBORN FIELD CLIMATE NORMALS FOR TODAY
                         NORMAL    RECORD    YEAR
 MAXIMUM TEMPERATURE (F)   85        99      1968
 MINIMUM TEMPERATURE (F)   60        43      1971


SUNRISE AND SUNSET
JULY  7 2015..........SUNRISE   512 AM PDT   SUNSET   859 PM PDT
JULY  8 2015..........SUNRISE   513 AM PDT   SUNSET   858 PM PDT


-  INDICATES NEGATIVE NUMBERS.
R  INDICATES RECORD WAS SET OR TIED.
MM INDICATES DATA IS MISSING.
T  INDICATES TRACE AMOUNT.




$$
