000
CDUS46 KOTX 222334
CLIEAT


CLIMATE REPORT
NATIONAL WEATHER SERVICE SPOKANE, WA
433 PM PDT THU JUN 22 2017


...................................

...THE WENATCHEE WA PANGBORN FIELD CLIMATE SUMMARY FOR JUNE 21 2017...

CLIMATE NORMAL PERIOD 1981 TO 2010
CLIMATE RECORD PERIOD 1959 TO 2017


WEATHER ITEM   OBSERVED TIME   RECORD YEAR NORMAL DEPARTURE LAST
                VALUE   (LST)  VALUE       VALUE  FROM      YEAR
                                                  NORMAL
..................................................................
TEMPERATURE (F)
 YESTERDAY
  MAXIMUM         79    142 PM 100    1992  80     -1       79
  MINIMUM         57    500 AM  46    1981  56      1       59
  AVERAGE         68                        68      0       69

PRECIPITATION (IN)
  YESTERDAY        0.00          0.92 1984   0.01  -0.01     0.03
  MONTH TO DATE    0.20                      0.47  -0.27     0.61
  SINCE OCT 1      9.82                      7.07   2.75    10.85
  SINCE JAN 1      7.00                      4.12   2.88     6.99

SNOWFALL (IN)
  YESTERDAY       MM

DEGREE DAYS
 HEATING
  YESTERDAY        0                         1     -1        0
  MONTH TO DATE   40                        49     -9       55
  SINCE JUN 1     40                        49     -9       55
  SINCE JUL 1   6241                      5763    478     4766

 COOLING
  YESTERDAY        3                         4     -1        4
  MONTH TO DATE   43                        63    -20      100
  SINCE JUN 1     43                        63    -20      100
  SINCE JAN 1     99                       210   -111      142
..................................................................


WIND (MPH)
  HIGHEST WIND SPEED    32   HIGHEST WIND DIRECTION    NW (300)
  HIGHEST GUST SPEED    40   HIGHEST GUST DIRECTION    NW (310)
  AVERAGE WIND SPEED    21.9


SKY COVER
  POSSIBLE SUNSHINE  MM
  AVERAGE SKY COVER 0.0


WEATHER CONDITIONS
 THE FOLLOWING WEATHER WAS RECORDED YESTERDAY.
  NO SIGNIFICANT WEATHER WAS OBSERVED.


RELATIVE HUMIDITY (PERCENT)
 HIGHEST    42          1100 PM
 LOWEST     13           200 PM
 AVERAGE    28

..........................................................


THE WENATCHEE WA PANGBORN FIELD CLIMATE NORMALS FOR TODAY
                         NORMAL    RECORD    YEAR
 MAXIMUM TEMPERATURE (F)   80       101      1992
 MINIMUM TEMPERATURE (F)   56        43      1997


SUNRISE AND SUNSET
JUNE 22 2017..........SUNRISE   504 AM PDT   SUNSET   902 PM PDT
JUNE 23 2017..........SUNRISE   505 AM PDT   SUNSET   902 PM PDT


-  INDICATES NEGATIVE NUMBERS.
R  INDICATES RECORD WAS SET OR TIED.
MM INDICATES DATA IS MISSING.
T  INDICATES TRACE AMOUNT.




$$
