000
CDUS46 KOTX 250825
CLIEAT


CLIMATE REPORT
NATIONAL WEATHER SERVICE SPOKANE, WA
124 AM PDT SAT OCT 25 2014


...................................

...THE WENATCHEE WA PANGBORN FIELD CLIMATE SUMMARY FOR OCTOBER 24 2014...

CLIMATE NORMAL PERIOD 1981 TO 2010
CLIMATE RECORD PERIOD 1959 TO 2014


WEATHER ITEM   OBSERVED TIME   RECORD YEAR NORMAL DEPARTURE LAST
                VALUE   (LST)  VALUE       VALUE  FROM      YEAR
                                                  NORMAL
..................................................................
TEMPERATURE (F)
 YESTERDAY
  MAXIMUM         53    358 PM  69    1992  56     -3       65
  MINIMUM         43    706 AM  29    1983  38      5       40
  AVERAGE         48                        47      1       53

PRECIPITATION (IN)
  YESTERDAY        0.19          0.49 1979   0.02   0.17     0.00
  MONTH TO DATE    0.36                      0.28   0.08      T
  SINCE OCT 1      0.36                      0.28   0.08      T
  SINCE JAN 1      4.48                      5.34  -0.86     6.69

SNOWFALL (IN)
  YESTERDAY       MM

DEGREE DAYS
 HEATING
  YESTERDAY       17                        18     -1       12
  MONTH TO DATE  164                       301   -137      320
  SINCE SEP 1    199                       399   -200      416
  SINCE JUL 1    199                       413   -214      416

 COOLING
  YESTERDAY        0                         0      0        0
  MONTH TO DATE   17                         0     17        0
  SINCE SEP 1    127                         2    125      147
  SINCE JAN 1   1218                       790    428     1028
..................................................................


WIND (MPH)
  HIGHEST WIND SPEED    12   HIGHEST WIND DIRECTION     N (340)
  HIGHEST GUST SPEED    14   HIGHEST GUST DIRECTION    NW (330)
  AVERAGE WIND SPEED     5.0


SKY COVER
  POSSIBLE SUNSHINE  MM
  AVERAGE SKY COVER 0.5


WEATHER CONDITIONS
 THE FOLLOWING WEATHER WAS RECORDED YESTERDAY.
  RAIN
  LIGHT RAIN
  FOG


RELATIVE HUMIDITY (PERCENT)
 HIGHEST    86           800 PM
 LOWEST     54           200 PM
 AVERAGE    70

..........................................................


THE WENATCHEE WA PANGBORN FIELD CLIMATE NORMALS FOR TODAY
                         NORMAL    RECORD    YEAR
 MAXIMUM TEMPERATURE (F)   56        69      1987
 MINIMUM TEMPERATURE (F)   38        27      2002


SUNRISE AND SUNSET
OCTOBER 25 2014.......SUNRISE   734 AM PDT   SUNSET   555 PM PDT
OCTOBER 26 2014.......SUNRISE   736 AM PDT   SUNSET   553 PM PDT


-  INDICATES NEGATIVE NUMBERS.
R  INDICATES RECORD WAS SET OR TIED.
MM INDICATES DATA IS MISSING.
T  INDICATES TRACE AMOUNT.




$$
