000
CDUS46 KOTX 292344
CLIEAT


CLIMATE REPORT
NATIONAL WEATHER SERVICE SPOKANE, WA
444 PM PDT SUN MAR 29 2015


...................................

...THE WENATCHEE WA PANGBORN FIELD CLIMATE SUMMARY FOR MARCH 29 2015...
VALID AS OF 0400 PM LOCAL TIME.

CLIMATE NORMAL PERIOD 1981 TO 2010
CLIMATE RECORD PERIOD 1959 TO 2015


WEATHER ITEM   OBSERVED TIME   RECORD YEAR NORMAL DEPARTURE LAST
                VALUE   (LST)  VALUE       VALUE  FROM      YEAR
                                                  NORMAL
..................................................................
TEMPERATURE (F)
 TODAY
  MAXIMUM         65    259 PM  75    1994  58      7       58
  MINIMUM         47    623 AM  27    1987  38      9       35
  AVERAGE         56                        48      8       47

PRECIPITATION (IN)
  TODAY            0.00          0.06 1983   0.02  -0.02     0.05
  MONTH TO DATE    0.65                      0.61   0.04     0.69
  SINCE OCT 1      5.36                      5.43  -0.07     2.45
  SINCE JAN 1      2.18                      2.48  -0.30     1.89

SNOWFALL (IN)
  TODAY           MM

DEGREE DAYS
 HEATING
  TODAY            9                        17     -8       18
  MONTH TO DATE  415                       614   -199      608
  SINCE MAR 1    415                       614   -199      608
  SINCE JUL 1   4044                      5078  -1034     5178

 COOLING
  TODAY            0                         0      0        0
  MONTH TO DATE    0                         0      0        0
  SINCE MAR 1      0                         0      0        0
  SINCE JAN 1      0                         0      0        0
..................................................................


WIND (MPH)
  HIGHEST WIND SPEED     8   HIGHEST WIND DIRECTION    SE (150)
  HIGHEST GUST SPEED    11   HIGHEST GUST DIRECTION    SE (150)
  AVERAGE WIND SPEED     3.7


SKY COVER
  POSSIBLE SUNSHINE  MM
  AVERAGE SKY COVER 0.1


WEATHER CONDITIONS
 THE FOLLOWING WEATHER WAS RECORDED TODAY.
  NO SIGNIFICANT WEATHER WAS OBSERVED.


RELATIVE HUMIDITY (PERCENT)
 HIGHEST    66           400 AM
 LOWEST     34           300 PM
 AVERAGE    50

..........................................................


THE WENATCHEE WA PANGBORN FIELD CLIMATE NORMALS FOR TOMORROW
                         NORMAL    RECORD    YEAR
 MAXIMUM TEMPERATURE (F)   59        73      2003
                                             1994
 MINIMUM TEMPERATURE (F)   38        28      1987


SUNRISE AND SUNSET
MARCH 29 2015.........SUNRISE   646 AM PDT   SUNSET   726 PM PDT
MARCH 30 2015.........SUNRISE   644 AM PDT   SUNSET   728 PM PDT


-  INDICATES NEGATIVE NUMBERS.
R  INDICATES RECORD WAS SET OR TIED.
MM INDICATES DATA IS MISSING.
T  INDICATES TRACE AMOUNT.




$$
