000
CDUS46 KOTX 032328
CLIEAT


CLIMATE REPORT
NATIONAL WEATHER SERVICE SPOKANE, WA
427 PM PDT WED JUN 3 2015


...................................

...THE WENATCHEE WA PANGBORN FIELD CLIMATE SUMMARY FOR JUNE 3 2015...
VALID AS OF 0400 PM LOCAL TIME.

CLIMATE NORMAL PERIOD 1981 TO 2010
CLIMATE RECORD PERIOD 1959 TO 2015


WEATHER ITEM   OBSERVED TIME   RECORD YEAR NORMAL DEPARTURE LAST
                VALUE   (LST)  VALUE       VALUE  FROM      YEAR
                                                  NORMAL
..................................................................
TEMPERATURE (F)
 TODAY
  MAXIMUM         76    121 PM  98    1970  76      0       86
  MINIMUM         58    449 AM  38    1976  53      5       63
  AVERAGE         67                        64      3       75

PRECIPITATION (IN)
  TODAY            0.00          0.25 1997   0.03  -0.03     0.00
  MONTH TO DATE    T                         0.09  -0.09      T
  SINCE OCT 1      6.87                      6.69   0.18     2.87
  SINCE JAN 1      3.69                      3.74  -0.05     2.31

SNOWFALL (IN)
  TODAY           MM

DEGREE DAYS
 HEATING
  TODAY            0                         3     -3        0
  MONTH TO DATE    0                         9     -9        0
  SINCE JUN 1      0                         9     -9        0
  SINCE JUL 1   4498                      5723  -1225     5623

 COOLING
  TODAY            2                         2      0       10
  MONTH TO DATE   14                         6      8       27
  SINCE JUN 1     14                         6      8       27
  SINCE JAN 1    113                       153    -40       85
..................................................................


WIND (MPH)
  HIGHEST WIND SPEED    20   HIGHEST WIND DIRECTION     N (350)
  HIGHEST GUST SPEED    34   HIGHEST GUST DIRECTION     N (20)
  AVERAGE WIND SPEED     9.9


SKY COVER
  POSSIBLE SUNSHINE  MM
  AVERAGE SKY COVER 0.4


WEATHER CONDITIONS
 THE FOLLOWING WEATHER WAS RECORDED TODAY.
  NO SIGNIFICANT WEATHER WAS OBSERVED.


RELATIVE HUMIDITY (PERCENT)
 HIGHEST    51           500 AM
 LOWEST     27           200 PM
 AVERAGE    39

..........................................................


THE WENATCHEE WA PANGBORN FIELD CLIMATE NORMALS FOR TOMORROW
                         NORMAL    RECORD    YEAR
 MAXIMUM TEMPERATURE (F)   76        98      1969
 MINIMUM TEMPERATURE (F)   53        42      1991


SUNRISE AND SUNSET
JUNE  3 2015..........SUNRISE   507 AM PDT   SUNSET   851 PM PDT
JUNE  4 2015..........SUNRISE   506 AM PDT   SUNSET   852 PM PDT


-  INDICATES NEGATIVE NUMBERS.
R  INDICATES RECORD WAS SET OR TIED.
MM INDICATES DATA IS MISSING.
T  INDICATES TRACE AMOUNT.




$$
