000
CDUS43 KMPX 020746
CLIEAU


CLIMATE REPORT
NATIONAL WEATHER SERVICE CHANHASSEN MN
245 AM CDT SUN AUG 2 2015


...................................

...THE EAU CLAIRE WI CLIMATE SUMMARY FOR AUGUST 1 2015...

CLIMATE NORMAL PERIOD 1981 TO 2010
CLIMATE RECORD PERIOD 1893 TO 2015


WEATHER ITEM   OBSERVED TIME   RECORD YEAR NORMAL DEPARTURE LAST
                VALUE   (LST)  VALUE       VALUE  FROM      YEAR
                                                  NORMAL
..................................................................
TEMPERATURE (F)
 YESTERDAY
  MAXIMUM         84    316 PM 104    1988  82      2       84
  MINIMUM         60    448 AM  46    1920  60      0       61
                                      1895
  AVERAGE         72                        71      1       73

PRECIPITATION (IN)
  YESTERDAY        0.01          3.63 1967   0.15  -0.14      T
  MONTH TO DATE    0.01                      0.15  -0.14      T
  SINCE JUN 1     10.93                      8.16   2.77    12.28
  SINCE JAN 1     20.38                     17.80   2.58    26.38

SNOWFALL (IN)
  YESTERDAY        0.0           0.0    MM   0.0    0.0      0.0
  MONTH TO DATE    0.0                       0.0    0.0      0.0
  SINCE JUN 1      0.0                       0.0    0.0      0.0
  SINCE JUL 1      0.0                       0.0    0.0      0.0
  SNOW DEPTH       0

DEGREE DAYS
 HEATING
  YESTERDAY        0                         0      0        0
  MONTH TO DATE    0                         0      0        0
  SINCE JUN 1     44                        73    -29       43
  SINCE JUL 1     16                        11      5       18

 COOLING
  YESTERDAY        7                         6      1        8
  MONTH TO DATE    7                         6      1        8
  SINCE JUN 1    269                       340    -71      280
  SINCE JAN 1    287                       372    -85      315
..................................................................


WIND (MPH)
  HIGHEST WIND SPEED    15   HIGHEST WIND DIRECTION     W (260)
  HIGHEST GUST SPEED    20   HIGHEST GUST DIRECTION    SW (240)
  AVERAGE WIND SPEED     4.9


SKY COVER
  POSSIBLE SUNSHINE  MM
  AVERAGE SKY COVER 0.3


WEATHER CONDITIONS
 THE FOLLOWING WEATHER WAS RECORDED YESTERDAY.
  THUNDERSTORM
  LIGHT RAIN


RELATIVE HUMIDITY (PERCENT)
 HIGHEST    87          1100 PM
 LOWEST     36          1200 PM
 AVERAGE    62

..........................................................


THE EAU CLAIRE WI CLIMATE NORMALS FOR TODAY
                         NORMAL    RECORD    YEAR
 MAXIMUM TEMPERATURE (F)   82       102      1988
 MINIMUM TEMPERATURE (F)   60        45      1920
                                             1927
                                             1973


SUNRISE AND SUNSET
AUGUST  2 2015........SUNRISE   553 AM CDT   SUNSET   831 PM CDT
AUGUST  3 2015........SUNRISE   554 AM CDT   SUNSET   830 PM CDT


-  INDICATES NEGATIVE NUMBERS.
R  INDICATES RECORD WAS SET OR TIED.
MM INDICATES DATA IS MISSING.
T  INDICATES TRACE AMOUNT.




$$
