758
CDUS43 KMPX 170654
CLIEAU


CLIMATE REPORT
NATIONAL WEATHER SERVICE CHANHASSEN MN
1253 AM CST SUN DEC 17 2017


...................................

...THE EAU CLAIRE WI CLIMATE SUMMARY FOR DECEMBER 16 2017...

CLIMATE NORMAL PERIOD 1981 TO 2010
CLIMATE RECORD PERIOD 1893 TO 2017


WEATHER ITEM   OBSERVED TIME   RECORD YEAR NORMAL DEPARTURE LAST
                VALUE   (LST)  VALUE       VALUE  FROM      YEAR
                                                  NORMAL
..................................................................
TEMPERATURE (F)
 YESTERDAY
  MAXIMUM         26    234 PM  52    1939  27     -1       13
  MINIMUM         21    701 PM -26    1932  10     11        3
  AVERAGE         24                        18      6        8

PRECIPITATION (IN)
  YESTERDAY        0.03          0.74 1894   0.03   0.00     0.36
  MONTH TO DATE    0.74                      0.58   0.16     1.13
  SINCE DEC 1      0.74                      0.58   0.16     1.13
  SINCE JAN 1     35.16                     30.56   4.60    40.05

SNOWFALL (IN)
  YESTERDAY        0.3           7.1  1940   0.3    0.0      5.6
  MONTH TO DATE    5.2                       4.9    0.3     15.5
  SINCE DEC 1      5.2                       4.9    0.3     15.5
  SINCE JUL 1      8.5                      11.2   -2.7     17.2
  SNOW DEPTH       3

DEGREE DAYS
 HEATING
  YESTERDAY       41                        47     -6       57
  MONTH TO DATE  663                       703    -40      755
  SINCE DEC 1    663                       703    -40      755
  SINCE JUL 1   2304                      2449   -145     1964

 COOLING
  YESTERDAY        0                         0      0        0
  MONTH TO DATE    0                         0      0        0
  SINCE DEC 1      0                         0      0        0
  SINCE JAN 1    466                       579   -113      624
..................................................................


WIND (MPH)
  HIGHEST WIND SPEED    13   HIGHEST WIND DIRECTION     E (80)
  HIGHEST GUST SPEED    17   HIGHEST GUST DIRECTION     E (70)
  AVERAGE WIND SPEED     7.6


SKY COVER
  POSSIBLE SUNSHINE  MM
  AVERAGE SKY COVER 0.8


WEATHER CONDITIONS
 THE FOLLOWING WEATHER WAS RECORDED YESTERDAY.
  LIGHT SNOW
  FOG


RELATIVE HUMIDITY (PERCENT)
 HIGHEST    96           100 AM
 LOWEST     68           100 PM
 AVERAGE    82

..........................................................


THE EAU CLAIRE WI CLIMATE NORMALS FOR TODAY
                         NORMAL    RECORD    YEAR
 MAXIMUM TEMPERATURE (F)   26        47      1997
                                             1939
                                             1923
 MINIMUM TEMPERATURE (F)   10       -21      1985


SUNRISE AND SUNSET
DECEMBER 17 2017......SUNRISE   738 AM CST   SUNSET   426 PM CST
DECEMBER 18 2017......SUNRISE   739 AM CST   SUNSET   426 PM CST


-  INDICATES NEGATIVE NUMBERS.
R  INDICATES RECORD WAS SET OR TIED.
MM INDICATES DATA IS MISSING.
T  INDICATES TRACE AMOUNT.




$$
