000
CDUS43 KMPX 120628
CLIEAU


CLIMATE REPORT
NATIONAL WEATHER SERVICE CHANHASSEN MN
1227 AM CST FRI FEB 12 2016


...................................

...THE EAU CLAIRE WI CLIMATE SUMMARY FOR FEBRUARY 11 2016...

CLIMATE NORMAL PERIOD 1981 TO 2010
CLIMATE RECORD PERIOD 1893 TO 2016


WEATHER ITEM   OBSERVED TIME   RECORD YEAR NORMAL DEPARTURE LAST
                VALUE   (LST)  VALUE       VALUE  FROM      YEAR
                                                  NORMAL
..................................................................
TEMPERATURE (F)
 YESTERDAY
  MAXIMUM         15    732 PM  49    1961  28    -13       27
  MINIMUM        -10    614 AM -36    1899   8    -18        4
  AVERAGE          3                        18    -15       16

PRECIPITATION (IN)
  YESTERDAY        0.00          0.68 1999   0.02  -0.02      T
  MONTH TO DATE    0.45                      0.29   0.16     0.17
  SINCE DEC 1      4.71                      2.18   2.53     1.22
  SINCE JAN 1      0.87                      1.18  -0.31     0.54

SNOWFALL (IN)
  YESTERDAY        0.0           7.0  1965   0.2   -0.2      0.1
  MONTH TO DATE    7.2                       3.2    4.0      2.8
  SINCE DEC 1     21.8                      25.9   -4.1     15.5
  SINCE JUL 1     23.2                      32.2   -9.0     29.7
  SNOW DEPTH       5

DEGREE DAYS
 HEATING
  YESTERDAY       62                        47     15       49
  MONTH TO DATE  537                       532      5      556
  SINCE DEC 1   3106                      3530   -424     3349
  SINCE JUL 1   4468                      5276   -808     5321

 COOLING
  YESTERDAY        0                         0      0        0
  MONTH TO DATE    0                         0      0        0
  SINCE DEC 1      0                         0      0        0
  SINCE JAN 1      0                         0      0        0
..................................................................


WIND (MPH)
  HIGHEST WIND SPEED    10   HIGHEST WIND DIRECTION     W (250)
  HIGHEST GUST SPEED    13   HIGHEST GUST DIRECTION     W (250)
  AVERAGE WIND SPEED     4.8


SKY COVER
  POSSIBLE SUNSHINE  MM
  AVERAGE SKY COVER 0.4


WEATHER CONDITIONS
 THE FOLLOWING WEATHER WAS RECORDED YESTERDAY.
  NO SIGNIFICANT WEATHER WAS OBSERVED.


RELATIVE HUMIDITY (PERCENT)
 HIGHEST    83           600 AM
 LOWEST     46           300 PM
 AVERAGE    65

..........................................................


THE EAU CLAIRE WI CLIMATE NORMALS FOR TODAY
                         NORMAL    RECORD    YEAR
 MAXIMUM TEMPERATURE (F)   28        50      2005
 MINIMUM TEMPERATURE (F)    9       -28      1967
                                             1917
                                             1899


SUNRISE AND SUNSET
FEBRUARY 12 2016......SUNRISE   712 AM CST   SUNSET   529 PM CST
FEBRUARY 13 2016......SUNRISE   710 AM CST   SUNSET   531 PM CST


-  INDICATES NEGATIVE NUMBERS.
R  INDICATES RECORD WAS SET OR TIED.
MM INDICATES DATA IS MISSING.
T  INDICATES TRACE AMOUNT.




$$
