000
CDUS43 KMPX 030707
CLIEAU


CLIMATE REPORT
NATIONAL WEATHER SERVICE CHANHASSEN MN
206 AM CDT WED SEP 3 2014


...................................

...THE EAU CLAIRE WI CLIMATE SUMMARY FOR SEPTEMBER 2 2014...

CLIMATE NORMAL PERIOD 1981 TO 2010
CLIMATE RECORD PERIOD 1893 TO 2014


WEATHER ITEM   OBSERVED TIME   RECORD YEAR NORMAL DEPARTURE LAST
                VALUE   (LST)  VALUE       VALUE  FROM      YEAR
                                                  NORMAL
..................................................................
TEMPERATURE (F)
 YESTERDAY
  MAXIMUM         78    303 PM 100    1937  77      1       72
  MINIMUM         58   1110 PM  37    1909  55      3       47
  AVERAGE         68                        66      2       60

PRECIPITATION (IN)
  YESTERDAY        0.00          2.33 1900   0.12  -0.12     0.00
  MONTH TO DATE    1.22                      0.25   0.97      T
  SINCE SEP 1      1.22                      0.25   0.97      T
  SINCE JAN 1     33.89                     22.37  11.52    27.64

SNOWFALL (IN)
  YESTERDAY        0.0           0.0    MM   0.0    0.0      0.0
  MONTH TO DATE    0.0                       0.0    0.0      0.0
  SINCE SEP 1      0.0                       0.0    0.0      0.0
  SINCE JUL 1      0.0                       0.0    0.0      0.0
  SNOW DEPTH       0

DEGREE DAYS
 HEATING
  YESTERDAY        0                         2     -2        5
  MONTH TO DATE    0                         4     -4        5
  SINCE SEP 1      0                         4     -4        5
  SINCE JUL 1     23                        43    -20       43

 COOLING
  YESTERDAY        3                         3      0        0
  MONTH TO DATE    6                         6      0        4
  SINCE SEP 1      6                         6      0        4
  SINCE JAN 1    484                       533    -49      570
..................................................................


WIND (MPH)
  HIGHEST WIND SPEED    15   HIGHEST WIND DIRECTION     W (250)
  HIGHEST GUST SPEED    19   HIGHEST GUST DIRECTION     W (260)
  AVERAGE WIND SPEED     6.2


SKY COVER
  POSSIBLE SUNSHINE  MM
  AVERAGE SKY COVER 0.1


WEATHER CONDITIONS
 THE FOLLOWING WEATHER WAS RECORDED YESTERDAY.
  NO SIGNIFICANT WEATHER WAS OBSERVED.


RELATIVE HUMIDITY (PERCENT)
 HIGHEST   100           700 AM
 LOWEST     40           400 PM
 AVERAGE    70

..........................................................


THE EAU CLAIRE WI CLIMATE NORMALS FOR TODAY
                         NORMAL    RECORD    YEAR
 MAXIMUM TEMPERATURE (F)   76        98      1929
 MINIMUM TEMPERATURE (F)   54        32      1974


SUNRISE AND SUNSET
SEPTEMBER  3 2014.....SUNRISE   630 AM CDT   SUNSET   739 PM CDT
SEPTEMBER  4 2014.....SUNRISE   632 AM CDT   SUNSET   737 PM CDT


-  INDICATES NEGATIVE NUMBERS.
R  INDICATES RECORD WAS SET OR TIED.
MM INDICATES DATA IS MISSING.
T  INDICATES TRACE AMOUNT.




$$
