000
CDUS42 KAKQ 280832
CLIECG


CLIMATE REPORT
NATIONAL WEATHER SERVICE WAKEFIELD, VA
332 AM EST SUN DEC 28 2014


...................................

...THE ELIZABETH CITY NC CLIMATE SUMMARY FOR DECEMBER 27 2014...

CLIMATE NORMAL PERIOD 1981 TO 2010
CLIMATE RECORD PERIOD 1934 TO 2014


WEATHER ITEM   OBSERVED TIME   RECORD YEAR NORMAL DEPARTURE LAST
                VALUE   (LST)  VALUE       VALUE  FROM      YEAR
                                                  NORMAL
..................................................................
TEMPERATURE (F)
 YESTERDAY
  MAXIMUM         62    317 PM  73    1936  51     11       51
  MINIMUM         34    543 AM  12    1935  32      2       27
  AVERAGE         48                        42      6       39

PRECIPITATION (IN)
  YESTERDAY        0.00          2.37 1964   0.08  -0.08     0.00
  MONTH TO DATE    2.98                      2.29   0.69     4.73
  SINCE DEC 1      2.98                      2.29   0.69     4.73
  SINCE JAN 1     40.27                     46.31  -6.04    44.32

SNOWFALL (IN)
  YESTERDAY        0.0           T    2010  MM     MM
                                      1950
  MONTH TO DATE    0.0                      MM     MM
  SINCE NOV 1      0.0                      MM     MM
  SINCE JUL 1      0.0                      MM     MM
  SNOW DEPTH       0

DEGREE DAYS
 HEATING
  YESTERDAY       17                        23     -6       26
  MONTH TO DATE  403                       546   -143      485
  SINCE DEC 1    403                       546   -143      485
  SINCE JUL 1    918                      1061   -143     1048

 COOLING
  YESTERDAY        0                         0      0        0
  MONTH TO DATE    0                         0      0       14
  SINCE DEC 1      0                         0      0       14
  SINCE JAN 1   1586                      1588     -2     1679
..................................................................


WIND (MPH)
  HIGHEST WIND SPEED    10   HIGHEST WIND DIRECTION     S (200)
  HIGHEST GUST SPEED    13   HIGHEST GUST DIRECTION     S (200)
  AVERAGE WIND SPEED     3.6


SKY COVER
  POSSIBLE SUNSHINE  MM
  AVERAGE SKY COVER 0.0


WEATHER CONDITIONS
 THE FOLLOWING WEATHER WAS RECORDED YESTERDAY.
  FOG
  FOG W/VISIBILITY <= 1/4 MILE
  HAZE


RELATIVE HUMIDITY (PERCENT)
 HIGHEST    92           700 AM
 LOWEST     39           200 PM
 AVERAGE    66

..........................................................


THE ELIZABETH CITY NC CLIMATE NORMALS FOR TODAY
                         NORMAL    RECORD    YEAR
 MAXIMUM TEMPERATURE (F)   51        77      1942
 MINIMUM TEMPERATURE (F)   32        14      1935


SUNRISE AND SUNSET
DECEMBER 28 2014......SUNRISE   715 AM EST   SUNSET   458 PM EST
DECEMBER 29 2014......SUNRISE   715 AM EST   SUNSET   458 PM EST


-  INDICATES NEGATIVE NUMBERS.
R  INDICATES RECORD WAS SET OR TIED.
MM INDICATES DATA IS MISSING.
T  INDICATES TRACE AMOUNT.




$$
