000
CDUS42 KAKQ 040545
CLIECG


CLIMATE REPORT
NATIONAL WEATHER SERVICE WAKEFIELD, VA
145 AM EDT WED MAY 4 2016


...................................

...THE ELIZABETH CITY NC CLIMATE SUMMARY FOR MAY 3 2016...

CLIMATE NORMAL PERIOD 1981 TO 2010
CLIMATE RECORD PERIOD 1934 TO 2016


WEATHER ITEM   OBSERVED TIME   RECORD YEAR NORMAL DEPARTURE LAST
                VALUE   (LST)  VALUE       VALUE  FROM      YEAR
                                                  NORMAL
..................................................................
TEMPERATURE (F)
 YESTERDAY
  MAXIMUM         73    532 PM  91    1965  74     -1       78
  MINIMUM         61   1131 PM  40    1988  53      8       47
  AVERAGE         67                        63      4       63

PRECIPITATION (IN)
  YESTERDAY        0.44          2.24 1972   0.10   0.34     0.00
  MONTH TO DATE    0.55                      0.30   0.25     0.01
  SINCE MAR 1      6.81                      7.42  -0.61     7.09
  SINCE JAN 1     14.40                     13.86   0.54    13.89

SNOWFALL (IN)
  YESTERDAY        0.0           0.0  2002  MM     MM
  MONTH TO DATE    0.0                      MM     MM
  SINCE NOV 1      1.8                      MM     MM
  SINCE JUL 1      1.8                      MM     MM
  SNOW DEPTH       0

DEGREE DAYS
 HEATING
  YESTERDAY        0                         4     -4        2
  MONTH TO DATE    0                        12    -12       20
  SINCE MAR 1    512                       701   -189      692
  SINCE JUL 1   2423                      3173   -750     3226

 COOLING
  YESTERDAY        2                         2      0        0
  MONTH TO DATE   13                         6      7        0
  SINCE MAR 1     68                        46     22       33
  SINCE JAN 1     68                        48     20       35
..................................................................


WIND (MPH)
  HIGHEST WIND SPEED    21   HIGHEST WIND DIRECTION     N (350)
  HIGHEST GUST SPEED    26   HIGHEST GUST DIRECTION     N (350)
  AVERAGE WIND SPEED     8.6


SKY COVER
  POSSIBLE SUNSHINE  MM
  AVERAGE SKY COVER 0.6


WEATHER CONDITIONS
 THE FOLLOWING WEATHER WAS RECORDED YESTERDAY.
  HEAVY RAIN
  RAIN
  LIGHT RAIN
  FOG


RELATIVE HUMIDITY (PERCENT)
 HIGHEST   100           800 AM
 LOWEST     73           400 PM
 AVERAGE    87

..........................................................


THE ELIZABETH CITY NC CLIMATE NORMALS FOR TODAY
                         NORMAL    RECORD    YEAR
 MAXIMUM TEMPERATURE (F)   74        92      1938
 MINIMUM TEMPERATURE (F)   53        37      1941


SUNRISE AND SUNSET
MAY  4 2016...........SUNRISE   608 AM EDT   SUNSET   755 PM EDT
MAY  5 2016...........SUNRISE   607 AM EDT   SUNSET   756 PM EDT


-  INDICATES NEGATIVE NUMBERS.
R  INDICATES RECORD WAS SET OR TIED.
MM INDICATES DATA IS MISSING.
T  INDICATES TRACE AMOUNT.




$$
