000
CDUS42 KAKQ 200832
CLIECG


CLIMATE REPORT
NATIONAL WEATHER SERVICE WAKEFIELD, VA
432 AM EDT MON OCT 20 2014


...................................

...THE ELIZABETH CITY NC CLIMATE SUMMARY FOR OCTOBER 19 2014...

CLIMATE NORMAL PERIOD 1981 TO 2010
CLIMATE RECORD PERIOD 1934 TO 2014


WEATHER ITEM   OBSERVED TIME   RECORD YEAR NORMAL DEPARTURE LAST
                VALUE   (LST)  VALUE       VALUE  FROM      YEAR
                                                  NORMAL
..................................................................
TEMPERATURE (F)
 YESTERDAY
  MAXIMUM         66    318 PM  87    2007  72     -6       69
                                      1947
  MINIMUM         42   1133 PM  34    1940  51     -9       61
  AVERAGE         54                        61     -7       65

PRECIPITATION (IN)
  YESTERDAY        0.00          4.30 1968   0.09  -0.09     0.23
  MONTH TO DATE    0.74                      1.93  -1.19     5.73
  SINCE SEP 1      6.74                      5.86   0.88     6.57
  SINCE JAN 1     34.18                     39.82  -5.64    36.60

SNOWFALL (IN)
  YESTERDAY        0.0           0.0  2002  MM     MM
  MONTH TO DATE    0.0                      MM     MM
  SINCE NOV 1     10.2                      MM     MM
  SINCE JUL 1      0.0                      MM     MM
  SNOW DEPTH       0

DEGREE DAYS
 HEATING
  YESTERDAY       11                         5      6        0
  MONTH TO DATE   29                        59    -30        1
  SINCE SEP 1     30                        71    -41       16
  SINCE JUL 1     30                        71    -41       16

 COOLING
  YESTERDAY        0                         1     -1        0
  MONTH TO DATE   69                        45     24       86
  SINCE SEP 1    329                       271     58      277
  SINCE JAN 1   1572                      1567      5     1657
..................................................................


WIND (MPH)
  HIGHEST WIND SPEED    23   HIGHEST WIND DIRECTION    NW (320)
  HIGHEST GUST SPEED    28   HIGHEST GUST DIRECTION    NW (330)
  AVERAGE WIND SPEED     9.8


SKY COVER
  POSSIBLE SUNSHINE  MM
  AVERAGE SKY COVER 0.2


WEATHER CONDITIONS
 THE FOLLOWING WEATHER WAS RECORDED YESTERDAY.
  NO SIGNIFICANT WEATHER WAS OBSERVED.


RELATIVE HUMIDITY (PERCENT)
 HIGHEST    89          1100 PM
 LOWEST     34           300 PM
 AVERAGE    62

..........................................................


THE ELIZABETH CITY NC CLIMATE NORMALS FOR TODAY
                         NORMAL    RECORD    YEAR
 MAXIMUM TEMPERATURE (F)   71        87      1984
 MINIMUM TEMPERATURE (F)   51        30      1974


SUNRISE AND SUNSET
OCTOBER 20 2014.......SUNRISE   716 AM EDT   SUNSET   622 PM EDT
OCTOBER 21 2014.......SUNRISE   717 AM EDT   SUNSET   621 PM EDT


-  INDICATES NEGATIVE NUMBERS.
R  INDICATES RECORD WAS SET OR TIED.
MM INDICATES DATA IS MISSING.
T  INDICATES TRACE AMOUNT.




$$
