000
CDUS42 KAKQ 170533
CLIECG


CLIMATE REPORT
NATIONAL WEATHER SERVICE WAKEFIELD, VA
133 AM EDT TUE OCT 17 2017


...................................

...THE ELIZABETH CITY NC CLIMATE SUMMARY FOR OCTOBER 16 2017...

CLIMATE NORMAL PERIOD 1981 TO 2010
CLIMATE RECORD PERIOD 1934 TO 2017


WEATHER ITEM   OBSERVED TIME   RECORD YEAR NORMAL DEPARTURE LAST
                VALUE   (LST)  VALUE       VALUE  FROM      YEAR
                                                  NORMAL
..................................................................
TEMPERATURE (F)
 YESTERDAY
  MAXIMUM         73    852 AM  86    2008  72      1       77
  MINIMUM         57   1159 PM  34    1937  52      5       54
  AVERAGE         65                        62      3       66

PRECIPITATION (IN)
  YESTERDAY        0.19          2.16 1964   0.09   0.10     0.00
  MONTH TO DATE    0.83                      1.66  -0.83    10.01
  SINCE SEP 1      3.25                      5.59  -2.34    22.04
  SINCE JAN 1     38.39                     39.55  -1.16    49.55

SNOWFALL (IN)
  YESTERDAY        0.0           0.0  2002  MM     MM
  MONTH TO DATE    0.0                      MM     MM
  SINCE NOV 1      1.2                      MM     MM
  SINCE JUL 1      0.0                      MM     MM
  SNOW DEPTH       0

DEGREE DAYS
 HEATING
  YESTERDAY        0                         4     -4        0
  MONTH TO DATE    3                        45    -42       27
  SINCE SEP 1      3                        57    -54       27
  SINCE JUL 1      3                        57    -54       27

 COOLING
  YESTERDAY        0                         1     -1        1
  MONTH TO DATE  121                        42     79       70
  SINCE SEP 1    392                       268    124      398
  SINCE JAN 1   1938                      1564    374     1905
..................................................................


WIND (MPH)
  HIGHEST WIND SPEED    28   HIGHEST WIND DIRECTION     N (340)
  HIGHEST GUST SPEED    32   HIGHEST GUST DIRECTION     N (340)
  AVERAGE WIND SPEED    12.1


SKY COVER
  POSSIBLE SUNSHINE  MM
  AVERAGE SKY COVER 0.6


WEATHER CONDITIONS
 THE FOLLOWING WEATHER WAS RECORDED YESTERDAY.
  HEAVY RAIN
  RAIN
  LIGHT RAIN
  FOG


RELATIVE HUMIDITY (PERCENT)
 HIGHEST   100          1200 AM
 LOWEST     69           800 PM
 AVERAGE    85

..........................................................


THE ELIZABETH CITY NC CLIMATE NORMALS FOR TODAY
                         NORMAL    RECORD    YEAR
 MAXIMUM TEMPERATURE (F)   72        84      2011
 MINIMUM TEMPERATURE (F)   52        35      1937


SUNRISE AND SUNSET
OCTOBER 17 2017.......SUNRISE   714 AM EDT   SUNSET   626 PM EDT
OCTOBER 18 2017.......SUNRISE   715 AM EDT   SUNSET   624 PM EDT


-  INDICATES NEGATIVE NUMBERS.
R  INDICATES RECORD WAS SET OR TIED.
MM INDICATES DATA IS MISSING.
T  INDICATES TRACE AMOUNT.




$$
