000
CDUS42 KAKQ 030626
CLIECG


CLIMATE REPORT
NATIONAL WEATHER SERVICE WAKEFIELD, VA
126 AM EST SAT DEC 3 2016


...................................

...THE ELIZABETH CITY NC CLIMATE SUMMARY FOR DECEMBER 2 2016...

CLIMATE NORMAL PERIOD 1981 TO 2010
CLIMATE RECORD PERIOD 1934 TO 2016


WEATHER ITEM   OBSERVED TIME   RECORD YEAR NORMAL DEPARTURE LAST
                VALUE   (LST)  VALUE       VALUE  FROM      YEAR
                                                  NORMAL
..................................................................
TEMPERATURE (F)
 YESTERDAY
  MAXIMUM         56    205 PM  76    1991  58     -2       66
  MINIMUM         35    721 AM  20    1965  38     -3       54
  AVERAGE         46                        48     -2       60

PRECIPITATION (IN)
  YESTERDAY        0.00          1.02 1936   0.09  -0.09     0.09
  MONTH TO DATE    0.08                      0.17  -0.09     0.19
  SINCE DEC 1      0.08                      0.17  -0.09     0.19
  SINCE JAN 1     51.52                     44.19   7.33    43.01

SNOWFALL (IN)
  YESTERDAY        0.0           0.0  2002  MM     MM
                                      2001
  MONTH TO DATE    0.0                      MM     MM
  SINCE NOV 1      0.0                      MM     MM
  SINCE JUL 1      0.0                      MM     MM
  SNOW DEPTH       0

DEGREE DAYS
 HEATING
  YESTERDAY       19                        17      2        5
  MONTH TO DATE   26                        34     -8       17
  SINCE DEC 1     26                        34     -8       17
  SINCE JUL 1    516                       549    -33      373

 COOLING
  YESTERDAY        0                         0      0        0
  MONTH TO DATE    0                         0      0        0
  SINCE DEC 1      0                         0      0        0
  SINCE JAN 1   1954                      1588    366     1843
..................................................................


WIND (MPH)
  HIGHEST WIND SPEED    14   HIGHEST WIND DIRECTION     W (280)
  HIGHEST GUST SPEED    19   HIGHEST GUST DIRECTION    NW (300)
  AVERAGE WIND SPEED     6.9


SKY COVER
  POSSIBLE SUNSHINE  MM
  AVERAGE SKY COVER 0.0


WEATHER CONDITIONS
 THE FOLLOWING WEATHER WAS RECORDED YESTERDAY.
  NO SIGNIFICANT WEATHER WAS OBSERVED.


RELATIVE HUMIDITY (PERCENT)
 HIGHEST    92           700 AM
 LOWEST     41          1200 PM
 AVERAGE    67

..........................................................


THE ELIZABETH CITY NC CLIMATE NORMALS FOR TODAY
                         NORMAL    RECORD    YEAR
 MAXIMUM TEMPERATURE (F)   58        81      1991
 MINIMUM TEMPERATURE (F)   38        18      1960


SUNRISE AND SUNSET
DECEMBER  3 2016......SUNRISE   700 AM EST   SUNSET   450 PM EST
DECEMBER  4 2016......SUNRISE   701 AM EST   SUNSET   450 PM EST


-  INDICATES NEGATIVE NUMBERS.
R  INDICATES RECORD WAS SET OR TIED.
MM INDICATES DATA IS MISSING.
T  INDICATES TRACE AMOUNT.




$$
