000
CDUS42 KAKQ 232138
CLIECG


CLIMATE REPORT
NATIONAL WEATHER SERVICE WAKEFIELD, VA
538 PM EDT THU MAR 23 2017


...................................

...THE ELIZABETH CITY NC CLIMATE SUMMARY FOR MARCH 23 2017...
VALID TODAY AS OF 0500 PM LOCAL TIME.

CLIMATE NORMAL PERIOD 1981 TO 2010
CLIMATE RECORD PERIOD 1934 TO 2017


WEATHER ITEM   OBSERVED TIME   RECORD YEAR NORMAL DEPARTURE LAST
                VALUE   (LST)  VALUE       VALUE  FROM      YEAR
                                                  NORMAL
..................................................................
TEMPERATURE (F)
 TODAY
  MAXIMUM         46    255 PM  84    2012  63    -17       75
  MINIMUM         35    623 AM  26    2004  41     -6       51
  AVERAGE         41

PRECIPITATION (IN)
  TODAY            0.00          1.04 1981   0.14  -0.14     0.00
  MONTH TO DATE    2.91                      2.79   0.12     1.15
  SINCE MAR 1      2.91                      2.79   0.12     1.15
  SINCE JAN 1      7.52                      9.23  -1.71     8.74

SNOWFALL (IN)
  TODAY            0.0
  MONTH TO DATE    T
  SINCE NOV 1      1.2
  SINCE JUL 1      1.2
  SNOW DEPTH       0

DEGREE DAYS
 HEATING
  TODAY           24
  MONTH TO DATE  433
  SINCE MAR 1    433
  SINCE JUL 1   2528

 COOLING
  TODAY            0
  MONTH TO DATE    7
  SINCE MAR 1      7
  SINCE JAN 1     10
..................................................................


WIND (MPH)
  RESULTANT WIND SPEED  10   RESULTANT WIND DIRECTION  NE (30)
  HIGHEST WIND SPEED    21   HIGHEST WIND DIRECTION    NE (30)
  HIGHEST GUST SPEED    24   HIGHEST GUST DIRECTION    NE (40)


SKY COVER
  POSSIBLE SUNSHINE  MM
  AVERAGE SKY COVER 0.0


WEATHER CONDITIONS
 THE FOLLOWING WEATHER WAS RECORDED TODAY.
  NO SIGNIFICANT WEATHER WAS OBSERVED.


RELATIVE HUMIDITY (PERCENT)
 HIGHEST    64
 LOWEST     37
 AVERAGE    51

..........................................................


THE ELIZABETH CITY NC CLIMATE NORMALS FOR TOMORROW
                         NORMAL    RECORD    YEAR
 MAXIMUM TEMPERATURE (F)   63        83      1945
 MINIMUM TEMPERATURE (F)   42        25      1992


SUNRISE AND SUNSET
MARCH 23 2017.........SUNRISE   704 AM EDT   SUNSET   719 PM EDT
MARCH 24 2017.........SUNRISE   702 AM EDT   SUNSET   720 PM EDT


-  INDICATES NEGATIVE NUMBERS.
R  INDICATES RECORD WAS SET OR TIED.
MM INDICATES DATA IS MISSING.
T  INDICATES TRACE AMOUNT.




$$
