000
CDUS42 KAKQ 260902
CLIECG


CLIMATE REPORT
NATIONAL WEATHER SERVICE WAKEFIELD, VA
502 AM EDT SAT JUL 26 2014


...................................

...THE ELIZABETH CITY NC CLIMATE SUMMARY FOR JULY 25 2014...

CLIMATE NORMAL PERIOD 1981 TO 2010
CLIMATE RECORD PERIOD 1934 TO 2014


WEATHER ITEM   OBSERVED TIME   RECORD YEAR NORMAL DEPARTURE LAST
                VALUE   (LST)  VALUE       VALUE  FROM      YEAR
                                                  NORMAL
..................................................................
TEMPERATURE (F)
 YESTERDAY
  MAXIMUM         83    211 PM  99    1949  88     -5       83
  MINIMUM         68    250 AM  60    1973  70     -2       71
  AVERAGE         76                        79     -3       77

PRECIPITATION (IN)
  YESTERDAY        0.00          2.06 1974   0.19  -0.19     0.15
  MONTH TO DATE    5.37                      4.50   0.87     5.70
  SINCE JUN 1      9.20                      8.99   0.21    12.32
  SINCE JAN 1     24.16                     26.16  -2.00    22.99

SNOWFALL (IN)
  YESTERDAY        0.0           0.0  2002  MM     MM
  MONTH TO DATE    0.0                      MM     MM
  SINCE NOV 1     10.2                      MM     MM
  SINCE JUL 1      0.0                      MM     MM
  SNOW DEPTH       0

DEGREE DAYS
 HEATING
  YESTERDAY        0                         0      0        0
  MONTH TO DATE    0                         0      0        0
  SINCE JUN 1      5                         3      2        0
  SINCE JUL 1      0                         0      0        0

 COOLING
  YESTERDAY       11                        14     -3       12
  MONTH TO DATE  313                       345    -32      398
  SINCE JUN 1    624                       659    -35      746
  SINCE JAN 1    833                       823     10      952
..................................................................


WIND (MPH)
  HIGHEST WIND SPEED    14   HIGHEST WIND DIRECTION     N (350)
  HIGHEST GUST SPEED    18   HIGHEST GUST DIRECTION     N (20)
  AVERAGE WIND SPEED     7.4


SKY COVER
  POSSIBLE SUNSHINE  MM
  AVERAGE SKY COVER 0.0


WEATHER CONDITIONS
 THE FOLLOWING WEATHER WAS RECORDED YESTERDAY.
  NO SIGNIFICANT WEATHER WAS OBSERVED.


RELATIVE HUMIDITY (PERCENT)
 HIGHEST    97           400 AM
 LOWEST     47           300 PM
 AVERAGE    72

..........................................................


THE ELIZABETH CITY NC CLIMATE NORMALS FOR TODAY
                         NORMAL    RECORD    YEAR
 MAXIMUM TEMPERATURE (F)   88        97      1995
 MINIMUM TEMPERATURE (F)   70        60      1976


SUNRISE AND SUNSET
JULY 26 2014..........SUNRISE   607 AM EDT   SUNSET   815 PM EDT
JULY 27 2014..........SUNRISE   608 AM EDT   SUNSET   814 PM EDT


-  INDICATES NEGATIVE NUMBERS.
R  INDICATES RECORD WAS SET OR TIED.
MM INDICATES DATA IS MISSING.
T  INDICATES TRACE AMOUNT.




$$
