000
CDUS42 KAKQ 180645
CLIECG


CLIMATE REPORT
NATIONAL WEATHER SERVICE WAKEFIELD, VA
145 AM EST SUN FEB 18 2018


...................................

...THE ELIZABETH CITY NC CLIMATE SUMMARY FOR FEBRUARY 17 2018...

CLIMATE NORMAL PERIOD 1981 TO 2010
CLIMATE RECORD PERIOD 1934 TO 2018


WEATHER ITEM   OBSERVED TIME   RECORD YEAR NORMAL DEPARTURE LAST
                VALUE   (LST)  VALUE       VALUE  FROM      YEAR
                                                  NORMAL
..................................................................
TEMPERATURE (F)
 YESTERDAY
  MAXIMUM         52   1228 AM  80    1976  54     -2       56
                                      1945
  MINIMUM         41    703 AM  11    1958  35      6       23
  AVERAGE         47                        44      3       40

PRECIPITATION (IN)
  YESTERDAY        0.07          1.58 1998   0.12  -0.05     0.00
  MONTH TO DATE    2.50                      1.92   0.58     0.91
  SINCE DEC 1      9.46                      7.74   1.72     7.27
  SINCE JAN 1      6.40                      5.18   1.22     4.60

SNOWFALL (IN)
  YESTERDAY       MM             T    2013  MM     MM
  MONTH TO DATE    0.0                      MM     MM
  SINCE NOV 1      6.8                      MM     MM
  SINCE JUL 1      6.8                      MM     MM
  SNOW DEPTH       0

DEGREE DAYS
 HEATING
  YESTERDAY       18                        21     -3       25
  MONTH TO DATE  283                       368    -85      308
  SINCE DEC 1   1776                      1740     36     1515
  SINCE JUL 1   2210                      2255    -45     2005

 COOLING
  YESTERDAY        0                         0      0        0
  MONTH TO DATE    7                         0      7        3
  SINCE DEC 1     10                         3      7        3
  SINCE JAN 1     10                         1      9        3
..................................................................


WIND (MPH)
  HIGHEST WIND SPEED    24   HIGHEST WIND DIRECTION     N (10)
  HIGHEST GUST SPEED    27   HIGHEST GUST DIRECTION     N (10)
  AVERAGE WIND SPEED    10.8


SKY COVER
  POSSIBLE SUNSHINE  MM
  AVERAGE SKY COVER 0.8


WEATHER CONDITIONS
 THE FOLLOWING WEATHER WAS RECORDED YESTERDAY.
  LIGHT RAIN
  FOG


RELATIVE HUMIDITY (PERCENT)
 HIGHEST   100           400 PM
 LOWEST     66           100 PM
 AVERAGE    83

..........................................................


THE ELIZABETH CITY NC CLIMATE NORMALS FOR TODAY
                         NORMAL    RECORD    YEAR
 MAXIMUM TEMPERATURE (F)   54        80      1976
 MINIMUM TEMPERATURE (F)   35        10      1958


SUNRISE AND SUNSET
FEBRUARY 18 2018......SUNRISE   649 AM EST   SUNSET   549 PM EST
FEBRUARY 19 2018......SUNRISE   648 AM EST   SUNSET   550 PM EST


-  INDICATES NEGATIVE NUMBERS.
R  INDICATES RECORD WAS SET OR TIED.
MM INDICATES DATA IS MISSING.
T  INDICATES TRACE AMOUNT.




$$
