000
CDUS44 KBMX 300725
CLIEET


CLIMATE REPORT
NATIONAL WEATHER SERVICE BIRMINGHAM, AL
224 AM CDT MON MAY 30 2016


...................................

...THE SHELBY COUNTY AIRPORT CLIMATE SUMMARY FOR MAY 29 2016...

CLIMATE NORMAL PERIOD 1981 TO 2010
CLIMATE RECORD PERIOD 9999 TO 9999


WEATHER ITEM   OBSERVED TIME   RECORD YEAR NORMAL DEPARTURE LAST
                VALUE   (LST)  VALUE       VALUE  FROM      YEAR
                                                  NORMAL
..................................................................
TEMPERATURE (F)
 YESTERDAY
  MAXIMUM         90    118 PM  MM      MM  84      6       85
  MINIMUM         67    458 AM  MM      MM  64      3       66
  AVERAGE         79                        74      5       76

PRECIPITATION (IN)
  YESTERDAY        T                         0.15  -0.15     0.08
  MONTH TO DATE    1.51                      4.16  -2.65     3.51
  SINCE MAR 1     11.88                     12.53  -0.65    14.11
  SINCE JAN 1     22.52                     23.61  -1.09    23.48

DEGREE DAYS
 COOLING
  YESTERDAY       14                         9      5       11
  MONTH TO DATE  172                       176     -4      218
  SINCE MAR 1    267                       247     20      327
  SINCE JAN 1    274                       251     23      327
..................................................................


WIND (MPH)
  HIGHEST WIND SPEED    10   HIGHEST WIND DIRECTION    NW (320)
  HIGHEST GUST SPEED    15   HIGHEST GUST DIRECTION    NW (320)
  AVERAGE WIND SPEED     1.9


SKY COVER
  POSSIBLE SUNSHINE  MM
  AVERAGE SKY COVER 0.1


WEATHER CONDITIONS
 THE FOLLOWING WEATHER WAS RECORDED YESTERDAY.
  THUNDERSTORM
  LIGHT RAIN
  FOG


RELATIVE HUMIDITY (PERCENT)
 HIGHEST   100           200 AM
 LOWEST     41           100 PM
 AVERAGE    71

..........................................................


THE SHELBY COUNTY AIRPORT CLIMATE NORMALS FOR TODAY
                         NORMAL    RECORD    YEAR
 MAXIMUM TEMPERATURE (F)   84        MM        MM
 MINIMUM TEMPERATURE (F)   64        MM        MM


SUNRISE AND SUNSET
MAY 30 2016...........SUNRISE   539 AM CDT   SUNSET   750 PM CDT
MAY 31 2016...........SUNRISE   539 AM CDT   SUNSET   751 PM CDT


-  INDICATES NEGATIVE NUMBERS.
R  INDICATES RECORD WAS SET OR TIED.
MM INDICATES DATA IS MISSING.
T  INDICATES TRACE AMOUNT.




$$
