000
CDUS46 KEKA 011210
CLIEKA


CLIMATE REPORT
NATIONAL WEATHER SERVICE EUREKA CA
509 AM PDT WED JUL 1 2015


...................................

...THE EUREKA CA CLIMATE SUMMARY FOR JUNE 30 2015...

CLIMATE NORMAL PERIOD 1981 TO 2010
CLIMATE RECORD PERIOD 1886 TO 2015


WEATHER ITEM   OBSERVED RECORD YEAR NORMAL DEPARTURE LAST
                VALUE   VALUE       VALUE  FROM      YEAR
                                           NORMAL
...........................................................
TEMPERATURE (F)
 YESTERDAY
  MAXIMUM         62     72    1942  63     -1       66
  MINIMUM         54     45    2009  51      3       49
                               1985
  AVERAGE         58                 57      1       58

PRECIPITATION (IN)
  YESTERDAY        0.02   0.26 1921   0.01   0.01     0.00
  MONTH TO DATE    0.04               0.75  -0.71     0.35
  SINCE OCT 1     30.67              39.25  -8.58    17.89
  SINCE JAN 1     12.29              23.28 -10.99    15.99

SNOWFALL (IN)
  YESTERDAY        0.0    0.0  2002   0.0    0.0      0.0
                               2001
  MONTH TO DATE    0.0                0.0    0.0      0.0
  SINCE JUN 1      0.0                0.0    0.0      0.0
  SINCE JUL 1      T                  0.2   -0.2       T
  SNOW DEPTH       0

DEGREE DAYS
 HEATING
  YESTERDAY        7                  8     -1        7
  MONTH TO DATE  241                266    -25      252
  SINCE JUN 1    241                266    -25      252
  SINCE JUL 1   3569               4434   -865     4388

 COOLING
  YESTERDAY        0                  0      0        0
  MONTH TO DATE    0                  0      0        0
  SINCE JUN 1      0                  0      0        0
  SINCE JAN 1      0                  0      0        1
...........................................................


WIND (MPH)
  HIGHEST WIND SPEED    12   HIGHEST WIND DIRECTION    NW (320)
  HIGHEST GUST SPEED     9   HIGHEST GUST DIRECTION    MM
  AVERAGE WIND SPEED     3.0


SKY COVER
  AVERAGE SKY COVER 0.9


WEATHER CONDITIONS
 THE FOLLOWING WEATHER WAS RECORDED YESTERDAY.
  LIGHT RAIN
  FOG


..........................................................


THE EUREKA CA CLIMATE NORMALS FOR TODAY
                         NORMAL    RECORD    YEAR
 MAXIMUM TEMPERATURE (F)   63        73      1985
 MINIMUM TEMPERATURE (F)   51        46      2010
                                             1973
                                             1902


SUNRISE AND SUNSET
JULY  1 2015..........SUNRISE   549 AM PDT   SUNSET   852 PM PDT
JULY  2 2015..........SUNRISE   549 AM PDT   SUNSET   852 PM PDT


-  INDICATES NEGATIVE NUMBERS.
R  INDICATES RECORD WAS SET OR TIED.
MM INDICATES DATA IS MISSING.
T  INDICATES TRACE AMOUNT.




&&

..........................................................

TOTAL SEASON     NORMAL   % OF NORMAL     LAST SEASON

    30.67         39.25        78            17.89


$$
