000
CDUS46 KEKA 161442
CLIEKA


CLIMATE REPORT
NATIONAL WEATHER SERVICE EUREKA CA
522 AM PDT TUE SEP 16 2014


...................................

...THE EUREKA CA CLIMATE SUMMARY FOR SEPTEMBER 15 2014...

CLIMATE NORMAL PERIOD 1981 TO 2010
CLIMATE RECORD PERIOD 1886 TO 2014


WEATHER ITEM   OBSERVED RECORD YEAR NORMAL DEPARTURE LAST
                VALUE   VALUE       VALUE  FROM      YEAR
                                           NORMAL
...........................................................
TEMPERATURE (F)
 YESTERDAY
  MAXIMUM         65     74    1909  64      1       70
                               1899
  MINIMUM         53     39    1895  51      2       54
  AVERAGE         59                 57      2       62

PRECIPITATION (IN)
  YESTERDAY        0.00   1.17 1896   0.02  -0.02     0.00
  MONTH TO DATE    T                  0.24  -0.24     0.03
  SINCE JUL 1      0.04               0.73  -0.69     0.11
  SINCE JAN 1     16.03              24.01  -7.98    11.59

SNOWFALL (IN)
  YESTERDAY        0.0    0.0  2002   0.0    0.0      0.0
                               2001
  MONTH TO DATE    0.0                0.0    0.0      0.0
  SINCE SEP 1      0.0                0.0    0.0      0.0
  SINCE JUL 1      0.0                0.0    0.0      0.0
  SNOW DEPTH       0

DEGREE DAYS
 HEATING
  YESTERDAY        6                  8     -2        3
  MONTH TO DATE  112                110      2       41
  SINCE SEP 1    112                110      2       41
  SINCE JUL 1    475                536    -61      460

 COOLING
  YESTERDAY        0                  0      0        0
  MONTH TO DATE    0                  0      0        1
  SINCE SEP 1      0                  0      0        1
  SINCE JAN 1      1                  0      1        6
...........................................................


WIND (MPH)
  HIGHEST WIND SPEED     9   HIGHEST WIND DIRECTION    NW (300)
  HIGHEST GUST SPEED    15   HIGHEST GUST DIRECTION    MM
  AVERAGE WIND SPEED     2.8


SKY COVER
  AVERAGE SKY COVER 0.8


WEATHER CONDITIONS
 THE FOLLOWING WEATHER WAS RECORDED YESTERDAY.
  FOG


..........................................................


THE EUREKA CA CLIMATE NORMALS FOR TODAY
                         NORMAL    RECORD    YEAR
 MAXIMUM TEMPERATURE (F)   64        75      2009
                                             1927
 MINIMUM TEMPERATURE (F)   50        44      1969


SUNRISE AND SUNSET
SEPTEMBER 16 2014.....SUNRISE   658 AM PDT   SUNSET   724 PM PDT
SEPTEMBER 17 2014.....SUNRISE   659 AM PDT   SUNSET   722 PM PDT


-  INDICATES NEGATIVE NUMBERS.
R  INDICATES RECORD WAS SET OR TIED.
MM INDICATES DATA IS MISSING.
T  INDICATES TRACE AMOUNT.




&&

..........................................................

TOTAL SEASON     NORMAL   % OF NORMAL     LAST SEASON

     0.04          0.73        5             0.11
