000
CDUS46 KEKA 291210
CLIEKA


CLIMATE REPORT
NATIONAL WEATHER SERVICE EUREKA CA
509 AM PDT FRI APR 29 2016


...................................

...THE EUREKA CA CLIMATE SUMMARY FOR APRIL 28 2016...

CLIMATE NORMAL PERIOD 1981 TO 2010
CLIMATE RECORD PERIOD 1886 TO 2016


WEATHER ITEM   OBSERVED RECORD YEAR NORMAL DEPARTURE LAST
                VALUE   VALUE       VALUE  FROM      YEAR
                                           NORMAL
...........................................................
TEMPERATURE (F)
 YESTERDAY
  MAXIMUM         58     73    1992  59     -1       61
  MINIMUM         51     36    2002  45      6       50
  AVERAGE         55                 52      3       56

PRECIPITATION (IN)
  YESTERDAY        T      1.25 1912   0.09  -0.09      T
  MONTH TO DATE    2.79               3.16  -0.37     2.57
  SINCE OCT 1     46.66              36.56  10.10    30.56
  SINCE JAN 1     25.94              20.59   5.35    12.18

SNOWFALL (IN)
  YESTERDAY        0.0    0.0  2002   0.0    0.0      0.0
                               2001
  MONTH TO DATE    0.0                0.0    0.0       T
  SINCE MAR 1      0.0                0.0    0.0       T
  SINCE JUL 1      T                  0.2   -0.2       T
  SNOW DEPTH       0

DEGREE DAYS
 HEATING
  YESTERDAY       10                 13     -3        9
  MONTH TO DATE  285                398   -113      400
  SINCE MAR 1    676                874   -198      795
  SINCE JUL 1   3086               3796   -710     2950

 COOLING
  YESTERDAY        0                  0      0        0
  MONTH TO DATE    0                  0      0        0
  SINCE MAR 1      0                  0      0        0
  SINCE JAN 1      0                  0      0        0
...........................................................


WIND (MPH)
  HIGHEST WIND SPEED    13   HIGHEST WIND DIRECTION     N (10)
  HIGHEST GUST SPEED    26   HIGHEST GUST DIRECTION     N (10)
  AVERAGE WIND SPEED     9.6


SKY COVER
  AVERAGE SKY COVER 0.6


WEATHER CONDITIONS
 THE FOLLOWING WEATHER WAS RECORDED YESTERDAY.
  LIGHT RAIN
  FOG


..........................................................


THE EUREKA CA CLIMATE NORMALS FOR TODAY
                         NORMAL    RECORD    YEAR
 MAXIMUM TEMPERATURE (F)   59        72      2004
 MINIMUM TEMPERATURE (F)   46        38      1967
                                             1952
                                             1911


SUNRISE AND SUNSET
APRIL 29 2016.........SUNRISE   617 AM PDT   SUNSET   812 PM PDT
APRIL 30 2016.........SUNRISE   616 AM PDT   SUNSET   813 PM PDT


-  INDICATES NEGATIVE NUMBERS.
R  INDICATES RECORD WAS SET OR TIED.
MM INDICATES DATA IS MISSING.
T  INDICATES TRACE AMOUNT.




&&

..........................................................

TOTAL SEASON     NORMAL   % OF NORMAL     LAST SEASON

    46.66         36.56        128            30.56


$$
