000
CDUS46 KEKA 221217
CLIEKA


CLIMATE REPORT
NATIONAL WEATHER SERVICE EUREKA CA
517 AM PDT MON MAY 22 2017


...................................

...THE EUREKA CA CLIMATE SUMMARY FOR MAY 21 2017...

CLIMATE NORMAL PERIOD 1981 TO 2010
CLIMATE RECORD PERIOD 1886 TO 2017


WEATHER ITEM   OBSERVED RECORD YEAR NORMAL DEPARTURE LAST
                VALUE   VALUE       VALUE  FROM      YEAR
                                           NORMAL
...........................................................
TEMPERATURE (F)
 YESTERDAY
  MAXIMUM         58     76    2001  61     -3       60
  MINIMUM         50     41    1918  48      2       51
  AVERAGE         54                 54      0       56

PRECIPITATION (IN)
  YESTERDAY        T      0.90 1990   0.05  -0.05     0.26
  MONTH TO DATE    1.29               1.29   0.00     0.76
  SINCE OCT 1     62.10              38.01  24.09    47.47
  SINCE JAN 1     36.33              22.04  14.29    26.75

SNOWFALL (IN)
  YESTERDAY        0.0   MM      MM   0.0    0.0      0.0
  MONTH TO DATE    0.0                0.0    0.0      0.0
  SINCE MAR 1      T                  T      0.0      0.0
  SINCE JUL 1      T                  0.2   -0.2       T
  SNOW DEPTH       0

DEGREE DAYS
 HEATING
  YESTERDAY       11                 11      0        9
  MONTH TO DATE  260                246     14      206
  SINCE MAR 1   1071               1145    -74      905
  SINCE JUL 1   3960               4067   -107     3315

 COOLING
  YESTERDAY        0                  0      0        0
  MONTH TO DATE    0                  0      0        0
  SINCE MAR 1      0                  0      0        0
  SINCE JAN 1      0                  0      0        0
...........................................................


WIND (MPH)
  HIGHEST WIND SPEED    12   HIGHEST WIND DIRECTION    NW (300)
  HIGHEST GUST SPEED    13   HIGHEST GUST DIRECTION    MM
  AVERAGE WIND SPEED     4.5


SKY COVER
  AVERAGE SKY COVER 0.8


WEATHER CONDITIONS
 THE FOLLOWING WEATHER WAS RECORDED YESTERDAY.
  LIGHT RAIN
  FOG
  HAZE


..........................................................


THE EUREKA CA CLIMATE NORMALS FOR TODAY
                         NORMAL    RECORD    YEAR
 MAXIMUM TEMPERATURE (F)   61        74      1985
 MINIMUM TEMPERATURE (F)   48        40      1986


SUNRISE AND SUNSET
MAY 22 2017...........SUNRISE   553 AM PDT   SUNSET   834 PM PDT
MAY 23 2017...........SUNRISE   552 AM PDT   SUNSET   835 PM PDT


-  INDICATES NEGATIVE NUMBERS.
R  INDICATES RECORD WAS SET OR TIED.
MM INDICATES DATA IS MISSING.
T  INDICATES TRACE AMOUNT.




&&

..........................................................

TOTAL SEASON     NORMAL   % OF NORMAL     LAST SEASON

    62.10         38.01        163            47.47


$$
