000
CDUS46 KEKA 281217
CLIEKA


CLIMATE REPORT
NATIONAL WEATHER SERVICE EUREKA CA
516 AM PDT SAT MAR 28 2015


...................................

...THE EUREKA CA CLIMATE SUMMARY FOR MARCH 27 2015...

CLIMATE NORMAL PERIOD 1981 TO 2010
CLIMATE RECORD PERIOD 1886 TO 2015


WEATHER ITEM   OBSERVED RECORD YEAR NORMAL DEPARTURE LAST
                VALUE   VALUE       VALUE  FROM      YEAR
                                           NORMAL
...........................................................
TEMPERATURE (F)
 YESTERDAY
  MAXIMUM         61     78    1930  57      4       59
  MINIMUM         50     32    1898  43      7       46
  AVERAGE         56                 50      6       53

PRECIPITATION (IN)
  YESTERDAY        0.10   2.46 1934   0.15  -0.05     0.09
  MONTH TO DATE    3.02               4.71  -1.69     4.79
  SINCE OCT 1     27.80              32.81  -5.01    14.13
  SINCE JAN 1      9.42              16.84  -7.42    12.23

SNOWFALL (IN)
  YESTERDAY        0.0    T    2007   0.0    0.0     MM
  MONTH TO DATE    0.0                0.0    0.0      0.0
  SINCE MAR 1      0.0                0.0    0.0      0.0
  SINCE JUL 1      0.0                0.2   -0.2       T
  SNOW DEPTH       0

DEGREE DAYS
 HEATING
  YESTERDAY        9                 15     -6       12
  MONTH TO DATE  346                413    -67      360
  SINCE MAR 1    346                413    -67      360
  SINCE JUL 1   2501               3335   -834     3451

 COOLING
  YESTERDAY        0                  0      0        0
  MONTH TO DATE    0                  0      0        0
  SINCE MAR 1      0                  0      0        0
  SINCE JAN 1      0                  0      0        0
...........................................................


WIND (MPH)
  HIGHEST WIND SPEED     9   HIGHEST WIND DIRECTION    NW (330)
  HIGHEST GUST SPEED    15   HIGHEST GUST DIRECTION    MM
  AVERAGE WIND SPEED     2.9


SKY COVER
  AVERAGE SKY COVER 0.9


WEATHER CONDITIONS
 THE FOLLOWING WEATHER WAS RECORDED YESTERDAY.
  LIGHT RAIN
  FOG


..........................................................


THE EUREKA CA CLIMATE NORMALS FOR TODAY
                         NORMAL    RECORD    YEAR
 MAXIMUM TEMPERATURE (F)   57        74      1923
 MINIMUM TEMPERATURE (F)   43        34      2007


SUNRISE AND SUNSET
MARCH 28 2015.........SUNRISE   707 AM PDT   SUNSET   737 PM PDT
MARCH 29 2015.........SUNRISE   705 AM PDT   SUNSET   738 PM PDT


-  INDICATES NEGATIVE NUMBERS.
R  INDICATES RECORD WAS SET OR TIED.
MM INDICATES DATA IS MISSING.
T  INDICATES TRACE AMOUNT.




&&

..........................................................

TOTAL SEASON     NORMAL   % OF NORMAL     LAST SEASON

    27.80         32.81        85            14.13


$$
