000
CDUS46 KEKA 181211
CLIEKA


CLIMATE REPORT
NATIONAL WEATHER SERVICE EUREKA CA
511 AM PDT WED OCT 18 2017


...................................

...THE EUREKA CA CLIMATE SUMMARY FOR OCTOBER 17 2017...

CLIMATE NORMAL PERIOD 1981 TO 2010
CLIMATE RECORD PERIOD 1886 TO 2017


WEATHER ITEM   OBSERVED RECORD YEAR NORMAL DEPARTURE LAST
                VALUE   VALUE       VALUE  FROM      YEAR
                                           NORMAL
...........................................................
TEMPERATURE (F)
 YESTERDAY
  MAXIMUM         58     74    1967  62     -4       64
  MINIMUM         44     38    1893  47     -3       52
                               1890
  AVERAGE         51                 54     -3       58

PRECIPITATION (IN)
  YESTERDAY        0.01   1.32 2016   0.07  -0.06     1.32
  MONTH TO DATE    0.02               0.85  -0.83     6.41
  SINCE OCT 1      0.02               0.85  -0.83     6.41
  SINCE JAN 1     38.09              25.21  12.88    33.77

SNOWFALL (IN)
  YESTERDAY       MM      0.0  2002   0.0   MM        0.0
                               2001
  MONTH TO DATE    0.0                0.0    0.0      0.0
  SINCE SEP 1      0.0                0.0    0.0      0.0
  SINCE JUL 1      0.0                0.0    0.0      0.0
  SNOW DEPTH       0

DEGREE DAYS
 HEATING
  YESTERDAY       14                 11      3        7
  MONTH TO DATE  214                170     44      123
  SINCE SEP 1    361                409    -48      360
  SINCE JUL 1    752                835    -83      807

 COOLING
  YESTERDAY        0                  0      0        0
  MONTH TO DATE    0                  0      0        0
  SINCE SEP 1     13                  0     13        0
  SINCE JAN 1     13                  0     13        0
...........................................................


WIND (MPH)
  HIGHEST WIND SPEED     8   HIGHEST WIND DIRECTION     N (360)
  HIGHEST GUST SPEED    13   HIGHEST GUST DIRECTION    MM
  AVERAGE WIND SPEED     1.7


SKY COVER
  AVERAGE SKY COVER 0.5


WEATHER CONDITIONS
 THE FOLLOWING WEATHER WAS RECORDED YESTERDAY.
  LIGHT RAIN
  FOG


..........................................................


THE EUREKA CA CLIMATE NORMALS FOR TODAY
                         NORMAL    RECORD    YEAR
 MAXIMUM TEMPERATURE (F)   62        77      1964
 MINIMUM TEMPERATURE (F)   47        37      1908


SUNRISE AND SUNSET
OCTOBER 18 2017.......SUNRISE   732 AM PDT   SUNSET   631 PM PDT
OCTOBER 19 2017.......SUNRISE   733 AM PDT   SUNSET   630 PM PDT


-  INDICATES NEGATIVE NUMBERS.
R  INDICATES RECORD WAS SET OR TIED.
MM INDICATES DATA IS MISSING.
T  INDICATES TRACE AMOUNT.




&&

..........................................................

TOTAL SEASON     NORMAL   % OF NORMAL     LAST SEASON

     0.02          0.85        2             6.41


$$
