000
CDUS46 KEKA 271210
CLIEKA


CLIMATE REPORT
NATIONAL WEATHER SERVICE EUREKA CA
509 AM PDT SAT AUG 27 2016


...................................

...THE EUREKA CA CLIMATE SUMMARY FOR AUGUST 26 2016...

CLIMATE NORMAL PERIOD 1981 TO 2010
CLIMATE RECORD PERIOD 1886 TO 2016


WEATHER ITEM   OBSERVED RECORD YEAR NORMAL DEPARTURE LAST
                VALUE   VALUE       VALUE  FROM      YEAR
                                           NORMAL
...........................................................
TEMPERATURE (F)
 YESTERDAY
  MAXIMUM         63     77    1894  65     -2       66
  MINIMUM         52     46    1908  53     -1       55
                               1895
  AVERAGE         58                 59     -1       61

PRECIPITATION (IN)
  YESTERDAY        T      0.47 1997   0.02  -0.02     0.00
  MONTH TO DATE    T                  0.24  -0.24     0.05
  SINCE OCT 1     48.03              39.67   8.36    30.87
  SINCE JAN 1     27.31              23.70   3.61    12.49

SNOWFALL (IN)
  YESTERDAY        0.0   MM      MM   0.0    0.0      0.0
  MONTH TO DATE    0.0                0.0    0.0      0.0
  SINCE JUN 1      0.0                0.0    0.0      0.0
  SINCE JUL 1      0.0                0.0    0.0      0.0
  SNOW DEPTH       0

DEGREE DAYS
 HEATING
  YESTERDAY        7                  6      1        4
  MONTH TO DATE  218                162     56      102
  SINCE JUN 1    646                654     -8      460
  SINCE JUL 1    422                388     34      219

 COOLING
  YESTERDAY        0                  0      0        0
  MONTH TO DATE    0                  0      0        0
  SINCE JUN 1      0                  0      0        1
  SINCE JAN 1      0                  0      0        1
...........................................................


WIND (MPH)
  HIGHEST WIND SPEED     9   HIGHEST WIND DIRECTION    NW (320)
  HIGHEST GUST SPEED    10   HIGHEST GUST DIRECTION    MM
  AVERAGE WIND SPEED     4.2


SKY COVER
  AVERAGE SKY COVER 1.0


WEATHER CONDITIONS
 THE FOLLOWING WEATHER WAS RECORDED YESTERDAY.
  LIGHT RAIN
  FOG


..........................................................


THE EUREKA CA CLIMATE NORMALS FOR TODAY
                         NORMAL    RECORD    YEAR
 MAXIMUM TEMPERATURE (F)   65        79      1894
 MINIMUM TEMPERATURE (F)   53        45      1908
                                             1895


SUNRISE AND SUNSET
AUGUST 27 2016........SUNRISE   639 AM PDT   SUNSET   756 PM PDT
AUGUST 28 2016........SUNRISE   640 AM PDT   SUNSET   754 PM PDT


-  INDICATES NEGATIVE NUMBERS.
R  INDICATES RECORD WAS SET OR TIED.
MM INDICATES DATA IS MISSING.
T  INDICATES TRACE AMOUNT.




&&

..........................................................

TOTAL SEASON     NORMAL   % OF NORMAL     LAST SEASON

    48.03         39.67        121            30.87


$$
