000
CDUS46 KEKA 241210
CLIEKA


CLIMATE REPORT
NATIONAL WEATHER SERVICE EUREKA CA
409 AM PST FRI FEB 24 2017


...................................

...THE EUREKA CA CLIMATE SUMMARY FOR FEBRUARY 23 2017...

CLIMATE NORMAL PERIOD 1981 TO 2010
CLIMATE RECORD PERIOD 1886 TO 2017


WEATHER ITEM   OBSERVED RECORD YEAR NORMAL DEPARTURE LAST
                VALUE   VALUE       VALUE  FROM      YEAR
                                           NORMAL
...........................................................
TEMPERATURE (F)
 YESTERDAY
  MAXIMUM         48     67    1946  56     -8       64
  MINIMUM         34     31    2008  42     -8       39
  AVERAGE         41                 49     -8       52

PRECIPITATION (IN)
  YESTERDAY        0.21   1.36 1891   0.20   0.01     0.00
  MONTH TO DATE   10.22               4.62   5.60     2.63
  SINCE OCT 1     46.50              27.09  19.41    35.41
  SINCE JAN 1     20.73              11.12   9.61    14.69

SNOWFALL (IN)
  YESTERDAY       MM     MM      MM   0.0   MM        0.0
  MONTH TO DATE    T                  0.2   -0.2      0.0
  SINCE DEC 1      T                  0.2   -0.2       T
  SINCE JUL 1      T                  0.2   -0.2       T
  SNOW DEPTH       0

DEGREE DAYS
 HEATING
  YESTERDAY       24                 16      8       13
  MONTH TO DATE  320                368    -48      312
  SINCE DEC 1   1547               1417    130     1244
  SINCE JUL 1   2781               2839    -58     2326

 COOLING
  YESTERDAY        0                  0      0        0
  MONTH TO DATE    0                  0      0        0
  SINCE DEC 1      0                  0      0        0
  SINCE JAN 1      0                  0      0        0
...........................................................


WIND (MPH)
  HIGHEST WIND SPEED    12   HIGHEST WIND DIRECTION     N (350)
  HIGHEST GUST SPEED    14   HIGHEST GUST DIRECTION    MM
  AVERAGE WIND SPEED     4.0


SKY COVER
  AVERAGE SKY COVER 0.3


WEATHER CONDITIONS
 THE FOLLOWING WEATHER WAS RECORDED YESTERDAY.
  LIGHT RAIN


..........................................................


THE EUREKA CA CLIMATE NORMALS FOR TODAY
                         NORMAL    RECORD    YEAR
 MAXIMUM TEMPERATURE (F)   56        71      1991
 MINIMUM TEMPERATURE (F)   42        31      2013
                                             1913


SUNRISE AND SUNSET
FEBRUARY 24 2017......SUNRISE   658 AM PST   SUNSET   603 PM PST
FEBRUARY 25 2017......SUNRISE   656 AM PST   SUNSET   604 PM PST


-  INDICATES NEGATIVE NUMBERS.
R  INDICATES RECORD WAS SET OR TIED.
MM INDICATES DATA IS MISSING.
T  INDICATES TRACE AMOUNT.




&&

..........................................................

TOTAL SEASON     NORMAL   % OF NORMAL     LAST SEASON

    46.50         27.09        172            35.41


$$
