000
CDUS46 KEKA 241217
CLIEKA


CLIMATE REPORT
NATIONAL WEATHER SERVICE EUREKA CA
517 AM PDT FRI OCT 24 2014


...................................

...THE EUREKA CA CLIMATE SUMMARY FOR OCTOBER 23 2014...

CLIMATE NORMAL PERIOD 1981 TO 2010
CLIMATE RECORD PERIOD 1886 TO 2014


WEATHER ITEM   OBSERVED RECORD YEAR NORMAL DEPARTURE LAST
                VALUE   VALUE       VALUE  FROM      YEAR
                                           NORMAL
...........................................................
TEMPERATURE (F)
 YESTERDAY
  MAXIMUM         62     80    1965  61      1       49
  MINIMUM         55     37    1935  47      8       45
  AVERAGE         59                 54      5       47

PRECIPITATION (IN)
  YESTERDAY        0.79   1.49 1951   0.10   0.69     0.02
  MONTH TO DATE    2.94               1.36   1.58     0.03
  SINCE JUL 1      6.07               2.44   3.63     3.25
  SINCE JAN 1     22.06              25.72  -3.66    14.73

SNOWFALL (IN)
  YESTERDAY        0.0    0.0  2002   0.0    0.0     MM
                               2001
  MONTH TO DATE    0.0                0.0    0.0      0.0
  SINCE SEP 1      0.0                0.0    0.0      0.0
  SINCE JUL 1      0.0                0.0    0.0      0.0
  SNOW DEPTH       0

DEGREE DAYS
 HEATING
  YESTERDAY        6                 11     -5       18
  MONTH TO DATE  124                236   -112      306
  SINCE SEP 1    284                475   -191      444
  SINCE JUL 1    647                901   -254      863

 COOLING
  YESTERDAY        0                  0      0        0
  MONTH TO DATE    0                  0      0        0
  SINCE SEP 1      3                  0      3        1
  SINCE JAN 1      4                  0      4        6
...........................................................


WIND (MPH)
  HIGHEST WIND SPEED    12   HIGHEST WIND DIRECTION     S (190)
  HIGHEST GUST SPEED    30   HIGHEST GUST DIRECTION     S (170)
  AVERAGE WIND SPEED     5.5


SKY COVER
  AVERAGE SKY COVER 1.0


WEATHER CONDITIONS
 THE FOLLOWING WEATHER WAS RECORDED YESTERDAY.
  LIGHT RAIN


..........................................................


THE EUREKA CA CLIMATE NORMALS FOR TODAY
                         NORMAL    RECORD    YEAR
 MAXIMUM TEMPERATURE (F)   61        74      1986
 MINIMUM TEMPERATURE (F)   46        38      2001
                                             1971
                                             1919


SUNRISE AND SUNSET
OCTOBER 24 2014.......SUNRISE   738 AM PDT   SUNSET   623 PM PDT
OCTOBER 25 2014.......SUNRISE   739 AM PDT   SUNSET   622 PM PDT


-  INDICATES NEGATIVE NUMBERS.
R  INDICATES RECORD WAS SET OR TIED.
MM INDICATES DATA IS MISSING.
T  INDICATES TRACE AMOUNT.




&&

..........................................................

TOTAL SEASON     NORMAL   % OF NORMAL     LAST SEASON

     6.07          2.44        249             3.25


$$
