000
CDUS46 KEKA 141225
CLIEKA


CLIMATE REPORT
NATIONAL WEATHER SERVICE EUREKA CA
525 AM PDT MON JUL 14 2014


...................................

...THE EUREKA CA CLIMATE SUMMARY FOR JULY 13 2014...

CLIMATE NORMAL PERIOD 1981 TO 2010
CLIMATE RECORD PERIOD 1886 TO 2014


WEATHER ITEM   OBSERVED RECORD YEAR NORMAL DEPARTURE LAST
                VALUE   VALUE       VALUE  FROM      YEAR
                                           NORMAL
...........................................................
TEMPERATURE (F)
 YESTERDAY
  MAXIMUM         65     73    1957  63      2       62
  MINIMUM         53     47    2013  52      1       47
                               1924
                               1887
  AVERAGE         59                 58      1       55

PRECIPITATION (IN)
  YESTERDAY        T      0.23 1957   0.01  -0.01     0.00
  MONTH TO DATE    T                  0.10  -0.10     0.00
  SINCE JUL 1      T                  0.10  -0.10     0.00
  SINCE JAN 1     15.99              23.38  -7.39    11.48

SNOWFALL (IN)
  YESTERDAY        0.0    0.0  2002   0.0    0.0      0.0
                               2001
  MONTH TO DATE    0.0                0.0    0.0      0.0
  SINCE JUN 1      0.0                0.0    0.0      0.0
  SINCE JUL 1      0.0                0.0    0.0      0.0
  SNOW DEPTH       0

DEGREE DAYS
 HEATING
  YESTERDAY        6                  7     -1       10
  MONTH TO DATE   80                102    -22       97
  SINCE JUN 1    332                368    -36      320
  SINCE JUL 1     80                102    -22       97

 COOLING
  YESTERDAY        0                  0      0        0
  MONTH TO DATE    0                  0      0        0
  SINCE JUN 1      0                  0      0        0
  SINCE JAN 1      1                  0      1        0
...........................................................


WIND (MPH)
  HIGHEST WIND SPEED    13   HIGHEST WIND DIRECTION     N (360)
  HIGHEST GUST SPEED    21   HIGHEST GUST DIRECTION     W (270)
  AVERAGE WIND SPEED     8.0


SKY COVER
  AVERAGE SKY COVER 0.9


WEATHER CONDITIONS
 THE FOLLOWING WEATHER WAS RECORDED YESTERDAY.
  LIGHT RAIN
  FOG


..........................................................


THE EUREKA CA CLIMATE NORMALS FOR TODAY
                         NORMAL    RECORD    YEAR
 MAXIMUM TEMPERATURE (F)   63        71      1947
 MINIMUM TEMPERATURE (F)   52        44      1887


SUNRISE AND SUNSET
JULY 14 2014..........SUNRISE   557 AM PDT   SUNSET   847 PM PDT
JULY 15 2014..........SUNRISE   558 AM PDT   SUNSET   847 PM PDT


-  INDICATES NEGATIVE NUMBERS.
R  INDICATES RECORD WAS SET OR TIED.
MM INDICATES DATA IS MISSING.
T  INDICATES TRACE AMOUNT.




&&

..........................................................

TOTAL SEASON     NORMAL   % OF NORMAL     LAST SEASON

     0.00          0.10        0             0.00

$$
