000
CDUS41 KRLX 240718
CLIEKN


CLIMATE REPORT
NATIONAL WEATHER SERVICE CHARLESTON WV
318 AM EDT WED AUG 24 2016


...................................

...THE ELKINS WV CLIMATE SUMMARY FOR AUGUST 23 2016...

CLIMATE NORMAL PERIOD 1981 TO 2010
CLIMATE RECORD PERIOD 1899 TO 2016


WEATHER ITEM   OBSERVED TIME   RECORD YEAR NORMAL DEPARTURE LAST
                VALUE   (LST)  VALUE       VALUE  FROM      YEAR
                                                  NORMAL
..................................................................
TEMPERATURE (F)
 YESTERDAY
  MAXIMUM         82    410 PM  89    1918  80      2       83
  MINIMUM         52    552 AM  42    1981  57     -5       54
                                      1925
  AVERAGE         67                        69     -2       69

PRECIPITATION (IN)
  YESTERDAY        0.00          2.11 1989   0.12  -0.12     0.00
  MONTH TO DATE    2.77                      2.94  -0.17     2.10
  SINCE JAN 1     29.60                     31.91  -2.31    37.45

SNOWFALL (IN)
  YESTERDAY        0.0
  MONTH TO DATE    0.0
  SINCE SEP 1     59.0
  SNOW DEPTH       0

DEGREE DAYS
 HEATING
  YESTERDAY        0                         1     -1        0
  MONTH TO DATE    0                         8     -8        3
  SINCE JUN 1     28                        75    -47       24
  SINCE JUL 1      0                        20    -20        3

 COOLING
  YESTERDAY        2                         4     -2        4
  MONTH TO DATE  211                       112     99      103
  SINCE JUN 1    587                       370    217      457
  SINCE JAN 1    616                       393    223      522
..................................................................


WIND (MPH)
  HIGHEST WIND SPEED    12   HIGHEST WIND DIRECTION    SW (230)
  HIGHEST GUST SPEED    13   HIGHEST GUST DIRECTION    SW (220)
  AVERAGE WIND SPEED     2.6


SKY COVER
  POSSIBLE SUNSHINE  MM
  AVERAGE SKY COVER 0.3


WEATHER CONDITIONS
 THE FOLLOWING WEATHER WAS RECORDED YESTERDAY.
  FOG
  FOG W/VISIBILITY <= 1/4 MILE


RELATIVE HUMIDITY (PERCENT)
 HIGHEST    96           600 AM
 LOWEST     39           200 PM
 AVERAGE    68

..........................................................


THE ELKINS WV CLIMATE NORMALS FOR TODAY
                         NORMAL    RECORD    YEAR
 MAXIMUM TEMPERATURE (F)   80        91      1993
 MINIMUM TEMPERATURE (F)   57        40      1952
                                             1951


SUNRISE AND SUNSET
AUGUST 24 2016........SUNRISE   642 AM EDT   SUNSET   801 PM EDT
AUGUST 25 2016........SUNRISE   642 AM EDT   SUNSET   759 PM EDT


-  INDICATES NEGATIVE NUMBERS.
R  INDICATES RECORD WAS SET OR TIED.
MM INDICATES DATA IS MISSING.
T  INDICATES TRACE AMOUNT.




$$
