000
CDUS41 KRLX 290740
CLIEKN


CLIMATE REPORT
NATIONAL WEATHER SERVICE CHARLESTON WV
339 AM EDT THU SEP 29 2016


...................................

...THE ELKINS WV CLIMATE SUMMARY FOR SEPTEMBER 28 2016...

CLIMATE NORMAL PERIOD 1981 TO 2010
CLIMATE RECORD PERIOD 1899 TO 2016


WEATHER ITEM   OBSERVED TIME   RECORD YEAR NORMAL DEPARTURE LAST
                VALUE   (LST)  VALUE       VALUE  FROM      YEAR
                                                  NORMAL
..................................................................
TEMPERATURE (F)
 YESTERDAY
  MAXIMUM         79    335 PM  85    1959  69     10       78
                                      1945
  MINIMUM         38    549 AM  27    1957  46     -8       62
  AVERAGE         59                        58      1       70

PRECIPITATION (IN)
  YESTERDAY        0.19          2.68 1967   0.11   0.08     0.37
  MONTH TO DATE    0.96                      3.40  -2.44     1.79
  SINCE JAN 1     30.96                     36.21  -5.25    39.24

SNOWFALL (IN)
  YESTERDAY        0.0
  MONTH TO DATE    0.0
  SINCE SEP 1      0.0
  SNOW DEPTH       0

DEGREE DAYS
 HEATING
  YESTERDAY        6                         8     -2        0
  MONTH TO DATE   18                       113    -95       56
  SINCE SEP 1     18                       113    -95       56
  SINCE JUL 1     18                       143   -125       67

 COOLING
  YESTERDAY        0                         1     -1        5
  MONTH TO DATE  114                        46     68       84
  SINCE SEP 1    114                        46     68       84
  SINCE JAN 1    803                       472    331      625
..................................................................


WIND (MPH)
  HIGHEST WIND SPEED    15   HIGHEST WIND DIRECTION     S (160)
  HIGHEST GUST SPEED    23   HIGHEST GUST DIRECTION     S (180)
  AVERAGE WIND SPEED     4.2


SKY COVER
  POSSIBLE SUNSHINE  MM
  AVERAGE SKY COVER 0.3


WEATHER CONDITIONS
 THE FOLLOWING WEATHER WAS RECORDED YESTERDAY.
  HEAVY RAIN
  RAIN
  LIGHT RAIN
  FOG
  FOG W/VISIBILITY <= 1/4 MILE


RELATIVE HUMIDITY (PERCENT)
 HIGHEST   100           700 AM
 LOWEST     30           300 PM
 AVERAGE    65

..........................................................


THE ELKINS WV CLIMATE NORMALS FOR TODAY
                         NORMAL    RECORD    YEAR
 MAXIMUM TEMPERATURE (F)   69        90      1953
 MINIMUM TEMPERATURE (F)   45        26      1942


SUNRISE AND SUNSET
SEPTEMBER 29 2016.....SUNRISE   714 AM EDT   SUNSET   704 PM EDT
SEPTEMBER 30 2016.....SUNRISE   715 AM EDT   SUNSET   703 PM EDT


-  INDICATES NEGATIVE NUMBERS.
R  INDICATES RECORD WAS SET OR TIED.
MM INDICATES DATA IS MISSING.
T  INDICATES TRACE AMOUNT.




$$
