000
CDUS41 KRLX 212135
CLIEKN


CLIMATE REPORT
NATIONAL WEATHER SERVICE CHARLESTON WV
535 PM EDT SAT OCT 21 2017


...................................

...THE ELKINS WV CLIMATE SUMMARY FOR OCTOBER 21 2017...
VALID TODAY AS OF 0500 PM LOCAL TIME.

CLIMATE NORMAL PERIOD 1981 TO 2010
CLIMATE RECORD PERIOD 1899 TO 2017


WEATHER ITEM   OBSERVED TIME   RECORD YEAR NORMAL DEPARTURE LAST
                VALUE   (LST)  VALUE       VALUE  FROM      YEAR
                                                  NORMAL
..................................................................
TEMPERATURE (F)
 TODAY
  MAXIMUM         78    256 PM  83    1949  63     15       63
  MINIMUM         36    649 AM  11    1952  36      0       43
  AVERAGE         57                        50      7       53

PRECIPITATION (IN)
  TODAY            0.00          1.81 2005   0.09  -0.09     1.03
  MONTH TO DATE    1.93                      1.89   0.04     2.32
  SINCE SEP 1      2.99                      5.52  -2.53     7.42
  SINCE JAN 1     37.43                     38.33  -0.90    37.42

DEGREE DAYS
 HEATING
  TODAY            8                        16     -8       12
  MONTH TO DATE  120                       260   -140      144
  SINCE SEP 1    223                       390   -167      166
  SINCE JUL 1    245                       420   -175      166

 COOLING
  TODAY            0                         0      0        0
  MONTH TO DATE   25                         0     25        5
  SINCE SEP 1     82                        45     37      120
  SINCE JAN 1    544                       471     73      809
..................................................................


WIND (MPH)
  HIGHEST WIND SPEED    12   HIGHEST WIND DIRECTION    NW (330)
  HIGHEST GUST SPEED    15   HIGHEST GUST DIRECTION    NW (320)
  AVERAGE WIND SPEED     0.9


SKY COVER
  POSSIBLE SUNSHINE  MM
  AVERAGE SKY COVER 0.1


WEATHER CONDITIONS
 THE FOLLOWING WEATHER WAS RECORDED TODAY.
  FOG
  FOG W/VISIBILITY <= 1/4 MILE


RELATIVE HUMIDITY (PERCENT)
 HIGHEST    92          1200 AM
 LOWEST     31           200 PM
 AVERAGE    62

..........................................................


THE ELKINS WV CLIMATE NORMALS FOR TOMORROW
                         NORMAL    RECORD    YEAR
 MAXIMUM TEMPERATURE (F)   62        84      1947
 MINIMUM TEMPERATURE (F)   36        14      1974
                                             1930


SUNRISE AND SUNSET
OCTOBER 21 2017.......SUNRISE   735 AM EDT   SUNSET   632 PM EDT
OCTOBER 22 2017.......SUNRISE   736 AM EDT   SUNSET   631 PM EDT


-  INDICATES NEGATIVE NUMBERS.
R  INDICATES RECORD WAS SET OR TIED.
MM INDICATES DATA IS MISSING.
T  INDICATES TRACE AMOUNT.




$$
