000
CDUS41 KRLX 172120
CLIEKN


CLIMATE REPORT
NATIONAL WEATHER SERVICE CHARLESTON WV
518 PM EDT WED SEP 17 2014


...................................

...THE ELKINS WV CLIMATE SUMMARY FOR SEPTEMBER 17 2014...
VALID TODAY AS OF 0500 PM LOCAL TIME.

CLIMATE NORMAL PERIOD 1981 TO 2010
CLIMATE RECORD PERIOD 1899 TO 2014


WEATHER ITEM   OBSERVED TIME   RECORD YEAR NORMAL DEPARTURE LAST
                VALUE   (LST)  VALUE       VALUE  FROM      YEAR
                                                  NORMAL
..................................................................
TEMPERATURE (F)
 TODAY
  MAXIMUM         72    233 PM  86    1955  73     -1       73
                                      1931
  MINIMUM         47   1213 AM  34    1985  50     -3       46
                                      1916
  AVERAGE         60                        62     -2       60

PRECIPITATION (IN)
  TODAY            0.00          1.72 1913   0.13  -0.13     0.00
  MONTH TO DATE    1.18                      2.09  -0.91     1.38
  SINCE SEP 1      1.18                      2.09  -0.91     1.38
  SINCE JAN 1     29.41                     34.90  -5.49    34.30

DEGREE DAYS
 HEATING
  TODAY            5                         4      1        5
  MONTH TO DATE   44                        43      1       45
  SINCE SEP 1     44                        43      1       45
  SINCE JUL 1     95                        73     22       68

 COOLING
  TODAY            0                         1     -1        0
  MONTH TO DATE   64                        35     29       56
  SINCE SEP 1     64                        35     29       56
  SINCE JAN 1    502                       461     41      519
..................................................................


WIND (MPH)
  HIGHEST WIND SPEED    12   HIGHEST WIND DIRECTION    NW (300)
  HIGHEST GUST SPEED    14   HIGHEST GUST DIRECTION    NW (310)
  AVERAGE WIND SPEED     2.1


SKY COVER
  POSSIBLE SUNSHINE  MM
  AVERAGE SKY COVER 0.7


WEATHER CONDITIONS
 THE FOLLOWING WEATHER WAS RECORDED TODAY.
  FOG


RELATIVE HUMIDITY (PERCENT)
 HIGHEST    93           300 AM
 LOWEST     47           100 PM
 AVERAGE    70

..........................................................


THE ELKINS WV CLIMATE NORMALS FOR TOMORROW
                         NORMAL    RECORD    YEAR
 MAXIMUM TEMPERATURE (F)   73        87      1927
 MINIMUM TEMPERATURE (F)   50        33      1937


SUNRISE AND SUNSET
SEPTEMBER 17 2014.....SUNRISE   703 AM EDT   SUNSET   724 PM EDT
SEPTEMBER 18 2014.....SUNRISE   703 AM EDT   SUNSET   723 PM EDT


-  INDICATES NEGATIVE NUMBERS.
R  INDICATES RECORD WAS SET OR TIED.
MM INDICATES DATA IS MISSING.
T  INDICATES TRACE AMOUNT.




$$
