029
CDUS41 KRLX 190816
CLIEKN


CLIMATE REPORT
NATIONAL WEATHER SERVICE CHARLESTON WV
316 AM EST THU JAN 19 2017


...................................

...THE ELKINS WV CLIMATE SUMMARY FOR JANUARY 18 2017...

CLIMATE NORMAL PERIOD 1981 TO 2010
CLIMATE RECORD PERIOD 1899 TO 2017


WEATHER ITEM   OBSERVED TIME   RECORD YEAR NORMAL DEPARTURE LAST
                VALUE   (LST)  VALUE       VALUE  FROM      YEAR
                                                  NORMAL
..................................................................
TEMPERATURE (F)
 YESTERDAY
  MAXIMUM         56   1245 AM  67    1929  39     17       16
  MINIMUM         38   1120 PM -14    2003  19     19        3
                                      1994
  AVERAGE         47                        29     18       10

PRECIPITATION (IN)
  YESTERDAY        0.06          0.87 1910   0.10  -0.04      T
  MONTH TO DATE    4.04                      1.87   2.17     0.83
  SINCE JAN 1      4.04                      1.87   2.17     0.83

SNOWFALL (IN)
  YESTERDAY        0.0
  MONTH TO DATE    4.7
  SINCE SEP 1     14.9
  SNOW DEPTH       0

DEGREE DAYS
 HEATING
  YESTERDAY       18                        36    -18       55
  MONTH TO DATE  517                       648   -131      669
  SINCE DEC 1   1435                      1655   -220     1254
  SINCE JUL 1   2380                      2939   -559     2257

 COOLING
  YESTERDAY        0                         0      0        0
  MONTH TO DATE    0                         0      0        0
  SINCE DEC 1      0                         0      0        0
  SINCE JAN 1      0                         0      0        0
..................................................................


WIND (MPH)
  HIGHEST WIND SPEED    23   HIGHEST WIND DIRECTION     W (280)
  HIGHEST GUST SPEED    35   HIGHEST GUST DIRECTION     W (280)
  AVERAGE WIND SPEED     7.9


SKY COVER
  POSSIBLE SUNSHINE  MM
  AVERAGE SKY COVER 1.0


WEATHER CONDITIONS
 THE FOLLOWING WEATHER WAS RECORDED YESTERDAY.
  LIGHT RAIN
  FOG
  HAZE


RELATIVE HUMIDITY (PERCENT)
 HIGHEST    92           800 PM
 LOWEST     66           100 AM
 AVERAGE    79

..........................................................


THE ELKINS WV CLIMATE NORMALS FOR TODAY
                         NORMAL    RECORD    YEAR
 MAXIMUM TEMPERATURE (F)   39        71      1907
 MINIMUM TEMPERATURE (F)   19       -19      1994


SUNRISE AND SUNSET
JANUARY 19 2017.......SUNRISE   735 AM EST   SUNSET   526 PM EST
JANUARY 20 2017.......SUNRISE   734 AM EST   SUNSET   527 PM EST


-  INDICATES NEGATIVE NUMBERS.
R  INDICATES RECORD WAS SET OR TIED.
MM INDICATES DATA IS MISSING.
T  INDICATES TRACE AMOUNT.




$$
