000
CDUS41 KRLX 200718
CLIEKN


CLIMATE REPORT
NATIONAL WEATHER SERVICE CHARLESTON WV
318 AM EDT WED AUG 20 2014


...................................

...THE ELKINS WV CLIMATE SUMMARY FOR AUGUST 19 2014...

CLIMATE NORMAL PERIOD 1981 TO 2010
CLIMATE RECORD PERIOD 1899 TO 2014


WEATHER ITEM   OBSERVED TIME   RECORD YEAR NORMAL DEPARTURE LAST
                VALUE   (LST)  VALUE       VALUE  FROM      YEAR
                                                  NORMAL
..................................................................
TEMPERATURE (F)
 YESTERDAY
  MAXIMUM         81    439 PM  89    1993  80      1       79
                                      1937
                                      1914
  MINIMUM         62   1159 PM  39    1981  58      4       59
  AVERAGE         72                        69      3       69

PRECIPITATION (IN)
  YESTERDAY        0.02          2.19 1967   0.12  -0.10     0.01
  MONTH TO DATE    2.20                      2.46  -0.26     3.78
  SINCE JAN 1     27.34                     31.43  -4.09    28.66

SNOWFALL (IN)
  YESTERDAY        0.0
  MONTH TO DATE    0.0
  SINCE SEP 1     92.3
  SNOW DEPTH       0

DEGREE DAYS
 HEATING
  YESTERDAY        0                         1     -1        0
  MONTH TO DATE   18                         4     14       19
  SINCE JUN 1     65                        71     -6       35
  SINCE JUL 1     51                        16     35       23

 COOLING
  YESTERDAY        7                         5      2        4
  MONTH TO DATE   56                        95    -39       77
  SINCE JUN 1    344                       353     -9      382
  SINCE JAN 1    380                       376      4      407
..................................................................


WIND (MPH)
  HIGHEST WIND SPEED    10   HIGHEST WIND DIRECTION     N (350)
  HIGHEST GUST SPEED    15   HIGHEST GUST DIRECTION     N (340)
  AVERAGE WIND SPEED     1.5


SKY COVER
  POSSIBLE SUNSHINE  MM
  AVERAGE SKY COVER 0.7


WEATHER CONDITIONS
 THE FOLLOWING WEATHER WAS RECORDED YESTERDAY.
  LIGHT RAIN
  FOG
  FOG W/VISIBILITY <= 1/4 MILE
  HAZE


RELATIVE HUMIDITY (PERCENT)
 HIGHEST   100           500 AM
 LOWEST     62           400 PM
 AVERAGE    81

..........................................................


THE ELKINS WV CLIMATE NORMALS FOR TODAY
                         NORMAL    RECORD    YEAR
 MAXIMUM TEMPERATURE (F)   80        90      1937
                                             1914
 MINIMUM TEMPERATURE (F)   58        40      1981


SUNRISE AND SUNSET
AUGUST 20 2014........SUNRISE   638 AM EDT   SUNSET   807 PM EDT
AUGUST 21 2014........SUNRISE   638 AM EDT   SUNSET   806 PM EDT


-  INDICATES NEGATIVE NUMBERS.
R  INDICATES RECORD WAS SET OR TIED.
MM INDICATES DATA IS MISSING.
T  INDICATES TRACE AMOUNT.




$$
