000
CDUS45 KLKN 211219 CCA
CLIEKO

CLIMATE REPORT
NATIONAL WEATHER SERVICE ELKO NV...CORRECTED
414 AM PST SUN DEC 21 2014


...................................

...THE ELKO AIRPORT NV CLIMATE SUMMARY FOR DECEMBER 20 2014...

CLIMATE NORMAL PERIOD 1981 TO 2010
CLIMATE RECORD PERIOD 1888 TO 2014


WEATHER ITEM   OBSERVED TIME   RECORD YEAR NORMAL DEPARTURE LAST
                VALUE   (LST)  VALUE       VALUE  FROM      YEAR
                                                  NORMAL
..................................................................
TEMPERATURE (F)
 YESTERDAY
  MAXIMUM         39   1129 PM  57    1958  36      3       26
  MINIMUM         30    107 AM -20    1924  14     16        4
  AVERAGE         35                        25     10       15

PRECIPITATION (IN)
  YESTERDAY        0.46          0.47 1981   0.04   0.42     0.07
  MONTH TO DATE    0.75                      0.75   0.00     0.62
  SINCE OCT 1      1.90                      2.61  -0.71     1.58
  SINCE JAN 1      9.95                      9.46   0.49     6.43

SNOWFALL (IN)
  YESTERDAY        0.9           4.0  1920   0.3   +0.6      0.8
  MONTH TO DATE    1.7                       6.0   -4.3      4.0
  SINCE DEC 1      1.7                       6.0   -4.3      4.0
  SINCE JUL 1      3.6                      11.7   -8.1      9.7
  SNOW DEPTH       0

DEGREE DAYS
 HEATING
  YESTERDAY       30                        40    -10       50
  MONTH TO DATE  569                       769   -200      979
  SINCE DEC 1    569                       769   -200      979
  SINCE JUL 1   1929                      2507   -578     2539

 COOLING
  YESTERDAY        0                         0      0        0
  MONTH TO DATE    0                         0      0        0
  SINCE DEC 1      0                         0      0        0
  SINCE JAN 1    549                       383    166      776
..................................................................


WIND (MPH)
  HIGHEST WIND SPEED    16   HIGHEST WIND DIRECTION    SW (210)
  HIGHEST GUST SPEED    19   HIGHEST GUST DIRECTION    SW (220)
  AVERAGE WIND SPEED     5.2



WEATHER CONDITIONS
 THE FOLLOWING WEATHER WAS RECORDED YESTERDAY.
  LIGHT RAIN
  LIGHT SNOW
  FOG


RELATIVE HUMIDITY (PERCENT)
 HIGHEST   100          1200 AM
 LOWEST     92           100 AM
 AVERAGE    96

..........................................................


THE ELKO AIRPORT NV CLIMATE NORMALS FOR TODAY
                         NORMAL    RECORD    YEAR
 MAXIMUM TEMPERATURE (F)   36        56      1917
 MINIMUM TEMPERATURE (F)   14       -24      1990


SUNRISE AND SUNSET
DECEMBER 21 2014......SUNRISE   704 AM PST   SUNSET   419 PM PST
DECEMBER 22 2014......SUNRISE   705 AM PST   SUNSET   419 PM PST


-  INDICATES NEGATIVE NUMBERS.
R  INDICATES RECORD WAS SET OR TIED.
MM INDICATES DATA IS MISSING.
T  INDICATES TRACE AMOUNT.




$$
