000
CDUS45 KLKN 230032
CLIEKO


CLIMATE REPORT
NATIONAL WEATHER SERVICE ELKO NV
527 PM PDT SUN OCT 22 2017


...................................

...THE ELKO AIRPORT NV CLIMATE SUMMARY FOR OCTOBER 22 2017...
VALID TODAY AS OF 0500 PM LOCAL TIME.

CLIMATE NORMAL PERIOD 1981 TO 2010
CLIMATE RECORD PERIOD 1888 TO 2017


WEATHER ITEM   OBSERVED TIME   RECORD YEAR NORMAL DEPARTURE LAST
                VALUE   (LST)  VALUE       VALUE  FROM      YEAR
                                                  NORMAL
..................................................................
TEMPERATURE (F)
 TODAY
  MAXIMUM         69    230 PM  83    2003  62      7       69
  MINIMUM         28    633 AM   8    1996  27      1       31
  AVERAGE         49                        44      5       50

PRECIPITATION (IN)
  TODAY            0.00          1.30 1889   0.03  -0.03     0.00
  MONTH TO DATE    0.13                      0.49  -0.36     1.14
  SINCE OCT 1      0.13                      0.49  -0.36     1.14
  SINCE JAN 1     10.06                      7.34   2.72     9.86

SNOWFALL (IN)
  TODAY            0.0           0.3  1985   0.0    0.0      0.0
  MONTH TO DATE    T                         0.3   -0.3      0.0
  SINCE SEP 1      T                         0.4   -0.4      0.0
  SINCE JUL 1      T                         0.4   -0.4      0.0
  SNOW DEPTH       0

DEGREE DAYS
 HEATING
  TODAY           16                        21     -5       15
  MONTH TO DATE  459                       368     91      338
  SINCE SEP 1    710                       575    135      500
  SINCE JUL 1    714                       626     88      513

 COOLING
  TODAY            0                         0      0        0
  MONTH TO DATE    0                         0      0        0
  SINCE SEP 1     89                        21     68       16
  SINCE JAN 1    785                       383    402      560
..................................................................


WIND (MPH)
  HIGHEST WIND SPEED    18   HIGHEST WIND DIRECTION     W (250)
  HIGHEST GUST SPEED    26   HIGHEST GUST DIRECTION    SW (240)



WEATHER CONDITIONS
 THE FOLLOWING WEATHER WAS RECORDED TODAY.
  NO SIGNIFICANT WEATHER WAS OBSERVED.


RELATIVE HUMIDITY (PERCENT)
 HIGHEST    85           500 AM
 LOWEST     19           100 PM
 AVERAGE    52

..........................................................


THE ELKO AIRPORT NV CLIMATE NORMALS FOR TOMORROW
                         NORMAL    RECORD    YEAR
 MAXIMUM TEMPERATURE (F)   61        77      1937
 MINIMUM TEMPERATURE (F)   27         8      1895


SUNRISE AND SUNSET
OCTOBER 22 2017.......SUNRISE   703 AM PDT   SUNSET   552 PM PDT
OCTOBER 23 2017.......SUNRISE   704 AM PDT   SUNSET   551 PM PDT


-  INDICATES NEGATIVE NUMBERS.
R  INDICATES RECORD WAS SET OR TIED.
MM INDICATES DATA IS MISSING.
T  INDICATES TRACE AMOUNT.




$$
