000
CDUS45 KLKN 240940
CLIEKO


CLIMATE REPORT
NATIONAL WEATHER SERVICE ELKO NV
239 AM PDT THU APR 24 2014


...................................

...THE ELKO AIRPORT NV CLIMATE SUMMARY FOR APRIL 23 2014...

CLIMATE NORMAL PERIOD 1981 TO 2010
CLIMATE RECORD PERIOD 1888 TO 2014


WEATHER ITEM   OBSERVED TIME   RECORD YEAR NORMAL DEPARTURE LAST
                VALUE   (LST)  VALUE       VALUE  FROM      YEAR
                                                  NORMAL
..................................................................
TEMPERATURE (F)
 YESTERDAY
  MAXIMUM         53    332 PM  86    2012  62     -9       54
  MINIMUM         24    550 AM  15    1968  32     -8       18
                                      1961
  AVERAGE         39                        47     -8       36

PRECIPITATION (IN)
  YESTERDAY        0.00          0.75 1900   0.04  -0.04     0.00
  MONTH TO DATE    0.36                      0.74  -0.38     0.48
  SINCE OCT 1      5.60                      6.76  -1.16     5.03
  SINCE JAN 1      3.99                      3.70   0.29     2.20

SNOWFALL (IN)
  YESTERDAY        0.0           1.1  1964   0.1   -0.1      0.0
  MONTH TO DATE    2.6                       2.8   -0.2      1.3
  SINCE MAR 1      7.9                       7.9    0.0      3.9
  SINCE JUL 1     20.2                      40.4  -20.2     42.2
  SNOW DEPTH       0

DEGREE DAYS
 HEATING
  YESTERDAY       26                        18      8       29
  MONTH TO DATE  432                       475    -43      511
  SINCE MAR 1   1190                      1284    -94     1239
  SINCE JUL 1   5921                      6452   -531     6300

 COOLING
  YESTERDAY        0                         0      0        0
  MONTH TO DATE    0                         0      0        0
  SINCE MAR 1      0                         0      0        0
  SINCE JAN 1      0                         0      0        0
..................................................................


WIND (MPH)
  HIGHEST WIND SPEED    18   HIGHEST WIND DIRECTION    SW (240)
  HIGHEST GUST SPEED    24   HIGHEST GUST DIRECTION    SW (240)
  AVERAGE WIND SPEED     4.7



WEATHER CONDITIONS
 THE FOLLOWING WEATHER WAS RECORDED YESTERDAY.
  NO SIGNIFICANT WEATHER WAS OBSERVED.


RELATIVE HUMIDITY (PERCENT)
 HIGHEST    92           200 AM
 LOWEST     28           400 PM
 AVERAGE    60

..........................................................


THE ELKO AIRPORT NV CLIMATE NORMALS FOR TODAY
                         NORMAL    RECORD    YEAR
 MAXIMUM TEMPERATURE (F)   62        84      1977
 MINIMUM TEMPERATURE (F)   33        15      1950


SUNRISE AND SUNSET
APRIL 24 2014.........SUNRISE   551 AM PDT   SUNSET   732 PM PDT
APRIL 25 2014.........SUNRISE   550 AM PDT   SUNSET   733 PM PDT


-  INDICATES NEGATIVE NUMBERS.
R  INDICATES RECORD WAS SET OR TIED.
MM INDICATES DATA IS MISSING.
T  INDICATES TRACE AMOUNT.




$$
