716
CDUS45 KLKN 230945
CLIEKO


CLIMATE REPORT
NATIONAL WEATHER SERVICE ELKO NV
143 AM PST THU FEB 23 2017


...................................

...THE ELKO AIRPORT NV CLIMATE SUMMARY FOR FEBRUARY 22 2017...

CLIMATE NORMAL PERIOD 1981 TO 2010
CLIMATE RECORD PERIOD 1888 TO 2017


WEATHER ITEM   OBSERVED TIME   RECORD YEAR NORMAL DEPARTURE LAST
                VALUE   (LST)  VALUE       VALUE  FROM      YEAR
                                                  NORMAL
..................................................................
TEMPERATURE (F)
 YESTERDAY
  MAXIMUM         39    301 PM  63    1958  44     -5       43
  MINIMUM         26   1159 PM -27    1894  20      6       24
  AVERAGE         33                        32      1       34

PRECIPITATION (IN)
  YESTERDAY        0.02          1.00 1917   0.03  -0.01     0.00
  MONTH TO DATE    1.50                      0.65   0.85     0.31
  SINCE OCT 1      9.61                      4.83   4.78     6.82
  SINCE JAN 1      3.98                      1.77   2.21     2.28

SNOWFALL (IN)
  YESTERDAY        0.5           2.0  1942   0.2    0.3      0.0
  MONTH TO DATE    1.2                       5.3   -4.1      3.3
  SINCE DEC 1     44.0                      25.7   18.3     44.1
  SINCE JUL 1     49.5                      31.4   18.1     56.3
  SNOW DEPTH       T

DEGREE DAYS
 HEATING
  YESTERDAY       32                        33     -1       31
  MONTH TO DATE  571                       794   -223      840
  SINCE DEC 1   3165                      3241    -76     3378
  SINCE JUL 1   4510                      4979   -469     4859

 COOLING
  YESTERDAY        0                         0      0        0
  MONTH TO DATE    0                         0      0        0
  SINCE DEC 1      0                         0      0        0
  SINCE JAN 1      0                         0      0        0
..................................................................


WIND (MPH)
  HIGHEST WIND SPEED    29   HIGHEST WIND DIRECTION    SW (240)
  HIGHEST GUST SPEED    35   HIGHEST GUST DIRECTION    SW (230)
  AVERAGE WIND SPEED    11.0



WEATHER CONDITIONS
 THE FOLLOWING WEATHER WAS RECORDED YESTERDAY.
  SNOW
  LIGHT SNOW
  FOG


RELATIVE HUMIDITY (PERCENT)
 HIGHEST    92           400 AM
 LOWEST     47           400 PM
 AVERAGE    70

..........................................................


THE ELKO AIRPORT NV CLIMATE NORMALS FOR TODAY
                         NORMAL    RECORD    YEAR
 MAXIMUM TEMPERATURE (F)   44        65      1981
 MINIMUM TEMPERATURE (F)   21       -30      1894


SUNRISE AND SUNSET
FEBRUARY 23 2017......SUNRISE   626 AM PST   SUNSET   528 PM PST
FEBRUARY 24 2017......SUNRISE   624 AM PST   SUNSET   529 PM PST


-  INDICATES NEGATIVE NUMBERS.
R  INDICATES RECORD WAS SET OR TIED.
MM INDICATES DATA IS MISSING.
T  INDICATES TRACE AMOUNT.




$$
