000
CDUS45 KLKN 290928
CLIEKO


CLIMATE REPORT
NATIONAL WEATHER SERVICE ELKO NV
126 AM PST SAT NOV 29 2014


...................................

...THE ELKO AIRPORT NV CLIMATE SUMMARY FOR NOVEMBER 28 2014...

CLIMATE NORMAL PERIOD 1981 TO 2010
CLIMATE RECORD PERIOD 1888 TO 2014


WEATHER ITEM   OBSERVED TIME   RECORD YEAR NORMAL DEPARTURE LAST
                VALUE   (LST)  VALUE       VALUE  FROM      YEAR
                                                  NORMAL
..................................................................
TEMPERATURE (F)
 YESTERDAY
  MAXIMUM         65R   219 PM  63    1980  42     23       52
  MINIMUM         27    724 AM -13    1896  18      9       25
  AVERAGE         46                        30     16       39

PRECIPITATION (IN)
  YESTERDAY        0.00          0.30 1971   0.04  -0.04     0.00
  MONTH TO DATE    1.10                      1.03   0.07     0.36
  SINCE OCT 1      1.10                      1.78  -0.68     0.96
  SINCE JAN 1      9.15                      8.63   0.52     5.81

SNOWFALL (IN)
  YESTERDAY        0.0           3.6  2001   0.2   -0.2      0.0
  MONTH TO DATE    1.9                       4.4   -2.5      2.8
  SINCE SEP 1      1.9                       5.1   -3.2      5.7
  SINCE JUL 1      1.9                       5.1   -3.2      5.7
  SNOW DEPTH       0

DEGREE DAYS
 HEATING
  YESTERDAY       19                        35    -16       26
  MONTH TO DATE  790                       837    -47      722
  SINCE SEP 1   1292                      1615   -323     1499
  SINCE JUL 1   1312                      1666   -354     1499

 COOLING
  YESTERDAY        0                         0      0        0
  MONTH TO DATE    0                         0      0        0
  SINCE SEP 1     45                        21     24       66
  SINCE JAN 1    549                       383    166      776
..................................................................


WIND (MPH)
  HIGHEST WIND SPEED    33   HIGHEST WIND DIRECTION    SW (240)
  HIGHEST GUST SPEED    44   HIGHEST GUST DIRECTION    SW (220)
  AVERAGE WIND SPEED     4.8



WEATHER CONDITIONS
 THE FOLLOWING WEATHER WAS RECORDED YESTERDAY.
  HAZE


RELATIVE HUMIDITY (PERCENT)
 HIGHEST    85           600 AM
 LOWEST     11           300 PM
 AVERAGE    48

..........................................................


THE ELKO AIRPORT NV CLIMATE NORMALS FOR TODAY
                         NORMAL    RECORD    YEAR
 MAXIMUM TEMPERATURE (F)   41        63      1929
 MINIMUM TEMPERATURE (F)   18       -16      1896


SUNRISE AND SUNSET
NOVEMBER 29 2014......SUNRISE   646 AM PST   SUNSET   417 PM PST
NOVEMBER 30 2014......SUNRISE   647 AM PST   SUNSET   416 PM PST


-  INDICATES NEGATIVE NUMBERS.
R  INDICATES RECORD WAS SET OR TIED.
MM INDICATES DATA IS MISSING.
T  INDICATES TRACE AMOUNT.




$$
