000
CDUS45 KLKN 310929
CLIEKO


CLIMATE REPORT
NATIONAL WEATHER SERVICE ELKO NV
227 AM PDT FRI JUL 31 2015


...................................

...THE ELKO AIRPORT NV CLIMATE SUMMARY FOR JULY 30 2015...

CLIMATE NORMAL PERIOD 1981 TO 2010
CLIMATE RECORD PERIOD 1888 TO 2015


WEATHER ITEM   OBSERVED TIME   RECORD YEAR NORMAL DEPARTURE LAST
                VALUE   (LST)  VALUE       VALUE  FROM      YEAR
                                                  NORMAL
..................................................................
TEMPERATURE (F)
 YESTERDAY
  MAXIMUM         95    400 PM 103    1978  92      3       90
  MINIMUM         47    436 AM  35    1950  51     -4       55
                                      1917
                                      1895
  AVERAGE         71                        71      0       73

PRECIPITATION (IN)
  YESTERDAY        0.00          0.41 1912   0.02  -0.02      T
  MONTH TO DATE    0.79                      0.36   0.43     0.54
  SINCE OCT 1      8.37                      8.96  -0.59     8.00
  SINCE JAN 1      6.13                      5.90   0.23     6.39

SNOWFALL (IN)
  YESTERDAY        0.0           0.0  1888   0.0    0.0      0.0
  MONTH TO DATE    0.0                       0.0    0.0      0.0
  SINCE JUN 1      0.0                       0.0    0.0      0.0
  SINCE JUL 1      0.0                       0.0    0.0      0.0
  SNOW DEPTH       0

DEGREE DAYS
 HEATING
  YESTERDAY        0                         0      0        0
  MONTH TO DATE    9                        17     -8        0
  SINCE JUN 1     33                       148   -115       92
  SINCE JUL 1      9                        17     -8        0

 COOLING
  YESTERDAY        6                         6      0        8
  MONTH TO DATE  178                       175      3      336
  SINCE JUN 1    356                       222    134      365
  SINCE JAN 1    363                       226    137      368
..................................................................


WIND (MPH)
  HIGHEST WIND SPEED    14   HIGHEST WIND DIRECTION     N (340)
  HIGHEST GUST SPEED    16   HIGHEST GUST DIRECTION     N (340)
  AVERAGE WIND SPEED     5.0



WEATHER CONDITIONS
 THE FOLLOWING WEATHER WAS RECORDED YESTERDAY.
  NO SIGNIFICANT WEATHER WAS OBSERVED.


RELATIVE HUMIDITY (PERCENT)
 HIGHEST    50           400 AM
 LOWEST      5           400 PM
 AVERAGE    28

..........................................................


THE ELKO AIRPORT NV CLIMATE NORMALS FOR TODAY
                         NORMAL    RECORD    YEAR
 MAXIMUM TEMPERATURE (F)   92       103      1978
 MINIMUM TEMPERATURE (F)   51        30      1995


SUNRISE AND SUNSET
JULY 31 2015..........SUNRISE   538 AM PDT   SUNSET   800 PM PDT
AUGUST  1 2015........SUNRISE   539 AM PDT   SUNSET   759 PM PDT


-  INDICATES NEGATIVE NUMBERS.
R  INDICATES RECORD WAS SET OR TIED.
MM INDICATES DATA IS MISSING.
T  INDICATES TRACE AMOUNT.




$$
