000
CDUS45 KLKN 210034
CLIEKO


CLIMATE REPORT
NATIONAL WEATHER SERVICE ELKO NV
433 PM PST SAT JAN 20 2018


...................................

...THE ELKO AIRPORT NV CLIMATE SUMMARY FOR JANUARY 20 2018...
VALID TODAY AS OF 0400 PM LOCAL TIME.

CLIMATE NORMAL PERIOD 1981 TO 2010
CLIMATE RECORD PERIOD 1888 TO 2018


WEATHER ITEM   OBSERVED TIME   RECORD YEAR NORMAL DEPARTURE LAST
                VALUE   (LST)  VALUE       VALUE  FROM      YEAR
                                                  NORMAL
..................................................................
TEMPERATURE (F)
 TODAY
  MAXIMUM         35    213 PM  59    1981  36     -1       33
  MINIMUM         21    657 AM -34    1937  14      7       16
  AVERAGE         28                        25      3       25

PRECIPITATION (IN)
  TODAY            0.00          0.65 1896   0.04  -0.04     0.30
  MONTH TO DATE    0.45                      0.77  -0.32     2.25
  SINCE OCT 1      2.15                      3.83  -1.68     7.88
  SINCE JAN 1      0.45                      0.77  -0.32     2.25

SNOWFALL (IN)
  TODAY            0.0           7.5  2017   0.4   -0.4      7.5
  MONTH TO DATE    0.9                       7.2   -6.3     26.9
  SINCE DEC 1      5.7                      17.1  -11.4     39.1
  SINCE JUL 1      6.4                      22.8  -16.4     44.6
  SNOW DEPTH       T

DEGREE DAYS
 HEATING
  TODAY           37                        40     -3       40
  MONTH TO DATE  560                       800   -240      835
  SINCE DEC 1   1734                      2010   -276     2089
  SINCE JUL 1   3322                      3748   -426     3434

 COOLING
  TODAY            0                         0      0        0
  MONTH TO DATE    0                         0      0        0
  SINCE DEC 1      0                         0      0        0
  SINCE JAN 1      0                         0      0        0
..................................................................


WIND (MPH)
  HIGHEST WIND SPEED    20   HIGHEST WIND DIRECTION    NW (310)
  HIGHEST GUST SPEED    24   HIGHEST GUST DIRECTION    NW (300)



WEATHER CONDITIONS
 THE FOLLOWING WEATHER WAS RECORDED TODAY.
  NO SIGNIFICANT WEATHER WAS OBSERVED.


RELATIVE HUMIDITY (PERCENT)
 HIGHEST    92           100 AM
 LOWEST     47           200 PM
 AVERAGE    70

..........................................................


THE ELKO AIRPORT NV CLIMATE NORMALS FOR TOMORROW
                         NORMAL    RECORD    YEAR
 MAXIMUM TEMPERATURE (F)   36        54      1981
                                             1950
                                             1899
 MINIMUM TEMPERATURE (F)   14       -43      1937


SUNRISE AND SUNSET
JANUARY 20 2018.......SUNRISE   703 AM PST   SUNSET   446 PM PST
JANUARY 21 2018.......SUNRISE   702 AM PST   SUNSET   447 PM PST


-  INDICATES NEGATIVE NUMBERS.
R  INDICATES RECORD WAS SET OR TIED.
MM INDICATES DATA IS MISSING.
T  INDICATES TRACE AMOUNT.




$$
