000
CDUS45 KLKN 300029
CLIEKO


CLIMATE REPORT
NATIONAL WEATHER SERVICE ELKO NV
528 PM PDT MON JUN 29 2015


...................................

...THE ELKO AIRPORT NV CLIMATE SUMMARY FOR JUNE 29 2015...
VALID TODAY AS OF 500 PM LOCAL TIME.

CLIMATE NORMAL PERIOD 1981 TO 2010
CLIMATE RECORD PERIOD 1888 TO 2015


WEATHER ITEM   OBSERVED TIME   RECORD YEAR NORMAL DEPARTURE LAST
                VALUE   (LST)  VALUE       VALUE  FROM      YEAR
                                                  NORMAL
..................................................................
TEMPERATURE (F)
 TODAY
  MAXIMUM        101    217 PM 102    2013  86     15       89
  MINIMUM         64    223 AM  32    1913  48     16       46
  AVERAGE         83                        67     16       68

PRECIPITATION (IN)
  TODAY            0.00          0.20 1992   0.01  -0.01     0.00
  MONTH TO DATE    0.34                      0.64  -0.30     0.14
  SINCE OCT 1      7.45                      8.59  -1.14     7.46
  SINCE JAN 1      5.21                      5.53  -0.32     5.85

SNOWFALL (IN)
  TODAY            0.0           T    1968   0.0    0.0      0.0
  MONTH TO DATE    0.0                       0.0    0.0      0.0
  SINCE JUN 1      0.0                       0.0    0.0      0.0
  SINCE JUL 1     14.3                      41.3  -27.0     20.5
  SNOW DEPTH       0

DEGREE DAYS
 HEATING
  TODAY            0                         2     -2        0
  MONTH TO DATE   24                       130   -106       92
  SINCE JUN 1     24                       130   -106       92
  SINCE JUL 1   5549                      7065  -1516     6474

 COOLING
  TODAY           18                         3     15        3
  MONTH TO DATE  162                        45    117       25
  SINCE JUN 1    162                        45    117       25
  SINCE JAN 1    169                        49    120       28
..................................................................


WIND (MPH)
  HIGHEST WIND SPEED    22   HIGHEST WIND DIRECTION     W (250)
  HIGHEST GUST SPEED    28   HIGHEST GUST DIRECTION    SW (240)



WEATHER CONDITIONS
 THE FOLLOWING WEATHER WAS RECORDED TODAY.
  THUNDERSTORM


RELATIVE HUMIDITY (PERCENT)
 HIGHEST    48           100 AM
 LOWEST     13           200 PM
 AVERAGE    31

..........................................................


THE ELKO AIRPORT NV CLIMATE NORMALS FOR TOMORROW
                         NORMAL    RECORD    YEAR
 MAXIMUM TEMPERATURE (F)   86       104      2013
 MINIMUM TEMPERATURE (F)   48        30      1888


SUNRISE AND SUNSET
JUNE 29 2015..........SUNRISE   514 AM PDT   SUNSET   819 PM PDT
JUNE 30 2015..........SUNRISE   515 AM PDT   SUNSET   819 PM PDT


-  INDICATES NEGATIVE NUMBERS.
R  INDICATES RECORD WAS SET OR TIED.
MM INDICATES DATA IS MISSING.
T  INDICATES TRACE AMOUNT.




$$
