000
CDUS45 KLKN 210934
CLIEKO


CLIMATE REPORT
NATIONAL WEATHER SERVICE ELKO NV
131 AM PST SAT JAN 21 2017


...................................

...THE ELKO AIRPORT NV CLIMATE SUMMARY FOR JANUARY 20 2017...

CLIMATE NORMAL PERIOD 1981 TO 2010
CLIMATE RECORD PERIOD 1888 TO 2017


WEATHER ITEM   OBSERVED TIME   RECORD YEAR NORMAL DEPARTURE LAST
                VALUE   (LST)  VALUE       VALUE  FROM      YEAR
                                                  NORMAL
..................................................................
TEMPERATURE (F)
 YESTERDAY
  MAXIMUM         33   1156 AM  59    1981  36     -3       39
  MINIMUM         16    134 AM -34    1937  14      2       12
  AVERAGE         25                        25      0       26

PRECIPITATION (IN)
  YESTERDAY        0.30          0.65 1896   0.04   0.26     0.03
  MONTH TO DATE    2.25                      0.77   1.48     0.90
  SINCE OCT 1      7.88                      3.83   4.05     5.44
  SINCE JAN 1      2.25                      0.77   1.48     0.90

SNOWFALL (IN)
  YESTERDAY        7.5 R         3.9  1957   0.4    7.1      0.2
  MONTH TO DATE   26.8                       7.2   19.6     11.4
  SINCE DEC 1     39.0                      17.1   21.9     34.7
  SINCE JUL 1     44.5                      22.8   21.7     46.9
  SNOW DEPTH       4

DEGREE DAYS
 HEATING
  YESTERDAY       40                        40      0       39
  MONTH TO DATE  835                       800     35      827
  SINCE DEC 1   2089                      2010     79     2077
  SINCE JUL 1   3434                      3748   -314     3558

 COOLING
  YESTERDAY        0                         0      0        0
  MONTH TO DATE    0                         0      0        0
  SINCE DEC 1      0                         0      0        0
  SINCE JAN 1      0                         0      0        0
..................................................................


WIND (MPH)
  HIGHEST WIND SPEED    13   HIGHEST WIND DIRECTION    NE (50)
  HIGHEST GUST SPEED    15   HIGHEST GUST DIRECTION    NE (60)
  AVERAGE WIND SPEED     5.2



WEATHER CONDITIONS
 THE FOLLOWING WEATHER WAS RECORDED YESTERDAY.
  SNOW
  LIGHT SNOW
  FOG
  FOG W/VISIBILITY <= 1/4 MILE


RELATIVE HUMIDITY (PERCENT)
 HIGHEST    92           300 PM
 LOWEST     63          1100 AM
 AVERAGE    78

..........................................................


THE ELKO AIRPORT NV CLIMATE NORMALS FOR TODAY
                         NORMAL    RECORD    YEAR
 MAXIMUM TEMPERATURE (F)   36        54      1981
                                             1950
                                             1899
 MINIMUM TEMPERATURE (F)   14       -43      1937


SUNRISE AND SUNSET
JANUARY 21 2017.......SUNRISE   702 AM PST   SUNSET   448 PM PST
JANUARY 22 2017.......SUNRISE   701 AM PST   SUNSET   449 PM PST


-  INDICATES NEGATIVE NUMBERS.
R  INDICATES RECORD WAS SET OR TIED.
MM INDICATES DATA IS MISSING.
T  INDICATES TRACE AMOUNT.




$$
