303
CDUS45 KLKN 080932
CLIEKO


CLIMATE REPORT
NATIONAL WEATHER SERVICE ELKO NV
131 AM PST MON FEB 8 2016


...................................

...THE ELKO AIRPORT NV CLIMATE SUMMARY FOR FEBRUARY 7 2016...

CLIMATE NORMAL PERIOD 1981 TO 2010
CLIMATE RECORD PERIOD 1888 TO 2016


WEATHER ITEM   OBSERVED TIME   RECORD YEAR NORMAL DEPARTURE LAST
                VALUE   (LST)  VALUE       VALUE  FROM      YEAR
                                                  NORMAL
..................................................................
TEMPERATURE (F)
 YESTERDAY
  MAXIMUM         34    319 PM  64    2015  39     -5       64
  MINIMUM          5    653 AM -27    1989  16    -11       36
  AVERAGE         20                        28     -8       50

PRECIPITATION (IN)
  YESTERDAY        0.00          0.75 1918   0.03  -0.03     0.01
  MONTH TO DATE    0.09                      0.22  -0.13     0.01
  SINCE OCT 1      6.60                      4.40   2.20     2.45
  SINCE JAN 1      2.06                      1.34   0.72     0.21

SNOWFALL (IN)
  YESTERDAY        0.0           6.0  1901   0.2   -0.2      0.0
  MONTH TO DATE    1.3                       1.9   -0.6       T
  SINCE DEC 1     41.7                      22.3   19.4      5.6
  SINCE JUL 1     53.9                      28.0   25.9      7.5
  SNOW DEPTH       9

DEGREE DAYS
 HEATING
  YESTERDAY       45                        37      8       15
  MONTH TO DATE  336                       266     70      137
  SINCE DEC 1   2874                      2713    161     2097
  SINCE JUL 1   4355                      4451    -96     3457

 COOLING
  YESTERDAY        0                         0      0        0
  MONTH TO DATE    0                         0      0        0
  SINCE DEC 1      0                         0      0        0
  SINCE JAN 1      0                         0      0        0
..................................................................


WIND (MPH)
  HIGHEST WIND SPEED     9   HIGHEST WIND DIRECTION     E (90)
  HIGHEST GUST SPEED    10   HIGHEST GUST DIRECTION     E (90)
  AVERAGE WIND SPEED     3.1



WEATHER CONDITIONS
 THE FOLLOWING WEATHER WAS RECORDED YESTERDAY.
  NO SIGNIFICANT WEATHER WAS OBSERVED.


RELATIVE HUMIDITY (PERCENT)
 HIGHEST    88          1100 PM
 LOWEST     51           300 PM
 AVERAGE    70

..........................................................


THE ELKO AIRPORT NV CLIMATE NORMALS FOR TODAY
                         NORMAL    RECORD    YEAR
 MAXIMUM TEMPERATURE (F)   39        64      2015
 MINIMUM TEMPERATURE (F)   17       -26      1989


SUNRISE AND SUNSET
FEBRUARY  8 2016......SUNRISE   646 AM PST   SUNSET   509 PM PST
FEBRUARY  9 2016......SUNRISE   645 AM PST   SUNSET   510 PM PST


-  INDICATES NEGATIVE NUMBERS.
R  INDICATES RECORD WAS SET OR TIED.
MM INDICATES DATA IS MISSING.
T  INDICATES TRACE AMOUNT.




$$
