000
CDUS44 KSHV 250737
CLIELD


CLIMATE REPORT
NATIONAL WEATHER SERVICE SHREVEPORT, LA
236 AM CDT MON SEP 25 2017


...................................

...THE EL DORADO CLIMATE SUMMARY FOR SEPTEMBER 24 2017...

CLIMATE NORMAL PERIOD 1981 TO 2010
CLIMATE RECORD PERIOD 1907 TO 2017


WEATHER ITEM   OBSERVED TIME   RECORD YEAR NORMAL DEPARTURE LAST
                VALUE   (LST)  VALUE       VALUE  FROM      YEAR
                                                  NORMAL
..................................................................
TEMPERATURE (F)
 YESTERDAY
  MAXIMUM         90    109 PM 102    1930  84      6       91
  MINIMUM         67    618 AM  40    1989  59      8       67
  AVERAGE         79                        72      7       79

PRECIPITATION (IN)
  YESTERDAY        0.04          2.81 2005   0.11  -0.07     0.00
  MONTH TO DATE    1.27                      2.40  -1.13     1.68
  SINCE DEC 1     44.90                     42.13   2.77    58.54
  SINCE JAN 1     38.61                     36.95   1.66    50.48

SNOWFALL (IN)
  YESTERDAY        0.0
  MONTH TO DATE    0.0
  SINCE SEP 1      0.0
  SINCE JUL 1      0.0
  SNOW DEPTH       0

DEGREE DAYS
 HEATING
  YESTERDAY        0                         1     -1        0
  MONTH TO DATE    3                         5     -2        0
  SINCE SEP 1      3                         5     -2        0
  SINCE JUL 1      3                         5     -2        0

 COOLING
  YESTERDAY       14                         7      7       14
  MONTH TO DATE  247                       262    -15      355
  SINCE SEP 1    247                       262    -15      355
  SINCE JAN 1   1982                      1989     -7     2213
..................................................................


WIND (MPH)
  HIGHEST WIND SPEED    20   HIGHEST WIND DIRECTION     E (100)
  HIGHEST GUST SPEED    24   HIGHEST GUST DIRECTION     E (100)
  AVERAGE WIND SPEED     1.4


SKY COVER
  POSSIBLE SUNSHINE  MM
  AVERAGE SKY COVER 0.1


WEATHER CONDITIONS
 THE FOLLOWING WEATHER WAS RECORDED YESTERDAY.
  LIGHT RAIN
  FOG


RELATIVE HUMIDITY (PERCENT)
 HIGHEST   100           100 AM
 LOWEST     47           100 PM
 AVERAGE    74

..........................................................


THE EL DORADO CLIMATE NORMALS FOR TODAY
                         NORMAL    RECORD    YEAR
 MAXIMUM TEMPERATURE (F)   83        99      1931
 MINIMUM TEMPERATURE (F)   59        44      1965


SUNRISE AND SUNSET
SEPTEMBER 25 2017.....SUNRISE   702 AM CDT   SUNSET   703 PM CDT
SEPTEMBER 26 2017.....SUNRISE   702 AM CDT   SUNSET   702 PM CDT


-  INDICATES NEGATIVE NUMBERS.
R  INDICATES RECORD WAS SET OR TIED.
MM INDICATES DATA IS MISSING.
T  INDICATES TRACE AMOUNT.




$$
