000
CDUS44 KSHV 182242
CLIELD


CLIMATE REPORT
NATIONAL WEATHER SERVICE SHREVEPORT, LA
442 PM CST SUN FEB 18 2018


...................................

...THE EL DORADO CLIMATE SUMMARY FOR FEBRUARY 18 2018...
VALID TODAY AS OF 0400 PM LOCAL TIME.

CLIMATE NORMAL PERIOD 1981 TO 2010
CLIMATE RECORD PERIOD 1907 TO 2018


WEATHER ITEM   OBSERVED TIME   RECORD YEAR NORMAL DEPARTURE LAST
                VALUE   (LST)  VALUE       VALUE  FROM      YEAR
                                                  NORMAL
..................................................................
TEMPERATURE (F)
 TODAY
  MAXIMUM         52    359 PM  85    1986  60     -8       64
  MINIMUM         43    316 AM   8    1910  37      6       51
  AVERAGE         48                        48      0       58

PRECIPITATION (IN)
  TODAY            0.01          2.18 1938   0.18  -0.17     0.00
  MONTH TO DATE    5.56                      3.05   2.51     1.46
  SINCE DEC 1     14.26                     12.53   1.73    11.94
  SINCE JAN 1      8.63                      7.35   1.28     5.65

SNOWFALL (IN)
  TODAY           MM
  MONTH TO DATE    0.0
  SINCE DEC 1      2.8
  SINCE JUL 1      2.8
  SNOW DEPTH       0

DEGREE DAYS
 HEATING
  TODAY           17                        17      0        7
  MONTH TO DATE  297                       334    -37      207
  SINCE DEC 1   1644                      1598     46     1125
  SINCE JUL 1   2046                      2077    -31     1398

 COOLING
  TODAY            0                         0      0        0
  MONTH TO DATE    5                         0      5       10
  SINCE DEC 1      5                         6     -1       33
  SINCE JAN 1      5                         2      3       19
..................................................................


WIND (MPH)
  HIGHEST WIND SPEED    10   HIGHEST WIND DIRECTION     E (70)
  HIGHEST GUST SPEED    15   HIGHEST GUST DIRECTION     E (70)
  AVERAGE WIND SPEED     6.0


SKY COVER
  POSSIBLE SUNSHINE  MM
  AVERAGE SKY COVER 0.7


WEATHER CONDITIONS
 THE FOLLOWING WEATHER WAS RECORDED TODAY.
  LIGHT RAIN
  FOG


RELATIVE HUMIDITY (PERCENT)
 HIGHEST   100          1200 AM
 LOWEST    100          1200 AM
 AVERAGE   100

..........................................................


THE EL DORADO CLIMATE NORMALS FOR TOMORROW
                         NORMAL    RECORD    YEAR
 MAXIMUM TEMPERATURE (F)   60        84      1986
 MINIMUM TEMPERATURE (F)   37        14      1978


SUNRISE AND SUNSET
FEBRUARY 18 2018......SUNRISE   652 AM CST   SUNSET   559 PM CST
FEBRUARY 19 2018......SUNRISE   651 AM CST   SUNSET   600 PM CST


-  INDICATES NEGATIVE NUMBERS.
R  INDICATES RECORD WAS SET OR TIED.
MM INDICATES DATA IS MISSING.
T  INDICATES TRACE AMOUNT.




$$
