000
CDUS44 KSHV 110837
CLIELD


CLIMATE REPORT
NATIONAL WEATHER SERVICE SHREVEPORT, LA
232 AM CST SUN DEC 11 2016


...................................

...THE EL DORADO CLIMATE SUMMARY FOR DECEMBER 10 2016...

CLIMATE NORMAL PERIOD 1981 TO 2010
CLIMATE RECORD PERIOD 1907 TO 2016


WEATHER ITEM   OBSERVED TIME   RECORD YEAR NORMAL DEPARTURE LAST
                VALUE   (LST)  VALUE       VALUE  FROM      YEAR
                                                  NORMAL
..................................................................
TEMPERATURE (F)
 YESTERDAY
  MAXIMUM         49    353 PM  76    1996  57     -8       67
  MINIMUM         28   1217 AM  14    1995  36     -8       40
  AVERAGE         39                        46     -7       54

PRECIPITATION (IN)
  YESTERDAY        0.00          2.53 1983   0.18  -0.18     0.00
  MONTH TO DATE    2.27                      1.86   0.41     0.00
  SINCE DEC 1      2.27                      1.86   0.41     0.00
  SINCE JAN 1     57.62                     49.60   8.02    47.29

SNOWFALL (IN)
  YESTERDAY        0.0
  MONTH TO DATE    0.0
  SINCE DEC 1      0.0
  SINCE JUL 1      0.0
  SNOW DEPTH       0

DEGREE DAYS
 HEATING
  YESTERDAY       26                        19      7       11
  MONTH TO DATE  210                       177     33      158
  SINCE DEC 1    210                       177     33      158
  SINCE JUL 1    483                       656   -173      452

 COOLING
  YESTERDAY        0                         0      0        0
  MONTH TO DATE    0                         0      0        0
  SINCE DEC 1      0                         0      0        0
  SINCE JAN 1   2391                      2126    265     2379
..................................................................


WIND (MPH)
  HIGHEST WIND SPEED    13   HIGHEST WIND DIRECTION    SE (140)
  HIGHEST GUST SPEED    17   HIGHEST GUST DIRECTION    SE (140)
  AVERAGE WIND SPEED     5.0


SKY COVER
  POSSIBLE SUNSHINE  MM
  AVERAGE SKY COVER 0.7


WEATHER CONDITIONS
 THE FOLLOWING WEATHER WAS RECORDED YESTERDAY.
  NO SIGNIFICANT WEATHER WAS OBSERVED.


RELATIVE HUMIDITY (PERCENT)
 HIGHEST    92          1200 AM
 LOWEST     34           200 PM
 AVERAGE    63

..........................................................


THE EL DORADO CLIMATE NORMALS FOR TODAY
                         NORMAL    RECORD    YEAR
 MAXIMUM TEMPERATURE (F)   57        79      1996
 MINIMUM TEMPERATURE (F)   35        17      1917


SUNRISE AND SUNSET
DECEMBER 11 2016......SUNRISE   705 AM CST   SUNSET   505 PM CST
DECEMBER 12 2016......SUNRISE   706 AM CST   SUNSET   505 PM CST


-  INDICATES NEGATIVE NUMBERS.
R  INDICATES RECORD WAS SET OR TIED.
MM INDICATES DATA IS MISSING.
T  INDICATES TRACE AMOUNT.




$$
