000
CDUS44 KSHV 012133
CLIELD


CLIMATE REPORT
NATIONAL WEATHER SERVICE SHREVEPORT, LA
432 PM CDT SAT AUG 1 2015


...................................

...THE EL DORADO CLIMATE SUMMARY FOR AUGUST 1 2015...
VALID TODAY AS OF 0400 PM LOCAL TIME.

CLIMATE NORMAL PERIOD 1981 TO 2010
CLIMATE RECORD PERIOD 1907 TO 2015


WEATHER ITEM   OBSERVED TIME   RECORD YEAR NORMAL DEPARTURE LAST
                VALUE   (LST)  VALUE       VALUE  FROM      YEAR
                                                  NORMAL
..................................................................
TEMPERATURE (F)
 TODAY
  MAXIMUM         96    230 PM 103    2008  93      3       69
  MINIMUM         65    446 AM  57    1936  71     -6       64
  AVERAGE         81                        82     -1       67

PRECIPITATION (IN)
  TODAY            0.00          0.85 1979   0.11  -0.11     0.82
  MONTH TO DATE    0.00                      0.11  -0.11     0.82
  SINCE DEC 1     34.48                     36.73  -2.25    35.14
  SINCE JAN 1     31.15                     31.55  -0.40    28.58

DEGREE DAYS
 HEATING
  TODAY            0                         0      0        0
  MONTH TO DATE    0                         0      0        0
  SINCE JUN 1      0                         0      0        0
  SINCE JUL 1      0                         0      0        0

 COOLING
  TODAY           16                        17     -1        2
  MONTH TO DATE   16                        17     -1        2
  SINCE JUN 1   1027                       929     98      810
  SINCE JAN 1   1367                      1240    127     1062
..................................................................


WIND (MPH)
  HIGHEST WIND SPEED    15   HIGHEST WIND DIRECTION    NE (50)
  HIGHEST GUST SPEED    22   HIGHEST GUST DIRECTION     E (70)
  AVERAGE WIND SPEED     5.2


SKY COVER
  POSSIBLE SUNSHINE  MM
  AVERAGE SKY COVER 0.0


WEATHER CONDITIONS
 THE FOLLOWING WEATHER WAS RECORDED TODAY.
  NO SIGNIFICANT WEATHER WAS OBSERVED.


RELATIVE HUMIDITY (PERCENT)
 HIGHEST    93           400 AM
 LOWEST     30           100 PM
 AVERAGE    62

..........................................................


THE EL DORADO CLIMATE NORMALS FOR TOMORROW
                         NORMAL    RECORD    YEAR
 MAXIMUM TEMPERATURE (F)   93       106      2008
 MINIMUM TEMPERATURE (F)   71        59      1965


SUNRISE AND SUNSET
AUGUST  1 2015........SUNRISE   624 AM CDT   SUNSET   811 PM CDT
AUGUST  2 2015........SUNRISE   625 AM CDT   SUNSET   810 PM CDT


-  INDICATES NEGATIVE NUMBERS.
R  INDICATES RECORD WAS SET OR TIED.
MM INDICATES DATA IS MISSING.
T  INDICATES TRACE AMOUNT.




$$
