000
CDUS44 KSHV 072136
CLIELD


CLIMATE REPORT
NATIONAL WEATHER SERVICE SHREVEPORT, LA
433 PM CDT TUE JUL 7 2015


...................................

...THE EL DORADO CLIMATE SUMMARY FOR JULY 7 2015...
VALID TODAY AS OF 0400 PM LOCAL TIME.

CLIMATE NORMAL PERIOD 1981 TO 2010
CLIMATE RECORD PERIOD 1907 TO 2015


WEATHER ITEM   OBSERVED TIME   RECORD YEAR NORMAL DEPARTURE LAST
                VALUE   (LST)  VALUE       VALUE  FROM      YEAR
                                                  NORMAL
..................................................................
TEMPERATURE (F)
 TODAY
  MAXIMUM         92    228 PM 105    1964  92      0       93
  MINIMUM         74    557 AM  56    1972  71      3       67
  AVERAGE         83                        81      2       80

PRECIPITATION (IN)
  TODAY            0.00          2.13 1974   0.14  -0.14     0.00
  MONTH TO DATE    2.01                      0.98   1.03     0.00
  SINCE DEC 1     34.48                     34.04   0.44    31.46
  SINCE JAN 1     31.15                     28.86   2.29    24.90

DEGREE DAYS
 HEATING
  TODAY            0                         0      0        0
  MONTH TO DATE    0                         0      0        0
  SINCE JUN 1      0                         0      0        0
  SINCE JUL 1      0                         0      0        0

 COOLING
  TODAY           18                        16      2       15
  MONTH TO DATE  104                       112     -8       90
  SINCE JUN 1    534                       508     26      507
  SINCE JAN 1    874                       819     55      759
..................................................................


WIND (MPH)
  HIGHEST WIND SPEED    17   HIGHEST WIND DIRECTION     S (180)
  HIGHEST GUST SPEED    23   HIGHEST GUST DIRECTION     S (170)
  AVERAGE WIND SPEED     9.4


SKY COVER
  POSSIBLE SUNSHINE  MM
  AVERAGE SKY COVER 0.3


WEATHER CONDITIONS
 THE FOLLOWING WEATHER WAS RECORDED TODAY.
  FOG


RELATIVE HUMIDITY (PERCENT)
 HIGHEST   100           600 AM
 LOWEST     56           200 PM
 AVERAGE    78

..........................................................


THE EL DORADO CLIMATE NORMALS FOR TOMORROW
                         NORMAL    RECORD    YEAR
 MAXIMUM TEMPERATURE (F)   92       105      1964
 MINIMUM TEMPERATURE (F)   71        59      1983


SUNRISE AND SUNSET
JULY  7 2015..........SUNRISE   608 AM CDT   SUNSET   824 PM CDT
JULY  8 2015..........SUNRISE   609 AM CDT   SUNSET   823 PM CDT


-  INDICATES NEGATIVE NUMBERS.
R  INDICATES RECORD WAS SET OR TIED.
MM INDICATES DATA IS MISSING.
T  INDICATES TRACE AMOUNT.




$$
