000
CDUS44 KSHV 140846
CLIELD


CLIMATE REPORT
NATIONAL WEATHER SERVICE SHREVEPORT, LA
242 AM CST THU DEC 14 2017


...................................

...THE EL DORADO CLIMATE SUMMARY FOR DECEMBER 13 2017...

CLIMATE NORMAL PERIOD 1981 TO 2010
CLIMATE RECORD PERIOD 1907 TO 2017


WEATHER ITEM   OBSERVED TIME   RECORD YEAR NORMAL DEPARTURE LAST
                VALUE   (LST)  VALUE       VALUE  FROM      YEAR
                                                  NORMAL
..................................................................
TEMPERATURE (F)
 YESTERDAY
  MAXIMUM         64    333 PM  78    1933  56      8       57
  MINIMUM         26    715 AM   9    1962  35     -9       44
  AVERAGE         45                        46     -1       51

PRECIPITATION (IN)
  YESTERDAY        0.00          5.35 1931   0.18  -0.18     0.00
  MONTH TO DATE    0.62                      2.39  -1.77     2.27
  SINCE DEC 1      0.62                      2.39  -1.77     2.27
  SINCE JAN 1     41.69                     50.13  -8.44    57.62

SNOWFALL (IN)
  YESTERDAY        0.0
  MONTH TO DATE    0.0
  SINCE DEC 1      0.0
  SINCE JUL 1      0.0
  SNOW DEPTH       0

DEGREE DAYS
 HEATING
  YESTERDAY       20                        19      1       14
  MONTH TO DATE  207                       234    -27      241
  SINCE DEC 1    207                       234    -27      241
  SINCE JUL 1    609                       713   -104      514

 COOLING
  YESTERDAY        0                         0      0        0
  MONTH TO DATE    0                         0      0        0
  SINCE DEC 1      0                         0      0        0
  SINCE JAN 1   2241                      2126    115     2391
..................................................................


WIND (MPH)
  HIGHEST WIND SPEED    20   HIGHEST WIND DIRECTION    SW (210)
  HIGHEST GUST SPEED    27   HIGHEST GUST DIRECTION    SW (210)
  AVERAGE WIND SPEED     6.5


SKY COVER
  POSSIBLE SUNSHINE  MM
  AVERAGE SKY COVER 0.0


WEATHER CONDITIONS
 THE FOLLOWING WEATHER WAS RECORDED YESTERDAY.
  NO SIGNIFICANT WEATHER WAS OBSERVED.


RELATIVE HUMIDITY (PERCENT)
 HIGHEST    92           400 AM
 LOWEST     24           200 PM
 AVERAGE    58

..........................................................


THE EL DORADO CLIMATE NORMALS FOR TODAY
                         NORMAL    RECORD    YEAR
 MAXIMUM TEMPERATURE (F)   56        83      1948
 MINIMUM TEMPERATURE (F)   35        15      1958


SUNRISE AND SUNSET
DECEMBER 14 2017......SUNRISE   707 AM CST   SUNSET   505 PM CST
DECEMBER 15 2017......SUNRISE   707 AM CST   SUNSET   506 PM CST


-  INDICATES NEGATIVE NUMBERS.
R  INDICATES RECORD WAS SET OR TIED.
MM INDICATES DATA IS MISSING.
T  INDICATES TRACE AMOUNT.




$$
