000
CDUS44 KSHV 220832
CLIELD


CLIMATE REPORT
NATIONAL WEATHER SERVICE SHREVEPORT, LA
231 AM CST SAT NOV 22 2014


...................................

...THE EL DORADO CLIMATE SUMMARY FOR NOVEMBER 21 2014...

CLIMATE NORMAL PERIOD 1981 TO 2010
CLIMATE RECORD PERIOD 1907 TO 2014


WEATHER ITEM   OBSERVED TIME   RECORD YEAR NORMAL DEPARTURE LAST
                VALUE   (LST)  VALUE       VALUE  FROM      YEAR
                                                  NORMAL
..................................................................
TEMPERATURE (F)
 YESTERDAY
  MAXIMUM         61    409 PM  83    1933  63     -2       67
  MINIMUM         52    735 AM  22    1952  41     11       50
  AVERAGE         57                        52      5       59

PRECIPITATION (IN)
  YESTERDAY        0.01          4.80 1934   0.18  -0.17     0.37
  MONTH TO DATE    1.96                      3.29  -1.33     0.75
  SINCE DEC 1     43.11                     51.32  -8.21    42.73
  SINCE JAN 1     36.55                     46.14  -9.59    36.67

SNOWFALL (IN)
  YESTERDAY        0.0
  MONTH TO DATE    0.0
  SINCE SEP 1      0.0
  SINCE JUL 1      0.0
  SNOW DEPTH       0

DEGREE DAYS
 HEATING
  YESTERDAY        8                        13     -5        6
  MONTH TO DATE  373                       213    160      243
  SINCE SEP 1    448                       346    102      357
  SINCE JUL 1    448                       346    102      357

 COOLING
  YESTERDAY        0                         0      0        0
  MONTH TO DATE    2                        13    -11        9
  SINCE SEP 1    431                       397     34      485
  SINCE JAN 1   1879                      2124   -245     2153
..................................................................


WIND (MPH)
  HIGHEST WIND SPEED    15   HIGHEST WIND DIRECTION     S (160)
  HIGHEST GUST SPEED    23   HIGHEST GUST DIRECTION     S (160)
  AVERAGE WIND SPEED     4.9


SKY COVER
  POSSIBLE SUNSHINE  MM
  AVERAGE SKY COVER 1.0


WEATHER CONDITIONS
 THE FOLLOWING WEATHER WAS RECORDED YESTERDAY.
  LIGHT RAIN
  FOG


RELATIVE HUMIDITY (PERCENT)
 HIGHEST    96           700 AM
 LOWEST     72           300 PM
 AVERAGE    84

..........................................................


THE EL DORADO CLIMATE NORMALS FOR TODAY
                         NORMAL    RECORD    YEAR
 MAXIMUM TEMPERATURE (F)   63        81      1921
 MINIMUM TEMPERATURE (F)   40        18      1964


SUNRISE AND SUNSET
NOVEMBER 22 2014......SUNRISE   649 AM CST   SUNSET   506 PM CST
NOVEMBER 23 2014......SUNRISE   650 AM CST   SUNSET   506 PM CST


-  INDICATES NEGATIVE NUMBERS.
R  INDICATES RECORD WAS SET OR TIED.
MM INDICATES DATA IS MISSING.
T  INDICATES TRACE AMOUNT.




$$
