000
CDUS44 KSHV 010731
CLIELD


CLIMATE REPORT
NATIONAL WEATHER SERVICE SHREVEPORT, LA
231 AM CDT MON SEP 1 2014


...................................

...THE EL DORADO CLIMATE SUMMARY FOR AUGUST 31 2014...

CLIMATE NORMAL PERIOD 1981 TO 2010
CLIMATE RECORD PERIOD 1907 TO 2014


WEATHER ITEM   OBSERVED TIME   RECORD YEAR NORMAL DEPARTURE LAST
                VALUE   (LST)  VALUE       VALUE  FROM      YEAR
                                                  NORMAL
..................................................................
TEMPERATURE (F)
 YESTERDAY
  MAXIMUM         89    241 PM 112    2000  91     -2       97
  MINIMUM         73    610 AM  54    1915  68      5       72
  AVERAGE         81                        79      2       85

PRECIPITATION (IN)
  YESTERDAY        0.01          2.50 1944   0.10  -0.09     0.00
  MONTH TO DATE    2.36                      3.11  -0.75     1.02
  SINCE DEC 1     36.68                     39.73  -3.05    32.90
  SINCE JAN 1     30.12                     34.55  -4.43    26.84

SNOWFALL (IN)
  YESTERDAY        0.0
  MONTH TO DATE    0.0
  SINCE JUN 1      0.0
  SINCE JUL 1      0.0
  SNOW DEPTH       0

DEGREE DAYS
 HEATING
  YESTERDAY        0                         0      0        0
  MONTH TO DATE    0                         0      0        0
  SINCE JUN 1      0                         0      0        0
  SINCE JUL 1      0                         0      0        0

 COOLING
  YESTERDAY       16                        14      2       20
  MONTH TO DATE  388                       504   -116      511
  SINCE JUN 1   1196                      1416   -220     1390
  SINCE JAN 1   1448                      1727   -279     1668
..................................................................


WIND (MPH)
  HIGHEST WIND SPEED    18   HIGHEST WIND DIRECTION    SW (210)
  HIGHEST GUST SPEED    23   HIGHEST GUST DIRECTION     S (180)
  AVERAGE WIND SPEED     6.5


SKY COVER
  POSSIBLE SUNSHINE  MM
  AVERAGE SKY COVER 0.6


WEATHER CONDITIONS
 THE FOLLOWING WEATHER WAS RECORDED YESTERDAY.
  LIGHT RAIN
  FOG


RELATIVE HUMIDITY (PERCENT)
 HIGHEST   100           100 AM
 LOWEST     63           200 PM
 AVERAGE    82

..........................................................


THE EL DORADO CLIMATE NORMALS FOR TODAY
                         NORMAL    RECORD    YEAR
 MAXIMUM TEMPERATURE (F)   91       108      2000
 MINIMUM TEMPERATURE (F)   68        51      1915


SUNRISE AND SUNSET
SEPTEMBER  1 2014.....SUNRISE   646 AM CDT   SUNSET   736 PM CDT
SEPTEMBER  2 2014.....SUNRISE   646 AM CDT   SUNSET   735 PM CDT


-  INDICATES NEGATIVE NUMBERS.
R  INDICATES RECORD WAS SET OR TIED.
MM INDICATES DATA IS MISSING.
T  INDICATES TRACE AMOUNT.




$$
