000
CDUS44 KSHV 210854
CLIELD


CLIMATE REPORT
NATIONAL WEATHER SERVICE SHREVEPORT, LA
254 AM CST SAT JAN 21 2017


...................................

...THE EL DORADO CLIMATE SUMMARY FOR JANUARY 20 2017...

CLIMATE NORMAL PERIOD 1981 TO 2010
CLIMATE RECORD PERIOD 1907 TO 2017


WEATHER ITEM   OBSERVED TIME   RECORD YEAR NORMAL DEPARTURE LAST
                VALUE   (LST)  VALUE       VALUE  FROM      YEAR
                                                  NORMAL
..................................................................
TEMPERATURE (F)
 YESTERDAY
  MAXIMUM         72    325 PM  79    1954  55     17       52
  MINIMUM         55   1230 AM  10    1943  33     22       37
  AVERAGE         64                        44     20       45

PRECIPITATION (IN)
  YESTERDAY        0.00          3.16 2010   0.14  -0.14     0.01
  MONTH TO DATE    3.34                      2.67   0.67     1.44
  SINCE DEC 1      9.63                      7.85   1.78     9.50
  SINCE JAN 1      3.34                      2.67   0.67     1.44

SNOWFALL (IN)
  YESTERDAY        0.0
  MONTH TO DATE    T
  SINCE DEC 1      T
  SINCE JUL 1      T
  SNOW DEPTH       0

DEGREE DAYS
 HEATING
  YESTERDAY        1                        21    -20       20
  MONTH TO DATE  277                       429   -152      445
  SINCE DEC 1    797                      1037   -240      840
  SINCE JUL 1   1070                      1516   -446     1134

 COOLING
  YESTERDAY        0                         0      0        0
  MONTH TO DATE    9                         0      9        0
  SINCE DEC 1     23                         4     19       15
  SINCE JAN 1      9                         0      9        0
..................................................................


WIND (MPH)
  HIGHEST WIND SPEED    21   HIGHEST WIND DIRECTION     S (190)
  HIGHEST GUST SPEED    26   HIGHEST GUST DIRECTION    SW (220)
  AVERAGE WIND SPEED     8.1


SKY COVER
  POSSIBLE SUNSHINE  MM
  AVERAGE SKY COVER 0.4


WEATHER CONDITIONS
 THE FOLLOWING WEATHER WAS RECORDED YESTERDAY.
  NO SIGNIFICANT WEATHER WAS OBSERVED.


RELATIVE HUMIDITY (PERCENT)
 HIGHEST   100          1200 AM
 LOWEST     47           100 PM
 AVERAGE    74

..........................................................


THE EL DORADO CLIMATE NORMALS FOR TODAY
                         NORMAL    RECORD    YEAR
 MAXIMUM TEMPERATURE (F)   55        81      1938
 MINIMUM TEMPERATURE (F)   33         8      1985


SUNRISE AND SUNSET
JANUARY 21 2017.......SUNRISE   713 AM CST   SUNSET   533 PM CST
JANUARY 22 2017.......SUNRISE   712 AM CST   SUNSET   534 PM CST


-  INDICATES NEGATIVE NUMBERS.
R  INDICATES RECORD WAS SET OR TIED.
MM INDICATES DATA IS MISSING.
T  INDICATES TRACE AMOUNT.




$$
