064
CDUS44 KSHV 270732
CLIELD


CLIMATE REPORT
NATIONAL WEATHER SERVICE SHREVEPORT, LA
231 AM CDT SAT MAY 27 2017


...................................

...THE EL DORADO CLIMATE SUMMARY FOR MAY 26 2017...

CLIMATE NORMAL PERIOD 1981 TO 2010
CLIMATE RECORD PERIOD 1907 TO 2017


WEATHER ITEM   OBSERVED TIME   RECORD YEAR NORMAL DEPARTURE LAST
                VALUE   (LST)  VALUE       VALUE  FROM      YEAR
                                                  NORMAL
..................................................................
TEMPERATURE (F)
 YESTERDAY
  MAXIMUM         85    430 PM 101    1930  85      0       86
  MINIMUM         65    539 AM  46    1925  63      2       73
  AVERAGE         75                        74      1       80

PRECIPITATION (IN)
  YESTERDAY        0.00          4.11 1976   0.17  -0.17      T
  MONTH TO DATE    6.96                      4.28   2.68     0.81
  SINCE DEC 1     32.37                     27.39   4.98    36.35
  SINCE JAN 1     26.08                     22.21   3.87    28.29

SNOWFALL (IN)
  YESTERDAY        0.0
  MONTH TO DATE    0.0
  SINCE MAR 1      0.0
  SINCE JUL 1      T
  SNOW DEPTH       0

DEGREE DAYS
 HEATING
  YESTERDAY        0                         0      0        0
  MONTH TO DATE   17                        16      1       24
  SINCE MAR 1    271                       442   -171      295
  SINCE JUL 1   1723                      2670   -947     2034

 COOLING
  YESTERDAY       10                         9      1       15
  MONTH TO DATE  119                       165    -46      130
  SINCE MAR 1    265                       258      7      224
  SINCE JAN 1    292                       264     28      230
..................................................................


WIND (MPH)
  HIGHEST WIND SPEED    23   HIGHEST WIND DIRECTION     S (180)
  HIGHEST GUST SPEED    31   HIGHEST GUST DIRECTION     S (190)
  AVERAGE WIND SPEED    10.5


SKY COVER
  POSSIBLE SUNSHINE  MM
  AVERAGE SKY COVER 0.6


WEATHER CONDITIONS
 THE FOLLOWING WEATHER WAS RECORDED YESTERDAY.
  NO SIGNIFICANT WEATHER WAS OBSERVED.


RELATIVE HUMIDITY (PERCENT)
 HIGHEST   100          1100 PM
 LOWEST     65           200 PM
 AVERAGE    83

..........................................................


THE EL DORADO CLIMATE NORMALS FOR TODAY
                         NORMAL    RECORD    YEAR
 MAXIMUM TEMPERATURE (F)   85        96      1953
 MINIMUM TEMPERATURE (F)   63        42      1961


SUNRISE AND SUNSET
MAY 27 2017...........SUNRISE   605 AM CDT   SUNSET   813 PM CDT
MAY 28 2017...........SUNRISE   604 AM CDT   SUNSET   813 PM CDT


-  INDICATES NEGATIVE NUMBERS.
R  INDICATES RECORD WAS SET OR TIED.
MM INDICATES DATA IS MISSING.
T  INDICATES TRACE AMOUNT.




$$
