000
CDUS44 KSHV 220739
CLIELD


CLIMATE REPORT
NATIONAL WEATHER SERVICE SHREVEPORT, LA
236 AM CDT WED OCT 22 2014


...................................

...THE EL DORADO CLIMATE SUMMARY FOR OCTOBER 21 2014...

CLIMATE NORMAL PERIOD 1981 TO 2010
CLIMATE RECORD PERIOD 1907 TO 2014


WEATHER ITEM   OBSERVED TIME   RECORD YEAR NORMAL DEPARTURE LAST
                VALUE   (LST)  VALUE       VALUE  FROM      YEAR
                                                  NORMAL
..................................................................
TEMPERATURE (F)
 YESTERDAY
  MAXIMUM         80    303 PM  93    1939  75      5       69
  MINIMUM         53    353 AM  30    1952  50      3       42
  AVERAGE         67                        62      5       56

PRECIPITATION (IN)
  YESTERDAY        0.00          2.90 1990   0.18  -0.18     0.03
  MONTH TO DATE    2.91                      3.49  -0.58     2.81
  SINCE DEC 1     40.36                     46.33  -5.97    38.81
  SINCE JAN 1     33.80                     41.15  -7.35    32.75

SNOWFALL (IN)
  YESTERDAY        0.0
  MONTH TO DATE    0.0
  SINCE SEP 1      0.0
  SINCE JUL 1      0.0
  SNOW DEPTH       0

DEGREE DAYS
 HEATING
  YESTERDAY        0                         5     -5        9
  MONTH TO DATE   32                        60    -28       57
  SINCE SEP 1     35                        72    -37       57
  SINCE JUL 1     35                        72    -37       57

 COOLING
  YESTERDAY        2                         2      0        0
  MONTH TO DATE   88                        67     21       72
  SINCE SEP 1    418                       367     51      472
  SINCE JAN 1   1866                      2094   -228     2140
..................................................................


WIND (MPH)
  HIGHEST WIND SPEED    10   HIGHEST WIND DIRECTION     N (350)
  HIGHEST GUST SPEED    14   HIGHEST GUST DIRECTION     N (340)
  AVERAGE WIND SPEED     1.9


SKY COVER
  POSSIBLE SUNSHINE  MM
  AVERAGE SKY COVER 0.3


WEATHER CONDITIONS
 THE FOLLOWING WEATHER WAS RECORDED YESTERDAY.
  FOG


RELATIVE HUMIDITY (PERCENT)
 HIGHEST   100           200 AM
 LOWEST     48           400 PM
 AVERAGE    74

..........................................................


THE EL DORADO CLIMATE NORMALS FOR TODAY
                         NORMAL    RECORD    YEAR
 MAXIMUM TEMPERATURE (F)   74        93      1939
 MINIMUM TEMPERATURE (F)   49        31      1917


SUNRISE AND SUNSET
OCTOBER 22 2014.......SUNRISE   721 AM CDT   SUNSET   630 PM CDT
OCTOBER 23 2014.......SUNRISE   722 AM CDT   SUNSET   629 PM CDT


-  INDICATES NEGATIVE NUMBERS.
R  INDICATES RECORD WAS SET OR TIED.
MM INDICATES DATA IS MISSING.
T  INDICATES TRACE AMOUNT.




$$
