000
CDUS44 KEPZ 240933
CLIELP


CLIMATE REPORT
NATIONAL WEATHER SERVICE EL PASO, TX
331 AM MDT TUE OCT 24 2017


...................................

...THE EL PASO CLIMATE SUMMARY FOR OCTOBER 23 2017...

CLIMATE NORMAL PERIOD 1981 TO 2010
CLIMATE RECORD PERIOD 1879 TO 2017


WEATHER ITEM   OBSERVED TIME   RECORD YEAR NORMAL DEPARTURE LAST
                VALUE   (LST)  VALUE       VALUE  FROM      YEAR
                                                  NORMAL
..................................................................
TEMPERATURE (F)
 YESTERDAY
  MAXIMUM         85    402 PM  89    1889  76      9       87
  MINIMUM         48    525 AM  28    1996  49     -1       50
  AVERAGE         67                        63      4       69

PRECIPITATION (IN)
  YESTERDAY        0.00          1.23 1884   0.02  -0.02     0.00
  MONTH TO DATE    0.03                      0.46  -0.43     0.00
  SINCE SEP 1      1.19                      1.97  -0.78     2.12
  SINCE JAN 1      9.11                      8.29   0.82     8.09

SNOWFALL (IN)
  YESTERDAY        0.0                                       0.0
  MONTH TO DATE    0.0                                       0.0
  SINCE SEP 1      0.0                                       0.0
  SINCE JUL 1      0.0                                        T
  SNOW DEPTH       0

DEGREE DAYS
 HEATING
  YESTERDAY        0                         4     -4        0
  MONTH TO DATE    5                        41    -36        2
  SINCE SEP 1      5                        45    -40        7
  SINCE JUL 1      5                        45    -40        7

 COOLING
  YESTERDAY        2                         1      1        4
  MONTH TO DATE  188                        76    112      148
  SINCE SEP 1    613                       393    220      508
  SINCE JAN 1   2900                      2322    578     2732
..................................................................


WIND (MPH)
  HIGHEST WIND SPEED    17   HIGHEST WIND DIRECTION     E (70)
  HIGHEST GUST SPEED    25   HIGHEST GUST DIRECTION     E (70)
  AVERAGE WIND SPEED     3.8


SKY COVER
  POSSIBLE SUNSHINE  MM
  AVERAGE SKY COVER 0.0


WEATHER CONDITIONS
 THE FOLLOWING WEATHER WAS RECORDED YESTERDAY.
  NO SIGNIFICANT WEATHER WAS OBSERVED.


RELATIVE HUMIDITY (PERCENT)
 HIGHEST    39           400 AM
 LOWEST     10           200 PM
 AVERAGE    25

..........................................................


THE EL PASO CLIMATE NORMALS FOR TODAY
                         NORMAL    RECORD    YEAR
 MAXIMUM TEMPERATURE (F)   76        87      2016
                                             2003
                                             1973
 MINIMUM TEMPERATURE (F)   49        32      1908


SUNRISE AND SUNSET
OCTOBER 24 2017.......SUNRISE   716 AM MDT   SUNSET   623 PM MDT
OCTOBER 25 2017.......SUNRISE   717 AM MDT   SUNSET   622 PM MDT


-  INDICATES NEGATIVE NUMBERS.
R  INDICATES RECORD WAS SET OR TIED.
MM INDICATES DATA IS MISSING.
T  INDICATES TRACE AMOUNT.




$$
