768
CDUS44 KEPZ 250926
CLIELP


CLIMATE REPORT
NATIONAL WEATHER SERVICE EL PASO, TX
225 AM MST SAT FEB 25 2017


...................................

...THE EL PASO CLIMATE SUMMARY FOR FEBRUARY 24 2017...

CLIMATE NORMAL PERIOD 1981 TO 2010
CLIMATE RECORD PERIOD 1879 TO 2017


WEATHER ITEM   OBSERVED TIME   RECORD YEAR NORMAL DEPARTURE LAST
                VALUE   (LST)  VALUE       VALUE  FROM      YEAR
                                                  NORMAL
..................................................................
TEMPERATURE (F)
 YESTERDAY
  MAXIMUM         63    358 PM  86    1904  65     -2       58
  MINIMUM         43    659 AM  16    1894  39      4       34
  AVERAGE         53                        52      1       46

PRECIPITATION (IN)
  YESTERDAY        0.00          0.28 2005   0.02  -0.02     0.00
  MONTH TO DATE    0.16                      0.41  -0.25     0.07
  SINCE DEC 1      2.07                      1.59   0.48     1.61
  SINCE JAN 1      1.21                      0.81   0.40     0.53

SNOWFALL (IN)
  YESTERDAY        0.0                                       0.0
  MONTH TO DATE    T                                          T
  SINCE DEC 1      T                                         8.1
  SINCE JUL 1      T                                         8.1
  SNOW DEPTH       0

DEGREE DAYS
 HEATING
  YESTERDAY       12                        13     -1       19
  MONTH TO DATE  217                       369   -152      308
  SINCE DEC 1   1193                      1612   -419     1464
  SINCE JUL 1   1435                      2054   -619     1799

 COOLING
  YESTERDAY        0                         0      0        0
  MONTH TO DATE    3                         0      3        3
  SINCE DEC 1      3                         0      3        3
  SINCE JAN 1      3                         0      3        3
..................................................................


WIND (MPH)
  HIGHEST WIND SPEED    32   HIGHEST WIND DIRECTION     W (250)
  HIGHEST GUST SPEED    44   HIGHEST GUST DIRECTION    SW (240)
  AVERAGE WIND SPEED    13.5


SKY COVER
  POSSIBLE SUNSHINE  MM
  AVERAGE SKY COVER 0.0


WEATHER CONDITIONS
 THE FOLLOWING WEATHER WAS RECORDED YESTERDAY.
  NO SIGNIFICANT WEATHER WAS OBSERVED.


RELATIVE HUMIDITY (PERCENT)
 HIGHEST    27           600 AM
 LOWEST      9           100 PM
 AVERAGE    18

..........................................................


THE EL PASO CLIMATE NORMALS FOR TODAY
                         NORMAL    RECORD    YEAR
 MAXIMUM TEMPERATURE (F)   66        83      2009
 MINIMUM TEMPERATURE (F)   39        18      1974
                                             1960
                                             1894


SUNRISE AND SUNSET
FEBRUARY 25 2017......SUNRISE   637 AM MST   SUNSET   601 PM MST
FEBRUARY 26 2017......SUNRISE   636 AM MST   SUNSET   601 PM MST


-  INDICATES NEGATIVE NUMBERS.
R  INDICATES RECORD WAS SET OR TIED.
MM INDICATES DATA IS MISSING.
T  INDICATES TRACE AMOUNT.




$$
