000
CDUS44 KEPZ 230926
CLIELP


CLIMATE REPORT
NATIONAL WEATHER SERVICE EL PASO, TX
325 AM MDT TUE SEP 23 2014


...................................

...THE EL PASO CLIMATE SUMMARY FOR SEPTEMBER 22 2014...

CLIMATE NORMAL PERIOD 1981 TO 2010
CLIMATE RECORD PERIOD 1879 TO 2014


WEATHER ITEM   OBSERVED TIME   RECORD YEAR NORMAL DEPARTURE LAST
                VALUE   (LST)  VALUE       VALUE  FROM      YEAR
                                                  NORMAL
..................................................................
TEMPERATURE (F)
 YESTERDAY
  MAXIMUM         75    117 PM  96    1973  86    -11       85
  MINIMUM         65    613 AM  47    1995  61      4       62
  AVERAGE         70                        74     -4       74

PRECIPITATION (IN)
  YESTERDAY        0.52          2.26 1974   0.04   0.48     0.00
  MONTH TO DATE    4.23                      1.19   3.04     3.85
  SINCE SEP 1      4.23                      1.19   3.04     3.85
  SINCE JAN 1      7.36                      7.51  -0.15     9.15

SNOWFALL (IN)
  YESTERDAY        0.0                                       0.0
  MONTH TO DATE    0.0                                       0.0
  SINCE SEP 1      0.0                                       0.0
  SINCE JUL 1      0.0                                        T
  SNOW DEPTH       0

DEGREE DAYS
 HEATING
  YESTERDAY        0                         0      0        0
  MONTH TO DATE    0                         0      0        0
  SINCE SEP 1      0                         0      0        0
  SINCE JUL 1      0                         0      0        0

 COOLING
  YESTERDAY        5                         9     -4        9
  MONTH TO DATE  239                       259    -20      274
  SINCE SEP 1    239                       259    -20      274
  SINCE JAN 1   2458                      2188    270     2552
..................................................................


WIND (MPH)
  HIGHEST WIND SPEED    18   HIGHEST WIND DIRECTION     N (340)
  HIGHEST GUST SPEED    23   HIGHEST GUST DIRECTION     N (340)
  AVERAGE WIND SPEED     6.9


SKY COVER
  POSSIBLE SUNSHINE  MM
  AVERAGE SKY COVER 0.9


WEATHER CONDITIONS
 THE FOLLOWING WEATHER WAS RECORDED YESTERDAY.
  THUNDERSTORM
  RAIN
  LIGHT RAIN
  FOG


RELATIVE HUMIDITY (PERCENT)
 HIGHEST    90          1100 AM
 LOWEST     73          1200 AM
 AVERAGE    82

..........................................................


THE EL PASO CLIMATE NORMALS FOR TODAY
                         NORMAL    RECORD    YEAR
 MAXIMUM TEMPERATURE (F)   86        96      1982
                                             1973
 MINIMUM TEMPERATURE (F)   61        42      1975


SUNRISE AND SUNSET
SEPTEMBER 23 2014.....SUNRISE   654 AM MDT   SUNSET   701 PM MDT
SEPTEMBER 24 2014.....SUNRISE   655 AM MDT   SUNSET   659 PM MDT


-  INDICATES NEGATIVE NUMBERS.
R  INDICATES RECORD WAS SET OR TIED.
MM INDICATES DATA IS MISSING.
T  INDICATES TRACE AMOUNT.




$$
