000
CDUS44 KEPZ 040926
CLIELP


CLIMATE REPORT
NATIONAL WEATHER SERVICE EL PASO, TX
326 AM MDT TUE AUG 4 2015


...................................

...THE EL PASO CLIMATE SUMMARY FOR AUGUST 3 2015...

CLIMATE NORMAL PERIOD 1981 TO 2010
CLIMATE RECORD PERIOD 1879 TO 2015


WEATHER ITEM   OBSERVED TIME   RECORD YEAR NORMAL DEPARTURE LAST
                VALUE   (LST)  VALUE       VALUE  FROM      YEAR
                                                  NORMAL
..................................................................
TEMPERATURE (F)
 YESTERDAY
  MAXIMUM         94    507 PM 105    1980  93      1       85
  MINIMUM         72    527 AM  57    1880  71      1       67
  AVERAGE         83                        82      1       76

PRECIPITATION (IN)
  YESTERDAY        0.00          1.14 2006   0.07  -0.07     0.03
  MONTH TO DATE    0.30                      0.22   0.08     0.56
  SINCE JUN 1      3.36                      2.71   0.65     1.26
  SINCE JAN 1      5.90                      4.53   1.37     1.90

SNOWFALL (IN)
  YESTERDAY        0.0                                       0.0
  MONTH TO DATE    0.0                                       0.0
  SINCE JUN 1      0.0                                       0.0
  SINCE JUL 1      0.0                                       0.0
  SNOW DEPTH       0

DEGREE DAYS
 HEATING
  YESTERDAY        0                         0      0        0
  MONTH TO DATE    0                         0      0        0
  SINCE JUN 1      0                         0      0        0
  SINCE JUL 1      0                         0      0        0

 COOLING
  YESTERDAY       18                        17      1       11
  MONTH TO DATE   58                        51      7       25
  SINCE JUN 1   1262                      1105    157     1340
  SINCE JAN 1   1633                      1482    151     1767
..................................................................


WIND (MPH)
  HIGHEST WIND SPEED    28   HIGHEST WIND DIRECTION    SE (150)
  HIGHEST GUST SPEED    36   HIGHEST GUST DIRECTION    SE (150)
  AVERAGE WIND SPEED     6.0


SKY COVER
  POSSIBLE SUNSHINE  MM
  AVERAGE SKY COVER 0.6


WEATHER CONDITIONS
 THE FOLLOWING WEATHER WAS RECORDED YESTERDAY.
  NO SIGNIFICANT WEATHER WAS OBSERVED.


RELATIVE HUMIDITY (PERCENT)
 HIGHEST    79           400 AM
 LOWEST     26           500 PM
 AVERAGE    53

..........................................................


THE EL PASO CLIMATE NORMALS FOR TODAY
                         NORMAL    RECORD    YEAR
 MAXIMUM TEMPERATURE (F)   93       103      2010
                                             1944
                                             1889
 MINIMUM TEMPERATURE (F)   71        58      1880


SUNRISE AND SUNSET
AUGUST  4 2015........SUNRISE   623 AM MDT   SUNSET   800 PM MDT
AUGUST  5 2015........SUNRISE   624 AM MDT   SUNSET   759 PM MDT


-  INDICATES NEGATIVE NUMBERS.
R  INDICATES RECORD WAS SET OR TIED.
MM INDICATES DATA IS MISSING.
T  INDICATES TRACE AMOUNT.




$$
