000
CDUS44 KEPZ 222336
CLIELP


CLIMATE REPORT
NATIONAL WEATHER SERVICE EL PASO, TX
435 PM MST MON DEC 22 2014


...................................

...THE EL PASO CLIMATE SUMMARY FOR DECEMBER 22 2014...
VALID TODAY AS OF 0400 PM LOCAL TIME.

CLIMATE NORMAL PERIOD 1981 TO 2010
CLIMATE RECORD PERIOD 1879 TO 2014


WEATHER ITEM   OBSERVED TIME   RECORD YEAR NORMAL DEPARTURE LAST
                VALUE   (LST)  VALUE       VALUE  FROM      YEAR
                                                  NORMAL
..................................................................
TEMPERATURE (F)
 TODAY
  MAXIMUM         67    310 PM  73    1969  56     11       54
  MINIMUM         48    802 AM   9    1887  32     16       32

PRECIPITATION (IN)
  TODAY            0.00                      0.03  -0.03     0.00
  MONTH TO DATE    0.01                      0.58  -0.57     0.26
  SINCE DEC 1      0.01                      0.58  -0.57     0.26
  SINCE JAN 1      8.46                      9.51  -1.05     9.51

SNOWFALL (IN)
  TODAY            0.0                                       0.0
  MONTH TO DATE    0.0                                        T
  SINCE JUL 1      0.0                                        T

..................................................................


WIND (MPH)
  HIGHEST WIND SPEED    30   HIGHEST WIND DIRECTION     W (260)
  HIGHEST GUST SPEED    37   HIGHEST GUST DIRECTION     W (270)


SKY COVER
  AVERAGE SKY COVER 0.5


WEATHER CONDITIONS
 THE FOLLOWING WEATHER WAS RECORDED TODAY.
  NO SIGNIFICANT WEATHER WAS OBSERVED.


RELATIVE HUMIDITY (PERCENT)
 HIGHEST    54           800 AM
 LOWEST     28           400 PM

..........................................................


THE EL PASO CLIMATE NORMALS FOR TOMORROW
                         NORMAL    RECORD    YEAR
 MAXIMUM TEMPERATURE (F)   56        74      1955
 MINIMUM TEMPERATURE (F)   32        -2      1887


SUNRISE AND SUNSET
DECEMBER 22 2014......SUNRISE   702 AM MST   SUNSET   506 PM MST
DECEMBER 23 2014......SUNRISE   703 AM MST   SUNSET   507 PM MST


-  INDICATES NEGATIVE NUMBERS.
R  INDICATES RECORD WAS SET OR TIED.
MM INDICATES DATA IS MISSING.
T  INDICATES TRACE AMOUNT.




$$
