000
CDUS44 KEPZ 240928
CLIELP


CLIMATE REPORT
NATIONAL WEATHER SERVICE EL PASO, TX
328 AM MDT FRI MAR 24 2017


...................................

...THE EL PASO CLIMATE SUMMARY FOR MARCH 23 2017...

CLIMATE NORMAL PERIOD 1981 TO 2010
CLIMATE RECORD PERIOD 1879 TO 2017


WEATHER ITEM   OBSERVED TIME   RECORD YEAR NORMAL DEPARTURE LAST
                VALUE   (LST)  VALUE       VALUE  FROM      YEAR
                                                  NORMAL
..................................................................
TEMPERATURE (F)
 YESTERDAY
  MAXIMUM         83   1123 AM  86    1990  72     11       71
  MINIMUM         53   1159 PM  24    1897  44      9       52
  AVERAGE         68                        58     10       62

PRECIPITATION (IN)
  YESTERDAY        0.00          0.28 1919   0.01  -0.01     0.00
  MONTH TO DATE    0.00                      0.20  -0.20     0.01
  SINCE MAR 1      0.00                      0.20  -0.20     0.01
  SINCE JAN 1      1.21                      1.06   0.15     0.54

SNOWFALL (IN)
  YESTERDAY        0.0                                       0.0
  MONTH TO DATE    0.0                                       0.0
  SINCE MAR 1      0.0                                       0.0
  SINCE JUL 1      T                                         8.1
  SNOW DEPTH       0

DEGREE DAYS
 HEATING
  YESTERDAY        0                         7     -7        3
  MONTH TO DATE   46                       220   -174       74
  SINCE MAR 1     46                       220   -174       74
  SINCE JUL 1   1515                      2323   -808     1908

 COOLING
  YESTERDAY        3                         0      3        0
  MONTH TO DATE   62                         0     62       14
  SINCE MAR 1     62                         0     62       14
  SINCE JAN 1     65                         0     65       17
..................................................................


WIND (MPH)
  HIGHEST WIND SPEED    48   HIGHEST WIND DIRECTION     W (250)
  HIGHEST GUST SPEED    61   HIGHEST GUST DIRECTION     W (260)
  AVERAGE WIND SPEED    21.1


SKY COVER
  POSSIBLE SUNSHINE  MM
  AVERAGE SKY COVER 0.2


WEATHER CONDITIONS
 THE FOLLOWING WEATHER WAS RECORDED YESTERDAY.
  HAZE
  SANDSTORM


RELATIVE HUMIDITY (PERCENT)
 HIGHEST    26          1100 PM
 LOWEST      6          1100 AM
 AVERAGE    16

..........................................................


THE EL PASO CLIMATE NORMALS FOR TODAY
                         NORMAL    RECORD    YEAR
 MAXIMUM TEMPERATURE (F)   72        87      1988
 MINIMUM TEMPERATURE (F)   44        23      1898


SUNRISE AND SUNSET
MARCH 24 2017.........SUNRISE   704 AM MDT   SUNSET   720 PM MDT
MARCH 25 2017.........SUNRISE   703 AM MDT   SUNSET   721 PM MDT


-  INDICATES NEGATIVE NUMBERS.
R  INDICATES RECORD WAS SET OR TIED.
MM INDICATES DATA IS MISSING.
T  INDICATES TRACE AMOUNT.




$$
