000
CDUS44 KEPZ 160930
CLIELP


CLIMATE REPORT
NATIONAL WEATHER SERVICE EL PASO, TX
228 AM MST MON JAN 16 2017


...................................

...THE EL PASO CLIMATE SUMMARY FOR JANUARY 15 2017...

CLIMATE NORMAL PERIOD 1981 TO 2010
CLIMATE RECORD PERIOD 1879 TO 2017


WEATHER ITEM   OBSERVED TIME   RECORD YEAR NORMAL DEPARTURE LAST
                VALUE   (LST)  VALUE       VALUE  FROM      YEAR
                                                  NORMAL
..................................................................
TEMPERATURE (F)
 YESTERDAY
  MAXIMUM         51    216 AM  71    2003  57     -6       61
                                      1914
                                      1911
  MINIMUM         41    821 AM  13    1963  32      9       40
                                      1892
                                      1888
  AVERAGE         46                        45      1       51

PRECIPITATION (IN)
  YESTERDAY        0.51R         0.39 1903   0.01   0.50     0.00
  MONTH TO DATE    0.75                      0.19   0.56     0.46
  SINCE DEC 1      1.61                      0.97   0.64     1.54
  SINCE JAN 1      0.75                      0.19   0.56     0.46

SNOWFALL (IN)
  YESTERDAY       MM                                         0.0
  MONTH TO DATE    0.0                                        T
  SINCE DEC 1      0.0                                       8.1
  SINCE JUL 1      T                                         8.1
  SNOW DEPTH       0

DEGREE DAYS
 HEATING
  YESTERDAY       19                        20     -1       14
  MONTH TO DATE  196                       312   -116      347
  SINCE DEC 1    676                       938   -262      901
  SINCE JUL 1    918                      1380   -462     1236

 COOLING
  YESTERDAY        0                         0      0        0
  MONTH TO DATE    0                         0      0        0
  SINCE DEC 1      0                         0      0        0
  SINCE JAN 1      0                         0      0        0
..................................................................


WIND (MPH)
  HIGHEST WIND SPEED    35   HIGHEST WIND DIRECTION    SW (240)
  HIGHEST GUST SPEED    46   HIGHEST GUST DIRECTION     W (250)
  AVERAGE WIND SPEED    17.2


SKY COVER
  POSSIBLE SUNSHINE  MM
  AVERAGE SKY COVER 0.8


WEATHER CONDITIONS
 THE FOLLOWING WEATHER WAS RECORDED YESTERDAY.
  THUNDERSTORM
  RAIN
  LIGHT RAIN
  FOG
  HAZE


RELATIVE HUMIDITY (PERCENT)
 HIGHEST    86           300 AM
 LOWEST     56          1100 AM
 AVERAGE    71

..........................................................


THE EL PASO CLIMATE NORMALS FOR TODAY
                         NORMAL    RECORD    YEAR
 MAXIMUM TEMPERATURE (F)   58        74      1914
 MINIMUM TEMPERATURE (F)   32        11      1964


SUNRISE AND SUNSET
JANUARY 16 2017.......SUNRISE   706 AM MST   SUNSET   526 PM MST
JANUARY 17 2017.......SUNRISE   705 AM MST   SUNSET   526 PM MST


-  INDICATES NEGATIVE NUMBERS.
R  INDICATES RECORD WAS SET OR TIED.
MM INDICATES DATA IS MISSING.
T  INDICATES TRACE AMOUNT.




$$
