000
CDUS44 KEPZ 260933
CLIELP


CLIMATE REPORT
NATIONAL WEATHER SERVICE EL PASO, TX
230 AM MST WED NOV 26 2014


...................................

...THE EL PASO CLIMATE SUMMARY FOR NOVEMBER 25 2014...

CLIMATE NORMAL PERIOD 1981 TO 2010
CLIMATE RECORD PERIOD 1879 TO 2014


WEATHER ITEM   OBSERVED TIME   RECORD YEAR NORMAL DEPARTURE LAST
                VALUE   (LST)  VALUE       VALUE  FROM      YEAR
                                                  NORMAL
..................................................................
TEMPERATURE (F)
 YESTERDAY
  MAXIMUM         55    313 PM  79    1965  62     -7       47
  MINIMUM         34    659 AM  21    1992  37     -3       31
                                      1881
  AVERAGE         45                        49     -4       39

PRECIPITATION (IN)
  YESTERDAY        0.00          0.73 1935   0.01  -0.01     0.00
  MONTH TO DATE    0.11                      0.40  -0.29     0.10
  SINCE SEP 1      5.32                      2.52   2.80     3.95
  SINCE JAN 1      8.45                      8.84  -0.39     9.25

SNOWFALL (IN)
  YESTERDAY        0.0                                       0.0
  MONTH TO DATE    0.0                                        T
  SINCE SEP 1      0.0                                        T
  SINCE JUL 1      0.0                                        T
  SNOW DEPTH       0

DEGREE DAYS
 HEATING
  YESTERDAY       20                        16      4       26
  MONTH TO DATE  292                       275     17      227
  SINCE SEP 1    297                       358    -61      285
  SINCE JUL 1    297                       358    -61      285

 COOLING
  YESTERDAY        0                         0      0        0
  MONTH TO DATE    6                         0      6        1
  SINCE SEP 1    452                       399     53      417
  SINCE JAN 1   2671                      2328    343     2695
..................................................................


WIND (MPH)
  HIGHEST WIND SPEED    20   HIGHEST WIND DIRECTION     N (360)
  HIGHEST GUST SPEED    24   HIGHEST GUST DIRECTION    SW (230)
  AVERAGE WIND SPEED     7.4


SKY COVER
  POSSIBLE SUNSHINE  MM
  AVERAGE SKY COVER 0.0


WEATHER CONDITIONS
 THE FOLLOWING WEATHER WAS RECORDED YESTERDAY.
  NO SIGNIFICANT WEATHER WAS OBSERVED.


RELATIVE HUMIDITY (PERCENT)
 HIGHEST    41           500 AM
 LOWEST     15           400 PM
 AVERAGE    28

..........................................................


THE EL PASO CLIMATE NORMALS FOR TODAY
                         NORMAL    RECORD    YEAR
 MAXIMUM TEMPERATURE (F)   62        77      1977
 MINIMUM TEMPERATURE (F)   36        18      1980


SUNRISE AND SUNSET
NOVEMBER 26 2014......SUNRISE   644 AM MST   SUNSET   502 PM MST
NOVEMBER 27 2014......SUNRISE   644 AM MST   SUNSET   502 PM MST


-  INDICATES NEGATIVE NUMBERS.
R  INDICATES RECORD WAS SET OR TIED.
MM INDICATES DATA IS MISSING.
T  INDICATES TRACE AMOUNT.




$$
