000
CDUS44 KEPZ 270943
CLIELP
TTAA00 KLBB 270942


CLIMATE REPORT
NATIONAL WEATHER SERVICE EL PASO, TX
342 AM MDT WED AUG 27 2014


...................................

...THE EL PASO CLIMATE SUMMARY FOR AUGUST 26 2014...

CLIMATE NORMAL PERIOD 1981 TO 2010
CLIMATE RECORD PERIOD 1879 TO 2014


WEATHER ITEM   OBSERVED TIME   RECORD YEAR NORMAL DEPARTURE LAST
                VALUE   (LST)  VALUE       VALUE  FROM      YEAR
                                                  NORMAL
..................................................................
TEMPERATURE (F)
 YESTERDAY
  MAXIMUM         90    424 PM 103    2002  92     -2       92
  MINIMUM         69   1140 PM  56    1973  69      0       73
  AVERAGE         80                        80      0       83

PRECIPITATION (IN)
  YESTERDAY        0.06          1.70 1884   0.05   0.01     0.00
  MONTH TO DATE    1.77                      1.76   0.01     0.36
  SINCE JUN 1      2.47                      4.25  -1.78     3.65
  SINCE JAN 1      3.11                      6.07  -2.96     4.54

SNOWFALL (IN)
  YESTERDAY        0.0                                       0.0
  MONTH TO DATE    0.0                                       0.0
  SINCE JUN 1      0.0                                        T
  SINCE JUL 1      0.0                                        T
  SNOW DEPTH       0

DEGREE DAYS
 HEATING
  YESTERDAY        0                         0      0        0
  MONTH TO DATE    0                         0      0        0
  SINCE JUN 1      0                         0      0        0
  SINCE JUL 1      0                         0      0        0

 COOLING
  YESTERDAY       15                        15      0       18
  MONTH TO DATE  389                       424    -35      497
  SINCE JUN 1   1704                      1478    226     1705
  SINCE JAN 1   2131                      1855    276     2213
..................................................................


WIND (MPH)
  HIGHEST WIND SPEED    25   HIGHEST WIND DIRECTION    SW (240)
  HIGHEST GUST SPEED    30   HIGHEST GUST DIRECTION     W (250)
  AVERAGE WIND SPEED     7.8


SKY COVER
  POSSIBLE SUNSHINE  MM
  AVERAGE SKY COVER 0.7


WEATHER CONDITIONS
 THE FOLLOWING WEATHER WAS RECORDED YESTERDAY.
  THUNDERSTORM
  LIGHT RAIN


RELATIVE HUMIDITY (PERCENT)
 HIGHEST    73           600 AM
 LOWEST     34           200 PM
 AVERAGE    54

..........................................................


THE EL PASO CLIMATE NORMALS FOR TODAY
                         NORMAL    RECORD    YEAR
 MAXIMUM TEMPERATURE (F)   92       102      2002
 MINIMUM TEMPERATURE (F)   69        59      1976


SUNRISE AND SUNSET
AUGUST 27 2014........SUNRISE   638 AM MDT   SUNSET   736 PM MDT
AUGUST 28 2014........SUNRISE   639 AM MDT   SUNSET   734 PM MDT


-  INDICATES NEGATIVE NUMBERS.
R  INDICATES RECORD WAS SET OR TIED.
MM INDICATES DATA IS MISSING.
T  INDICATES TRACE AMOUNT.




$$
