750
CDUS45 KLKN 260931
CLIELY


CLIMATE REPORT
NATIONAL WEATHER SERVICE ELKO NV
230 AM PDT FRI MAY 26 2017


...................................

...THE ELY AIRPORT NV CLIMATE SUMMARY FOR MAY 25 2017...

CLIMATE NORMAL PERIOD 1981 TO 2010
CLIMATE RECORD PERIOD 1893 TO 2017


WEATHER ITEM   OBSERVED TIME   RECORD YEAR NORMAL DEPARTURE LAST
                VALUE   (LST)  VALUE       VALUE  FROM      YEAR
                                                  NORMAL
..................................................................
TEMPERATURE (F)
 YESTERDAY
  MAXIMUM         72    159 PM  88    2001  71      1       58
  MINIMUM         37    431 AM  22    1899  35      2       31
  AVERAGE         55                        53      2       45

PRECIPITATION (IN)
  YESTERDAY        0.00          0.60 1904   0.03  -0.03     0.01
  MONTH TO DATE    0.28                      0.89  -0.61     0.51
  SINCE OCT 1      7.95                      6.51   1.44    11.30
  SINCE JAN 1      6.17                      4.22   1.95     6.94

SNOWFALL (IN)
  YESTERDAY        0.0           2.0  1893   0.0    0.0      0.0
  MONTH TO DATE    1.2                       2.2   -1.0       T
  SINCE MAR 1     18.4                      15.7    2.7     21.1
  SINCE JUL 1     68.0                      50.6   17.4    100.4
  SNOW DEPTH       0

DEGREE DAYS
 HEATING
  YESTERDAY       10                        12     -2       20
  MONTH TO DATE  359                       377    -18      398
  SINCE MAR 1   1771                      1943   -172     1814
  SINCE JUL 1   6732                      7280   -548     7188

 COOLING
  YESTERDAY        0                         0      0        0
  MONTH TO DATE    0                         0      0        0
  SINCE MAR 1      0                         0      0        0
  SINCE JAN 1      0                         0      0        0
..................................................................


WIND (MPH)
  HIGHEST WIND SPEED    24   HIGHEST WIND DIRECTION     W (280)
  HIGHEST GUST SPEED    32   HIGHEST GUST DIRECTION     W (270)
  AVERAGE WIND SPEED     7.9



WEATHER CONDITIONS
 THE FOLLOWING WEATHER WAS RECORDED YESTERDAY.
  NO SIGNIFICANT WEATHER WAS OBSERVED.


RELATIVE HUMIDITY (PERCENT)
 HIGHEST    73           500 AM
 LOWEST     14           200 PM
 AVERAGE    44

..........................................................


THE ELY AIRPORT NV CLIMATE NORMALS FOR TODAY
                         NORMAL    RECORD    YEAR
 MAXIMUM TEMPERATURE (F)   71        88      1986
 MINIMUM TEMPERATURE (F)   36        23      1950


SUNRISE AND SUNSET
MAY 26 2017...........SUNRISE   518 AM PDT   SUNSET   756 PM PDT
MAY 27 2017...........SUNRISE   517 AM PDT   SUNSET   757 PM PDT


-  INDICATES NEGATIVE NUMBERS.
R  INDICATES RECORD WAS SET OR TIED.
MM INDICATES DATA IS MISSING.
T  INDICATES TRACE AMOUNT.




$$
