000
CDUS45 KLKN 300929
CLIELY


CLIMATE REPORT
NATIONAL WEATHER SERVICE ELKO NV
226 AM PDT TUE AUG 30 2016


...................................

...THE ELY AIRPORT NV CLIMATE SUMMARY FOR AUGUST 29 2016...

CLIMATE NORMAL PERIOD 1981 TO 2010
CLIMATE RECORD PERIOD 1893 TO 2016


WEATHER ITEM   OBSERVED TIME   RECORD YEAR NORMAL DEPARTURE LAST
                VALUE   (LST)  VALUE       VALUE  FROM      YEAR
                                                  NORMAL
..................................................................
TEMPERATURE (F)
 YESTERDAY
  MAXIMUM         89    215 PM  94    1998  82      7       89
  MINIMUM         43    524 AM  26    1964  44     -1       56
  AVERAGE         66                        63      3       73

PRECIPITATION (IN)
  YESTERDAY        0.00          0.51 2000   0.03  -0.03     0.00
  MONTH TO DATE    0.33                      0.85  -0.52     0.54
  SINCE OCT 1     13.38                      8.88   4.50     6.16
  SINCE JAN 1      9.02                      6.59   2.43     4.99

SNOWFALL (IN)
  YESTERDAY        0.0           0.0  1893   0.0    0.0      0.0
  MONTH TO DATE    0.0                       0.0    0.0      0.0
  SINCE JUN 1      0.0                       0.1   -0.1      0.0
  SINCE JUL 1      0.0                       0.0    0.0      0.0
  SNOW DEPTH       0

DEGREE DAYS
 HEATING
  YESTERDAY        0                         3     -3        0
  MONTH TO DATE   20                        35    -15       12
  SINCE JUN 1     98                       233   -135       86
  SINCE JUL 1     37                        58    -21       31

 COOLING
  YESTERDAY        1                         1      0        8
  MONTH TO DATE   63                        75    -12      110
  SINCE JUN 1    247                       209     38      296
  SINCE JAN 1    247                       210     37      299
..................................................................


WIND (MPH)
  HIGHEST WIND SPEED    15   HIGHEST WIND DIRECTION     S (190)
  HIGHEST GUST SPEED    19   HIGHEST GUST DIRECTION     S (190)
  AVERAGE WIND SPEED     6.3



WEATHER CONDITIONS
 THE FOLLOWING WEATHER WAS RECORDED YESTERDAY.
  NO SIGNIFICANT WEATHER WAS OBSERVED.


RELATIVE HUMIDITY (PERCENT)
 HIGHEST    53           500 AM
 LOWEST      9           200 PM
 AVERAGE    31

..........................................................


THE ELY AIRPORT NV CLIMATE NORMALS FOR TODAY
                         NORMAL    RECORD    YEAR
 MAXIMUM TEMPERATURE (F)   82        92      1996
 MINIMUM TEMPERATURE (F)   44        29      1942


SUNRISE AND SUNSET
AUGUST 30 2016........SUNRISE   607 AM PDT   SUNSET   712 PM PDT
AUGUST 31 2016........SUNRISE   608 AM PDT   SUNSET   711 PM PDT


-  INDICATES NEGATIVE NUMBERS.
R  INDICATES RECORD WAS SET OR TIED.
MM INDICATES DATA IS MISSING.
T  INDICATES TRACE AMOUNT.




$$
