000
CDUS45 KLKN 300033
CLIELY


CLIMATE REPORT
NATIONAL WEATHER SERVICE ELKO NV
532 PM PDT THU SEP 29 2016


...................................

...THE ELY AIRPORT NV CLIMATE SUMMARY FOR SEPTEMBER 29 2016...
VALID TODAY AS OF 0500 PM LOCAL TIME.

CLIMATE NORMAL PERIOD 1981 TO 2010
CLIMATE RECORD PERIOD 1893 TO 2016


WEATHER ITEM   OBSERVED TIME   RECORD YEAR NORMAL DEPARTURE LAST
                VALUE   (LST)  VALUE       VALUE  FROM      YEAR
                                                  NORMAL
..................................................................
TEMPERATURE (F)
 TODAY
  MAXIMUM         72    300 PM  88    2010  70      2       80
  MINIMUM         49    610 AM  17    1985  33     16       45
  AVERAGE         61                        51     10       63

PRECIPITATION (IN)
  TODAY            T             0.72 1994   0.03  -0.03     0.00
  MONTH TO DATE    0.69                      0.80  -0.11     0.51
  SINCE OCT 1     14.07                      9.73   4.34     6.67
  SINCE JAN 1      9.71                      7.44   2.27     5.50

SNOWFALL (IN)
  TODAY           MM             2.9  1982   0.1   MM        0.0
  MONTH TO DATE    0.0                       0.4   -0.4      0.0
  SINCE SEP 1      0.0                       0.4   -0.4      0.0
  SINCE JUL 1      0.0                       0.4   -0.4      0.0
  SNOW DEPTH       0

DEGREE DAYS
 HEATING
  TODAY            4                        14    -10        2
  MONTH TO DATE  230                       237     -7       99
  SINCE SEP 1    230                       237     -7       99
  SINCE JUL 1    267                       301    -34      131

 COOLING
  TODAY            0                         0      0        0
  MONTH TO DATE   12                         4      8       23
  SINCE SEP 1     12                         4      8       23
  SINCE JAN 1    267                       216     51      327
..................................................................


WIND (MPH)
  HIGHEST WIND SPEED    18   HIGHEST WIND DIRECTION    SE (120)
  HIGHEST GUST SPEED    23   HIGHEST GUST DIRECTION    SE (120)



WEATHER CONDITIONS
 THE FOLLOWING WEATHER WAS RECORDED TODAY.
  LIGHT RAIN


RELATIVE HUMIDITY (PERCENT)
 HIGHEST    77           500 AM
 LOWEST     31           300 PM
 AVERAGE    54

..........................................................


THE ELY AIRPORT NV CLIMATE NORMALS FOR TOMORROW
                         NORMAL    RECORD    YEAR
 MAXIMUM TEMPERATURE (F)   70        88      2010
 MINIMUM TEMPERATURE (F)   32        18      1950


SUNRISE AND SUNSET
SEPTEMBER 29 2016.....SUNRISE   634 AM PDT   SUNSET   624 PM PDT
SEPTEMBER 30 2016.....SUNRISE   635 AM PDT   SUNSET   623 PM PDT


-  INDICATES NEGATIVE NUMBERS.
R  INDICATES RECORD WAS SET OR TIED.
MM INDICATES DATA IS MISSING.
T  INDICATES TRACE AMOUNT.




$$
