000
CDUS45 KLKN 230928
CLIELY


CLIMATE REPORT
NATIONAL WEATHER SERVICE ELKO NV
127 AM PST FRI FEB 23 2018


...................................

...THE ELY AIRPORT NV CLIMATE SUMMARY FOR FEBRUARY 22 2018...

CLIMATE NORMAL PERIOD 1981 TO 2010
CLIMATE RECORD PERIOD 1893 TO 2018


WEATHER ITEM   OBSERVED TIME   RECORD YEAR NORMAL DEPARTURE LAST
                VALUE   (LST)  VALUE       VALUE  FROM      YEAR
                                                  NORMAL
..................................................................
TEMPERATURE (F)
 YESTERDAY
  MAXIMUM         28   1229 PM  63    1958  44    -16       32
  MINIMUM          9    338 AM -22    1897  18     -9        1
  AVERAGE         19                        31    -12       17

PRECIPITATION (IN)
  YESTERDAY        0.01          0.25 1902   0.03  -0.02     0.07
  MONTH TO DATE    0.08                      0.57  -0.49     1.56
  SINCE OCT 1      1.80                      3.56  -1.76     4.86
  SINCE JAN 1      1.22                      1.27  -0.05     3.08

SNOWFALL (IN)
  YESTERDAY        0.6           4.5  2008   0.3    0.3      2.1
  MONTH TO DATE    1.3                       6.3   -5.0     10.9
  SINCE DEC 1     19.9                      23.8   -3.9     42.6
  SINCE JUL 1     24.9                      33.3   -8.4     48.5
  SNOW DEPTH       T

DEGREE DAYS
 HEATING
  YESTERDAY       46                        34     12       48
  MONTH TO DATE  747                       808    -61      550
  SINCE DEC 1   2897                      3269   -372     3121
  SINCE JUL 1   4541                      5137   -596     4674

 COOLING
  YESTERDAY        0                         0      0        0
  MONTH TO DATE    0                         0      0        0
  SINCE DEC 1      0                         0      0        0
  SINCE JAN 1      0                         0      0        0
..................................................................


WIND (MPH)
  HIGHEST WIND SPEED    22   HIGHEST WIND DIRECTION     S (200)
  HIGHEST GUST SPEED    29   HIGHEST GUST DIRECTION    SW (210)
  AVERAGE WIND SPEED     6.7



WEATHER CONDITIONS
 THE FOLLOWING WEATHER WAS RECORDED YESTERDAY.
  SNOW
  LIGHT SNOW


RELATIVE HUMIDITY (PERCENT)
 HIGHEST    92           700 PM
 LOWEST     42           900 AM
 AVERAGE    67

..........................................................


THE ELY AIRPORT NV CLIMATE NORMALS FOR TODAY
                         NORMAL    RECORD    YEAR
 MAXIMUM TEMPERATURE (F)   44        61      1995
 MINIMUM TEMPERATURE (F)   18        -7      1994


SUNRISE AND SUNSET
FEBRUARY 23 2018......SUNRISE   620 AM PST   SUNSET   525 PM PST
FEBRUARY 24 2018......SUNRISE   619 AM PST   SUNSET   527 PM PST


-  INDICATES NEGATIVE NUMBERS.
R  INDICATES RECORD WAS SET OR TIED.
MM INDICATES DATA IS MISSING.
T  INDICATES TRACE AMOUNT.




$$
