000
CDUS45 KLKN 300932
CLIELY


CLIMATE REPORT
NATIONAL WEATHER SERVICE ELKO NV
226 AM PDT TUE SEP 30 2014


...................................

...THE ELY AIRPORT NV CLIMATE SUMMARY FOR SEPTEMBER 29 2014...

CLIMATE NORMAL PERIOD 1981 TO 2010
CLIMATE RECORD PERIOD 1893 TO 2014


WEATHER ITEM   OBSERVED TIME   RECORD YEAR NORMAL DEPARTURE LAST
                VALUE   (LST)  VALUE       VALUE  FROM      YEAR
                                                  NORMAL
..................................................................
TEMPERATURE (F)
 YESTERDAY
  MAXIMUM         57   1124 AM  88    2010  70    -13       69
  MINIMUM         32    616 AM  17    1985  33     -1       37
  AVERAGE         45                        51     -6       53

PRECIPITATION (IN)
  YESTERDAY        0.01          0.72 1994   0.03  -0.02     0.00
  MONTH TO DATE    0.83                      0.80   0.03     1.71
  SINCE OCT 1     10.77                      9.73   1.04     8.96
  SINCE JAN 1      8.09                      7.44   0.65     5.86

SNOWFALL (IN)
  YESTERDAY        0.0           2.9  1982   0.1   -0.1      0.0
  MONTH TO DATE    0.0                       0.4   -0.4       T
  SINCE SEP 1      0.0                       0.4   -0.4       T
  SINCE JUL 1      0.0                       0.4   -0.4       T
  SNOW DEPTH       0

DEGREE DAYS
 HEATING
  YESTERDAY       20                        14      6       12
  MONTH TO DATE  106                       237   -131      214
  SINCE SEP 1    106                       237   -131      214
  SINCE JUL 1    154                       301   -147      222

 COOLING
  YESTERDAY        0                         0      0        0
  MONTH TO DATE   18                         4     14       17
  SINCE SEP 1     18                         4     14       17
  SINCE JAN 1    286                       216     70      387
..................................................................


WIND (MPH)
  HIGHEST WIND SPEED    18   HIGHEST WIND DIRECTION     W (260)
  HIGHEST GUST SPEED    22   HIGHEST GUST DIRECTION     W (260)
  AVERAGE WIND SPEED     7.1



WEATHER CONDITIONS
 THE FOLLOWING WEATHER WAS RECORDED YESTERDAY.
  LIGHT RAIN


RELATIVE HUMIDITY (PERCENT)
 HIGHEST   100          1200 AM
 LOWEST     43          1200 PM
 AVERAGE    72

..........................................................


THE ELY AIRPORT NV CLIMATE NORMALS FOR TODAY
                         NORMAL    RECORD    YEAR
 MAXIMUM TEMPERATURE (F)   70        88      2010
 MINIMUM TEMPERATURE (F)   32        18      1950


SUNRISE AND SUNSET
SEPTEMBER 30 2014.....SUNRISE   635 AM PDT   SUNSET   623 PM PDT
OCTOBER  1 2014.......SUNRISE   635 AM PDT   SUNSET   622 PM PDT


-  INDICATES NEGATIVE NUMBERS.
R  INDICATES RECORD WAS SET OR TIED.
MM INDICATES DATA IS MISSING.
T  INDICATES TRACE AMOUNT.




$$
