000
CDUS45 KLKN 060939
CLIELY


CLIMATE REPORT
NATIONAL WEATHER SERVICE ELKO NV
137 AM PST FRI MAR 6 2015


...................................

...THE ELY AIRPORT NV CLIMATE SUMMARY FOR MARCH 5 2015...

CLIMATE NORMAL PERIOD 1981 TO 2010
CLIMATE RECORD PERIOD 1893 TO 2015


WEATHER ITEM   OBSERVED TIME   RECORD YEAR NORMAL DEPARTURE LAST
                VALUE   (LST)  VALUE       VALUE  FROM      YEAR
                                                  NORMAL
..................................................................
TEMPERATURE (F)
 YESTERDAY
  MAXIMUM         52    328 PM  67    1972  47      5       57
  MINIMUM         10    627 AM -11    1945  21    -11       23
                                      1894
  AVERAGE         31                        34     -3       40

PRECIPITATION (IN)
  YESTERDAY        0.00          1.20 1893   0.03  -0.03     0.00
  MONTH TO DATE    0.36                      0.15   0.21     0.02
  SINCE OCT 1      2.05                      3.89  -1.84     4.43
  SINCE JAN 1      0.88                      1.60  -0.72     1.75

SNOWFALL (IN)
  YESTERDAY        0.0          12.0  1893   0.3   -0.3      0.0
  MONTH TO DATE    5.0                       1.4    3.6      0.6
  SINCE MAR 1      5.0                       1.4    3.6      0.6
  SINCE JUL 1     16.0                      36.3  -20.3     39.7
  SNOW DEPTH       0

DEGREE DAYS
 HEATING
  YESTERDAY       34                        31      3       25
  MONTH TO DATE  194                       158     36      132
  SINCE MAR 1    194                       158     36      132
  SINCE JUL 1   4438                      5495  -1057     5151

 COOLING
  YESTERDAY        0                         0      0        0
  MONTH TO DATE    0                         0      0        0
  SINCE MAR 1      0                         0      0        0
  SINCE JAN 1      0                         0      0        0
..................................................................


WIND (MPH)
  HIGHEST WIND SPEED    16   HIGHEST WIND DIRECTION     S (170)
  HIGHEST GUST SPEED    19   HIGHEST GUST DIRECTION     S (170)
  AVERAGE WIND SPEED     8.6



WEATHER CONDITIONS
 THE FOLLOWING WEATHER WAS RECORDED YESTERDAY.
  NO SIGNIFICANT WEATHER WAS OBSERVED.


RELATIVE HUMIDITY (PERCENT)
 HIGHEST    88          1200 AM
 LOWEST     21          1200 PM
 AVERAGE    55

..........................................................


THE ELY AIRPORT NV CLIMATE NORMALS FOR TODAY
                         NORMAL    RECORD    YEAR
 MAXIMUM TEMPERATURE (F)   48        69      1972
 MINIMUM TEMPERATURE (F)   21        -6      1945


SUNRISE AND SUNSET
MARCH  6 2015.........SUNRISE   605 AM PST   SUNSET   537 PM PST
MARCH  7 2015.........SUNRISE   603 AM PST   SUNSET   538 PM PST


-  INDICATES NEGATIVE NUMBERS.
R  INDICATES RECORD WAS SET OR TIED.
MM INDICATES DATA IS MISSING.
T  INDICATES TRACE AMOUNT.




$$
