000
CDUS45 KLKN 290932
CLIELY


CLIMATE REPORT
NATIONAL WEATHER SERVICE ELKO NV
228 AM PDT WED MAR 29 2017


...................................

...THE ELY AIRPORT NV CLIMATE SUMMARY FOR MARCH 28 2017...

CLIMATE NORMAL PERIOD 1981 TO 2010
CLIMATE RECORD PERIOD 1893 TO 2017


WEATHER ITEM   OBSERVED TIME   RECORD YEAR NORMAL DEPARTURE LAST
                VALUE   (LST)  VALUE       VALUE  FROM      YEAR
                                                  NORMAL
..................................................................
TEMPERATURE (F)
 YESTERDAY
  MAXIMUM         50    306 PM  72    2015  53     -3       42
  MINIMUM         25    611 AM   6    1975  24      1       25
                                      1972
  AVERAGE         38                        39     -1       34

PRECIPITATION (IN)
  YESTERDAY        0.00          1.10 2016   0.03  -0.03     1.10
  MONTH TO DATE    1.06                      0.84   0.22     1.49
  SINCE OCT 1      6.09                      4.58   1.51     9.03
  SINCE JAN 1      4.31                      2.29   2.02     4.67

SNOWFALL (IN)
  YESTERDAY        0.0          13.0  2016   0.2   -0.2     13.0
  MONTH TO DATE    6.6                       7.5   -0.9     15.4
  SINCE MAR 1      6.6                       7.5   -0.9     15.4
  SINCE JUL 1     56.2                      42.4   13.8     94.7
  SNOW DEPTH       0

DEGREE DAYS
 HEATING
  YESTERDAY       27                        26      1       31
  MONTH TO DATE  659                       812   -153      688
  SINCE MAR 1    659                       812   -153      688
  SINCE JUL 1   5620                      6149   -529     6062

 COOLING
  YESTERDAY        0                         0      0        0
  MONTH TO DATE    0                         0      0        0
  SINCE MAR 1      0                         0      0        0
  SINCE JAN 1      0                         0      0        0
..................................................................


WIND (MPH)
  HIGHEST WIND SPEED    21   HIGHEST WIND DIRECTION     N (10)
  HIGHEST GUST SPEED    25   HIGHEST GUST DIRECTION     N (360)
  AVERAGE WIND SPEED    10.7



WEATHER CONDITIONS
 THE FOLLOWING WEATHER WAS RECORDED YESTERDAY.
  NO SIGNIFICANT WEATHER WAS OBSERVED.


RELATIVE HUMIDITY (PERCENT)
 HIGHEST    81           200 AM
 LOWEST     34           500 PM
 AVERAGE    58

..........................................................


THE ELY AIRPORT NV CLIMATE NORMALS FOR TODAY
                         NORMAL    RECORD    YEAR
 MAXIMUM TEMPERATURE (F)   53        72      2015
 MINIMUM TEMPERATURE (F)   24         2      1897


SUNRISE AND SUNSET
MARCH 29 2017.........SUNRISE   628 AM PDT   SUNSET   701 PM PDT
MARCH 30 2017.........SUNRISE   626 AM PDT   SUNSET   702 PM PDT


-  INDICATES NEGATIVE NUMBERS.
R  INDICATES RECORD WAS SET OR TIED.
MM INDICATES DATA IS MISSING.
T  INDICATES TRACE AMOUNT.




$$
