000
CDUS45 KLKN 290928
CLIELY


CLIMATE REPORT
NATIONAL WEATHER SERVICE ELKO NV
227 AM PDT SAT AUG 29 2015


...................................

...THE ELY AIRPORT NV CLIMATE SUMMARY FOR AUGUST 28 2015...

CLIMATE NORMAL PERIOD 1981 TO 2010
CLIMATE RECORD PERIOD 1893 TO 2015


WEATHER ITEM   OBSERVED TIME   RECORD YEAR NORMAL DEPARTURE LAST
                VALUE   (LST)  VALUE       VALUE  FROM      YEAR
                                                  NORMAL
..................................................................
TEMPERATURE (F)
 YESTERDAY
  MAXIMUM         86   1141 AM  92    2001  83      3       83
  MINIMUM         46    523 AM  31    1960  45      1       43
  AVERAGE         66                        64      2       63

PRECIPITATION (IN)
  YESTERDAY        0.14          0.34 1982   0.03   0.11     0.00
  MONTH TO DATE    0.54                      0.82  -0.28     2.48
  SINCE OCT 1      6.16                      8.85  -2.69     9.94
  SINCE JAN 1      4.99                      6.56  -1.57     7.26

SNOWFALL (IN)
  YESTERDAY        0.0           0.0  1893   0.0    0.0      0.0
  MONTH TO DATE    0.0                       0.0    0.0      0.0
  SINCE JUN 1      0.0                       0.1   -0.1       T
  SINCE JUL 1      0.0                       0.0    0.0      0.0
  SNOW DEPTH       0

DEGREE DAYS
 HEATING
  YESTERDAY        0                         3     -3        2
  MONTH TO DATE   12                        32    -20       47
  SINCE JUN 1     86                       230   -144      187
  SINCE JUL 1     31                        55    -24       47

 COOLING
  YESTERDAY        1                         1      0        0
  MONTH TO DATE  102                        74     28       34
  SINCE JUN 1    288                       208     80      259
  SINCE JAN 1    291                       209     82      261
..................................................................


WIND (MPH)
  HIGHEST WIND SPEED    22   HIGHEST WIND DIRECTION     E (80)
  HIGHEST GUST SPEED    27   HIGHEST GUST DIRECTION     E (90)
  AVERAGE WIND SPEED     9.2



WEATHER CONDITIONS
 THE FOLLOWING WEATHER WAS RECORDED YESTERDAY.
  THUNDERSTORM
  LIGHT RAIN


RELATIVE HUMIDITY (PERCENT)
 HIGHEST    82           500 AM
 LOWEST     22          1100 AM
 AVERAGE    52

..........................................................


THE ELY AIRPORT NV CLIMATE NORMALS FOR TODAY
                         NORMAL    RECORD    YEAR
 MAXIMUM TEMPERATURE (F)   82        94      1998
 MINIMUM TEMPERATURE (F)   44        26      1964


SUNRISE AND SUNSET
AUGUST 29 2015........SUNRISE   605 AM PDT   SUNSET   715 PM PDT
AUGUST 30 2015........SUNRISE   606 AM PDT   SUNSET   713 PM PDT


-  INDICATES NEGATIVE NUMBERS.
R  INDICATES RECORD WAS SET OR TIED.
MM INDICATES DATA IS MISSING.
T  INDICATES TRACE AMOUNT.




$$
