000
CDUS45 KLKN 300931
CLIELY


CLIMATE REPORT
NATIONAL WEATHER SERVICE ELKO NV
227 AM PDT THU JUL 30 2015


...................................

...THE ELY AIRPORT NV CLIMATE SUMMARY FOR JULY 29 2015...

CLIMATE NORMAL PERIOD 1981 TO 2010
CLIMATE RECORD PERIOD 1893 TO 2015


WEATHER ITEM   OBSERVED TIME   RECORD YEAR NORMAL DEPARTURE LAST
                VALUE   (LST)  VALUE       VALUE  FROM      YEAR
                                                  NORMAL
..................................................................
TEMPERATURE (F)
 YESTERDAY
  MAXIMUM         90    318 PM  97    2000  88      2       83
  MINIMUM         39    448 AM  30    1948  49    -10       53
  AVERAGE         65                        69     -4       68

PRECIPITATION (IN)
  YESTERDAY        0.00          0.60 1939   0.02  -0.02     0.22
  MONTH TO DATE    0.66                      0.58   0.08     0.43
  SINCE OCT 1      5.62                      7.97  -2.35     7.46
  SINCE JAN 1      4.45                      5.68  -1.23     4.78

SNOWFALL (IN)
  YESTERDAY        0.0           0.0  1893   0.0    0.0      0.0
  MONTH TO DATE    0.0                       0.0    0.0      0.0
  SINCE JUN 1      0.0                       0.1   -0.1       T
  SINCE JUL 1      0.0                       0.0    0.0      0.0
  SNOW DEPTH       0

DEGREE DAYS
 HEATING
  YESTERDAY        0                         0      0        0
  MONTH TO DATE   19                        20     -1        0
  SINCE JUN 1     74                       195   -121      140
  SINCE JUL 1     19                        20     -1        0

 COOLING
  YESTERDAY        0                         4     -4        3
  MONTH TO DATE   72                       102    -30      202
  SINCE JUN 1    179                       125     54      221
  SINCE JAN 1    182                       126     56      223
..................................................................


WIND (MPH)
  HIGHEST WIND SPEED    14   HIGHEST WIND DIRECTION     N (360)
  HIGHEST GUST SPEED    21   HIGHEST GUST DIRECTION    SE (140)
  AVERAGE WIND SPEED     7.0



WEATHER CONDITIONS
 THE FOLLOWING WEATHER WAS RECORDED YESTERDAY.
  NO SIGNIFICANT WEATHER WAS OBSERVED.


RELATIVE HUMIDITY (PERCENT)
 HIGHEST    45           500 AM
 LOWEST      9           300 PM
 AVERAGE    27

..........................................................


THE ELY AIRPORT NV CLIMATE NORMALS FOR TODAY
                         NORMAL    RECORD    YEAR
 MAXIMUM TEMPERATURE (F)   88        99      2000
 MINIMUM TEMPERATURE (F)   49        36      1950


SUNRISE AND SUNSET
JULY 30 2015..........SUNRISE   538 AM PDT   SUNSET   754 PM PDT
JULY 31 2015..........SUNRISE   538 AM PDT   SUNSET   753 PM PDT


-  INDICATES NEGATIVE NUMBERS.
R  INDICATES RECORD WAS SET OR TIED.
MM INDICATES DATA IS MISSING.
T  INDICATES TRACE AMOUNT.




$$
