000
CDUS43 KTOP 230632
CLIEMP


CLIMATE REPORT
NATIONAL WEATHER SERVICE TOPEKA KS
132 AM CDT WED APR 23 2014


...................................

...THE EMPORIA KS CLIMATE SUMMARY FOR APRIL 22 2014...

CLIMATE NORMAL PERIOD 1981 TO 2010
CLIMATE RECORD PERIOD 9999 TO 9999


WEATHER ITEM   OBSERVED NORMAL DEPARTURE LAST
                VALUE   VALUE  FROM      YEAR
                               NORMAL
...............................................
TEMPERATURE (F)
 YESTERDAY
  MAXIMUM         72     70      2       63
  MINIMUM         45     46     -1       37
  AVERAGE         59     58      1       50

PRECIPITATION (IN)
  YESTERDAY        0.00   0.13  -0.13     0.26
  MONTH TO DATE    0.76   2.17  -1.41     2.25
  SINCE MAR 1      1.17   4.70  -3.53     3.93
  SINCE JAN 1      1.66   6.56  -4.90     6.71

DEGREE DAYS
 HEATING
  YESTERDAY        6      8     -2       15
  MONTH TO DATE  261    245     16      361
  SINCE MAR 1   1000    855    145     1147
  SINCE JUL 1   5325   4677    648     4743

 COOLING
  YESTERDAY        0      1     -1        0
  MONTH TO DATE    7     16     -9        0
  SINCE MAR 1      7     18    -11        0
  SINCE JAN 1      7     18    -11        0
...............................................


WIND (MPH)
  HIGHEST WIND SPEED    14   HIGHEST WIND DIRECTION     E (110)
  HIGHEST GUST SPEED    17   HIGHEST GUST DIRECTION     E (90)
  AVERAGE WIND SPEED     8.5


SKY COVER
  AVERAGE SKY COVER 0.0


WEATHER CONDITIONS
 THE FOLLOWING WEATHER WAS RECORDED YESTERDAY.
  HAZE


RELATIVE HUMIDITY (PERCENT)
 HIGHEST    65
 LOWEST     22
 AVERAGE    44

..........................................................


THE EMPORIA KS CLIMATE NORMALS FOR TODAY
                         NORMAL
 MAXIMUM TEMPERATURE (F)   70
 MINIMUM TEMPERATURE (F)   47


SUNRISE AND SUNSET
APRIL 23 2014.........SUNRISE   638 AM CDT   SUNSET   809 PM CDT
APRIL 24 2014.........SUNRISE   637 AM CDT   SUNSET   810 PM CDT


-  INDICATES NEGATIVE NUMBERS.
R  INDICATES RECORD WAS SET OR TIED.
MM INDICATES DATA IS MISSING.
T  INDICATES TRACE AMOUNT.




$$
