000
CDUS43 KTOP 200633
CLIEMP


CLIMATE REPORT
NATIONAL WEATHER SERVICE TOPEKA KS
132 AM CDT SUN APR 20 2014


...................................

...THE EMPORIA KS CLIMATE SUMMARY FOR APRIL 19 2014...

CLIMATE NORMAL PERIOD 1981 TO 2010
CLIMATE RECORD PERIOD 9999 TO 9999


WEATHER ITEM   OBSERVED NORMAL DEPARTURE LAST
                VALUE   VALUE  FROM      YEAR
                               NORMAL
...............................................
TEMPERATURE (F)
 YESTERDAY
  MAXIMUM         78     69      9       58
  MINIMUM         45     45      0       30
  AVERAGE         62     57      5       44

PRECIPITATION (IN)
  YESTERDAY        0.00   0.13  -0.13     0.00
  MONTH TO DATE    0.51   1.78  -1.27     1.99
  SINCE MAR 1      0.92   4.31  -3.39     3.67
  SINCE JAN 1      1.41   6.17  -4.76     6.45

DEGREE DAYS
 HEATING
  YESTERDAY        3      9     -6       21
  MONTH TO DATE  255    220     35      317
  SINCE MAR 1    994    830    164     1103
  SINCE JUL 1   5319   4652    667     4699

 COOLING
  YESTERDAY        0      1     -1        0
  MONTH TO DATE    5     13     -8        0
  SINCE MAR 1      5     15    -10        0
  SINCE JAN 1      5     15    -10        0
...............................................


WIND (MPH)
  HIGHEST WIND SPEED    31   HIGHEST WIND DIRECTION     S (190)
  HIGHEST GUST SPEED    38   HIGHEST GUST DIRECTION     S (180)
  AVERAGE WIND SPEED    15.1


SKY COVER
  AVERAGE SKY COVER 0.0


WEATHER CONDITIONS
 THE FOLLOWING WEATHER WAS RECORDED YESTERDAY.
  HAZE


RELATIVE HUMIDITY (PERCENT)
 HIGHEST    76
 LOWEST     29
 AVERAGE    53

..........................................................


THE EMPORIA KS CLIMATE NORMALS FOR TODAY
                         NORMAL
 MAXIMUM TEMPERATURE (F)   69
 MINIMUM TEMPERATURE (F)   45


SUNRISE AND SUNSET
APRIL 20 2014.........SUNRISE   642 AM CDT   SUNSET   806 PM CDT
APRIL 21 2014.........SUNRISE   641 AM CDT   SUNSET   807 PM CDT


-  INDICATES NEGATIVE NUMBERS.
R  INDICATES RECORD WAS SET OR TIED.
MM INDICATES DATA IS MISSING.
T  INDICATES TRACE AMOUNT.




$$
