000
CDUS43 KTOP 192138
CLIEMP


CLIMATE REPORT
NATIONAL WEATHER SERVICE TOPEKA KS
436 PM CDT TUE SEP 19 2017


...................................

...THE EMPORIA KS CLIMATE SUMMARY FOR SEPTEMBER 19 2017...
VALID TODAY AS OF 0400 PM LOCAL TIME.

CLIMATE NORMAL PERIOD 1981 TO 2010
CLIMATE RECORD PERIOD 9999 TO 9999


WEATHER ITEM   OBSERVED NORMAL DEPARTURE LAST
                VALUE   VALUE  FROM      YEAR
                               NORMAL
...............................................
TEMPERATURE (F)
 TODAY
  MAXIMUM         91     80     11       92
  MINIMUM         65     55     10       64
  AVERAGE         78     68     10       78

PRECIPITATION (IN)
  TODAY            0.00   0.09  -0.09     0.00
  MONTH TO DATE    1.94   2.31  -0.37     5.37
  SINCE SEP 1      1.94   2.31  -0.37     5.37
  SINCE JAN 1     28.39  28.92  -0.53    33.96

DEGREE DAYS
 HEATING
  TODAY            0      2     -2        0
  MONTH TO DATE    5     12     -7        0
  SINCE SEP 1      5     12     -7        0
  SINCE JUL 1      5     13     -8        0

 COOLING
  TODAY           13      4      9       13
  MONTH TO DATE  111    129    -18      153
  SINCE SEP 1    111    129    -18      153
  SINCE JAN 1   1201   1337   -136     1489
...............................................


WIND (MPH)
  HIGHEST WIND SPEED    28   HIGHEST WIND DIRECTION     S (160)
  HIGHEST GUST SPEED    36   HIGHEST GUST DIRECTION    SE (150)
  AVERAGE WIND SPEED    15.0



WEATHER CONDITIONS
 THE FOLLOWING WEATHER WAS RECORDED TODAY.
  NO SIGNIFICANT WEATHER WAS OBSERVED.


RELATIVE HUMIDITY (PERCENT)
 HIGHEST    93
 LOWEST     52
 AVERAGE    73

..........................................................


THE EMPORIA KS CLIMATE NORMALS FOR TOMORROW
                         NORMAL
 MAXIMUM TEMPERATURE (F)   79
 MINIMUM TEMPERATURE (F)   55


SUNRISE AND SUNSET
SEPTEMBER 19 2017.....SUNRISE   710 AM CDT   SUNSET   726 PM CDT
SEPTEMBER 20 2017.....SUNRISE   711 AM CDT   SUNSET   724 PM CDT


-  INDICATES NEGATIVE NUMBERS.
R  INDICATES RECORD WAS SET OR TIED.
MM INDICATES DATA IS MISSING.
T  INDICATES TRACE AMOUNT.




$$
