000
CDUS43 KTOP 220633
CLIEMP


CLIMATE REPORT
NATIONAL WEATHER SERVICE TOPEKA KS
1232 AM CST WED NOV 22 2017


...................................

...THE EMPORIA KS CLIMATE SUMMARY FOR NOVEMBER 21 2017...

CLIMATE NORMAL PERIOD 1981 TO 2010
CLIMATE RECORD PERIOD 9999 TO 9999


WEATHER ITEM   OBSERVED NORMAL DEPARTURE LAST
                VALUE   VALUE  FROM      YEAR
                               NORMAL
...............................................
TEMPERATURE (F)
 YESTERDAY
  MAXIMUM         54     53      1       57
  MINIMUM         22     31     -9       33
  AVERAGE         38     42     -4       45

PRECIPITATION (IN)
  YESTERDAY        0.00   0.05  -0.05     0.00
  MONTH TO DATE    0.06   1.70  -1.64     0.14
  SINCE SEP 1      6.40   7.97  -1.57     9.20
  SINCE JAN 1     32.85  34.58  -1.73    37.79

DEGREE DAYS
 HEATING
  YESTERDAY       27     23      4       20
  MONTH TO DATE  424    386     38      236
  SINCE SEP 1    686    712    -26      382
  SINCE JUL 1    686    713    -27      382

 COOLING
  YESTERDAY        0      0      0        0
  MONTH TO DATE    0      0      0       13
  SINCE SEP 1    265    194     71      293
  SINCE JAN 1   1355   1402    -47     1629
...............................................


WIND (MPH)
  HIGHEST WIND SPEED    28   HIGHEST WIND DIRECTION     N (20)
  HIGHEST GUST SPEED    38   HIGHEST GUST DIRECTION     N (340)
  AVERAGE WIND SPEED    13.4


SKY COVER
  AVERAGE SKY COVER 0.0


WEATHER CONDITIONS
 THE FOLLOWING WEATHER WAS RECORDED YESTERDAY.
  NO SIGNIFICANT WEATHER WAS OBSERVED.


RELATIVE HUMIDITY (PERCENT)
 HIGHEST    62
 LOWEST     22
 AVERAGE    42

..........................................................


THE EMPORIA KS CLIMATE NORMALS FOR TODAY
                         NORMAL
 MAXIMUM TEMPERATURE (F)   53
 MINIMUM TEMPERATURE (F)   30


SUNRISE AND SUNSET
NOVEMBER 22 2017......SUNRISE   714 AM CST   SUNSET   508 PM CST
NOVEMBER 23 2017......SUNRISE   715 AM CST   SUNSET   507 PM CST


-  INDICATES NEGATIVE NUMBERS.
R  INDICATES RECORD WAS SET OR TIED.
MM INDICATES DATA IS MISSING.
T  INDICATES TRACE AMOUNT.




$$
