000
CDUS43 KTOP 062231
CLIEMP


CLIMATE REPORT
NATIONAL WEATHER SERVICE TOPEKA KS
431 PM CST FRI MAR 6 2015


...................................

...THE EMPORIA KS CLIMATE SUMMARY FOR MARCH 6 2015...
VALID TODAY AS OF 0400 PM LOCAL TIME.

CLIMATE NORMAL PERIOD 1981 TO 2010
CLIMATE RECORD PERIOD 9999 TO 9999


WEATHER ITEM   OBSERVED NORMAL DEPARTURE LAST
                VALUE   VALUE  FROM      YEAR
                               NORMAL
...............................................
TEMPERATURE (F)
 TODAY
  MAXIMUM         60     53      7       48
  MINIMUM         24     30     -6       26
  AVERAGE         42     42      0       37

PRECIPITATION (IN)
  TODAY            0.00   0.09  -0.09     0.00
  MONTH TO DATE    0.05   0.50  -0.45     0.09
  SINCE MAR 1      0.05   0.50  -0.45     0.09
  SINCE JAN 1      1.45   2.36  -0.91     0.58

DEGREE DAYS
 HEATING
  TODAY           23     23      0       28
  MONTH TO DATE  205    145     60      257
  SINCE MAR 1    205    145     60      257
  SINCE JUL 1   4206   3967    239     4582

 COOLING
  TODAY            0      0      0        0
  MONTH TO DATE    0      0      0        0
  SINCE MAR 1      0      0      0        0
  SINCE JAN 1      0      0      0        0
...............................................


WIND (MPH)
  HIGHEST WIND SPEED    22   HIGHEST WIND DIRECTION    SW (240)
  HIGHEST GUST SPEED    28   HIGHEST GUST DIRECTION    SW (230)
  AVERAGE WIND SPEED    13.9



WEATHER CONDITIONS
 THE FOLLOWING WEATHER WAS RECORDED TODAY.
  NO SIGNIFICANT WEATHER WAS OBSERVED.


RELATIVE HUMIDITY (PERCENT)
 HIGHEST    75
 LOWEST     28
 AVERAGE    52

..........................................................


THE EMPORIA KS CLIMATE NORMALS FOR TOMORROW
                         NORMAL
 MAXIMUM TEMPERATURE (F)   54
 MINIMUM TEMPERATURE (F)   31


SUNRISE AND SUNSET
MARCH  6 2015.........SUNRISE   650 AM CST   SUNSET   623 PM CST
MARCH  7 2015.........SUNRISE   648 AM CST   SUNSET   624 PM CST


-  INDICATES NEGATIVE NUMBERS.
R  INDICATES RECORD WAS SET OR TIED.
MM INDICATES DATA IS MISSING.
T  INDICATES TRACE AMOUNT.




$$
