000
CDUS43 KTOP 250636
CLIEMP


CLIMATE REPORT
NATIONAL WEATHER SERVICE TOPEKA KS
131 AM CDT TUE APR 25 2017


...................................

...THE EMPORIA KS CLIMATE SUMMARY FOR APRIL 24 2017...

CLIMATE NORMAL PERIOD 1981 TO 2010
CLIMATE RECORD PERIOD 9999 TO 9999


WEATHER ITEM   OBSERVED NORMAL DEPARTURE LAST
                VALUE   VALUE  FROM      YEAR
                               NORMAL
...............................................
TEMPERATURE (F)
 YESTERDAY
  MAXIMUM         75     70      5       80
  MINIMUM         44     47     -3       59
  AVERAGE         60     59      1       70

PRECIPITATION (IN)
  YESTERDAY        0.00   0.13  -0.13     0.00
  MONTH TO DATE    4.23   2.43   1.80     2.33
  SINCE MAR 1      8.42   4.96   3.46     3.93
  SINCE JAN 1     10.16   6.82   3.34     5.10

DEGREE DAYS
 HEATING
  YESTERDAY        5      7     -2        0
  MONTH TO DATE  169    260    -91      181
  SINCE MAR 1    645    870   -225      624
  SINCE JUL 1   3736   4692   -956     3737

 COOLING
  YESTERDAY        0      1     -1        5
  MONTH TO DATE   30     18     12       12
  SINCE MAR 1     42     20     22       13
  SINCE JAN 1     42     20     22       13
...............................................


WIND (MPH)
  HIGHEST WIND SPEED    33   HIGHEST WIND DIRECTION     S (180)
  HIGHEST GUST SPEED    43   HIGHEST GUST DIRECTION     S (180)
  AVERAGE WIND SPEED    16.1


SKY COVER
  AVERAGE SKY COVER 0.0


WEATHER CONDITIONS
 THE FOLLOWING WEATHER WAS RECORDED YESTERDAY.
  NO SIGNIFICANT WEATHER WAS OBSERVED.


RELATIVE HUMIDITY (PERCENT)
 HIGHEST    89
 LOWEST     35
 AVERAGE    62

..........................................................


THE EMPORIA KS CLIMATE NORMALS FOR TODAY
                         NORMAL
 MAXIMUM TEMPERATURE (F)   71
 MINIMUM TEMPERATURE (F)   47


SUNRISE AND SUNSET
APRIL 25 2017.........SUNRISE   635 AM CDT   SUNSET   811 PM CDT
APRIL 26 2017.........SUNRISE   634 AM CDT   SUNSET   812 PM CDT


-  INDICATES NEGATIVE NUMBERS.
R  INDICATES RECORD WAS SET OR TIED.
MM INDICATES DATA IS MISSING.
T  INDICATES TRACE AMOUNT.




$$
