973
CDUS43 KTOP 270634
CLIEMP


CLIMATE REPORT
NATIONAL WEATHER SERVICE TOPEKA KS
133 AM CDT TUE SEP 27 2016


...................................

...THE EMPORIA KS CLIMATE SUMMARY FOR SEPTEMBER 26 2016...

CLIMATE NORMAL PERIOD 1981 TO 2010
CLIMATE RECORD PERIOD 9999 TO 9999


WEATHER ITEM   OBSERVED NORMAL DEPARTURE LAST
                VALUE   VALUE  FROM      YEAR
                               NORMAL
...............................................
TEMPERATURE (F)
 YESTERDAY
  MAXIMUM         73     77     -4       82
  MINIMUM         47     53     -6       55
  AVERAGE         60     65     -5       69

PRECIPITATION (IN)
  YESTERDAY        0.00   0.11  -0.11     0.00
  MONTH TO DATE    7.67   2.99   4.68     1.19
  SINCE SEP 1      7.67   2.99   4.68     1.19
  SINCE JAN 1     36.26  29.60   6.66    26.81

DEGREE DAYS
 HEATING
  YESTERDAY        5      3      2        0
  MONTH TO DATE    8     30    -22       13
  SINCE SEP 1      8     30    -22       13
  SINCE JUL 1      8     31    -23       13

 COOLING
  YESTERDAY        0      3     -3        4
  MONTH TO DATE  221    153     68      263
  SINCE SEP 1    221    153     68      263
  SINCE JAN 1   1557   1361    196     1442
...............................................


WIND (MPH)
  HIGHEST WIND SPEED    10   HIGHEST WIND DIRECTION    NW (310)
  HIGHEST GUST SPEED    15   HIGHEST GUST DIRECTION     N (10)
  AVERAGE WIND SPEED     5.4


SKY COVER
  AVERAGE SKY COVER 0.0


WEATHER CONDITIONS
 THE FOLLOWING WEATHER WAS RECORDED YESTERDAY.
  NO SIGNIFICANT WEATHER WAS OBSERVED.


RELATIVE HUMIDITY (PERCENT)
 HIGHEST    86
 LOWEST     29
 AVERAGE    58

..........................................................


THE EMPORIA KS CLIMATE NORMALS FOR TODAY
                         NORMAL
 MAXIMUM TEMPERATURE (F)   76
 MINIMUM TEMPERATURE (F)   52


SUNRISE AND SUNSET
SEPTEMBER 27 2016.....SUNRISE   717 AM CDT   SUNSET   713 PM CDT
SEPTEMBER 28 2016.....SUNRISE   718 AM CDT   SUNSET   711 PM CDT


-  INDICATES NEGATIVE NUMBERS.
R  INDICATES RECORD WAS SET OR TIED.
MM INDICATES DATA IS MISSING.
T  INDICATES TRACE AMOUNT.




$$
