000
CDUS43 KTOP 302132
CLIEMP


CLIMATE REPORT
NATIONAL WEATHER SERVICE TOPEKA KS
431 PM CDT TUE SEP 30 2014


...................................

...THE EMPORIA KS CLIMATE SUMMARY FOR SEPTEMBER 30 2014...
VALID TODAY AS OF 0400 PM LOCAL TIME.

CLIMATE NORMAL PERIOD 1981 TO 2010
CLIMATE RECORD PERIOD 9999 TO 9999


WEATHER ITEM   OBSERVED NORMAL DEPARTURE LAST
                VALUE   VALUE  FROM      YEAR
                               NORMAL
...............................................
TEMPERATURE (F)
 TODAY
  MAXIMUM         83     75      8       77
  MINIMUM         59     51      8       47
  AVERAGE         71     63      8       62

PRECIPITATION (IN)
  TODAY            0.00   0.10  -0.10     0.00
  MONTH TO DATE    3.80   3.39   0.41     2.95
  SINCE SEP 1      3.80   3.39   0.41     2.95
  SINCE JAN 1     22.56  30.00  -7.44    27.04

DEGREE DAYS
 HEATING
  TODAY            0      5     -5        3
  MONTH TO DATE   46     47     -1       16
  SINCE SEP 1     46     49     -3       16
  SINCE JUL 1     48     50     -2       18

 COOLING
  TODAY            6      2      4        0
  MONTH TO DATE  146    165    -19      216
  SINCE SEP 1    146    165    -19      216
  SINCE JAN 1   1349   1373    -24     1345
...............................................


WIND (MPH)
  HIGHEST WIND SPEED    24   HIGHEST WIND DIRECTION     S (180)
  HIGHEST GUST SPEED    31   HIGHEST GUST DIRECTION     S (180)
  AVERAGE WIND SPEED    12.6



WEATHER CONDITIONS
 THE FOLLOWING WEATHER WAS RECORDED TODAY.
  NO SIGNIFICANT WEATHER WAS OBSERVED.


RELATIVE HUMIDITY (PERCENT)
 HIGHEST    97
 LOWEST     49
 AVERAGE    73

..........................................................


THE EMPORIA KS CLIMATE NORMALS FOR TOMORROW
                         NORMAL
 MAXIMUM TEMPERATURE (F)   75
 MINIMUM TEMPERATURE (F)   51


SUNRISE AND SUNSET
SEPTEMBER 30 2014.....SUNRISE   720 AM CDT   SUNSET   709 PM CDT
OCTOBER  1 2014.......SUNRISE   721 AM CDT   SUNSET   708 PM CDT


-  INDICATES NEGATIVE NUMBERS.
R  INDICATES RECORD WAS SET OR TIED.
MM INDICATES DATA IS MISSING.
T  INDICATES TRACE AMOUNT.




$$
