697
CDUS43 KTOP 220633
CLIEMP


CLIMATE REPORT
NATIONAL WEATHER SERVICE TOPEKA KS
132 AM CDT FRI MAY 22 2015


...................................

...THE EMPORIA KS CLIMATE SUMMARY FOR MAY 21 2015...

CLIMATE NORMAL PERIOD 1981 TO 2010
CLIMATE RECORD PERIOD 9999 TO 9999


WEATHER ITEM   OBSERVED NORMAL DEPARTURE LAST
                VALUE   VALUE  FROM      YEAR
                               NORMAL
...............................................
TEMPERATURE (F)
 YESTERDAY
  MAXIMUM         65     77    -12       87
  MINIMUM         40     57    -17       66
  AVERAGE         53     67    -14       77

PRECIPITATION (IN)
  YESTERDAY        0.00   0.17  -0.17     0.00
  MONTH TO DATE    4.39   3.16   1.23     1.12
  SINCE MAR 1      9.28   9.07   0.21     3.18
  SINCE JAN 1     10.68  10.93  -0.25     3.67

DEGREE DAYS
 HEATING
  YESTERDAY       12      2     10        0
  MONTH TO DATE   84     69     15      113
  SINCE MAR 1    844    976   -132     1169
  SINCE JUL 1   4845   4798     47     5494

 COOLING
  YESTERDAY        0      4     -4       12
  MONTH TO DATE   42     49     -7       90
  SINCE MAR 1     48     72    -24      108
  SINCE JAN 1     48     72    -24      108
...............................................


WIND (MPH)
  HIGHEST WIND SPEED    14   HIGHEST WIND DIRECTION    NE (40)
  HIGHEST GUST SPEED    20   HIGHEST GUST DIRECTION     N (20)
  AVERAGE WIND SPEED     6.2


SKY COVER
  AVERAGE SKY COVER 0.1


WEATHER CONDITIONS
 THE FOLLOWING WEATHER WAS RECORDED YESTERDAY.
  FOG


RELATIVE HUMIDITY (PERCENT)
 HIGHEST    96
 LOWEST     40
 AVERAGE    68

..........................................................


THE EMPORIA KS CLIMATE NORMALS FOR TODAY
                         NORMAL
 MAXIMUM TEMPERATURE (F)   78
 MINIMUM TEMPERATURE (F)   57


SUNRISE AND SUNSET
MAY 22 2015...........SUNRISE   608 AM CDT   SUNSET   835 PM CDT
MAY 23 2015...........SUNRISE   608 AM CDT   SUNSET   836 PM CDT


-  INDICATES NEGATIVE NUMBERS.
R  INDICATES RECORD WAS SET OR TIED.
MM INDICATES DATA IS MISSING.
T  INDICATES TRACE AMOUNT.




$$
