000
CDUS46 KOTX 190831
CLIEPH


CLIMATE REPORT
NATIONAL WEATHER SERVICE SPOKANE, WA
131 AM PDT FRI SEP 19 2014


...................................

...THE EPHRATA WA AIRPORT CLIMATE SUMMARY FOR SEPTEMBER 18 2014...

CLIMATE NORMAL PERIOD 1981 TO 2010
CLIMATE RECORD PERIOD 9999 TO 9999


WEATHER ITEM   OBSERVED TIME   RECORD YEAR NORMAL DEPARTURE LAST
                VALUE   (LST)  VALUE       VALUE  FROM      YEAR
                                                  NORMAL
..................................................................
TEMPERATURE (F)
 YESTERDAY
  MAXIMUM         83    249 PM  99    1981  77      6       75
  MINIMUM         62    152 AM  33    1988  49     13       49
  AVERAGE         73                        63     10       62

PRECIPITATION (IN)
  YESTERDAY        T             0.52 1986   0.01  -0.01      T
  MONTH TO DATE    T                         0.19  -0.19     0.50
  SINCE OCT 1      4.64                      7.68  -3.04     8.54
  SINCE JAN 1      3.89                      4.85  -0.96     4.74

SNOWFALL (IN)
  YESTERDAY       MM            MM      MM   0.0   MM       MM
  MONTH TO DATE   MM                         0.0   MM       MM
  SINCE SEP 1     MM                         0.0   MM       MM
  SINCE JUL 1     MM                         0.0   MM       MM
  SNOW DEPTH      MM

DEGREE DAYS
 HEATING
  YESTERDAY        0                         4     -4        3
  MONTH TO DATE   17                        40    -23       13
  SINCE SEP 1     17                        40    -23       13
  SINCE JUL 1     18                        57    -39       13

 COOLING
  YESTERDAY        8                         2      6        0
  MONTH TO DATE   59                        59      0      159
  SINCE SEP 1     59                        59      0      159
  SINCE JAN 1   1092                       753    339     1083
..................................................................


WIND (MPH)
  HIGHEST WIND SPEED    24   HIGHEST WIND DIRECTION     W (290)
  HIGHEST GUST SPEED    29   HIGHEST GUST DIRECTION     W (290)
  AVERAGE WIND SPEED     9.4


SKY COVER
  POSSIBLE SUNSHINE  MM
  AVERAGE SKY COVER 0.4


WEATHER CONDITIONS
 THE FOLLOWING WEATHER WAS RECORDED YESTERDAY.
  NO SIGNIFICANT WEATHER WAS OBSERVED.


RELATIVE HUMIDITY (PERCENT)
 HIGHEST    52           200 AM
 LOWEST     30          1100 AM
 AVERAGE    41

..........................................................


THE EPHRATA WA AIRPORT CLIMATE NORMALS FOR TODAY
                         NORMAL    RECORD    YEAR
 MAXIMUM TEMPERATURE (F)   77        97      1967
 MINIMUM TEMPERATURE (F)   49        33      1957


SUNRISE AND SUNSET
SEPTEMBER 19 2014.....SUNRISE   641 AM PDT   SUNSET   702 PM PDT
SEPTEMBER 20 2014.....SUNRISE   642 AM PDT   SUNSET   700 PM PDT


-  INDICATES NEGATIVE NUMBERS.
R  INDICATES RECORD WAS SET OR TIED.
MM INDICATES DATA IS MISSING.
T  INDICATES TRACE AMOUNT.




$$
