000
CDUS46 KOTX 120828
CLIEPH


CLIMATE REPORT
NATIONAL WEATHER SERVICE SPOKANE, WA
1228 AM PST FRI FEB 12 2016


...................................

...THE EPHRATA WA AIRPORT CLIMATE SUMMARY FOR FEBRUARY 11 2016...

CLIMATE NORMAL PERIOD 1981 TO 2010
CLIMATE RECORD PERIOD 9999 TO 9999


WEATHER ITEM   OBSERVED TIME   RECORD YEAR NORMAL DEPARTURE LAST
                VALUE   (LST)  VALUE       VALUE  FROM      YEAR
                                                  NORMAL
..................................................................
TEMPERATURE (F)
 YESTERDAY
  MAXIMUM         45    207 PM  54    1992  41      4       52
  MINIMUM         32   1210 AM  14    1994  25      7       39
  AVERAGE         39                        33      6       46

PRECIPITATION (IN)
  YESTERDAY        0.05          0.39 1997   0.03   0.02     0.00
  MONTH TO DATE    0.14                      0.28  -0.14     0.59
  SINCE OCT 1      4.50                      4.02   0.48     4.09
  SINCE JAN 1      1.78                      1.19   0.59     1.30

SNOWFALL (IN)
  YESTERDAY       MM

DEGREE DAYS
 HEATING
  YESTERDAY       26                        32     -6       19
  MONTH TO DATE  331                       360    -29      246
  SINCE DEC 1   2401                      2649   -248     2166
  SINCE JUL 1   3557                      4068   -511     3313

 COOLING
  YESTERDAY        0                         0      0        0
  MONTH TO DATE    0                         0      0        0
  SINCE DEC 1      0                         0      0        0
  SINCE JAN 1      0                         0      0        0
..................................................................


WIND (MPH)
  HIGHEST WIND SPEED    16   HIGHEST WIND DIRECTION    NW (330)
  HIGHEST GUST SPEED    18   HIGHEST GUST DIRECTION     N (340)
  AVERAGE WIND SPEED     8.4


SKY COVER
  POSSIBLE SUNSHINE  MM
  AVERAGE SKY COVER 0.7


WEATHER CONDITIONS
 THE FOLLOWING WEATHER WAS RECORDED YESTERDAY.
  LIGHT RAIN
  FOG


RELATIVE HUMIDITY (PERCENT)
 HIGHEST   100           100 AM
 LOWEST     70           300 PM
 AVERAGE    85

..........................................................


THE EPHRATA WA AIRPORT CLIMATE NORMALS FOR TODAY
                         NORMAL    RECORD    YEAR
 MAXIMUM TEMPERATURE (F)   41        64      1977
 MINIMUM TEMPERATURE (F)   25         6      1959


SUNRISE AND SUNSET
FEBRUARY 12 2016......SUNRISE   709 AM PST   SUNSET   517 PM PST
FEBRUARY 13 2016......SUNRISE   707 AM PST   SUNSET   518 PM PST


-  INDICATES NEGATIVE NUMBERS.
R  INDICATES RECORD WAS SET OR TIED.
MM INDICATES DATA IS MISSING.
T  INDICATES TRACE AMOUNT.




$$
