000
CDUS46 KOTX 210827
CLIEPH


CLIMATE REPORT
NATIONAL WEATHER SERVICE SPOKANE, WA
127 AM PDT MON AUG 21 2017


...................................

...THE EPHRATA WA AIRPORT CLIMATE SUMMARY FOR AUGUST 20 2017...

CLIMATE NORMAL PERIOD 1981 TO 2010
CLIMATE RECORD PERIOD 9999 TO 9999


WEATHER ITEM   OBSERVED TIME   RECORD YEAR NORMAL DEPARTURE LAST
                VALUE   (LST)  VALUE       VALUE  FROM      YEAR
                                                  NORMAL
..................................................................
TEMPERATURE (F)
 YESTERDAY
  MAXIMUM         84    411 PM 102    2009  86     -2       93
                                      1977
  MINIMUM         60    624 AM  47    2007  58      2       52
  AVERAGE         72                        72      0       73

PRECIPITATION (IN)
  YESTERDAY        0.00          0.45 1954   0.01  -0.01     0.00
  MONTH TO DATE    0.06                      0.14  -0.08      T
  SINCE OCT 1      9.41                      7.44   1.97     9.01
  SINCE JAN 1      5.81                      4.61   1.20     6.29

SNOWFALL (IN)
  YESTERDAY       MM

DEGREE DAYS
 HEATING
  YESTERDAY        0                         0      0        0
  MONTH TO DATE    0                         0      0        2
  SINCE JUN 1     43                        68    -25       72
  SINCE JUL 1      0                         8     -8        2

 COOLING
  YESTERDAY        7                         7      0        8
  MONTH TO DATE  276                       188     88      187
  SINCE JUN 1    802                       591    211      614
  SINCE JAN 1    860                       628    232      646
..................................................................


WIND (MPH)
  HIGHEST WIND SPEED    15   HIGHEST WIND DIRECTION    NW (310)
  HIGHEST GUST SPEED    20   HIGHEST GUST DIRECTION     S (190)
  AVERAGE WIND SPEED     6.2


SKY COVER
  POSSIBLE SUNSHINE  MM
  AVERAGE SKY COVER 0.0


WEATHER CONDITIONS
 THE FOLLOWING WEATHER WAS RECORDED YESTERDAY.
  NO SIGNIFICANT WEATHER WAS OBSERVED.


RELATIVE HUMIDITY (PERCENT)
 HIGHEST    43           600 AM
 LOWEST     18           400 PM
 AVERAGE    31

..........................................................


THE EPHRATA WA AIRPORT CLIMATE NORMALS FOR TODAY
                         NORMAL    RECORD    YEAR
 MAXIMUM TEMPERATURE (F)   86       102      2006
 MINIMUM TEMPERATURE (F)   58        46      1960


SUNRISE AND SUNSET
AUGUST 21 2017........SUNRISE   603 AM PDT   SUNSET   758 PM PDT
AUGUST 22 2017........SUNRISE   604 AM PDT   SUNSET   756 PM PDT


-  INDICATES NEGATIVE NUMBERS.
R  INDICATES RECORD WAS SET OR TIED.
MM INDICATES DATA IS MISSING.
T  INDICATES TRACE AMOUNT.




$$
