249
CDUS46 KOTX 241245
CLIEPH


CLIMATE REPORT
NATIONAL WEATHER SERVICE SPOKANE, WA
545 AM PDT WED AUG 24 2016


...................................

...THE EPHRATA WA AIRPORT CLIMATE SUMMARY FOR AUGUST 23 2016...

CLIMATE NORMAL PERIOD 1981 TO 2010
CLIMATE RECORD PERIOD 9999 TO 9999


WEATHER ITEM   OBSERVED TIME   RECORD YEAR NORMAL DEPARTURE LAST
                VALUE   (LST)  VALUE       VALUE  FROM      YEAR
                                                  NORMAL
..................................................................
TEMPERATURE (F)
 YESTERDAY
  MAXIMUM         84    336 PM 104    1970  86     -2       86
  MINIMUM         58    519 AM  37    1992  57      1       54
  AVERAGE         71                        71      0       70

PRECIPITATION (IN)
  YESTERDAY        0.00          0.09 1975   0.00   0.00     0.00
  MONTH TO DATE    T                         0.15  -0.15      T
  SINCE OCT 1      9.01                      7.45   1.56     6.90
  SINCE JAN 1      6.29                      4.62   1.67     4.11

SNOWFALL (IN)
  YESTERDAY       MM

DEGREE DAYS
 HEATING
  YESTERDAY        0                         0      0        0
  MONTH TO DATE    2                         0      2        0
  SINCE JUN 1     72                        68      4        4
  SINCE JUL 1      2                         8     -6        0

 COOLING
  YESTERDAY        6                         7     -1        5
  MONTH TO DATE  207                       209     -2      278
  SINCE JUN 1    634                       612     22     1103
  SINCE JAN 1    666                       649     17     1188
..................................................................


WIND (MPH)
  HIGHEST WIND SPEED    16   HIGHEST WIND DIRECTION    SW (210)
  HIGHEST GUST SPEED    22   HIGHEST GUST DIRECTION    SW (210)
  AVERAGE WIND SPEED     8.3


SKY COVER
  POSSIBLE SUNSHINE  MM
  AVERAGE SKY COVER 0.1


WEATHER CONDITIONS
 THE FOLLOWING WEATHER WAS RECORDED YESTERDAY.
  NO SIGNIFICANT WEATHER WAS OBSERVED.


RELATIVE HUMIDITY (PERCENT)
 HIGHEST    47           400 AM
 LOWEST     22           500 PM
 AVERAGE    35

..........................................................


THE EPHRATA WA AIRPORT CLIMATE NORMALS FOR TODAY
                         NORMAL    RECORD    YEAR
 MAXIMUM TEMPERATURE (F)   85       104      1966
 MINIMUM TEMPERATURE (F)   57        42      1992


SUNRISE AND SUNSET
AUGUST 24 2016........SUNRISE   607 AM PDT   SUNSET   752 PM PDT
AUGUST 25 2016........SUNRISE   609 AM PDT   SUNSET   750 PM PDT


-  INDICATES NEGATIVE NUMBERS.
R  INDICATES RECORD WAS SET OR TIED.
MM INDICATES DATA IS MISSING.
T  INDICATES TRACE AMOUNT.




$$
