000
CDUS46 KOTX 140822
CLIEPH


CLIMATE REPORT
NATIONAL WEATHER SERVICE SPOKANE, WA
1222 AM PST THU DEC 14 2017


...................................

...THE EPHRATA WA AIRPORT CLIMATE SUMMARY FOR DECEMBER 13 2017...

CLIMATE NORMAL PERIOD 1981 TO 2010
CLIMATE RECORD PERIOD 9999 TO 9999


WEATHER ITEM   OBSERVED TIME   RECORD YEAR NORMAL DEPARTURE LAST
                VALUE   (LST)  VALUE       VALUE  FROM      YEAR
                                                  NORMAL
..................................................................
TEMPERATURE (F)
 YESTERDAY
  MAXIMUM         37   1259 PM  52    2014  33      4       21
  MINIMUM         28    735 AM  -4    1972  21      7       11
  AVERAGE         33                        27      6       16

PRECIPITATION (IN)
  YESTERDAY        0.00          0.54 1977   0.04  -0.04     0.00
  MONTH TO DATE    0.01                      0.53  -0.52     0.21
  SINCE OCT 1      2.18                      2.12   0.06     3.49
  SINCE JAN 1      8.08                      7.14   0.94     9.85

SNOWFALL (IN)
  YESTERDAY       MM

DEGREE DAYS
 HEATING
  YESTERDAY       32                        38     -6       49
  MONTH TO DATE  428                       471    -43      510
  SINCE DEC 1    428                       471    -43      510
  SINCE JUL 1   1808                      1890    -82     1633

 COOLING
  YESTERDAY        0                         0      0        0
  MONTH TO DATE    0                         0      0        0
  SINCE DEC 1      0                         0      0        0
  SINCE JAN 1   1072                       772    300      751
..................................................................


WIND (MPH)
  HIGHEST WIND SPEED    12   HIGHEST WIND DIRECTION     S (170)
  HIGHEST GUST SPEED    13   HIGHEST GUST DIRECTION     S (160)
  AVERAGE WIND SPEED     4.0


SKY COVER
  POSSIBLE SUNSHINE  MM
  AVERAGE SKY COVER 0.8


WEATHER CONDITIONS
 THE FOLLOWING WEATHER WAS RECORDED YESTERDAY.
  NO SIGNIFICANT WEATHER WAS OBSERVED.


RELATIVE HUMIDITY (PERCENT)
 HIGHEST    75          1200 AM
 LOWEST     52           100 PM
 AVERAGE    64

..........................................................


THE EPHRATA WA AIRPORT CLIMATE NORMALS FOR TODAY
                         NORMAL    RECORD    YEAR
 MAXIMUM TEMPERATURE (F)   33        52      1979
 MINIMUM TEMPERATURE (F)   21        -1      1975


SUNRISE AND SUNSET
DECEMBER 14 2017......SUNRISE   738 AM PST   SUNSET   408 PM PST
DECEMBER 15 2017......SUNRISE   739 AM PST   SUNSET   408 PM PST


-  INDICATES NEGATIVE NUMBERS.
R  INDICATES RECORD WAS SET OR TIED.
MM INDICATES DATA IS MISSING.
T  INDICATES TRACE AMOUNT.




$$
