000
CDUS46 KOTX 290851
CLIEPH


CLIMATE REPORT
NATIONAL WEATHER SERVICE SPOKANE, WA
150 AM PDT SAT APR 29 2017


...................................

...THE EPHRATA WA AIRPORT CLIMATE SUMMARY FOR APRIL 28 2017...

CLIMATE NORMAL PERIOD 1981 TO 2010
CLIMATE RECORD PERIOD 9999 TO 9999


WEATHER ITEM   OBSERVED TIME   RECORD YEAR NORMAL DEPARTURE LAST
                VALUE   (LST)  VALUE       VALUE  FROM      YEAR
                                                  NORMAL
..................................................................
TEMPERATURE (F)
 YESTERDAY
  MAXIMUM         66    357 PM  88    1987  67     -1       72
  MINIMUM         46   1159 PM  28    1955  41      5       37
  AVERAGE         56                        54      2       55

PRECIPITATION (IN)
  YESTERDAY        0.00          0.59 1951   0.02  -0.02     0.02
  MONTH TO DATE    1.36                      0.46   0.90     0.27
  SINCE OCT 1      8.35                      5.62   2.73     6.61
  SINCE JAN 1      4.75                      2.79   1.96     3.89

SNOWFALL (IN)
  YESTERDAY       MM

DEGREE DAYS
 HEATING
  YESTERDAY        9                        12     -3       10
  MONTH TO DATE  432                       417     15      208
  SINCE MAR 1   1114                      1101     13      809
  SINCE JUL 1   5892                      5674    218     4762

 COOLING
  YESTERDAY        0                         0      0        0
  MONTH TO DATE    0                         0      0        5
  SINCE MAR 1      0                         0      0        5
  SINCE JAN 1      0                         0      0        5
..................................................................


WIND (MPH)
  HIGHEST WIND SPEED    23   HIGHEST WIND DIRECTION    NW (310)
  HIGHEST GUST SPEED    30   HIGHEST GUST DIRECTION    NW (310)
  AVERAGE WIND SPEED    12.0


SKY COVER
  POSSIBLE SUNSHINE  MM
  AVERAGE SKY COVER 0.4


WEATHER CONDITIONS
 THE FOLLOWING WEATHER WAS RECORDED YESTERDAY.
  NO SIGNIFICANT WEATHER WAS OBSERVED.


RELATIVE HUMIDITY (PERCENT)
 HIGHEST    46          1100 PM
 LOWEST     21           100 PM
 AVERAGE    34

..........................................................


THE EPHRATA WA AIRPORT CLIMATE NORMALS FOR TODAY
                         NORMAL    RECORD    YEAR
 MAXIMUM TEMPERATURE (F)   67        89      1957
 MINIMUM TEMPERATURE (F)   41        26      1952


SUNRISE AND SUNSET
APRIL 29 2017.........SUNRISE   544 AM PDT   SUNSET   807 PM PDT
APRIL 30 2017.........SUNRISE   543 AM PDT   SUNSET   809 PM PDT


-  INDICATES NEGATIVE NUMBERS.
R  INDICATES RECORD WAS SET OR TIED.
MM INDICATES DATA IS MISSING.
T  INDICATES TRACE AMOUNT.




$$
