000
CDUS41 KCLE 100527
CLIERI


CLIMATE REPORT
NATIONAL WEATHER SERVICE CLEVELAND OH
1226 AM EST SAT DEC 10 2016


...................................

...THE ERIE PA CLIMATE SUMMARY FOR DECEMBER 9 2016...

CLIMATE NORMAL PERIOD 1981 TO 2010
CLIMATE RECORD PERIOD 1873 TO 2016


WEATHER ITEM   OBSERVED TIME   RECORD YEAR NORMAL DEPARTURE LAST
                VALUE   (LST)  VALUE       VALUE  FROM      YEAR
                                                  NORMAL
..................................................................
TEMPERATURE (F)
 YESTERDAY
  MAXIMUM         34    100 PM  65    1885  40     -6       56
  MINIMUM         28   1000 PM  -2    1917  29     -1       41
  AVERAGE         31                        34     -3       49

PRECIPITATION (IN)
  YESTERDAY        0.02                      0.13  -0.11      T
  MONTH TO DATE    1.66                      1.12   0.54     0.65
  SINCE DEC 1      1.66                      1.12   0.54     0.65
  SINCE JAN 1     43.44                     39.54   3.90    34.13

SNOWFALL (IN)
  YESTERDAY        0.2                       0.8   -0.6      0.0
  MONTH TO DATE    5.0                       6.1   -1.1      0.4
  SINCE DEC 1      5.0                       6.1   -1.1      0.4
  SINCE JUL 1      7.4                      14.8   -7.4      0.9
  SNOW DEPTH       3

DEGREE DAYS
 HEATING
  YESTERDAY       34                        31      3       16
  MONTH TO DATE  249                       263    -14      216
  SINCE DEC 1    249                       263    -14      216
  SINCE JUL 1   1029                      1419   -390     1107

 COOLING
  YESTERDAY        0                         0      0        0
  MONTH TO DATE    0                         0      0        0
  SINCE DEC 1      0                         0      0        0
  SINCE JAN 1   1017                       638    379      773
..................................................................


WIND (MPH)
  HIGHEST WIND SPEED    20   HIGHEST WIND DIRECTION     W (280)
  HIGHEST GUST SPEED    33   HIGHEST GUST DIRECTION     W (290)
  AVERAGE WIND SPEED    16.3


SKY COVER
  POSSIBLE SUNSHINE  MM
  AVERAGE SKY COVER 0.8


WEATHER CONDITIONS
 THE FOLLOWING WEATHER WAS RECORDED YESTERDAY.
  LIGHT SNOW


RELATIVE HUMIDITY (PERCENT)
 HIGHEST    75          1100 PM
 LOWEST     51          1000 AM
 AVERAGE    63

..........................................................


THE ERIE PA CLIMATE NORMALS FOR TODAY
                         NORMAL    RECORD    YEAR
 MAXIMUM TEMPERATURE (F)   40        65      1971
 MINIMUM TEMPERATURE (F)   28        -4      1876


SUNRISE AND SUNSET
DECEMBER 10 2016......SUNRISE   738 AM EST   SUNSET   449 PM EST
DECEMBER 11 2016......SUNRISE   739 AM EST   SUNSET   449 PM EST


-  INDICATES NEGATIVE NUMBERS.
R  INDICATES RECORD WAS SET OR TIED.
MM INDICATES DATA IS MISSING.
T  INDICATES TRACE AMOUNT.




$$
