000
CDUS46 KPQR 270221
CLIEUG


CLIMATE REPORT
NATIONAL WEATHER SERVICE PORTLAND OREGON
721 PM PDT MON JUN 26 2017


...................................

...THE EUGENE OR CLIMATE SUMMARY FOR JUNE 26 2017...
VALID TODAY AS OF 0700 PM LOCAL TIME.

CLIMATE NORMAL PERIOD 1981 TO 2010
CLIMATE RECORD PERIOD 1892 TO 2017


WEATHER ITEM   OBSERVED TIME   RECORD YEAR NORMAL DEPARTURE LAST
                VALUE   (LST)  VALUE       VALUE  FROM      YEAR
                                                  NORMAL
..................................................................
TEMPERATURE (F)
 TODAY
  MAXIMUM         73    316 PM  98    2015  76     -3       89
  MINIMUM         55    512 AM  37    1976  49      6       49
  AVERAGE         64                        63      1       69

PRECIPITATION (IN)
  TODAY            0.00          1.04 1982   0.03  -0.03     0.00
  MONTH TO DATE    1.38                      1.40  -0.02     0.78
  SINCE OCT 1     45.04                     43.56   1.48    39.55
  SINCE JAN 1     25.45                     24.76   0.69    20.71

SNOWFALL (IN)
  TODAY            0.0
  MONTH TO DATE    0.0
  SINCE JUN 1      0.0
  SINCE JUL 1      5.1

DEGREE DAYS
 HEATING
  TODAY            1                         3     -2        0
  MONTH TO DATE  117                       145    -28      100
  SINCE JUN 1    117                       145    -28      100
  SINCE JUL 1   4550                      4794   -244     3885

 COOLING
  TODAY            0                         1     -1        4
  MONTH TO DATE   30                        11     19       53
  SINCE JUN 1     30                        11     19       53
  SINCE JAN 1     43                        16     27       56
..................................................................


WIND (MPH)
  HIGHEST WIND SPEED    21   HIGHEST WIND DIRECTION     W (250)
  HIGHEST GUST SPEED    25   HIGHEST GUST DIRECTION    SW (230)
  AVERAGE WIND SPEED    11.3


SKY COVER
  POSSIBLE SUNSHINE  MM
  AVERAGE SKY COVER 0.4


WEATHER CONDITIONS
 THE FOLLOWING WEATHER WAS RECORDED TODAY.
  NO SIGNIFICANT WEATHER WAS OBSERVED.


RELATIVE HUMIDITY (PERCENT)
 HIGHEST    93           300 AM
 LOWEST     57          1200 PM
 AVERAGE    75

..........................................................


THE EUGENE OR CLIMATE NORMALS FOR TOMORROW
                         NORMAL    RECORD    YEAR
 MAXIMUM TEMPERATURE (F)   77        98      2015
 MINIMUM TEMPERATURE (F)   49        37      1965
                                             1949


SUNRISE AND SUNSET
JUNE 26 2017..........SUNRISE   531 AM PDT   SUNSET   900 PM PDT
JUNE 27 2017..........SUNRISE   532 AM PDT   SUNSET   900 PM PDT


-  INDICATES NEGATIVE NUMBERS.
R  INDICATES RECORD WAS SET OR TIED.
MM INDICATES DATA IS MISSING.
T  INDICATES TRACE AMOUNT.




$$
