000
CDUS46 KPQR 040225
CLIEUG


CLIMATE REPORT
NATIONAL WEATHER SERVICE PORTLAND OREGON
625 PM PST SAT DEC 3 2016


...................................

...THE EUGENE OR CLIMATE SUMMARY FOR DECEMBER 3 2016...
VALID TODAY AS OF 0600 PM LOCAL TIME.

CLIMATE NORMAL PERIOD 1981 TO 2010
CLIMATE RECORD PERIOD 1892 TO 2016


WEATHER ITEM   OBSERVED TIME   RECORD YEAR NORMAL DEPARTURE LAST
                VALUE   (LST)  VALUE       VALUE  FROM      YEAR
                                                  NORMAL
..................................................................
TEMPERATURE (F)
 TODAY
  MAXIMUM         53    129 PM  65    1939  47      6       59
  MINIMUM         36    602 AM  21    2009  35      1       46
  AVERAGE         45                        41      4       53

PRECIPITATION (IN)
  TODAY            0.00          3.14 1987   0.30  -0.30     0.36
  MONTH TO DATE    0.05                      0.91  -0.86     1.36
  SINCE OCT 1     14.54                     11.88   2.66     6.59
  SINCE JAN 1     36.28                     39.18  -2.90    19.99

SNOWFALL (IN)
  TODAY            0.0
  MONTH TO DATE    0.0
  SINCE DEC 1      0.0
  SINCE JUL 1      0.0

DEGREE DAYS
 HEATING
  TODAY           20                        24     -4       12
  MONTH TO DATE   66                        72     -6       57
  SINCE DEC 1     66                        72     -6       57
  SINCE JUL 1    899                      1245   -346     1038

 COOLING
  TODAY            0                         0      0        0
  MONTH TO DATE    0                         0      0        0
  SINCE DEC 1      0                         0      0        0
  SINCE JAN 1    325                       239     86      529
..................................................................


WIND (MPH)
  HIGHEST WIND SPEED     9   HIGHEST WIND DIRECTION    SW (220)
  HIGHEST GUST SPEED    12   HIGHEST GUST DIRECTION     S (180)
  AVERAGE WIND SPEED     5.2


SKY COVER
  POSSIBLE SUNSHINE  MM
  AVERAGE SKY COVER 0.8


WEATHER CONDITIONS
 THE FOLLOWING WEATHER WAS RECORDED TODAY.
  FOG


RELATIVE HUMIDITY (PERCENT)
 HIGHEST    96           900 AM
 LOWEST     71           200 PM
 AVERAGE    84

..........................................................


THE EUGENE OR CLIMATE NORMALS FOR TOMORROW
                         NORMAL    RECORD    YEAR
 MAXIMUM TEMPERATURE (F)   47        66      1989
 MINIMUM TEMPERATURE (F)   35        18      2013


SUNRISE AND SUNSET
DECEMBER  3 2016......SUNRISE   731 AM PST   SUNSET   435 PM PST
DECEMBER  4 2016......SUNRISE   732 AM PST   SUNSET   435 PM PST


-  INDICATES NEGATIVE NUMBERS.
R  INDICATES RECORD WAS SET OR TIED.
MM INDICATES DATA IS MISSING.
T  INDICATES TRACE AMOUNT.




$$
