000
CDUS46 KPQR 170022
CLIEUG


CLIMATE REPORT
NATIONAL WEATHER SERVICE PORTLAND OREGON
422 PM PST MON JAN 16 2017


...................................

...THE EUGENE OR CLIMATE SUMMARY FOR JANUARY 16 2017...
VALID TODAY AS OF 0400 PM LOCAL TIME.

CLIMATE NORMAL PERIOD 1981 TO 2010
CLIMATE RECORD PERIOD 1892 TO 2017


WEATHER ITEM   OBSERVED TIME   RECORD YEAR NORMAL DEPARTURE LAST
                VALUE   (LST)  VALUE       VALUE  FROM      YEAR
                                                  NORMAL
..................................................................
TEMPERATURE (F)
 TODAY
  MAXIMUM         40    359 PM  64    1926  47     -7       54
  MINIMUM         24    808 AM  16    1907  34    -10       43
  AVERAGE         32                        41     -9       49

PRECIPITATION (IN)
  TODAY            0.00          2.30 1896   0.22  -0.22     0.23
  MONTH TO DATE    3.00                      3.78  -0.78     2.17
  SINCE OCT 1     22.59                     22.58   0.01    21.01
  SINCE JAN 1      3.00                      3.78  -0.78     2.17

SNOWFALL (IN)
  TODAY            0.0
  MONTH TO DATE    5.1
  SINCE DEC 1      5.1
  SINCE JUL 1      5.1

DEGREE DAYS
 HEATING
  TODAY           33                        24      9       16
  MONTH TO DATE  544                       397    147      412
  SINCE DEC 1   1415                      1181    234     1060
  SINCE JUL 1   2248                      2354   -106     2041

 COOLING
  TODAY            0                         0      0        0
  MONTH TO DATE    0                         0      0        0
  SINCE DEC 1      0                         0      0        0
  SINCE JAN 1      0                         0      0        0
..................................................................


WIND (MPH)
  HIGHEST WIND SPEED     7   HIGHEST WIND DIRECTION    NW (330)
  HIGHEST GUST SPEED    10   HIGHEST GUST DIRECTION     N (10)
  AVERAGE WIND SPEED     3.2


SKY COVER
  POSSIBLE SUNSHINE  MM
  AVERAGE SKY COVER 0.5


WEATHER CONDITIONS
 THE FOLLOWING WEATHER WAS RECORDED TODAY.
  FOG
  HAZE


RELATIVE HUMIDITY (PERCENT)
 HIGHEST   100           700 AM
 LOWEST     64           300 PM
 AVERAGE    82

..........................................................


THE EUGENE OR CLIMATE NORMALS FOR TOMORROW
                         NORMAL    RECORD    YEAR
 MAXIMUM TEMPERATURE (F)   47        67      1975
 MINIMUM TEMPERATURE (F)   34        12      1907


SUNRISE AND SUNSET
JANUARY 16 2017.......SUNRISE   744 AM PST   SUNSET   502 PM PST
JANUARY 17 2017.......SUNRISE   743 AM PST   SUNSET   503 PM PST


-  INDICATES NEGATIVE NUMBERS.
R  INDICATES RECORD WAS SET OR TIED.
MM INDICATES DATA IS MISSING.
T  INDICATES TRACE AMOUNT.




$$
