000
CDUS46 KPQR 100233
CLIEUG


CLIMATE REPORT
NATIONAL WEATHER SERVICE PORTLAND OREGON
633 PM PST TUE FEB 9 2016


...................................

...THE EUGENE OR CLIMATE SUMMARY FOR FEBRUARY 9 2016...
VALID TODAY AS OF 0600 PM LOCAL TIME.

CLIMATE NORMAL PERIOD 1981 TO 2010
CLIMATE RECORD PERIOD 1892 TO 2016


WEATHER ITEM   OBSERVED TIME   RECORD YEAR NORMAL DEPARTURE LAST
                VALUE   (LST)  VALUE       VALUE  FROM      YEAR
                                                  NORMAL
..................................................................
TEMPERATURE (F)
 TODAY
  MAXIMUM         59    133 PM  68    1951  50      9       52
  MINIMUM         35    535 AM  11    1933  35      0       47
  AVERAGE         47                        42      5       50

PRECIPITATION (IN)
  TODAY            0.00          2.39 1961   0.20  -0.20     0.77
  MONTH TO DATE    0.46                      1.76  -1.30     3.80
  SINCE OCT 1     26.62                     27.43  -0.81    23.23
  SINCE JAN 1      7.78                      8.63  -0.85     6.18

SNOWFALL (IN)
  TODAY            0.0
  MONTH TO DATE    0.0
  SINCE DEC 1      0.0
  SINCE JUL 1      0.0

DEGREE DAYS
 HEATING
  TODAY           18                        23     -5       15
  MONTH TO DATE  174                       207    -33      124
  SINCE DEC 1   1495                      1744   -249     1412
  SINCE JUL 1   2476                      2917   -441     2224

 COOLING
  TODAY            0                         0      0        0
  MONTH TO DATE    0                         0      0        0
  SINCE DEC 1      0                         0      0        0
  SINCE JAN 1      0                         0      0        0
..................................................................


WIND (MPH)
  HIGHEST WIND SPEED     7   HIGHEST WIND DIRECTION     N (10)
  HIGHEST GUST SPEED     9   HIGHEST GUST DIRECTION     N (10)
  AVERAGE WIND SPEED     2.4


SKY COVER
  POSSIBLE SUNSHINE  MM
  AVERAGE SKY COVER 0.8


WEATHER CONDITIONS
 THE FOLLOWING WEATHER WAS RECORDED TODAY.
  FOG
  FOG W/VISIBILITY <= 1/4 MILE


RELATIVE HUMIDITY (PERCENT)
 HIGHEST   100           100 AM
 LOWEST     66           200 PM
 AVERAGE    83

..........................................................


THE EUGENE OR CLIMATE NORMALS FOR TOMORROW
                         NORMAL    RECORD    YEAR
 MAXIMUM TEMPERATURE (F)   50        69      1952
 MINIMUM TEMPERATURE (F)   35        15      1933


SUNRISE AND SUNSET
FEBRUARY  9 2016......SUNRISE   721 AM PST   SUNSET   534 PM PST
FEBRUARY 10 2016......SUNRISE   720 AM PST   SUNSET   535 PM PST


-  INDICATES NEGATIVE NUMBERS.
R  INDICATES RECORD WAS SET OR TIED.
MM INDICATES DATA IS MISSING.
T  INDICATES TRACE AMOUNT.




$$
