000
CDUS46 KPQR 281141
CLIEUG


CLIMATE REPORT
NATIONAL WEATHER SERVICE PORTLAND OREGON
341 AM PST SUN DEC 28 2014


...................................

...THE EUGENE OR CLIMATE SUMMARY FOR DECEMBER 27 2014...

CLIMATE NORMAL PERIOD 1981 TO 2010
CLIMATE RECORD PERIOD 1892 TO 2014


WEATHER ITEM   OBSERVED TIME   RECORD YEAR NORMAL DEPARTURE LAST
                VALUE   (LST)  VALUE       VALUE  FROM      YEAR
                                                  NORMAL
..................................................................
TEMPERATURE (F)
 YESTERDAY
  MAXIMUM         45   1159 PM  61    1994  45      0       41
                                      1917
  MINIMUM         33    441 AM  16    1924  33      0       31
  AVERAGE         39                        39      0       36

PRECIPITATION (IN)
  YESTERDAY        0.04          2.37 1928   0.23  -0.19     0.00
  MONTH TO DATE    6.95                      6.93   0.02     1.48
  SINCE OCT 1     16.93                     17.90  -0.97     4.19
  SINCE JAN 1     41.18                     45.20  -4.02    21.19

SNOWFALL (IN)
  YESTERDAY       MM
  MONTH TO DATE    0.0
  SINCE DEC 1      0.0
  SINCE JUL 1      0.0

DEGREE DAYS
 HEATING
  YESTERDAY       26                        26      0       29
  MONTH TO DATE  510                       683   -173      869
  SINCE DEC 1    510                       683   -173      869
  SINCE JUL 1   1322                      1856   -534     2045

 COOLING
  YESTERDAY        0                         0      0        0
  MONTH TO DATE    0                         0      0        0
  SINCE DEC 1      0                         0      0        0
  SINCE JAN 1    475                       239    236      411
..................................................................


WIND (MPH)
  HIGHEST WIND SPEED    14   HIGHEST WIND DIRECTION     S (170)
  HIGHEST GUST SPEED    16   HIGHEST GUST DIRECTION     S (170)
  AVERAGE WIND SPEED     8.6


SKY COVER
  POSSIBLE SUNSHINE  MM
  AVERAGE SKY COVER 0.8


WEATHER CONDITIONS
 THE FOLLOWING WEATHER WAS RECORDED YESTERDAY.
  LIGHT RAIN
  FOG
  FOG W/VISIBILITY <= 1/4 MILE


RELATIVE HUMIDITY (PERCENT)
 HIGHEST   100           500 AM
 LOWEST     82          1100 AM
 AVERAGE    91

..........................................................


THE EUGENE OR CLIMATE NORMALS FOR TODAY
                         NORMAL    RECORD    YEAR
 MAXIMUM TEMPERATURE (F)   45        65      1937
                                             1917
 MINIMUM TEMPERATURE (F)   33        19      1985


SUNRISE AND SUNSET
DECEMBER 28 2014......SUNRISE   747 AM PST   SUNSET   442 PM PST
DECEMBER 29 2014......SUNRISE   748 AM PST   SUNSET   443 PM PST


-  INDICATES NEGATIVE NUMBERS.
R  INDICATES RECORD WAS SET OR TIED.
MM INDICATES DATA IS MISSING.
T  INDICATES TRACE AMOUNT.




$$
