000
CDUS46 KPQR 051141
CLIEUG


CLIMATE REPORT
NATIONAL WEATHER SERVICE PORTLAND OREGON
440 AM PDT SUN JUL 5 2015


...................................

...THE EUGENE OR CLIMATE SUMMARY FOR JULY 4 2015...

CLIMATE NORMAL PERIOD 1981 TO 2010
CLIMATE RECORD PERIOD 1892 TO 2015


WEATHER ITEM   OBSERVED TIME   RECORD YEAR NORMAL DEPARTURE LAST
                VALUE   (LST)  VALUE       VALUE  FROM      YEAR
                                                  NORMAL
..................................................................
TEMPERATURE (F)
 YESTERDAY
  MAXIMUM         91    522 PM  95    1972  79     12       84
                                      1970
  MINIMUM         55    529 AM  40    1932  50      5       49
  AVERAGE         73                        65      8       67

PRECIPITATION (IN)
  YESTERDAY        0.00          0.92 1992   0.02  -0.02     0.00
  MONTH TO DATE    0.00                      0.09  -0.09     0.00
  SINCE OCT 1     29.41                     43.75 -14.34    26.63
  SINCE JAN 1     12.36                     24.95 -12.59    22.44

SNOWFALL (IN)
  YESTERDAY        0.0
  MONTH TO DATE    0.0
  SINCE JUN 1      0.0
  SINCE JUL 1      0.0

DEGREE DAYS
 HEATING
  YESTERDAY        0                         2     -2        0
  MONTH TO DATE    0                         9     -9        0
  SINCE JUN 1     41                       166   -125      107
  SINCE JUL 1      0                         9     -9        0

 COOLING
  YESTERDAY        8                         2      6        2
  MONTH TO DATE   51                         8     43       16
  SINCE JUN 1    164                        27    137       22
  SINCE JAN 1    169                        32    137       25
..................................................................


WIND (MPH)
  HIGHEST WIND SPEED    10   HIGHEST WIND DIRECTION     W (260)
  HIGHEST GUST SPEED    20   HIGHEST GUST DIRECTION    SW (230)
  AVERAGE WIND SPEED     4.2


SKY COVER
  POSSIBLE SUNSHINE  MM
  AVERAGE SKY COVER 0.6


WEATHER CONDITIONS
 THE FOLLOWING WEATHER WAS RECORDED YESTERDAY.
  NO SIGNIFICANT WEATHER WAS OBSERVED.


RELATIVE HUMIDITY (PERCENT)
 HIGHEST    80           400 AM
 LOWEST     27           200 PM
 AVERAGE    54

..........................................................


THE EUGENE OR CLIMATE NORMALS FOR TODAY
                         NORMAL    RECORD    YEAR
 MAXIMUM TEMPERATURE (F)   80        97      1960
 MINIMUM TEMPERATURE (F)   51        39      1986


SUNRISE AND SUNSET
JULY  5 2015..........SUNRISE   536 AM PDT   SUNSET   859 PM PDT
JULY  6 2015..........SUNRISE   536 AM PDT   SUNSET   858 PM PDT


-  INDICATES NEGATIVE NUMBERS.
R  INDICATES RECORD WAS SET OR TIED.
MM INDICATES DATA IS MISSING.
T  INDICATES TRACE AMOUNT.




$$
