000
CDUS46 KPQR 130228
CLIEUG


CLIMATE REPORT
NATIONAL WEATHER SERVICE PORTLAND OREGON
628 PM PST TUE DEC 12 2017


...................................

...THE EUGENE OR CLIMATE SUMMARY FOR DECEMBER 12 2017...
VALID TODAY AS OF 0600 PM LOCAL TIME.

CLIMATE NORMAL PERIOD 1981 TO 2010
CLIMATE RECORD PERIOD 1892 TO 2017


WEATHER ITEM   OBSERVED TIME   RECORD YEAR NORMAL DEPARTURE LAST
                VALUE   (LST)  VALUE       VALUE  FROM      YEAR
                                                  NORMAL
..................................................................
TEMPERATURE (F)
 TODAY
  MAXIMUM         37    303 PM  65    1952  46     -9       48
  MINIMUM         20    427 AM   4    1919  34    -14       29
  AVERAGE         29                        40    -11       39

PRECIPITATION (IN)
  TODAY            0.00          2.06 1995   0.24  -0.24      T
  MONTH TO DATE    0.58                      3.31  -2.73     2.77
  SINCE OCT 1     12.12                     14.28  -2.16    17.26
  SINCE JAN 1     38.78                     41.58  -2.80    39.00

SNOWFALL (IN)
  TODAY            0.0
  MONTH TO DATE    0.0
  SINCE DEC 1      0.0
  SINCE JUL 1      0.0

DEGREE DAYS
 HEATING
  TODAY           36                        25     11       26
  MONTH TO DATE  360                       294     66      303
  SINCE DEC 1    360                       294     66      303
  SINCE JUL 1   1489                      1467     22     1136

 COOLING
  TODAY            0                         0      0        0
  MONTH TO DATE    0                         0      0        0
  SINCE DEC 1      0                         0      0        0
  SINCE JAN 1    376                       239    137      325
..................................................................


WIND (MPH)
  HIGHEST WIND SPEED     6   HIGHEST WIND DIRECTION     E (80)
  HIGHEST GUST SPEED     7   HIGHEST GUST DIRECTION     E (70)
  AVERAGE WIND SPEED     1.5


SKY COVER
  POSSIBLE SUNSHINE  MM
  AVERAGE SKY COVER 0.7


WEATHER CONDITIONS
 THE FOLLOWING WEATHER WAS RECORDED TODAY.
  FOG
  FOG W/VISIBILITY <= 1/4 MILE


RELATIVE HUMIDITY (PERCENT)
 HIGHEST   100           100 AM
 LOWEST     82           200 PM
 AVERAGE    91

..........................................................


THE EUGENE OR CLIMATE NORMALS FOR TOMORROW
                         NORMAL    RECORD    YEAR
 MAXIMUM TEMPERATURE (F)   45        64      1969
 MINIMUM TEMPERATURE (F)   34        -3      1919


SUNRISE AND SUNSET
DECEMBER 12 2017......SUNRISE   739 AM PST   SUNSET   435 PM PST
DECEMBER 13 2017......SUNRISE   740 AM PST   SUNSET   435 PM PST


-  INDICATES NEGATIVE NUMBERS.
R  INDICATES RECORD WAS SET OR TIED.
MM INDICATES DATA IS MISSING.
T  INDICATES TRACE AMOUNT.




$$
