000
CDUS46 KPQR 290220
CLIEUG


CLIMATE REPORT
NATIONAL WEATHER SERVICE PORTLAND OREGON
720 PM PDT THU AUG 28 2014


...................................

...THE EUGENE OR CLIMATE SUMMARY FOR AUGUST 28 2014...
VALID TODAY AS OF 0700 PM LOCAL TIME.

CLIMATE NORMAL PERIOD 1981 TO 2010
CLIMATE RECORD PERIOD 1892 TO 2014


WEATHER ITEM   OBSERVED TIME   RECORD YEAR NORMAL DEPARTURE LAST
                VALUE   (LST)  VALUE       VALUE  FROM      YEAR
                                                  NORMAL
..................................................................
TEMPERATURE (F)
 TODAY
  MAXIMUM         90    345 PM  97    1931  81      9       86
                                      1915
  MINIMUM         55    516 AM  41    1985  50      5       60
                                      1960
  AVERAGE         73                        66      7       73

PRECIPITATION (IN)
  TODAY            0.00          1.21 1983   0.03  -0.03      T
  MONTH TO DATE    0.19                      0.52  -0.33     0.16
  SINCE OCT 1     27.19                     44.72 -17.53    29.17
  SINCE JAN 1     23.00                     25.92  -2.92     9.83

SNOWFALL (IN)
  TODAY            0.0
  MONTH TO DATE    0.0
  SINCE JUN 1      0.0
  SINCE JUL 1      0.0

DEGREE DAYS
 HEATING
  TODAY            0                         1     -1        0
  MONTH TO DATE    0                        28    -28       12
  SINCE JUN 1    113                       221   -108      110
  SINCE JUL 1      6                        64    -58       18

 COOLING
  TODAY            8                         2      6        8
  MONTH TO DATE  204                        86    118      128
  SINCE JUN 1    403                       198    205      322
  SINCE JAN 1    406                       203    203      327
..................................................................


WIND (MPH)
  HIGHEST WIND SPEED    16   HIGHEST WIND DIRECTION     N (350)
  HIGHEST GUST SPEED    19   HIGHEST GUST DIRECTION     N (360)
  AVERAGE WIND SPEED     3.4


SKY COVER
  POSSIBLE SUNSHINE  MM
  AVERAGE SKY COVER 0.2


WEATHER CONDITIONS
 THE FOLLOWING WEATHER WAS RECORDED TODAY.
  NO SIGNIFICANT WEATHER WAS OBSERVED.


RELATIVE HUMIDITY (PERCENT)
 HIGHEST    86           400 AM
 LOWEST     27           300 PM
 AVERAGE    57

..........................................................


THE EUGENE OR CLIMATE NORMALS FOR TOMORROW
                         NORMAL    RECORD    YEAR
 MAXIMUM TEMPERATURE (F)   81       100      1944
 MINIMUM TEMPERATURE (F)   50        38      1969


SUNRISE AND SUNSET
AUGUST 28 2014........SUNRISE   631 AM PDT   SUNSET   756 PM PDT
AUGUST 29 2014........SUNRISE   633 AM PDT   SUNSET   754 PM PDT


-  INDICATES NEGATIVE NUMBERS.
R  INDICATES RECORD WAS SET OR TIED.
MM INDICATES DATA IS MISSING.
T  INDICATES TRACE AMOUNT.




$$
