000
CDUS46 KPQR 222321
CLIEUG


CLIMATE REPORT
NATIONAL WEATHER SERVICE PORTLAND OREGON
421 PM PDT MON MAY 22 2017


...................................

...THE EUGENE OR CLIMATE SUMMARY FOR MAY 22 2017...
VALID TODAY AS OF 0400 PM LOCAL TIME.

CLIMATE NORMAL PERIOD 1981 TO 2010
CLIMATE RECORD PERIOD 1892 TO 2017


WEATHER ITEM   OBSERVED TIME   RECORD YEAR NORMAL DEPARTURE LAST
                VALUE   (LST)  VALUE       VALUE  FROM      YEAR
                                                  NORMAL
..................................................................
TEMPERATURE (F)
 TODAY
  MAXIMUM         85    245 PM  90    2001  68     17       63
  MINIMUM         49    505 AM  32    2007  44      5       49
  AVERAGE         67                        56     11       56

PRECIPITATION (IN)
  TODAY            0.00          0.85 1939   0.09  -0.09     0.04
  MONTH TO DATE    1.22                      1.95  -0.73     1.29
  SINCE OCT 1     43.66                     41.37   2.29    38.76
  SINCE JAN 1     24.07                     22.57   1.50    19.92

SNOWFALL (IN)
  TODAY            0.0
  MONTH TO DATE    0.0
  SINCE MAR 1      T
  SINCE JUL 1      5.1

DEGREE DAYS
 HEATING
  TODAY            0                         9     -9        9
  MONTH TO DATE  225                       232     -7      135
  SINCE MAR 1   1191                      1247    -56      915
  SINCE JUL 1   4392                      4574   -182     3720

 COOLING
  TODAY            2                         0      2        0
  MONTH TO DATE    7                         0      7        3
  SINCE MAR 1      7                         0      7        3
  SINCE JAN 1      7                         0      7        3
..................................................................


WIND (MPH)
  HIGHEST WIND SPEED    14   HIGHEST WIND DIRECTION     N (360)
  HIGHEST GUST SPEED    16   HIGHEST GUST DIRECTION     N (360)
  AVERAGE WIND SPEED     5.6


SKY COVER
  POSSIBLE SUNSHINE  MM
  AVERAGE SKY COVER 0.3


WEATHER CONDITIONS
 THE FOLLOWING WEATHER WAS RECORDED TODAY.
  FOG


RELATIVE HUMIDITY (PERCENT)
 HIGHEST   100           500 AM
 LOWEST     48           300 PM
 AVERAGE    74

..........................................................


THE EUGENE OR CLIMATE NORMALS FOR TOMORROW
                         NORMAL    RECORD    YEAR
 MAXIMUM TEMPERATURE (F)   68        91      1947
 MINIMUM TEMPERATURE (F)   45        34      2002
                                             1978
                                             1935


SUNRISE AND SUNSET
MAY 22 2017...........SUNRISE   539 AM PDT   SUNSET   840 PM PDT
MAY 23 2017...........SUNRISE   538 AM PDT   SUNSET   841 PM PDT


-  INDICATES NEGATIVE NUMBERS.
R  INDICATES RECORD WAS SET OR TIED.
MM INDICATES DATA IS MISSING.
T  INDICATES TRACE AMOUNT.




$$
