000
CDUS46 KPQR 251143
CLIEUG


CLIMATE REPORT
NATIONAL WEATHER SERVICE PORTLAND OREGON
442 AM PDT TUE APR 25 2017


...................................

...THE EUGENE OR CLIMATE SUMMARY FOR APRIL 24 2017...

CLIMATE NORMAL PERIOD 1981 TO 2010
CLIMATE RECORD PERIOD 1892 TO 2017


WEATHER ITEM   OBSERVED TIME   RECORD YEAR NORMAL DEPARTURE LAST
                VALUE   (LST)  VALUE       VALUE  FROM      YEAR
                                                  NORMAL
..................................................................
TEMPERATURE (F)
 YESTERDAY
  MAXIMUM         58    135 PM  86    1910  62     -4       53
  MINIMUM         45   1105 PM  29    1924  40      5       41
  AVERAGE         52                        51      1       47

PRECIPITATION (IN)
  YESTERDAY        0.42          0.63 1975   0.10   0.32     0.42
  MONTH TO DATE    3.00                      2.81   0.19     2.94
  SINCE OCT 1     41.79                     38.90   2.89    37.38
  SINCE JAN 1     22.20                     20.10   2.10    18.54

SNOWFALL (IN)
  YESTERDAY       MM
  MONTH TO DATE    0.0
  SINCE MAR 1      T
  SINCE JUL 1      5.1

DEGREE DAYS
 HEATING
  YESTERDAY       13                        14     -1       18
  MONTH TO DATE  356                       367    -11      214
  SINCE MAR 1    880                       936    -56      704
  SINCE JUL 1   4081                      4263   -182     3509

 COOLING
  YESTERDAY        0                         0      0        0
  MONTH TO DATE    0                         0      0        0
  SINCE MAR 1      0                         0      0        0
  SINCE JAN 1      0                         0      0        0
..................................................................


WIND (MPH)
  HIGHEST WIND SPEED    25   HIGHEST WIND DIRECTION     W (250)
  HIGHEST GUST SPEED    32   HIGHEST GUST DIRECTION    SW (240)
  AVERAGE WIND SPEED    12.7


SKY COVER
  POSSIBLE SUNSHINE  MM
  AVERAGE SKY COVER 1.0


WEATHER CONDITIONS
 THE FOLLOWING WEATHER WAS RECORDED YESTERDAY.
  RAIN
  LIGHT RAIN
  FOG
  HAZE


RELATIVE HUMIDITY (PERCENT)
 HIGHEST    93          1200 AM
 LOWEST     83          1200 PM
 AVERAGE    88

..........................................................


THE EUGENE OR CLIMATE NORMALS FOR TODAY
                         NORMAL    RECORD    YEAR
 MAXIMUM TEMPERATURE (F)   63        86      1910
 MINIMUM TEMPERATURE (F)   40        31      1985
                                             1982
                                             1954


SUNRISE AND SUNSET
APRIL 25 2017.........SUNRISE   613 AM PDT   SUNSET   810 PM PDT
APRIL 26 2017.........SUNRISE   611 AM PDT   SUNSET   811 PM PDT


-  INDICATES NEGATIVE NUMBERS.
R  INDICATES RECORD WAS SET OR TIED.
MM INDICATES DATA IS MISSING.
T  INDICATES TRACE AMOUNT.




$$
