000
CDUS43 KPAH 290633
CLIEVV


CLIMATE REPORT
NATIONAL WEATHER SERVICE PADUCAH KY
132 AM CDT FRI MAY 29 2015


...................................

...THE EVANSVILLE IN CLIMATE SUMMARY FOR MAY 28 2015...

CLIMATE NORMAL PERIOD 1981 TO 2010
CLIMATE RECORD PERIOD 1896 TO 2015


WEATHER ITEM   OBSERVED TIME   RECORD YEAR NORMAL DEPARTURE LAST
                VALUE   (LST)  VALUE       VALUE  FROM      YEAR
                                                  NORMAL
..................................................................
TEMPERATURE (F)
 YESTERDAY
  MAXIMUM         84    350 PM  98    1911  81      3       86
  MINIMUM         63    448 AM  43    1961  58      5       67
  AVERAGE         74                        69      5       77

PRECIPITATION (IN)
  YESTERDAY        0.00          1.33 1964   0.17  -0.17     0.00
  MONTH TO DATE    2.97                      4.84  -1.87     3.66
  SINCE MAR 1     16.44                     13.45   2.99    17.48
  SINCE JAN 1     21.97                     19.72   2.25    21.43

SNOWFALL (IN)
  YESTERDAY        0.0           0.0  2002   0.0    0.0      0.0
                                      2001
  MONTH TO DATE    0.0                       0.0    0.0      0.0
  SINCE MAR 1      8.5                       1.1    7.4      2.6
  SINCE JUL 1     18.5                      11.8    6.7     12.6
  SNOW DEPTH       0

DEGREE DAYS
 HEATING
  YESTERDAY        0                         1     -1        0
  MONTH TO DATE   52                        83    -31       92
  SINCE MAR 1    867                       964    -97     1018
  SINCE JUL 1   4703                      4538    165     4980

 COOLING
  YESTERDAY        9                         6      3       12
  MONTH TO DATE  141                        90     51      164
  SINCE MAR 1    169                       117     52      174
  SINCE JAN 1    169                       117     52      174
..................................................................


WIND (MPH)
  HIGHEST WIND SPEED    10   HIGHEST WIND DIRECTION     S (190)
  HIGHEST GUST SPEED    14   HIGHEST GUST DIRECTION     S (160)
  AVERAGE WIND SPEED     3.3


SKY COVER
  AVERAGE SKY COVER 0.4


WEATHER CONDITIONS
 THE FOLLOWING WEATHER WAS RECORDED YESTERDAY.
  FOG
  FOG W/VISIBILITY <= 1/4 MILE
  HAZE


RELATIVE HUMIDITY (PERCENT)
 HIGHEST   100
 LOWEST     51
 AVERAGE    76

..........................................................


THE EVANSVILLE IN CLIMATE NORMALS FOR TODAY
                         NORMAL    RECORD    YEAR
 MAXIMUM TEMPERATURE (F)   81        94      1926
 MINIMUM TEMPERATURE (F)   59        39      1965


SUNRISE AND SUNSET
MAY 29 2015...........SUNRISE   530 AM CDT   SUNSET   805 PM CDT
MAY 30 2015...........SUNRISE   530 AM CDT   SUNSET   806 PM CDT


-  INDICATES NEGATIVE NUMBERS.
R  INDICATES RECORD WAS SET OR TIED.
MM INDICATES DATA IS MISSING.
T  INDICATES TRACE AMOUNT.




$$
