000
CDUS43 KPAH 280638
CLIEVV


CLIMATE REPORT
NATIONAL WEATHER SERVICE PADUCAH KY
1237 AM CST FRI NOV 28 2014


...................................

...THE EVANSVILLE IN CLIMATE SUMMARY FOR NOVEMBER 27 2014...

CLIMATE NORMAL PERIOD 1981 TO 2010
CLIMATE RECORD PERIOD 1896 TO 2014


WEATHER ITEM   OBSERVED TIME   RECORD YEAR NORMAL DEPARTURE LAST
                VALUE   (LST)  VALUE       VALUE  FROM      YEAR
                                                  NORMAL
..................................................................
TEMPERATURE (F)
 YESTERDAY
  MAXIMUM         34   1239 AM  75    1990  51    -17       30
  MINIMUM         22   1159 PM  13    1930  32    -10       17
  AVERAGE         28                        41    -13       24

PRECIPITATION (IN)
  YESTERDAY        0.02          1.65 1983   0.15  -0.13     0.00
  MONTH TO DATE    2.79                      3.88  -1.09     2.04
  SINCE SEP 1      9.54                     10.18  -0.64    10.92
  SINCE JAN 1     43.72                     41.10   2.62    46.25

SNOWFALL (IN)
  YESTERDAY       MM             3.8  1977   0.0   MM        0.0
  MONTH TO DATE    2.4                       0.1    2.3       T
  SINCE SEP 1      2.4                       0.3    2.1       T
  SINCE JUL 1      2.4                       0.3    2.1       T
  SNOW DEPTH       0

DEGREE DAYS
 HEATING
  YESTERDAY       37                        24     13       41
  MONTH TO DATE  695                       486    209      565
  SINCE SEP 1    949                       788    161      824
  SINCE JUL 1    949                       789    160      824

 COOLING
  YESTERDAY        0                         0      0        0
  MONTH TO DATE    0                         0      0        0
  SINCE SEP 1    197                       196      1      272
  SINCE JAN 1   1477                      1395     82     1464
..................................................................


WIND (MPH)
  HIGHEST WIND SPEED    15   HIGHEST WIND DIRECTION    NW (300)
  HIGHEST GUST SPEED    22   HIGHEST GUST DIRECTION     N (340)
  AVERAGE WIND SPEED     6.5


SKY COVER
  AVERAGE SKY COVER 0.8


WEATHER CONDITIONS
 THE FOLLOWING WEATHER WAS RECORDED YESTERDAY.
  LIGHT SNOW
  FOG
  HAZE


RELATIVE HUMIDITY (PERCENT)
 HIGHEST    89
 LOWEST     69
 AVERAGE    79

..........................................................


THE EVANSVILLE IN CLIMATE NORMALS FOR TODAY
                         NORMAL    RECORD    YEAR
 MAXIMUM TEMPERATURE (F)   50        70      1997
                                             1909
                                             1905
 MINIMUM TEMPERATURE (F)   32        12      1955


SUNRISE AND SUNSET
NOVEMBER 28 2014......SUNRISE   644 AM CST   SUNSET   432 PM CST
NOVEMBER 29 2014......SUNRISE   645 AM CST   SUNSET   431 PM CST


-  INDICATES NEGATIVE NUMBERS.
R  INDICATES RECORD WAS SET OR TIED.
MM INDICATES DATA IS MISSING.
T  INDICATES TRACE AMOUNT.




$$
