000
CDUS43 KPAH 292127
CLIEVV


CLIMATE REPORT
NATIONAL WEATHER SERVICE PADUCAH KY
425 PM CDT WED MAR 29 2017

...................................

...THE EVANSVILLE IN CLIMATE SUMMARY FOR MARCH 29 2017...
VALID TODAY AS OF 0400 PM LOCAL TIME.

CLIMATE NORMAL PERIOD 1981 TO 2010
CLIMATE RECORD PERIOD 1896 TO 2017

WEATHER ITEM   OBSERVED TIME   RECORD YEAR NORMAL DEPARTURE LAST
                VALUE   (LST)  VALUE       VALUE  FROM      YEAR
                                                  NORMAL
..................................................................
TEMPERATURE (F)
 TODAY
  MAXIMUM         71    259 PM  82    1963  62      9       61
  MINIMUM         49    604 AM  23    1955  39     10       38
  AVERAGE         60                        50     10       50

PRECIPITATION (IN)
  TODAY            0.00          1.44 1985   0.15  -0.15     0.00
  MONTH TO DATE    3.31                      3.95  -0.64     4.74
  SINCE MAR 1      3.31                      3.95  -0.64     4.74
  SINCE JAN 1      6.58                     10.22  -3.64    11.08

SNOWFALL (IN)
  TODAY            0.0                                       0.0
  MONTH TO DATE    1.0                                        T
  SINCE JUL 1      1.4                                      14.2
  SNOW DEPTH       0
..................................................................

WIND (MPH)
  HIGHEST WIND SPEED    18   HIGHEST WIND DIRECTION     E (90)
  HIGHEST GUST SPEED    22   HIGHEST GUST DIRECTION     E (100)
..........................................................

THE EVANSVILLE IN CLIMATE NORMALS FOR TOMORROW
                         NORMAL    RECORD    YEAR
 MAXIMUM TEMPERATURE (F)   62        83      1986
 MINIMUM TEMPERATURE (F)   39        22      1964

SUNRISE AND SUNSET
MARCH 29 2017.........SUNRISE   639 AM CDT   SUNSET   711 PM CDT
MARCH 30 2017.........SUNRISE   638 AM CDT   SUNSET   712 PM CDT

-  INDICATES NEGATIVE NUMBERS.
R  INDICATES RECORD WAS SET OR TIED.
MM INDICATES DATA IS MISSING.
T  INDICATES TRACE AMOUNT.

$$
