000
CDUS45 KSLC 101226
CLIEVW


CLIMATE REPORT
NATIONAL WEATHER SERVICE SALT LAKE CITY UT
526 AM MST SAT DEC 10 2016


...................................

...THE EVANSTON WY CLIMATE SUMMARY FOR DECEMBER 9 2016...

CLIMATE NORMAL PERIOD 1981 TO 2010
CLIMATE RECORD PERIOD 9999 TO 9999


WEATHER ITEM   OBSERVED TIME   RECORD YEAR NORMAL DEPARTURE LAST
                VALUE   (LST)  VALUE       VALUE  FROM      YEAR
                                                  NORMAL
..................................................................
TEMPERATURE (F)
 YESTERDAY
  MAXIMUM         38    236 PM  MM      MM  29      9       51
  MINIMUM         25   1211 AM  MM      MM  13     12       32
  AVERAGE         32                        21     11       42

PRECIPITATION (IN)
  YESTERDAY        T            MM      MM   0.01  -0.01      T
  MONTH TO DATE    0.02                      0.19  -0.17      T
  SINCE OCT 1      1.38                      2.40  -1.02     0.58
  SINCE JAN 1      7.10                     11.74  -4.64    10.37

DEGREE DAYS
 HEATING
  YESTERDAY       33                        44    -11       23
  MONTH TO DATE  426                       388     38      315
  SINCE DEC 1    426                       388     38      315
  SINCE JUL 1   2077                      2497   -420     2004

 COOLING
  YESTERDAY        0                         0      0        0
  MONTH TO DATE    0                         0      0        0
  SINCE DEC 1      0                         0      0        0
  SINCE JAN 1    293                       162    131      235
..................................................................


WIND (MPH)
  RESULTANT WIND SPEED  15   RESULTANT WIND DIRECTION  SW (230)
  HIGHEST WIND SPEED    26   HIGHEST WIND DIRECTION    SW (240)
  HIGHEST GUST SPEED    30   HIGHEST GUST DIRECTION    SW (210)
  AVERAGE WIND SPEED    14.9


SKY COVER
  POSSIBLE SUNSHINE  MM
  AVERAGE SKY COVER 0.8


WEATHER CONDITIONS
 THE FOLLOWING WEATHER WAS RECORDED YESTERDAY.
  SNOW
  LIGHT SNOW
  FOG
  FOG W/VISIBILITY <= 1/4 MILE


RELATIVE HUMIDITY (PERCENT)
 HIGHEST    92           100 AM
 LOWEST     61          1100 PM
 AVERAGE    77

..........................................................


THE EVANSTON WY CLIMATE NORMALS FOR TODAY
                         NORMAL    RECORD    YEAR
 MAXIMUM TEMPERATURE (F)   28        MM        MM
 MINIMUM TEMPERATURE (F)   13        MM        MM


SUNRISE AND SUNSET
DECEMBER 10 2016......SUNRISE   739 AM MST   SUNSET   455 PM MST
DECEMBER 11 2016......SUNRISE   740 AM MST   SUNSET   455 PM MST


-  INDICATES NEGATIVE NUMBERS.
R  INDICATES RECORD WAS SET OR TIED.
MM INDICATES DATA IS MISSING.
T  INDICATES TRACE AMOUNT.




$$
