000
CDUS45 KSLC 210037
CLIEVW


CLIMATE REPORT
NATIONAL WEATHER SERVICE SALT LAKE CITY UT
634 PM MDT SUN APR 20 2014


...................................

...THE EVANSTON WY CLIMATE SUMMARY FOR APRIL 20 2014...
VALID TODAY AS OF 0500 PM LOCAL TIME.

CLIMATE NORMAL PERIOD 1981 TO 2010
CLIMATE RECORD PERIOD 9999 TO 9999


WEATHER ITEM   OBSERVED TIME   RECORD YEAR NORMAL DEPARTURE LAST
                VALUE   (LST)  VALUE       VALUE  FROM      YEAR
                                                  NORMAL
..................................................................
TEMPERATURE (F)
 TODAY
  MAXIMUM         63        MM  MM      MM  51     12       46
  MINIMUM         40        MM  MM      MM  30     10       31
  AVERAGE         52                        40     12       39

PRECIPITATION (IN)
  TODAY            0.00         MM      MM   0.02  -0.02     0.03
  MONTH TO DATE    0.18                      0.71  -0.53     0.92
  SINCE OCT 1      1.49                      5.51  -4.02     4.03
  SINCE JAN 1      0.29                      2.72  -2.43     1.80

DEGREE DAYS
 HEATING
  TODAY           13                        24    -11       26
  MONTH TO DATE  487                       542    -55      617
  SINCE MAR 1   1439                      1602   -163     1613
  SINCE JUL 1   7089                      7610   -521     7208

 COOLING
  TODAY            0                         0      0        0
  MONTH TO DATE    0                         0      0        0
  SINCE MAR 1      0                         0      0        0
  SINCE JAN 1      0                         0      0        0
..................................................................


WIND (MPH)
  RESULTANT WIND SPEED   9   RESULTANT WIND DIRECTION   W (250)
  HIGHEST WIND SPEED    22   HIGHEST WIND DIRECTION     W (250)
  HIGHEST GUST SPEED    37   HIGHEST GUST DIRECTION    SW (240)
  AVERAGE WIND SPEED    10.5


SKY COVER
  POSSIBLE SUNSHINE  MM
  AVERAGE SKY COVER 0.2


WEATHER CONDITIONS
 THE FOLLOWING WEATHER WAS RECORDED TODAY.
  NO SIGNIFICANT WEATHER WAS OBSERVED.


RELATIVE HUMIDITY (PERCENT)
 HIGHEST    65           400 AM
 LOWEST     19           400 PM
 AVERAGE    42

..........................................................


THE EVANSTON WY CLIMATE NORMALS FOR TOMORROW
                         NORMAL    RECORD    YEAR
 MAXIMUM TEMPERATURE (F)   52        MM        MM
 MINIMUM TEMPERATURE (F)   30        MM        MM


SUNRISE AND SUNSET
APRIL 20 2014.........SUNRISE   637 AM MDT   SUNSET   810 PM MDT
APRIL 21 2014.........SUNRISE   635 AM MDT   SUNSET   811 PM MDT


-  INDICATES NEGATIVE NUMBERS.
R  INDICATES RECORD WAS SET OR TIED.
MM INDICATES DATA IS MISSING.
T  INDICATES TRACE AMOUNT.




$$
