000
CDUS45 KSLC 231217
CLIEVW


CLIMATE REPORT
NATIONAL WEATHER SERVICE SALT LAKE CITY UT
616 AM MDT SAT MAY 23 2015


...................................

...THE EVANSTON WY CLIMATE SUMMARY FOR MAY 22 2015...

CLIMATE NORMAL PERIOD 1981 TO 2010
CLIMATE RECORD PERIOD 9999 TO 9999


WEATHER ITEM   OBSERVED TIME   RECORD YEAR NORMAL DEPARTURE LAST
                VALUE   (LST)  VALUE       VALUE  FROM      YEAR
                                                  NORMAL
..................................................................
TEMPERATURE (F)
 YESTERDAY
  MAXIMUM         54   1253 PM  MM      MM  63     -9       72
  MINIMUM         37    541 AM  MM      MM  38     -1       40
  AVERAGE         46                        51     -5       56

PRECIPITATION (IN)
  YESTERDAY        0.43         MM      MM   0.05   0.38     0.00
  MONTH TO DATE    3.56                      1.29   2.27     0.51
  SINCE OCT 1      6.46                      7.24  -0.78     2.04
  SINCE JAN 1      5.58                      4.45   1.13     0.84

DEGREE DAYS
 HEATING
  YESTERDAY       19                        14      5        9
  MONTH TO DATE  387                       387      0      359
  SINCE MAR 1   1840                      2216   -376     2048
  SINCE JUL 1   6812                      8224  -1412     7698

 COOLING
  YESTERDAY        0                         0      0        0
  MONTH TO DATE    0                         0      0        0
  SINCE MAR 1      0                         0      0        0
  SINCE JAN 1      0                         0      0        0
..................................................................


WIND (MPH)
  RESULTANT WIND SPEED   1   RESULTANT WIND DIRECTION  SE (120)
  HIGHEST WIND SPEED    17   HIGHEST WIND DIRECTION     W (250)
  HIGHEST GUST SPEED    23   HIGHEST GUST DIRECTION    SW (240)
  AVERAGE WIND SPEED     5.4


SKY COVER
  POSSIBLE SUNSHINE  MM
  AVERAGE SKY COVER 0.8


WEATHER CONDITIONS
 THE FOLLOWING WEATHER WAS RECORDED YESTERDAY.
  THUNDERSTORM
  HEAVY RAIN
  RAIN
  LIGHT RAIN
  FOG


RELATIVE HUMIDITY (PERCENT)
 HIGHEST   100           600 AM
 LOWEST     59           100 PM
 AVERAGE    80

..........................................................


THE EVANSTON WY CLIMATE NORMALS FOR TODAY
                         NORMAL    RECORD    YEAR
 MAXIMUM TEMPERATURE (F)   63        MM        MM
 MINIMUM TEMPERATURE (F)   38        MM        MM


SUNRISE AND SUNSET
MAY 23 2015...........SUNRISE   559 AM MDT   SUNSET   843 PM MDT
MAY 24 2015...........SUNRISE   558 AM MDT   SUNSET   844 PM MDT


-  INDICATES NEGATIVE NUMBERS.
R  INDICATES RECORD WAS SET OR TIED.
MM INDICATES DATA IS MISSING.
T  INDICATES TRACE AMOUNT.




$$
