000
CDUS45 KSLC 281245
CLIEVW


CLIMATE REPORT
NATIONAL WEATHER SERVICE SALT LAKE CITY UT
645 AM MDT FRI AUG 28 2015


...................................

...THE EVANSTON WY CLIMATE SUMMARY FOR AUGUST 27 2015...

CLIMATE NORMAL PERIOD 1981 TO 2010
CLIMATE RECORD PERIOD 9999 TO 9999


WEATHER ITEM   OBSERVED TIME   RECORD YEAR NORMAL DEPARTURE LAST
                VALUE   (LST)  VALUE       VALUE  FROM      YEAR
                                                  NORMAL
..................................................................
TEMPERATURE (F)
 YESTERDAY
  MAXIMUM         80    423 PM  MM      MM  76      4       60
  MINIMUM         53    721 AM  MM      MM  48      5       47
  AVERAGE         67                        62      5       54

PRECIPITATION (IN)
  YESTERDAY        T            MM      MM   0.03  -0.03     0.20
  MONTH TO DATE    0.88                      0.83   0.05     2.17
  SINCE OCT 1      9.79                     10.69  -0.90     6.73
  SINCE JAN 1      8.91                      7.90   1.01     5.53

DEGREE DAYS
 HEATING
  YESTERDAY        0                         4     -4       11
  MONTH TO DATE   33                        51    -18       82
  SINCE JUN 1    166                       317   -151      324
  SINCE JUL 1     92                        87      5      101

 COOLING
  YESTERDAY        2                         1      1        0
  MONTH TO DATE   72                        57     15       39
  SINCE JUN 1    197                       152     45      201
  SINCE JAN 1    197                       153     44      206
..................................................................


WIND (MPH)
  RESULTANT WIND SPEED   4   RESULTANT WIND DIRECTION   W (290)
  HIGHEST WIND SPEED    39   HIGHEST WIND DIRECTION     N (340)
  HIGHEST GUST SPEED    49   HIGHEST GUST DIRECTION    NW (330)
  AVERAGE WIND SPEED     8.9


SKY COVER
  POSSIBLE SUNSHINE  MM
  AVERAGE SKY COVER 0.5


WEATHER CONDITIONS
 THE FOLLOWING WEATHER WAS RECORDED YESTERDAY.
  THUNDERSTORM
  LIGHT RAIN
  FOG
  FOG W/VISIBILITY <= 1/4 MILE


RELATIVE HUMIDITY (PERCENT)
 HIGHEST   100          1200 AM
 LOWEST     22           300 PM
 AVERAGE    61

..........................................................


THE EVANSTON WY CLIMATE NORMALS FOR TODAY
                         NORMAL    RECORD    YEAR
 MAXIMUM TEMPERATURE (F)   76        MM        MM
 MINIMUM TEMPERATURE (F)   48        MM        MM


SUNRISE AND SUNSET
AUGUST 28 2015........SUNRISE   646 AM MDT   SUNSET   804 PM MDT
AUGUST 29 2015........SUNRISE   647 AM MDT   SUNSET   802 PM MDT


-  INDICATES NEGATIVE NUMBERS.
R  INDICATES RECORD WAS SET OR TIED.
MM INDICATES DATA IS MISSING.
T  INDICATES TRACE AMOUNT.




$$
