000
CDUS45 KSLC 021238
CLIEVW


CLIMATE REPORT
NATIONAL WEATHER SERVICE SALT LAKE CITY UT
638 AM MDT MON MAY 2 2016


...................................

...THE EVANSTON WY CLIMATE SUMMARY FOR MAY 1 2016...

CLIMATE NORMAL PERIOD 1981 TO 2010
CLIMATE RECORD PERIOD 9999 TO 9999


WEATHER ITEM   OBSERVED TIME   RECORD YEAR NORMAL DEPARTURE LAST
                VALUE   (LST)  VALUE       VALUE  FROM      YEAR
                                                  NORMAL
..................................................................
TEMPERATURE (F)
 YESTERDAY
  MAXIMUM         45    342 PM  MM      MM  55    -10       69
  MINIMUM         32   1159 PM  MM      MM  33     -1       37
  AVERAGE         39                        44     -5       53

PRECIPITATION (IN)
  YESTERDAY        0.00         MM      MM   0.06  -0.06     0.00
  MONTH TO DATE    0.00                      0.06  -0.06     0.00
  SINCE OCT 1      2.32                      6.01  -3.69     2.90
  SINCE JAN 1      1.33                      3.22  -1.89     2.02

DEGREE DAYS
 HEATING
  YESTERDAY       26                        21      5       12
  MONTH TO DATE   26                        21      5       12
  SINCE MAR 1   1601                      1850   -249     1465
  SINCE JUL 1   7128                      7858   -730     6437

 COOLING
  YESTERDAY        0                         0      0        0
  MONTH TO DATE    0                         0      0        0
  SINCE MAR 1      0                         0      0        0
  SINCE JAN 1      0                         0      0        0
..................................................................


WIND (MPH)
  RESULTANT WIND SPEED  24   RESULTANT WIND DIRECTION   E (80)
  HIGHEST WIND SPEED    38   HIGHEST WIND DIRECTION     E (90)
  HIGHEST GUST SPEED    47   HIGHEST GUST DIRECTION     E (80)
  AVERAGE WIND SPEED    23.3


SKY COVER
  POSSIBLE SUNSHINE  MM
  AVERAGE SKY COVER 0.4


WEATHER CONDITIONS
 THE FOLLOWING WEATHER WAS RECORDED YESTERDAY.
  NO SIGNIFICANT WEATHER WAS OBSERVED.


RELATIVE HUMIDITY (PERCENT)
 HIGHEST    72           100 AM
 LOWEST     39           600 PM
 AVERAGE    56

..........................................................


THE EVANSTON WY CLIMATE NORMALS FOR TODAY
                         NORMAL    RECORD    YEAR
 MAXIMUM TEMPERATURE (F)   56        MM        MM
 MINIMUM TEMPERATURE (F)   33        MM        MM


SUNRISE AND SUNSET
MAY  2 2016...........SUNRISE   620 AM MDT   SUNSET   823 PM MDT
MAY  3 2016...........SUNRISE   618 AM MDT   SUNSET   824 PM MDT


-  INDICATES NEGATIVE NUMBERS.
R  INDICATES RECORD WAS SET OR TIED.
MM INDICATES DATA IS MISSING.
T  INDICATES TRACE AMOUNT.




$$
