000
CDUS45 KSLC 250037
CLIEVW


CLIMATE REPORT
NATIONAL WEATHER SERVICE SALT LAKE CITY UT
637 PM MDT THU APR 24 2014


...................................

...THE EVANSTON WY CLIMATE SUMMARY FOR APRIL 24 2014...
VALID TODAY AS OF 0500 PM LOCAL TIME.

CLIMATE NORMAL PERIOD 1981 TO 2010
CLIMATE RECORD PERIOD 9999 TO 9999


WEATHER ITEM   OBSERVED TIME   RECORD YEAR NORMAL DEPARTURE LAST
                VALUE   (LST)  VALUE       VALUE  FROM      YEAR
                                                  NORMAL
..................................................................
TEMPERATURE (F)
 TODAY
  MAXIMUM         55    200 PM  MM      MM  53      2       49
  MINIMUM         25    500 AM  MM      MM  31     -6       22
  AVERAGE         40                        42     -2       36

PRECIPITATION (IN)
  TODAY            0.00         MM      MM   0.04  -0.04     0.00
  MONTH TO DATE    0.22                      0.85  -0.63     0.92
  SINCE OCT 1      1.53                      5.65  -4.12     4.03
  SINCE JAN 1      0.33                      2.86  -2.53     1.80

DEGREE DAYS
 HEATING
  TODAY           25                        23      2       29
  MONTH TO DATE  575                       637    -62      738
  SINCE MAR 1   1527                      1697   -170     1734
  SINCE JUL 1   7177                      7705   -528     7329

 COOLING
  TODAY            0                         0      0        0
  MONTH TO DATE    0                         0      0        0
  SINCE MAR 1      0                         0      0        0
  SINCE JAN 1      0                         0      0        0
..................................................................


WIND (MPH)
  RESULTANT WIND SPEED  14   RESULTANT WIND DIRECTION  SW (230)
  HIGHEST WIND SPEED    25   HIGHEST WIND DIRECTION    SW (240)
  HIGHEST GUST SPEED    33   HIGHEST GUST DIRECTION    SW (220)
  AVERAGE WIND SPEED    14.8


SKY COVER
  POSSIBLE SUNSHINE  MM
  AVERAGE SKY COVER 0.3


WEATHER CONDITIONS
 THE FOLLOWING WEATHER WAS RECORDED TODAY.
  NO SIGNIFICANT WEATHER WAS OBSERVED.


RELATIVE HUMIDITY (PERCENT)
 HIGHEST    68           300 AM
 LOWEST     24           200 PM
 AVERAGE    46

..........................................................


THE EVANSTON WY CLIMATE NORMALS FOR TOMORROW
                         NORMAL    RECORD    YEAR
 MAXIMUM TEMPERATURE (F)   53        MM        MM
 MINIMUM TEMPERATURE (F)   31        MM        MM


SUNRISE AND SUNSET
APRIL 24 2014.........SUNRISE   631 AM MDT   SUNSET   814 PM MDT
APRIL 25 2014.........SUNRISE   630 AM MDT   SUNSET   815 PM MDT


-  INDICATES NEGATIVE NUMBERS.
R  INDICATES RECORD WAS SET OR TIED.
MM INDICATES DATA IS MISSING.
T  INDICATES TRACE AMOUNT.




$$
