000
CDUS45 KSLC 300021
CLIEVW


CLIMATE REPORT
NATIONAL WEATHER SERVICE SALT LAKE CITY UT
621 PM MDT MON JUN 29 2015


...................................

...THE EVANSTON WY CLIMATE SUMMARY FOR JUNE 29 2015...
VALID TODAY AS OF 0500 PM LOCAL TIME.

CLIMATE NORMAL PERIOD 1981 TO 2010
CLIMATE RECORD PERIOD 9999 TO 9999


WEATHER ITEM   OBSERVED TIME   RECORD YEAR NORMAL DEPARTURE LAST
                VALUE   (LST)  VALUE       VALUE  FROM      YEAR
                                                  NORMAL
..................................................................
TEMPERATURE (F)
 TODAY
  MAXIMUM         91    300 PM  MM      MM  76     15       76
  MINIMUM         60    500 AM  MM      MM  49     11       47
  AVERAGE         76                        62     14       62

PRECIPITATION (IN)
  TODAY            0.00         MM      MM   0.03  -0.03     0.00
  MONTH TO DATE    0.64                      1.21  -0.57     1.20
  SINCE OCT 1      8.03                      8.93  -0.90     3.57
  SINCE JAN 1      7.15                      6.14   1.01     2.37

DEGREE DAYS
 HEATING
  TODAY            0                         4     -4        3
  MONTH TO DATE   74                       228   -154      219
  SINCE JUN 1     74                       228   -154      219
  SINCE JUL 1   7010                      8570  -1560     7964

 COOLING
  TODAY           11                         1     10        0
  MONTH TO DATE   61                         7     54        1
  SINCE JUN 1     61                         7     54        1
  SINCE JAN 1     61                         8     53        6
..................................................................


WIND (MPH)
  RESULTANT WIND SPEED   9   RESULTANT WIND DIRECTION   E (80)
  HIGHEST WIND SPEED    14   HIGHEST WIND DIRECTION     E (80)
  HIGHEST GUST SPEED    23   HIGHEST GUST DIRECTION     E (80)
  AVERAGE WIND SPEED     8.9


SKY COVER
  POSSIBLE SUNSHINE  MM
  AVERAGE SKY COVER 0.0


WEATHER CONDITIONS
 THE FOLLOWING WEATHER WAS RECORDED TODAY.
  NO SIGNIFICANT WEATHER WAS OBSERVED.


RELATIVE HUMIDITY (PERCENT)
 HIGHEST    46           500 AM
 LOWEST     15           400 PM
 AVERAGE    31

..........................................................


THE EVANSTON WY CLIMATE NORMALS FOR TOMORROW
                         NORMAL    RECORD    YEAR
 MAXIMUM TEMPERATURE (F)   77        MM        MM
 MINIMUM TEMPERATURE (F)   49        MM        MM


SUNRISE AND SUNSET
JUNE 29 2015..........SUNRISE   554 AM MDT   SUNSET   901 PM MDT
JUNE 30 2015..........SUNRISE   554 AM MDT   SUNSET   901 PM MDT


-  INDICATES NEGATIVE NUMBERS.
R  INDICATES RECORD WAS SET OR TIED.
MM INDICATES DATA IS MISSING.
T  INDICATES TRACE AMOUNT.




$$
