000
CDUS45 KSLC 300017
CLIEVW


CLIMATE REPORT
NATIONAL WEATHER SERVICE SALT LAKE CITY UT
617 PM MDT WED JUL 29 2015


...................................

...THE EVANSTON WY CLIMATE SUMMARY FOR JULY 29 2015...
VALID TODAY AS OF 0500 PM LOCAL TIME.

CLIMATE NORMAL PERIOD 1981 TO 2010
CLIMATE RECORD PERIOD 9999 TO 9999


WEATHER ITEM   OBSERVED TIME   RECORD YEAR NORMAL DEPARTURE LAST
                VALUE   (LST)  VALUE       VALUE  FROM      YEAR
                                                  NORMAL
..................................................................
TEMPERATURE (F)
 TODAY
  MAXIMUM         80        MM  MM      MM  82     -2       65
  MINIMUM         39    500 AM  MM      MM  54    -15       56
  AVERAGE         60                        68     -8       61

PRECIPITATION (IN)
  TODAY            0.00         MM      MM   0.03  -0.03     0.38
  MONTH TO DATE    0.88                      0.84   0.04     0.91
  SINCE OCT 1      8.91                      9.80  -0.89     4.48
  SINCE JAN 1      8.03                      7.01   1.02     3.28

DEGREE DAYS
 HEATING
  TODAY            5                         1      4        4
  MONTH TO DATE   59                        41     18       10
  SINCE JUN 1    133                       271   -138      233
  SINCE JUL 1     59                        41     18       10

 COOLING
  TODAY            0                         4     -4        0
  MONTH TO DATE   52                        75    -23      161
  SINCE JUN 1    122                        88     34      162
  SINCE JAN 1    122                        89     33      167
..................................................................


WIND (MPH)
  RESULTANT WIND SPEED   2   RESULTANT WIND DIRECTION   E (90)
  HIGHEST WIND SPEED    10   HIGHEST WIND DIRECTION     W (250)
  HIGHEST GUST SPEED    20   HIGHEST GUST DIRECTION     W (250)
  AVERAGE WIND SPEED     4.5


SKY COVER
  POSSIBLE SUNSHINE  MM
  AVERAGE SKY COVER 0.0


WEATHER CONDITIONS
 THE FOLLOWING WEATHER WAS RECORDED TODAY.
  NO SIGNIFICANT WEATHER WAS OBSERVED.


RELATIVE HUMIDITY (PERCENT)
 HIGHEST    49           300 AM
 LOWEST      7           100 PM
 AVERAGE    28

..........................................................


THE EVANSTON WY CLIMATE NORMALS FOR TOMORROW
                         NORMAL    RECORD    YEAR
 MAXIMUM TEMPERATURE (F)   82        MM        MM
 MINIMUM TEMPERATURE (F)   54        MM        MM


SUNRISE AND SUNSET
JULY 29 2015..........SUNRISE   616 AM MDT   SUNSET   844 PM MDT
JULY 30 2015..........SUNRISE   617 AM MDT   SUNSET   843 PM MDT


-  INDICATES NEGATIVE NUMBERS.
R  INDICATES RECORD WAS SET OR TIED.
MM INDICATES DATA IS MISSING.
T  INDICATES TRACE AMOUNT.




$$
