260
CDUS42 KMHX 290538
CLIEWN


CLIMATE REPORT
NATIONAL WEATHER SERVICE NEWPORT/MOREHEAD CITY NC
138 AM EDT SAT APR 29 2017


...................................

...THE NEW BERN NC CLIMATE SUMMARY FOR APRIL 28 2017...

CLIMATE NORMAL PERIOD 1981 TO 2010
CLIMATE RECORD PERIOD 1948 TO 2017


WEATHER ITEM   OBSERVED TIME   RECORD YEAR NORMAL DEPARTURE LAST
                VALUE   (LST)  VALUE       VALUE  FROM      YEAR
                                                  NORMAL
..................................................................
TEMPERATURE (F)
 YESTERDAY
  MAXIMUM         87    306 PM  92    1957  76     11       87
  MINIMUM         73   1210 AM  37    1967  53     20       63
  AVERAGE         80                        65     15       75

PRECIPITATION (IN)
  YESTERDAY        0.01          1.26 1949   0.11  -0.10     0.33
  MONTH TO DATE    4.37                      2.97   1.40     1.67
  SINCE MAR 1      8.40                      7.36   1.04     5.00
  SINCE JAN 1     14.62                     15.04  -0.42    16.02

SNOWFALL (IN)
  YESTERDAY        0.0
  MONTH TO DATE    0.0
  SINCE NOV 1      T
  SINCE JUL 1      T
  SNOW DEPTH       0

DEGREE DAYS
 HEATING
  YESTERDAY        0                         3     -3        0
  MONTH TO DATE   55                       147    -92      169
  SINCE MAR 1    466                       516    -50      386
  SINCE JUL 1   2206                      2662   -456     2074

 COOLING
  YESTERDAY       15                         3     12       10
  MONTH TO DATE  105                        51     54       53
  SINCE MAR 1    116                        62     54      101
  SINCE JAN 1    122                        65     57      101
..................................................................


WIND (MPH)
  HIGHEST WIND SPEED    17   HIGHEST WIND DIRECTION     S (180)
  HIGHEST GUST SPEED    24   HIGHEST GUST DIRECTION    SW (210)
  AVERAGE WIND SPEED    11.1


SKY COVER
  POSSIBLE SUNSHINE  MM
  AVERAGE SKY COVER 0.7


WEATHER CONDITIONS
 THE FOLLOWING WEATHER WAS RECORDED YESTERDAY.
  LIGHT RAIN


RELATIVE HUMIDITY (PERCENT)
 HIGHEST    94           700 AM
 LOWEST     68           300 PM
 AVERAGE    81

..........................................................


THE NEW BERN NC CLIMATE NORMALS FOR TODAY
                         NORMAL    RECORD    YEAR
 MAXIMUM TEMPERATURE (F)   77        90      1974
 MINIMUM TEMPERATURE (F)   54        33      1967


SUNRISE AND SUNSET
APRIL 29 2017.........SUNRISE   619 AM EDT   SUNSET   752 PM EDT
APRIL 30 2017.........SUNRISE   618 AM EDT   SUNSET   753 PM EDT


-  INDICATES NEGATIVE NUMBERS.
R  INDICATES RECORD WAS SET OR TIED.
MM INDICATES DATA IS MISSING.
T  INDICATES TRACE AMOUNT.




$$
