000
CDUS42 KMHX 190526
CLIEWN


CLIMATE REPORT
NATIONAL WEATHER SERVICE NEWPORT/MOREHEAD CITY NC
126 AM EDT SAT APR 19 2014


...................................

...THE NEW BERN NC CLIMATE SUMMARY FOR APRIL 18 2014...

CLIMATE NORMAL PERIOD 1981 TO 2010
CLIMATE RECORD PERIOD 1948 TO 2014


WEATHER ITEM   OBSERVED TIME   RECORD YEAR NORMAL DEPARTURE LAST
                VALUE   (LST)  VALUE       VALUE  FROM      YEAR
                                                  NORMAL
..................................................................
TEMPERATURE (F)
 YESTERDAY
  MAXIMUM         66    230 PM  90    2002  74     -8       80
                                      1981
  MINIMUM         45    611 AM  32    2001  51     -6       55
  AVERAGE         56                        62     -6       68

PRECIPITATION (IN)
  YESTERDAY        0.26          1.28 1978   0.11   0.15     0.00
  MONTH TO DATE    1.70                      1.88  -0.18     0.68
  SINCE MAR 1      6.30                      6.27   0.03     1.85
  SINCE JAN 1     12.83                     13.95  -1.12     7.99

SNOWFALL (IN)
  YESTERDAY        0.0
  MONTH TO DATE    0.0
  SINCE NOV 1     14.0
  SINCE JUL 1     14.0
  SNOW DEPTH       0

DEGREE DAYS
 HEATING
  YESTERDAY        9                         4      5        0
  MONTH TO DATE   66                       111    -45       91
  SINCE MAR 1    524                       480     44      573
  SINCE JUL 1   2598                      2626    -28     2499

 COOLING
  YESTERDAY        0                         2     -2        3
  MONTH TO DATE   43                        26     17       50
  SINCE MAR 1     46                        37      9       51
  SINCE JAN 1     51                        40     11       58
..................................................................


WIND (MPH)
  HIGHEST WIND SPEED    15   HIGHEST WIND DIRECTION    NE (30)
  HIGHEST GUST SPEED    18   HIGHEST GUST DIRECTION     E (70)
  AVERAGE WIND SPEED    10.1


SKY COVER
  POSSIBLE SUNSHINE  MM
  AVERAGE SKY COVER 0.9


WEATHER CONDITIONS
 THE FOLLOWING WEATHER WAS RECORDED YESTERDAY.
  RAIN
  LIGHT RAIN
  FOG


RELATIVE HUMIDITY (PERCENT)
 HIGHEST    89           400 AM
 LOWEST     56           100 PM
 AVERAGE    73

..........................................................


THE NEW BERN NC CLIMATE NORMALS FOR TODAY
                         NORMAL    RECORD    YEAR
 MAXIMUM TEMPERATURE (F)   75        91      1985
 MINIMUM TEMPERATURE (F)   51        31      2001


SUNRISE AND SUNSET
APRIL 19 2014.........SUNRISE   631 AM EDT   SUNSET   744 PM EDT
APRIL 20 2014.........SUNRISE   630 AM EDT   SUNSET   745 PM EDT


-  INDICATES NEGATIVE NUMBERS.
R  INDICATES RECORD WAS SET OR TIED.
MM INDICATES DATA IS MISSING.
T  INDICATES TRACE AMOUNT.




$$
