000
CDUS42 KMHX 232131
CLIEWN


CLIMATE REPORT
NATIONAL WEATHER SERVICE NEWPORT/MOREHEAD CITY NC
530 PM EDT THU MAR 23 2017


...................................

...THE NEW BERN NC CLIMATE SUMMARY FOR MARCH 23 2017...
VALID TODAY AS OF 0500 PM LOCAL TIME.

CLIMATE NORMAL PERIOD 1981 TO 2010
CLIMATE RECORD PERIOD 1948 TO 2017


WEATHER ITEM   OBSERVED TIME   RECORD YEAR NORMAL DEPARTURE LAST
                VALUE   (LST)  VALUE       VALUE  FROM      YEAR
                                                  NORMAL
..................................................................
TEMPERATURE (F)
 TODAY
  MAXIMUM         53    315 PM  87    2011  67    -14       78
  MINIMUM         31    446 AM  26    2002  44    -13       50
  AVERAGE         42                        55    -13       64

PRECIPITATION (IN)
  TODAY            0.00          1.06 1989   0.13  -0.13     0.00
  MONTH TO DATE    3.19                      3.30  -0.11     2.04
  SINCE MAR 1      3.19                      3.30  -0.11     2.04
  SINCE JAN 1      9.41                     10.98  -1.57    13.06

SNOWFALL (IN)
  TODAY           MM
  MONTH TO DATE    0.0
  SINCE NOV 1      T
  SINCE JUL 1      T
  SNOW DEPTH      MM

DEGREE DAYS
 HEATING
  TODAY           23                        10     13        1
  MONTH TO DATE  384                       299     85      193
  SINCE MAR 1    384                       299     85      193
  SINCE JUL 1   2124                      2445   -321     1881

 COOLING
  TODAY            0                         0      0        0
  MONTH TO DATE    8                         0      8       36
  SINCE MAR 1      8                         0      8       36
  SINCE JAN 1     14                         3     11       36
..................................................................


WIND (MPH)
  HIGHEST WIND SPEED    18   HIGHEST WIND DIRECTION    NE (50)
  HIGHEST GUST SPEED    22   HIGHEST GUST DIRECTION    NE (60)
  AVERAGE WIND SPEED     8.1


SKY COVER
  POSSIBLE SUNSHINE  MM
  AVERAGE SKY COVER 0.0


WEATHER CONDITIONS
 THE FOLLOWING WEATHER WAS RECORDED TODAY.
  NO SIGNIFICANT WEATHER WAS OBSERVED.


RELATIVE HUMIDITY (PERCENT)
 HIGHEST    82           400 AM
 LOWEST     30           200 PM
 AVERAGE    56

..........................................................


THE NEW BERN NC CLIMATE NORMALS FOR TOMORROW
                         NORMAL    RECORD    YEAR
 MAXIMUM TEMPERATURE (F)   67        85      2007
 MINIMUM TEMPERATURE (F)   44        27      2004


SUNRISE AND SUNSET
MARCH 23 2017.........SUNRISE   707 AM EDT   SUNSET   723 PM EDT
MARCH 24 2017.........SUNRISE   706 AM EDT   SUNSET   723 PM EDT


-  INDICATES NEGATIVE NUMBERS.
R  INDICATES RECORD WAS SET OR TIED.
MM INDICATES DATA IS MISSING.
T  INDICATES TRACE AMOUNT.




$$
