000
CDUS42 KMHX 200626
CLIEWN


CLIMATE REPORT
NATIONAL WEATHER SERVICE NEWPORT/MOREHEAD CITY NC
126 AM EST MON FEB 20 2017


...................................

...THE NEW BERN NC CLIMATE SUMMARY FOR FEBRUARY 19 2017...

CLIMATE NORMAL PERIOD 1981 TO 2010
CLIMATE RECORD PERIOD 1948 TO 2017


WEATHER ITEM   OBSERVED TIME   RECORD YEAR NORMAL DEPARTURE LAST
                VALUE   (LST)  VALUE       VALUE  FROM      YEAR
                                                  NORMAL
..................................................................
TEMPERATURE (F)
 YESTERDAY
  MAXIMUM         73    350 PM  80    2000  59     14       52
  MINIMUM         48    517 AM  16    1958  37     11       27
  AVERAGE         61                        48     13       40

PRECIPITATION (IN)
  YESTERDAY        0.00          1.55 1949   0.14  -0.14     0.00
  MONTH TO DATE    1.97                      2.42  -0.45     6.79
  SINCE DEC 1      9.72                      9.84  -0.12    16.92
  SINCE JAN 1      6.22                      6.44  -0.22    10.50

SNOWFALL (IN)
  YESTERDAY        0.0
  MONTH TO DATE    0.0
  SINCE NOV 1      T
  SINCE JUL 1      T
  SNOW DEPTH       0

DEGREE DAYS
 HEATING
  YESTERDAY        4                        18    -14       25
  MONTH TO DATE  255                       358   -103      405
  SINCE DEC 1   1283                      1571   -288     1299
  SINCE JUL 1   1678                      1998   -320     1582

 COOLING
  YESTERDAY        0                         0      0        0
  MONTH TO DATE    6                         0      6        0
  SINCE DEC 1      6                         4      2       49
  SINCE JAN 1      6                         1      5        0
..................................................................


WIND (MPH)
  HIGHEST WIND SPEED    15   HIGHEST WIND DIRECTION    NW (320)
  HIGHEST GUST SPEED    18   HIGHEST GUST DIRECTION    NW (320)
  AVERAGE WIND SPEED     4.7


SKY COVER
  POSSIBLE SUNSHINE  MM
  AVERAGE SKY COVER 0.2


WEATHER CONDITIONS
 THE FOLLOWING WEATHER WAS RECORDED YESTERDAY.
  NO SIGNIFICANT WEATHER WAS OBSERVED.


RELATIVE HUMIDITY (PERCENT)
 HIGHEST    83           800 AM
 LOWEST     33           300 PM
 AVERAGE    58

..........................................................


THE NEW BERN NC CLIMATE NORMALS FOR TODAY
                         NORMAL    RECORD    YEAR
 MAXIMUM TEMPERATURE (F)   59        81      1991
 MINIMUM TEMPERATURE (F)   37        11      2015


SUNRISE AND SUNSET
FEBRUARY 20 2017......SUNRISE   648 AM EST   SUNSET   556 PM EST
FEBRUARY 21 2017......SUNRISE   647 AM EST   SUNSET   557 PM EST


-  INDICATES NEGATIVE NUMBERS.
R  INDICATES RECORD WAS SET OR TIED.
MM INDICATES DATA IS MISSING.
T  INDICATES TRACE AMOUNT.




$$
