000
CDUS42 KMHX 180530
CLIEWN


CLIMATE REPORT
NATIONAL WEATHER SERVICE NEWPORT/MOREHEAD CITY NC
130 AM EDT FRI AUG 18 2017


...................................

...THE NEW BERN NC CLIMATE SUMMARY FOR AUGUST 17 2017...

CLIMATE NORMAL PERIOD 1981 TO 2010
CLIMATE RECORD PERIOD 1948 TO 2017


WEATHER ITEM   OBSERVED TIME   RECORD YEAR NORMAL DEPARTURE LAST
                VALUE   (LST)  VALUE       VALUE  FROM      YEAR
                                                  NORMAL
..................................................................
TEMPERATURE (F)
 YESTERDAY
  MAXIMUM         91   1203 PM  97    1997  88      3       94
  MINIMUM         74    439 AM  57    1979  70      4       74
  AVERAGE         83                        79      4       84

PRECIPITATION (IN)
  YESTERDAY        0.00          4.44 1955   0.21  -0.21     0.00
  MONTH TO DATE    4.44                      3.75   0.69     2.29
  SINCE JUN 1     15.34                     14.51   0.83    17.81
  SINCE JAN 1     34.85                     33.90   0.95    40.52

SNOWFALL (IN)
  YESTERDAY        0.0
  MONTH TO DATE    0.0
  SINCE NOV 1      T
  SINCE JUL 1      0.0
  SNOW DEPTH       0

DEGREE DAYS
 HEATING
  YESTERDAY        0                         0      0        0
  MONTH TO DATE    0                         0      0        0
  SINCE JUN 1      2                         1      1        0
  SINCE JUL 1      0                         0      0        0

 COOLING
  YESTERDAY       18                        14      4       19
  MONTH TO DATE  240                       251    -11      311
  SINCE JUN 1   1119                      1098     21     1269
  SINCE JAN 1   1491                      1341    150     1539
..................................................................


WIND (MPH)
  HIGHEST WIND SPEED    15   HIGHEST WIND DIRECTION     S (170)
  HIGHEST GUST SPEED    19   HIGHEST GUST DIRECTION     S (160)
  AVERAGE WIND SPEED     4.3


SKY COVER
  POSSIBLE SUNSHINE  MM
  AVERAGE SKY COVER 0.2


WEATHER CONDITIONS
 THE FOLLOWING WEATHER WAS RECORDED YESTERDAY.
  FOG
  FOG W/VISIBILITY <= 1/4 MILE


RELATIVE HUMIDITY (PERCENT)
 HIGHEST   100          1200 AM
 LOWEST     64          1100 AM
 AVERAGE    82

..........................................................


THE NEW BERN NC CLIMATE NORMALS FOR TODAY
                         NORMAL    RECORD    YEAR
 MAXIMUM TEMPERATURE (F)   88       101      1988
 MINIMUM TEMPERATURE (F)   70        58      1979


SUNRISE AND SUNSET
AUGUST 18 2017........SUNRISE   631 AM EDT   SUNSET   753 PM EDT
AUGUST 19 2017........SUNRISE   631 AM EDT   SUNSET   752 PM EDT


-  INDICATES NEGATIVE NUMBERS.
R  INDICATES RECORD WAS SET OR TIED.
MM INDICATES DATA IS MISSING.
T  INDICATES TRACE AMOUNT.




$$
