000
CDUS42 KMHX 192227
CLIEWN


CLIMATE REPORT
NATIONAL WEATHER SERVICE NEWPORT/MOREHEAD CITY NC
525 PM EST FRI JAN 19 2018


...................................

...THE NEW BERN NC CLIMATE SUMMARY FOR JANUARY 19 2018...
VALID TODAY AS OF 0500 PM LOCAL TIME.

CLIMATE NORMAL PERIOD 1981 TO 2010
CLIMATE RECORD PERIOD 1948 TO 2018


WEATHER ITEM   OBSERVED TIME   RECORD YEAR NORMAL DEPARTURE LAST
                VALUE   (LST)  VALUE       VALUE  FROM      YEAR
                                                  NORMAL
..................................................................
TEMPERATURE (F)
 TODAY
  MAXIMUM         58    306 PM  77    2001  54      4       61
  MINIMUM         25    416 AM   9    1994  34     -9       36
  AVERAGE         42                        44     -2       49

PRECIPITATION (IN)
  TODAY            0.00          2.09 1978   0.12  -0.12     0.00
  MONTH TO DATE    1.55                      2.50  -0.95     2.91
  SINCE DEC 1      5.78                      5.90  -0.12     6.41
  SINCE JAN 1      1.55                      2.50  -0.95     2.91

SNOWFALL (IN)
  TODAY            0.0
  MONTH TO DATE    6.0
  SINCE NOV 1      6.0
  SINCE JUL 1      6.0
  SNOW DEPTH       T

DEGREE DAYS
 HEATING
  TODAY           23                        21      2       16
  MONTH TO DATE  591                       399    192      320
  SINCE DEC 1   1212                       966    246      858
  SINCE JUL 1   1651                      1393    258     1253

 COOLING
  TODAY            0                         0      0        0
  MONTH TO DATE    3                         0      3        0
  SINCE DEC 1      3                         3      0        0
  SINCE JAN 1      3                         0      3        0
..................................................................


WIND (MPH)
  HIGHEST WIND SPEED    14   HIGHEST WIND DIRECTION     W (260)
  HIGHEST GUST SPEED    19   HIGHEST GUST DIRECTION    SW (240)
  AVERAGE WIND SPEED     5.4


SKY COVER
  POSSIBLE SUNSHINE  MM
  AVERAGE SKY COVER 0.0


WEATHER CONDITIONS
 THE FOLLOWING WEATHER WAS RECORDED TODAY.
  NO SIGNIFICANT WEATHER WAS OBSERVED.


RELATIVE HUMIDITY (PERCENT)
 HIGHEST    75           400 AM
 LOWEST     24           200 PM
 AVERAGE    50

..........................................................


THE NEW BERN NC CLIMATE NORMALS FOR TOMORROW
                         NORMAL    RECORD    YEAR
 MAXIMUM TEMPERATURE (F)   55        77      1988
 MINIMUM TEMPERATURE (F)   34         7      1985


SUNRISE AND SUNSET
JANUARY 19 2018.......SUNRISE   715 AM EST   SUNSET   524 PM EST
JANUARY 20 2018.......SUNRISE   714 AM EST   SUNSET   525 PM EST


-  INDICATES NEGATIVE NUMBERS.
R  INDICATES RECORD WAS SET OR TIED.
MM INDICATES DATA IS MISSING.
T  INDICATES TRACE AMOUNT.




$$
