000
CDUS42 KMHX 090532
CLIEWN


CLIMATE REPORT
NATIONAL WEATHER SERVICE NEWPORT/MOREHEAD CITY NC
1231 AM EST TUE FEB 9 2016


...................................

...THE NEW BERN NC CLIMATE SUMMARY FOR FEBRUARY 8 2016...

CLIMATE NORMAL PERIOD 1981 TO 2010
CLIMATE RECORD PERIOD 1948 TO 2016


WEATHER ITEM   OBSERVED TIME   RECORD YEAR NORMAL DEPARTURE LAST
                VALUE   (LST)  VALUE       VALUE  FROM      YEAR
                                                  NORMAL
..................................................................
TEMPERATURE (F)
 YESTERDAY
  MAXIMUM         56    302 PM  74    2015  57     -1       74
  MINIMUM         34    717 AM  17    1977  35     -1       46
  AVERAGE         45                        46     -1       60

PRECIPITATION (IN)
  YESTERDAY        T             1.25 1993   0.12  -0.12     0.00
  MONTH TO DATE    5.96                      1.00   4.96     1.21
  SINCE DEC 1     16.09                      8.42   7.67     9.85
  SINCE JAN 1      9.67                      5.02   4.65     5.70

SNOWFALL (IN)
  YESTERDAY        0.0
  MONTH TO DATE    0.0
  SINCE NOV 1      T
  SINCE JUL 1      T
  SNOW DEPTH       0

DEGREE DAYS
 HEATING
  YESTERDAY       20                        19      1        5
  MONTH TO DATE  114                       156    -42      165
  SINCE DEC 1    936                      1369   -433     1240
  SINCE JUL 1   1219                      1796   -577     1685

 COOLING
  YESTERDAY        0                         0      0        0
  MONTH TO DATE    0                         0      0        0
  SINCE DEC 1     49                         4     45        7
  SINCE JAN 1      0                         1     -1        7
..................................................................


WIND (MPH)
  HIGHEST WIND SPEED    20   HIGHEST WIND DIRECTION     W (280)
  HIGHEST GUST SPEED    27   HIGHEST GUST DIRECTION    NW (330)
  AVERAGE WIND SPEED     7.7


SKY COVER
  POSSIBLE SUNSHINE  MM
  AVERAGE SKY COVER 0.3


WEATHER CONDITIONS
 THE FOLLOWING WEATHER WAS RECORDED YESTERDAY.
  NO SIGNIFICANT WEATHER WAS OBSERVED.


RELATIVE HUMIDITY (PERCENT)
 HIGHEST    82          1100 PM
 LOWEST     38           100 PM
 AVERAGE    60

..........................................................


THE NEW BERN NC CLIMATE NORMALS FOR TODAY
                         NORMAL    RECORD    YEAR
 MAXIMUM TEMPERATURE (F)   57        81      1994
 MINIMUM TEMPERATURE (F)   35        18      1979


SUNRISE AND SUNSET
FEBRUARY  9 2016......SUNRISE   701 AM EST   SUNSET   544 PM EST
FEBRUARY 10 2016......SUNRISE   700 AM EST   SUNSET   545 PM EST


-  INDICATES NEGATIVE NUMBERS.
R  INDICATES RECORD WAS SET OR TIED.
MM INDICATES DATA IS MISSING.
T  INDICATES TRACE AMOUNT.




$$
