000
CDUS42 KMHX 300526
CLIEWN


CLIMATE REPORT
NATIONAL WEATHER SERVICE NEWPORT/MOREHEAD CITY NC
125 AM EDT MON MAR 30 2015


...................................

...THE NEW BERN NC CLIMATE SUMMARY FOR MARCH 29 2015...

CLIMATE NORMAL PERIOD 1981 TO 2010
CLIMATE RECORD PERIOD 1948 TO 2015


WEATHER ITEM   OBSERVED TIME   RECORD YEAR NORMAL DEPARTURE LAST
                VALUE   (LST)  VALUE       VALUE  FROM      YEAR
                                                  NORMAL
..................................................................
TEMPERATURE (F)
 YESTERDAY
  MAXIMUM         50    403 PM  88    1985  69    -19       71
  MINIMUM         28R   615 AM  28    1966  46    -18       62
  AVERAGE         39                        57    -18       67

PRECIPITATION (IN)
  YESTERDAY        0.00          3.81 1990   0.14  -0.14     0.55
  MONTH TO DATE    3.36                      4.12  -0.76     4.60
  SINCE MAR 1      3.36                      4.12  -0.76     4.60
  SINCE JAN 1     11.73                     11.80  -0.07    11.13

SNOWFALL (IN)
  YESTERDAY        0.0
  MONTH TO DATE    0.0
  SINCE NOV 1      3.0
  SINCE JUL 1      3.0
  SNOW DEPTH       0

DEGREE DAYS
 HEATING
  YESTERDAY       26                         8     18        0
  MONTH TO DATE  326                       353    -27      441
  SINCE MAR 1    326                       353    -27      441
  SINCE JUL 1   2569                      2499     70     2515

 COOLING
  YESTERDAY        0                         1     -1        2
  MONTH TO DATE   23                         3     20        3
  SINCE MAR 1     23                         3     20        3
  SINCE JAN 1     30                         6     24        8
..................................................................


WIND (MPH)
  HIGHEST WIND SPEED    17   HIGHEST WIND DIRECTION     N (360)
  HIGHEST GUST SPEED    23   HIGHEST GUST DIRECTION     N (10)
  AVERAGE WIND SPEED     7.0


SKY COVER
  POSSIBLE SUNSHINE  MM
  AVERAGE SKY COVER 0.0


WEATHER CONDITIONS
 THE FOLLOWING WEATHER WAS RECORDED YESTERDAY.
  NO SIGNIFICANT WEATHER WAS OBSERVED.


RELATIVE HUMIDITY (PERCENT)
 HIGHEST    75           900 PM
 LOWEST     21           400 PM
 AVERAGE    48

..........................................................


THE NEW BERN NC CLIMATE NORMALS FOR TODAY
                         NORMAL    RECORD    YEAR
 MAXIMUM TEMPERATURE (F)   69        90      1985
 MINIMUM TEMPERATURE (F)   46        32      1964


SUNRISE AND SUNSET
MARCH 30 2015.........SUNRISE   658 AM EDT   SUNSET   728 PM EDT
MARCH 31 2015.........SUNRISE   657 AM EDT   SUNSET   729 PM EDT


-  INDICATES NEGATIVE NUMBERS.
R  INDICATES RECORD WAS SET OR TIED.
MM INDICATES DATA IS MISSING.
T  INDICATES TRACE AMOUNT.




$$
