000
CDUS42 KMHX 310531
CLIEWN


CLIMATE REPORT
NATIONAL WEATHER SERVICE NEWPORT/MOREHEAD CITY NC
130 AM EDT THU JUL 31 2014


...................................

...THE NEW BERN NC CLIMATE SUMMARY FOR JULY 30 2014...

CLIMATE NORMAL PERIOD 1981 TO 2010
CLIMATE RECORD PERIOD 1948 TO 2014


WEATHER ITEM   OBSERVED TIME   RECORD YEAR NORMAL DEPARTURE LAST
                VALUE   (LST)  VALUE       VALUE  FROM      YEAR
                                                  NORMAL
..................................................................
TEMPERATURE (F)
 YESTERDAY
  MAXIMUM         86    253 PM 101    2011  89     -3       85
  MINIMUM         69    542 AM  65    1966  72     -3       71
  AVERAGE         78                        80     -2       78

PRECIPITATION (IN)
  YESTERDAY        0.09          1.31 2001   0.22  -0.13     0.02
  MONTH TO DATE    6.61                      5.95   0.66     3.73
  SINCE JUN 1     10.10                     10.54  -0.44    11.94
  SINCE JAN 1     27.98                     29.93  -1.95    23.29

SNOWFALL (IN)
  YESTERDAY        0.0
  MONTH TO DATE    0.0
  SINCE NOV 1     14.0
  SINCE JUL 1      0.0
  SNOW DEPTH       0

DEGREE DAYS
 HEATING
  YESTERDAY        0                         0      0        0
  MONTH TO DATE    0                         0      0        0
  SINCE JUN 1      0                         1     -1        0
  SINCE JUL 1      0                         0      0        0

 COOLING
  YESTERDAY       13                        15     -2       13
  MONTH TO DATE  470                       471     -1      503
  SINCE JUN 1    891                       836     55      912
  SINCE JAN 1   1252                      1079    173     1168
..................................................................


WIND (MPH)
  HIGHEST WIND SPEED    12   HIGHEST WIND DIRECTION    SE (140)
  HIGHEST GUST SPEED    18   HIGHEST GUST DIRECTION    SE (130)
  AVERAGE WIND SPEED     4.9


SKY COVER
  POSSIBLE SUNSHINE  MM
  AVERAGE SKY COVER 0.0


WEATHER CONDITIONS
 THE FOLLOWING WEATHER WAS RECORDED YESTERDAY.
  NO SIGNIFICANT WEATHER WAS OBSERVED.


RELATIVE HUMIDITY (PERCENT)
 HIGHEST    84           600 AM
 LOWEST     40           200 PM
 AVERAGE    62

..........................................................


THE NEW BERN NC CLIMATE NORMALS FOR TODAY
                         NORMAL    RECORD    YEAR
 MAXIMUM TEMPERATURE (F)   89        99      1953
 MINIMUM TEMPERATURE (F)   72        64      2001
                                             1966


SUNRISE AND SUNSET
JULY 31 2014..........SUNRISE   617 AM EDT   SUNSET   812 PM EDT
AUGUST  1 2014........SUNRISE   617 AM EDT   SUNSET   811 PM EDT


-  INDICATES NEGATIVE NUMBERS.
R  INDICATES RECORD WAS SET OR TIED.
MM INDICATES DATA IS MISSING.
T  INDICATES TRACE AMOUNT.




$$
