000
CDUS42 KMHX 220525
CLIEWN


CLIMATE REPORT
NATIONAL WEATHER SERVICE NEWPORT/MOREHEAD CITY NC
125 AM EDT SUN OCT 22 2017


...................................

...THE NEW BERN NC CLIMATE SUMMARY FOR OCTOBER 21 2017...

CLIMATE NORMAL PERIOD 1981 TO 2010
CLIMATE RECORD PERIOD 1948 TO 2017


WEATHER ITEM   OBSERVED TIME   RECORD YEAR NORMAL DEPARTURE LAST
                VALUE   (LST)  VALUE       VALUE  FROM      YEAR
                                                  NORMAL
..................................................................
TEMPERATURE (F)
 YESTERDAY
  MAXIMUM         78    246 PM  87    1984  73      5       83
  MINIMUM         50    527 AM  34    1967  51     -1       57
  AVERAGE         64                        62      2       70

PRECIPITATION (IN)
  YESTERDAY        0.00          2.31 1958   0.10  -0.10     0.20
  MONTH TO DATE    1.23                      2.33  -1.10     6.60
  SINCE SEP 1      4.48                      8.22  -3.74    17.70
  SINCE JAN 1     43.12                     45.02  -1.90    61.07

SNOWFALL (IN)
  YESTERDAY        0.0
  MONTH TO DATE    0.0
  SINCE NOV 1      T
  SINCE JUL 1      0.0
  SNOW DEPTH       0

DEGREE DAYS
 HEATING
  YESTERDAY        1                         5     -4        0
  MONTH TO DATE   13                        54    -41       13
  SINCE SEP 1     13                        61    -48       13
  SINCE JUL 1     13                        61    -48       13

 COOLING
  YESTERDAY        0                         2     -2        5
  MONTH TO DATE  139                        68     71      116
  SINCE SEP 1    449                       342    107      486
  SINCE JAN 1   2132                      1871    261     2241
..................................................................


WIND (MPH)
  HIGHEST WIND SPEED     9   HIGHEST WIND DIRECTION    SE (140)
  HIGHEST GUST SPEED    13   HIGHEST GUST DIRECTION    SE (130)
  AVERAGE WIND SPEED     2.2


SKY COVER
  POSSIBLE SUNSHINE  MM
  AVERAGE SKY COVER 0.1


WEATHER CONDITIONS
 THE FOLLOWING WEATHER WAS RECORDED YESTERDAY.
  FOG
  FOG W/VISIBILITY <= 1/4 MILE


RELATIVE HUMIDITY (PERCENT)
 HIGHEST   100          1200 AM
 LOWEST     45           100 PM
 AVERAGE    73

..........................................................


THE NEW BERN NC CLIMATE NORMALS FOR TODAY
                         NORMAL    RECORD    YEAR
 MAXIMUM TEMPERATURE (F)   73        85      1984
 MINIMUM TEMPERATURE (F)   51        30      1952


SUNRISE AND SUNSET
OCTOBER 22 2017.......SUNRISE   720 AM EDT   SUNSET   624 PM EDT
OCTOBER 23 2017.......SUNRISE   721 AM EDT   SUNSET   623 PM EDT


-  INDICATES NEGATIVE NUMBERS.
R  INDICATES RECORD WAS SET OR TIED.
MM INDICATES DATA IS MISSING.
T  INDICATES TRACE AMOUNT.




$$
