000
CDUS42 KMHX 302128
CLIEWN


CLIMATE REPORT
NATIONAL WEATHER SERVICE NEWPORT/MOREHEAD CITY NC
527 PM EDT THU JUL 30 2015


...................................

...THE NEW BERN NC CLIMATE SUMMARY FOR JULY 30 2015...
VALID TODAY AS OF 0500 PM LOCAL TIME.

CLIMATE NORMAL PERIOD 1981 TO 2010
CLIMATE RECORD PERIOD 1948 TO 2015


WEATHER ITEM   OBSERVED TIME   RECORD YEAR NORMAL DEPARTURE LAST
                VALUE   (LST)  VALUE       VALUE  FROM      YEAR
                                                  NORMAL
..................................................................
TEMPERATURE (F)
 TODAY
  MAXIMUM         91    359 PM 101    2011  89      2       86
  MINIMUM         73    228 AM  65    1966  72      1       69
  AVERAGE         82                        80      2       78

PRECIPITATION (IN)
  TODAY            0.00          1.31 2001   0.22  -0.22     0.00
  MONTH TO DATE    7.85                      5.95   1.90     6.51
  SINCE JUN 1     15.63                     10.54   5.09    10.00
  SINCE JAN 1     32.45                     29.93   2.52    27.88

SNOWFALL (IN)
  TODAY            0.0
  MONTH TO DATE    0.0
  SINCE NOV 1      3.0
  SINCE JUL 1      0.0
  SNOW DEPTH       0

DEGREE DAYS
 HEATING
  TODAY            0                         0      0        0
  MONTH TO DATE    0                         0      0        0
  SINCE JUN 1      0                         1     -1        0
  SINCE JUL 1      0                         0      0        0

 COOLING
  TODAY           17                        15      2       13
  MONTH TO DATE  498                       471     27      470
  SINCE JUN 1    974                       836    138      891
  SINCE JAN 1   1272                      1079    193     1252
..................................................................


WIND (MPH)
  HIGHEST WIND SPEED    12   HIGHEST WIND DIRECTION    SE (150)
  HIGHEST GUST SPEED    15   HIGHEST GUST DIRECTION    SE (150)
  AVERAGE WIND SPEED     3.5


SKY COVER
  POSSIBLE SUNSHINE  MM
  AVERAGE SKY COVER 0.5


WEATHER CONDITIONS
 THE FOLLOWING WEATHER WAS RECORDED TODAY.
  THUNDERSTORM
  FOG


RELATIVE HUMIDITY (PERCENT)
 HIGHEST    94           600 AM
 LOWEST     59           400 PM
 AVERAGE    77

..........................................................


THE NEW BERN NC CLIMATE NORMALS FOR TOMORROW
                         NORMAL    RECORD    YEAR
 MAXIMUM TEMPERATURE (F)   89        99      1953
 MINIMUM TEMPERATURE (F)   72        64      2001
                                             1966


SUNRISE AND SUNSET
JULY 30 2015..........SUNRISE   616 AM EDT   SUNSET   813 PM EDT
JULY 31 2015..........SUNRISE   617 AM EDT   SUNSET   812 PM EDT


-  INDICATES NEGATIVE NUMBERS.
R  INDICATES RECORD WAS SET OR TIED.
MM INDICATES DATA IS MISSING.
T  INDICATES TRACE AMOUNT.




$$
