000
CDUS41 KOKX 022030
CLIEWR


CLIMATE REPORT
NATIONAL WEATHER SERVICE NEW YORK NY
430 PM EDT TUE SEP 2 2014


...................................

...THE NEWARK NJ CLIMATE SUMMARY FOR SEPTEMBER 2 2014...
VALID TODAY AS OF 0400 PM LOCAL TIME.

CLIMATE NORMAL PERIOD 1981 TO 2010
CLIMATE RECORD PERIOD 1929 TO 2014


WEATHER ITEM   OBSERVED TIME   RECORD YEAR NORMAL DEPARTURE LAST
                VALUE   (LST)  VALUE       VALUE  FROM      YEAR
                                                  NORMAL
..................................................................
TEMPERATURE (F)
 TODAY
  MAXIMUM         95    254 PM 105    1953  81     14       83
  MINIMUM         75    546 AM  51    1934  65     10       73
  AVERAGE         85                        73     12       78

PRECIPITATION (IN)
  TODAY            0.00          1.67 1947   0.11  -0.11     0.14
  MONTH TO DATE    0.00                      0.21  -0.21     0.14
  SINCE SEP 1      0.00                      0.21  -0.21     0.14
  SINCE JAN 1     34.62                     31.58   3.04    33.44

SNOWFALL (IN)
  TODAY            0.0           0.0  2002   0.0    0.0      0.0
                                      2001
  MONTH TO DATE    0.0                       0.0    0.0      0.0
  SINCE OCT 1     61.1                      28.5   32.6     29.5
  SINCE JUL 1      0.0                       0.0    0.0      0.0
  SNOW DEPTH       0

DEGREE DAYS
 HEATING
  TODAY            0                         0      0        0
  MONTH TO DATE    0                         0      0        0
  SINCE SEP 1      0                         0      0        0
  SINCE JUL 1      0                         1     -1        0

 COOLING
  TODAY           20                         8     12       13
  MONTH TO DATE   38                        16     22       27
  SINCE SEP 1     38                        16     22       27
  SINCE JAN 1   1027                      1050    -23     1198
..................................................................


WIND (MPH)
  HIGHEST WIND SPEED    20   HIGHEST WIND DIRECTION     W (250)
  HIGHEST GUST SPEED    25   HIGHEST GUST DIRECTION     W (250)
  AVERAGE WIND SPEED     8.1


SKY COVER
  AVERAGE SKY COVER 0.5


WEATHER CONDITIONS
 THE FOLLOWING WEATHER WAS RECORDED TODAY.
  NO SIGNIFICANT WEATHER WAS OBSERVED.


RELATIVE HUMIDITY (PERCENT)
 HIGHEST    94           400 AM
 LOWEST     39           100 PM
 AVERAGE    67

..........................................................


THE NEWARK NJ CLIMATE NORMALS FOR TOMORROW
                         NORMAL    RECORD    YEAR
 MAXIMUM TEMPERATURE (F)   81       100      1993
 MINIMUM TEMPERATURE (F)   64        51      1967


SUNRISE AND SUNSET
SEPTEMBER  2 2014.....SUNRISE   625 AM EDT   SUNSET   727 PM EDT
SEPTEMBER  3 2014.....SUNRISE   626 AM EDT   SUNSET   726 PM EDT


-  INDICATES NEGATIVE NUMBERS.
R  INDICATES RECORD WAS SET OR TIED.
MM INDICATES DATA IS MISSING.
T  INDICATES TRACE AMOUNT.




$$
