000
CDUS41 KOKX 100727
CLIEWR


CLIMATE REPORT
NATIONAL WEATHER SERVICE NEW YORK NY
227 AM EST SAT DEC 10 2016


...................................

...THE NEWARK NJ CLIMATE SUMMARY FOR DECEMBER 9 2016...

CLIMATE NORMAL PERIOD 1981 TO 2010
CLIMATE RECORD PERIOD 1929 TO 2016


WEATHER ITEM   OBSERVED TIME   RECORD YEAR NORMAL DEPARTURE LAST
                VALUE   (LST)  VALUE       VALUE  FROM      YEAR
                                                  NORMAL
..................................................................
TEMPERATURE (F)
 YESTERDAY
  MAXIMUM         41    136 PM  68    1966  46     -5       53
  MINIMUM         29   1159 PM  12    1934  32     -3       33
  AVERAGE         35                        38     -3       43

PRECIPITATION (IN)
  YESTERDAY        0.00          1.96 2009   0.13  -0.13     0.00
  MONTH TO DATE    0.76                      1.18  -0.42     0.52
  SINCE DEC 1      0.76                      1.18  -0.42     0.52
  SINCE JAN 1     36.26                     43.62  -7.36    35.10

SNOWFALL (IN)
  YESTERDAY        0.0           6.0  2005   0.1   -0.1      0.0
  MONTH TO DATE    T                         1.0   -1.0      0.0
  SINCE OCT 1      T                         1.4   -1.4      0.0
  SINCE JUL 1      T                         1.4   -1.4      0.0
  SNOW DEPTH       0

DEGREE DAYS
 HEATING
  YESTERDAY       30                        26      4       22
  MONTH TO DATE  200                       225    -25      169
  SINCE DEC 1    200                       225    -25      169
  SINCE JUL 1    883                      1093   -210      801

 COOLING
  YESTERDAY        0                         0      0        0
  MONTH TO DATE    0                         0      0        0
  SINCE DEC 1      0                         0      0        0
  SINCE JAN 1   1571                      1192    379     1555
..................................................................


WIND (MPH)
  HIGHEST WIND SPEED    28   HIGHEST WIND DIRECTION     W (290)
  HIGHEST GUST SPEED    37   HIGHEST GUST DIRECTION    NW (310)
  AVERAGE WIND SPEED    15.7


SKY COVER
  AVERAGE SKY COVER 0.3


WEATHER CONDITIONS
 THE FOLLOWING WEATHER WAS RECORDED YESTERDAY.
  NO SIGNIFICANT WEATHER WAS OBSERVED.


RELATIVE HUMIDITY (PERCENT)
 HIGHEST    58           400 AM
 LOWEST     32           400 PM
 AVERAGE    45

..........................................................


THE NEWARK NJ CLIMATE NORMALS FOR TODAY
                         NORMAL    RECORD    YEAR
 MAXIMUM TEMPERATURE (F)   45        72      1946
 MINIMUM TEMPERATURE (F)   31         8      1968


SUNRISE AND SUNSET
DECEMBER 10 2016......SUNRISE   710 AM EST   SUNSET   429 PM EST
DECEMBER 11 2016......SUNRISE   711 AM EST   SUNSET   429 PM EST


-  INDICATES NEGATIVE NUMBERS.
R  INDICATES RECORD WAS SET OR TIED.
MM INDICATES DATA IS MISSING.
T  INDICATES TRACE AMOUNT.




$$
