000
CDUS41 KOKX 110618
CLIEWR


CLIMATE REPORT
NATIONAL WEATHER SERVICE NEW YORK NY
118 AM EST THU FEB 11 2016


...................................

...THE NEWARK NJ CLIMATE SUMMARY FOR FEBRUARY 10 2016...

CLIMATE NORMAL PERIOD 1981 TO 2010
CLIMATE RECORD PERIOD 1929 TO 2016


WEATHER ITEM   OBSERVED TIME   RECORD YEAR NORMAL DEPARTURE LAST
                VALUE   (LST)  VALUE       VALUE  FROM      YEAR
                                                  NORMAL
..................................................................
TEMPERATURE (F)
 YESTERDAY
  MAXIMUM         42    324 PM  63    1990  41      1       38
  MINIMUM         31   1159 PM  -4    1934  26      5       25
  AVERAGE         37                        34      3       32

PRECIPITATION (IN)
  YESTERDAY        0.02          1.69 1970   0.10  -0.08      T
  MONTH TO DATE    1.18                      1.01   0.17     1.24
  SINCE DEC 1      9.59                      8.36   1.23    10.57
  SINCE JAN 1      5.19                      4.55   0.64     5.66

SNOWFALL (IN)
  YESTERDAY        0.3          13.2  2010   0.4   -0.1       T
  MONTH TO DATE    3.5                       3.4    0.1      4.8
  SINCE OCT 1     33.1                      17.1   16.0     21.4
  SINCE JUL 1     33.1                      17.1   16.0     21.4
  SNOW DEPTH       0

DEGREE DAYS
 HEATING
  YESTERDAY       28                        31     -3       33
  MONTH TO DATE  251                       321    -70      387
  SINCE DEC 1   1692                      2237   -545     2275
  SINCE JUL 1   2324                      3105   -781     3107

 COOLING
  YESTERDAY        0                         0      0        0
  MONTH TO DATE    0                         0      0        0
  SINCE DEC 1      0                         0      0        0
  SINCE JAN 1      0                         0      0        0
..................................................................


WIND (MPH)
  HIGHEST WIND SPEED    23   HIGHEST WIND DIRECTION    SW (240)
  HIGHEST GUST SPEED    29   HIGHEST GUST DIRECTION     W (250)
  AVERAGE WIND SPEED    11.7


SKY COVER
  AVERAGE SKY COVER 0.8


WEATHER CONDITIONS
 THE FOLLOWING WEATHER WAS RECORDED YESTERDAY.
  LT FREEZING RAIN
  SNOW
  LIGHT SNOW
  FOG
  HAZE


RELATIVE HUMIDITY (PERCENT)
 HIGHEST    92           200 AM
 LOWEST     44           300 PM
 AVERAGE    68

..........................................................


THE NEWARK NJ CLIMATE NORMALS FOR TODAY
                         NORMAL    RECORD    YEAR
 MAXIMUM TEMPERATURE (F)   41        66      1960
 MINIMUM TEMPERATURE (F)   26        -1      1979


SUNRISE AND SUNSET
FEBRUARY 11 2016......SUNRISE   656 AM EST   SUNSET   526 PM EST
FEBRUARY 12 2016......SUNRISE   655 AM EST   SUNSET   527 PM EST


-  INDICATES NEGATIVE NUMBERS.
R  INDICATES RECORD WAS SET OR TIED.
MM INDICATES DATA IS MISSING.
T  INDICATES TRACE AMOUNT.




$$
