000
CDUS43 KIND 290539
CLIEYE


CLIMATE REPORT
NATIONAL WEATHER SERVICE INDIANAPOLIS IN
134 AM EDT MON MAY 29 2017


...................................

...THE INDIANAPOLIS EAGLE CREEK IN CLIMATE SUMMARY FOR MAY 28 2017...

CLIMATE NORMAL PERIOD 1981 TO 2010
CLIMATE RECORD PERIOD 9999 TO 9999


WEATHER ITEM   OBSERVED TIME   NORMAL DEPARTURE LAST
                VALUE   (LST)  VALUE  FROM      YEAR
                                      NORMAL
......................................................
TEMPERATURE (F)
 YESTERDAY
  MAXIMUM         77    306 PM  76      1       84
  MINIMUM         62   1049 PM  57      5       72
  AVERAGE         70            67      3       78

PRECIPITATION (IN)
  YESTERDAY        0.21          0.12   0.09      T
  MONTH TO DATE    7.08          4.86   2.22     3.25
  SINCE MAR 1     16.62         12.06   4.56     9.55
  SINCE JAN 1     21.78         16.40   5.38    11.51

DEGREE DAYS
 HEATING
  YESTERDAY        0             2     -2        0
  MONTH TO DATE  138           133      5      153
  SINCE MAR 1    982          1203   -221      992
  SINCE JUL 1   4242          5328  -1086     4505

 COOLING
  YESTERDAY        5             4      1       13
  MONTH TO DATE   62            58      4       54
  SINCE MAR 1     95            73     22       67
  SINCE JAN 1     95            73     22       67
......................................................


WIND (MPH)
  HIGHEST WIND SPEED    14   HIGHEST WIND DIRECTION    SW (230)
  HIGHEST GUST SPEED    20   HIGHEST GUST DIRECTION    SW (240)
  AVERAGE WIND SPEED     5.5


SKY COVER
  AVERAGE SKY COVER 0.4


WEATHER CONDITIONS
 THE FOLLOWING WEATHER WAS RECORDED YESTERDAY.
  THUNDERSTORM
  HEAVY RAIN
  RAIN
  LIGHT RAIN
  FOG


RELATIVE HUMIDITY (PERCENT)
 HIGHEST    93           500 AM
 LOWEST     64          1100 AM
 AVERAGE    79

..........................................................


THE INDIANAPOLIS EAGLE CREEK IN CLIMATE NORMALS FOR TODAY
                         NORMAL
 MAXIMUM TEMPERATURE (F)   77
 MINIMUM TEMPERATURE (F)   58


SUNRISE AND SUNSET
MAY 29 2017...........SUNRISE   620 AM EDT   SUNSET   905 PM EDT
MAY 30 2017...........SUNRISE   620 AM EDT   SUNSET   906 PM EDT


-  INDICATES NEGATIVE NUMBERS.
R  INDICATES RECORD WAS SET OR TIED.
MM INDICATES DATA IS MISSING.
T  INDICATES TRACE AMOUNT.




$$
