000
CDUS43 KIND 110535
CLIEYE


CLIMATE REPORT
NATIONAL WEATHER SERVICE INDIANAPOLIS IN
132 AM EDT FRI JUL 11 2014


...................................

...THE INDIANAPOLIS EAGLE CREEK IN CLIMATE SUMMARY FOR JULY 10 2014...

CLIMATE NORMAL PERIOD 1981 TO 2010
CLIMATE RECORD PERIOD 9999 TO 9999


WEATHER ITEM   OBSERVED TIME   NORMAL DEPARTURE LAST
                VALUE   (LST)  VALUE  FROM      YEAR
                                      NORMAL
......................................................
TEMPERATURE (F)
 YESTERDAY
  MAXIMUM         79    346 PM  84     -5       84
  MINIMUM         62    553 AM  67     -5       68
  AVERAGE         71            76     -5       76

PRECIPITATION (IN)
  YESTERDAY        0.00          0.16  -0.16     0.07
  MONTH TO DATE    0.54          1.45  -0.91     1.26
  SINCE JUN 1      6.60          5.84   0.76     6.31
  SINCE JAN 1     23.05         22.65   0.40    25.15

DEGREE DAYS
 HEATING
  YESTERDAY        0             0      0        0
  MONTH TO DATE    0             0      0        0
  SINCE JUN 1      3            14    -11       14
  SINCE JUL 1      0             0      0        0

 COOLING
  YESTERDAY        6            11     -5       11
  MONTH TO DATE   62           107    -45       74
  SINCE JUN 1    313           341    -28      278
  SINCE JAN 1    421           425     -4      389
......................................................


WIND (MPH)
  HIGHEST WIND SPEED    13   HIGHEST WIND DIRECTION     N (340)
  HIGHEST GUST SPEED    19   HIGHEST GUST DIRECTION    NE (40)
  AVERAGE WIND SPEED     5.6


SKY COVER
  AVERAGE SKY COVER 0.0


WEATHER CONDITIONS
 THE FOLLOWING WEATHER WAS RECORDED YESTERDAY.
  NO SIGNIFICANT WEATHER WAS OBSERVED.


RELATIVE HUMIDITY (PERCENT)
 HIGHEST    84           100 AM
 LOWEST     37           400 PM
 AVERAGE    61

..........................................................


THE INDIANAPOLIS EAGLE CREEK IN CLIMATE NORMALS FOR TODAY
                         NORMAL
 MAXIMUM TEMPERATURE (F)   84
 MINIMUM TEMPERATURE (F)   67


SUNRISE AND SUNSET
JULY 11 2014..........SUNRISE   627 AM EDT   SUNSET   915 PM EDT
JULY 12 2014..........SUNRISE   627 AM EDT   SUNSET   914 PM EDT


-  INDICATES NEGATIVE NUMBERS.
R  INDICATES RECORD WAS SET OR TIED.
MM INDICATES DATA IS MISSING.
T  INDICATES TRACE AMOUNT.




$$
