000
CDUS43 KIND 270535
CLIEYE


CLIMATE REPORT
NATIONAL WEATHER SERVICE INDIANAPOLIS IN
134 AM EDT WED AUG 27 2014


...................................

...THE INDIANAPOLIS EAGLE CREEK IN CLIMATE SUMMARY FOR AUGUST 26 2014...

CLIMATE NORMAL PERIOD 1981 TO 2010
CLIMATE RECORD PERIOD 9999 TO 9999


WEATHER ITEM   OBSERVED TIME   NORMAL DEPARTURE LAST
                VALUE   (LST)  VALUE  FROM      YEAR
                                      NORMAL
......................................................
TEMPERATURE (F)
 YESTERDAY
  MAXIMUM         91    322 PM  83      8       88
  MINIMUM         69    649 AM  64      5       64
  AVERAGE         80            74      6       76

PRECIPITATION (IN)
  YESTERDAY        0.00          0.12  -0.12     0.00
  MONTH TO DATE    3.18          2.60   0.58     1.01
  SINCE JUN 1     12.33         11.25   1.08     7.92
  SINCE JAN 1     28.78         28.06   0.72    26.76

DEGREE DAYS
 HEATING
  YESTERDAY        0             0      0        0
  MONTH TO DATE    3             0      3        8
  SINCE JUN 1     11            15     -4       25
  SINCE JUL 1      8             1      7       11

 COOLING
  YESTERDAY       15             9      6       11
  MONTH TO DATE  219           246    -27      193
  SINCE JUN 1    627           798   -171      643
  SINCE JAN 1    735           882   -147      754
......................................................


WIND (MPH)
  HIGHEST WIND SPEED    29   HIGHEST WIND DIRECTION     N (360)
  HIGHEST GUST SPEED    37   HIGHEST GUST DIRECTION     N (350)
  AVERAGE WIND SPEED     2.0


SKY COVER
  AVERAGE SKY COVER 0.1


WEATHER CONDITIONS
 THE FOLLOWING WEATHER WAS RECORDED YESTERDAY.
  THUNDERSTORM
  FOG
  HAZE


RELATIVE HUMIDITY (PERCENT)
 HIGHEST    90           300 AM
 LOWEST     49           300 PM
 AVERAGE    70

..........................................................


THE INDIANAPOLIS EAGLE CREEK IN CLIMATE NORMALS FOR TODAY
                         NORMAL
 MAXIMUM TEMPERATURE (F)   83
 MINIMUM TEMPERATURE (F)   64


SUNRISE AND SUNSET
AUGUST 27 2014........SUNRISE   708 AM EDT   SUNSET   824 PM EDT
AUGUST 28 2014........SUNRISE   709 AM EDT   SUNSET   823 PM EDT


-  INDICATES NEGATIVE NUMBERS.
R  INDICATES RECORD WAS SET OR TIED.
MM INDICATES DATA IS MISSING.
T  INDICATES TRACE AMOUNT.




$$
