000
CDUS42 KKEY 242124
CLIEYW


CLIMATE REPORT
NATIONAL WEATHER SERVICE KEY WEST, FL
424 PM EST SAT FEB 24 2018


...................................

...THE KEY WEST CLIMATE SUMMARY FOR FEBRUARY 24 2018...
VALID TODAY AS OF 0400 PM LOCAL TIME.

CLIMATE NORMAL PERIOD 1981 TO 2010
CLIMATE RECORD PERIOD 1871 TO 2018


WEATHER ITEM   OBSERVED TIME   RECORD YEAR NORMAL DEPARTURE LAST
                VALUE   (LST)  VALUE       VALUE  FROM      YEAR
                                                  NORMAL
..................................................................
TEMPERATURE (F)
 TODAY
  MAXIMUM         81    313 PM  84    2008  77      4       79
                                      1994
                                      1962
  MINIMUM         71    427 AM  53    1901  67      4       70
  AVERAGE         76                        72      4       75

PRECIPITATION (IN)
  TODAY            0.06          1.62 1892   0.06   0.00     0.00
  MONTH TO DATE    0.33                      1.24  -0.91     2.05
  SINCE DEC 1      2.51                      5.50  -2.99     4.79
  SINCE JAN 1      1.23                      3.28  -2.05     3.05

SNOWFALL (IN)
  TODAY            0.0
  MONTH TO DATE    0.0
  SINCE DEC 1      0.0
  SINCE JUL 1      0.0
  SNOW DEPTH       0.0

DEGREE DAYS
 HEATING
  TODAY            0                         0      0        0
  MONTH TO DATE    0                        19    -19        0
  SINCE DEC 1     42                        69    -27        5
  SINCE JUL 1     42                        70    -28        5

 COOLING
  TODAY           11                         7      4       10
  MONTH TO DATE  280                       155    125      231
  SINCE DEC 1    659                       537    122      885
  SINCE JAN 1    399                       320     79      492
..................................................................


WIND (MPH)
  HIGHEST WIND SPEED    25   HIGHEST WIND DIRECTION     E (110)
  HIGHEST GUST SPEED    30   HIGHEST GUST DIRECTION     E (110)
  AVERAGE WIND SPEED    15.2


SKY COVER
  POSSIBLE SUNSHINE  MM
  AVERAGE SKY COVER 0.5


WEATHER CONDITIONS
 THE FOLLOWING WEATHER WAS RECORDED TODAY.
  FOG


RELATIVE HUMIDITY (PERCENT)
 HIGHEST    93
 LOWEST     67
 AVERAGE    80

..........................................................


THE KEY WEST CLIMATE NORMALS FOR TOMORROW
                         NORMAL    RECORD    YEAR
 MAXIMUM TEMPERATURE (F)   77        87      1874
 MINIMUM TEMPERATURE (F)   67        51      1989


SUNRISE AND SUNSET
FEBRUARY 24 2018......SUNRISE   654 AM EST   SUNSET   627 PM EST
FEBRUARY 25 2018......SUNRISE   653 AM EST   SUNSET   627 PM EST


-  INDICATES NEGATIVE NUMBERS.
R  INDICATES RECORD WAS SET OR TIED.
MM INDICATES DATA IS MISSING.
T  INDICATES TRACE AMOUNT.




$$
