000
CDUS42 KKEY 220540
CLIEYW

CLIMATE REPORT
NATIONAL WEATHER SERVICE KEY WEST, FL
138 AM EDT WED OCT 22 2014

...................................

...THE KEY WEST CLIMATE SUMMARY FOR OCTOBER 21 2014...

CLIMATE NORMAL PERIOD 1981 TO 2010
CLIMATE RECORD PERIOD 1871 TO 2014

WEATHER ITEM   OBSERVED TIME   RECORD YEAR NORMAL DEPARTURE LAST
               VALUE    (LST)  VALUE       VALUE  FROM      YEAR
                                                  NORMAL
..................................................................
TEMPERATURE (F)
 YESTERDAY
  MAXIMUM         82    914 AM  89    2007  84     -2       86
                                      1877
                                      1876
  MINIMUM         73    131 PM  64    1964  75     -2       81
                                      1940
  AVERAGE         78                        80     -2       84

PRECIPITATION (IN)
  YESTERDAY        1.67          8.23 1883   0.15   1.52      T
  MONTH TO DATE    3.24                      3.64  -0.40     1.01
  SINCE SEP 1      8.66                     10.35  -1.69     5.81
  SINCE JAN 1     30.80                     34.02  -3.22    41.32

SNOWFALL (IN)
  YESTERDAY        0.0
  MONTH TO DATE    0.0
  SINCE SEP 1      0.0
  SINCE JUL 1      0.0
  SNOW DEPTH       0

DEGREE DAYS
 HEATING
  YESTERDAY        0                         0      0        0
  MONTH TO DATE    0                         0      0        0
  SINCE SEP 1      0                         0      0        0
  SINCE JUL 1      0                         0      0        0

 COOLING
  YESTERDAY       13                        15     -2       19
  MONTH TO DATE  365                       336     29      368
  SINCE SEP 1    932                       882     50      910
  SINCE JAN 1   4452                      4071    381     4230
..................................................................

WIND (MPH)
  HIGHEST WIND SPEED    26   HIGHEST WIND DIRECTION     S (180)
  HIGHEST GUST SPEED    33   HIGHEST GUST DIRECTION     W (270)
  AVERAGE WIND SPEED     5.6

SKY COVER
  POSSIBLE SUNSHINE  MM
  AVERAGE SKY COVER 0.5

WEATHER CONDITIONS
 THE FOLLOWING WEATHER WAS RECORDED YESTERDAY.
  THUNDERSTORM
  HEAVY RAIN
  RAIN
  LIGHT RAIN

RELATIVE HUMIDITY (PERCENT)
 HIGHEST   100
 LOWEST     74
 AVERAGE    87

..........................................................

THE KEY WEST CLIMATE NORMALS FOR TODAY
                         NORMAL    RECORD    YEAR
 MAXIMUM TEMPERATURE (F)   84        89      1962
                                             1956
                                             1876
 MINIMUM TEMPERATURE (F)   75        64      1898

SUNRISE AND SUNSET
OCTOBER 22 2014.......SUNRISE   728 AM EDT   SUNSET   654 PM EDT
OCTOBER 23 2014.......SUNRISE   729 AM EDT   SUNSET   653 PM EDT

-  INDICATES NEGATIVE NUMBERS.
R  INDICATES RECORD WAS SET OR TIED.
MM INDICATES DATA IS MISSING.
T  INDICATES TRACE AMOUNT.

$$
