000
CDUS42 KKEY 262031
CLIEYW

CLIMATE REPORT
NATIONAL WEATHER SERVICE KEY WEST, FL
429 PM EDT THU MAR 26 2015


...................................

...THE KEY WEST CLIMATE SUMMARY FOR MARCH 26 2015...
VALID TODAY AS OF 0400 PM LOCAL TIME.

CLIMATE NORMAL PERIOD 1981 TO 2010
CLIMATE RECORD PERIOD 1871 TO 2015


WEATHER ITEM   OBSERVED TIME   RECORD YEAR NORMAL DEPARTURE LAST
                VALUE   (LST)  VALUE       VALUE  FROM      YEAR
                                                  NORMAL
..................................................................
TEMPERATURE (F)
 TODAY
  MAXIMUM         84    228 PM  88    1937  79      5       71
                                      1874
  MINIMUM         78    720 AM  58    1924  69      9       63
                                      1877
  AVERAGE         81                        74      7       67

PRECIPITATION (IN)
  TODAY            0.00          1.45 1958   0.05  -0.05     0.00
  MONTH TO DATE    0.82                      1.73  -0.91     3.72
  SINCE MAR 1      0.82                      1.73  -0.91     3.72
  SINCE JAN 1      4.05                      5.26  -1.21    11.32

SNOWFALL (IN)
  TODAY            0.0
  MONTH TO DATE    0.0
  SINCE MAR 1      0.0
  SINCE JUL 1      0.0
  SNOW DEPTH       0

DEGREE DAYS
 HEATING
  TODAY            0                         0      0        0
  MONTH TO DATE    0                         0      0        0
  SINCE MAR 1      0                         0      0        0
  SINCE JUL 1     27                        66    -39       22

 COOLING
  TODAY           16                         9      7        2
  MONTH TO DATE  334                       216    118      228
  SINCE MAR 1    334                       216    118      228
  SINCE JAN 1    692                       564    128      654
..................................................................


WIND (MPH)
  HIGHEST WIND SPEED    18   HIGHEST WIND DIRECTION     S (160)
  HIGHEST GUST SPEED    23   HIGHEST GUST DIRECTION     S (160)
  AVERAGE WIND SPEED    11.5


SKY COVER
  POSSIBLE SUNSHINE  MM
  AVERAGE SKY COVER 0.3


WEATHER CONDITIONS
 THE FOLLOWING WEATHER WAS RECORDED TODAY.
  NO SIGNIFICANT WEATHER WAS OBSERVED.


RELATIVE HUMIDITY (PERCENT)
 HIGHEST    91
 LOWEST     74
 AVERAGE    83

..........................................................


THE KEY WEST CLIMATE NORMALS FOR TOMORROW
                         NORMAL    RECORD    YEAR
 MAXIMUM TEMPERATURE (F)   79        87      1994
                                             1874
 MINIMUM TEMPERATURE (F)   69        57      2013


SUNRISE AND SUNSET
MARCH 26 2015.........SUNRISE   725 AM EDT   SUNSET   741 PM EDT
MARCH 27 2015.........SUNRISE   724 AM EDT   SUNSET   741 PM EDT


-  INDICATES NEGATIVE NUMBERS.
R  INDICATES RECORD WAS SET OR TIED.
MM INDICATES DATA IS MISSING.
T  INDICATES TRACE AMOUNT.




$$
