000
CDUS42 KKEY 290532
CLIEYW

CLIMATE REPORT
NATIONAL WEATHER SERVICE KEY WEST, FL
131 AM EDT FRI APR 29 2016


...................................

...THE KEY WEST CLIMATE SUMMARY FOR APRIL 28 2016...

CLIMATE NORMAL PERIOD 1981 TO 2010
CLIMATE RECORD PERIOD 1871 TO 2016


WEATHER ITEM   OBSERVED TIME   RECORD YEAR NORMAL DEPARTURE LAST
                VALUE   (LST)  VALUE       VALUE  FROM      YEAR
                                                  NORMAL
..................................................................
TEMPERATURE (F)
 YESTERDAY
  MAXIMUM         84    310 PM  90    1873  83      1       86
  MINIMUM         75    608 AM  61    2000  73      2       77
  AVERAGE         80                        78      2       82

PRECIPITATION (IN)
  YESTERDAY        0.00          2.36 1941   0.05  -0.05     0.34
  MONTH TO DATE    1.40                      1.95  -0.55     1.32
  SINCE MAR 1      1.70                      4.00  -2.30     2.80
  SINCE JAN 1      8.78                      7.53   1.25     6.03

SNOWFALL (IN)
  YESTERDAY        0.0
  MONTH TO DATE    0.0
  SINCE MAR 1      0.0
  SINCE JUL 1      0.0
  SNOW DEPTH       0

DEGREE DAYS
 HEATING
  YESTERDAY        0                         0      0        0
  MONTH TO DATE    0                         0      0        0
  SINCE MAR 1      0                         7     -7        0
  SINCE JUL 1     24                        73    -49       27

 COOLING
  YESTERDAY       15                        13      2       17
  MONTH TO DATE  337                       317     20      447
  SINCE MAR 1    662                       579     83      819
  SINCE JAN 1    990                       927     63     1177
..................................................................


WIND (MPH)
  HIGHEST WIND SPEED    14   HIGHEST WIND DIRECTION     E (100)
  HIGHEST GUST SPEED    17   HIGHEST GUST DIRECTION    SE (140)
  AVERAGE WIND SPEED     9.1


SKY COVER
  POSSIBLE SUNSHINE  MM
  AVERAGE SKY COVER 0.0


WEATHER CONDITIONS
 THE FOLLOWING WEATHER WAS RECORDED YESTERDAY.
  NO SIGNIFICANT WEATHER WAS OBSERVED.


RELATIVE HUMIDITY (PERCENT)
 HIGHEST    88
 LOWEST     65
 AVERAGE    77

..........................................................


THE KEY WEST CLIMATE NORMALS FOR TODAY
                         NORMAL    RECORD    YEAR
 MAXIMUM TEMPERATURE (F)   83        89      1991
                                             1881
                                             1873
 MINIMUM TEMPERATURE (F)   73        61      1992


SUNRISE AND SUNSET
APRIL 29 2016.........SUNRISE   653 AM EDT   SUNSET   756 PM EDT
APRIL 30 2016.........SUNRISE   652 AM EDT   SUNSET   756 PM EDT


-  INDICATES NEGATIVE NUMBERS.
R  INDICATES RECORD WAS SET OR TIED.
MM INDICATES DATA IS MISSING.
T  INDICATES TRACE AMOUNT.




$$
