000
CDUS42 KKEY 272118
CLIEYW


CLIMATE REPORT
NATIONAL WEATHER SERVICE KEY WEST, FL
418 PM EST MON FEB 27 2017


...................................

...THE KEY WEST CLIMATE SUMMARY FOR FEBRUARY 27 2017...
VALID TODAY AS OF 0400 PM LOCAL TIME.

CLIMATE NORMAL PERIOD 1981 TO 2010
CLIMATE RECORD PERIOD 1871 TO 2017


WEATHER ITEM   OBSERVED TIME   RECORD YEAR NORMAL DEPARTURE LAST
                VALUE   (LST)  VALUE       VALUE  FROM      YEAR
                                                  NORMAL
..................................................................
TEMPERATURE (F)
 TODAY
  MAXIMUM         83    133 PM  84    1997  77      6       66
                                      1874
  MINIMUM         75    719 AM  46    1989  67      8       59
  AVERAGE         79                        72      7       63

PRECIPITATION (IN)
  TODAY            0.00          2.90 1878   0.06  -0.06     0.00
  MONTH TO DATE    2.05                      1.43   0.62     3.72
  SINCE DEC 1      4.79                      5.69  -0.90    11.66
  SINCE JAN 1      3.05                      3.47  -0.42     7.08

SNOWFALL (IN)
  TODAY            0.0
  MONTH TO DATE    0.0
  SINCE DEC 1      0.0
  SINCE JUL 1      0.0
  SNOW DEPTH       0

DEGREE DAYS
 HEATING
  TODAY            0                         0      0        2
  MONTH TO DATE    0                        19    -19       11
  SINCE DEC 1      5                        69    -64       24
  SINCE JUL 1      5                        70    -65       24

 COOLING
  TODAY           14                         7      7        0
  MONTH TO DATE  264                       176     88      142
  SINCE DEC 1    918                       558    360      717
  SINCE JAN 1    525                       341    184      318
..................................................................


WIND (MPH)
  HIGHEST WIND SPEED    17   HIGHEST WIND DIRECTION     E (110)
  HIGHEST GUST SPEED    22   HIGHEST GUST DIRECTION     E (110)
  AVERAGE WIND SPEED    12.5


SKY COVER
  POSSIBLE SUNSHINE  MM
  AVERAGE SKY COVER 0.1


WEATHER CONDITIONS
 THE FOLLOWING WEATHER WAS RECORDED TODAY.
  NO SIGNIFICANT WEATHER WAS OBSERVED.


RELATIVE HUMIDITY (PERCENT)
 HIGHEST    87
 LOWEST     65
 AVERAGE    76

..........................................................


THE KEY WEST CLIMATE NORMALS FOR TOMORROW
                         NORMAL    RECORD    YEAR
 MAXIMUM TEMPERATURE (F)   77        85      1958
                                             1956
                                             1874
 MINIMUM TEMPERATURE (F)   67        50      1935


SUNRISE AND SUNSET
FEBRUARY 27 2017......SUNRISE   651 AM EST   SUNSET   629 PM EST
FEBRUARY 28 2017......SUNRISE   650 AM EST   SUNSET   629 PM EST


-  INDICATES NEGATIVE NUMBERS.
R  INDICATES RECORD WAS SET OR TIED.
MM INDICATES DATA IS MISSING.
T  INDICATES TRACE AMOUNT.




$$
