000
CDUS42 KKEY 250536
CLIEYW

CLIMATE REPORT
NATIONAL WEATHER SERVICE KEY WEST, FL
132 AM EDT THU AUG 25 2016

...................................

...THE KEY WEST CLIMATE SUMMARY FOR AUGUST 24 2016...

CLIMATE NORMAL PERIOD 1981 TO 2010
CLIMATE RECORD PERIOD 1871 TO 2016

WEATHER ITEM   OBSERVED TIME   RECORD YEAR NORMAL DEPARTURE LAST
               VALUE    (LST)  VALUE       VALUE  FROM      YEAR
                                                  NORMAL
..................................................................
TEMPERATURE (F)
 YESTERDAY
  MAXIMUM         87    443 PM  94    2015  89     -2       94
                                      1956
                                      1953
  MINIMUM         72    101 PM  70    1889  79     -7       81
  AVERAGE         80                        84     -4       88

PRECIPITATION (IN)
  YESTERDAY        2.55R         1.61 1945   0.20   2.35     0.01
  MONTH TO DATE    6.34                      3.98   2.36     4.87
  SINCE JUN 1     11.22                     11.64  -0.42     8.18
  SINCE JAN 1     22.87                     22.27   0.60    20.61

SNOWFALL (IN)
  YESTERDAY        0.0
  MONTH TO DATE    0.0
  SINCE JUN 1      0.0
  SINCE JUL 1      0.0
  SNOW DEPTH       0

DEGREE DAYS
 HEATING
  YESTERDAY        0                         0      0        0
  MONTH TO DATE    0                         0      0        0
  SINCE JUN 1      0                         0      0        0
  SINCE JUL 1      0                         0      0        0

 COOLING
  YESTERDAY       15                        19     -4       23
  MONTH TO DATE  487                       473     14      516
  SINCE JUN 1   1691                      1628     63     1739
  SINCE JAN 1   3182                      3058    124     3456
..................................................................

WIND (MPH)
  HIGHEST WIND SPEED    30   HIGHEST WIND DIRECTION    SE (130)
  HIGHEST GUST SPEED    38   HIGHEST GUST DIRECTION    SE (140)
  AVERAGE WIND SPEED     8.3

SKY COVER
  POSSIBLE SUNSHINE  MM
  AVERAGE SKY COVER 0.3

WEATHER CONDITIONS
 THE FOLLOWING WEATHER WAS RECORDED YESTERDAY.
  THUNDERSTORM
  HEAVY RAIN
  RAIN
  LIGHT RAIN
  FOG

RELATIVE HUMIDITY (PERCENT)
 HIGHEST   100
 LOWEST     77
 AVERAGE    89

..........................................................

THE KEY WEST CLIMATE NORMALS FOR TODAY
                         NORMAL    RECORD    YEAR
 MAXIMUM TEMPERATURE (F)   89        95      1956
 MINIMUM TEMPERATURE (F)   79        72      2012
                                             1945
                                             1909

SUNRISE AND SUNSET
AUGUST 25 2016........SUNRISE   706 AM EDT   SUNSET   752 PM EDT
AUGUST 26 2016........SUNRISE   706 AM EDT   SUNSET   751 PM EDT

-  INDICATES NEGATIVE NUMBERS.
R  INDICATES RECORD WAS SET OR TIED.
MM INDICATES DATA IS MISSING.
T  INDICATES TRACE AMOUNT.

$$
