000
CDUS42 KKEY 240530
CLIEYW

CLIMATE REPORT
NATIONAL WEATHER SERVICE KEY WEST, FL
130 AM EDT SUN MAY 24 2015

...................................

...THE KEY WEST CLIMATE SUMMARY FOR MAY 23 2015...

CLIMATE NORMAL PERIOD 1981 TO 2010
CLIMATE RECORD PERIOD 1871 TO 2015

WEATHER ITEM   OBSERVED TIME   RECORD YEAR NORMAL DEPARTURE LAST
               VALUE    (LST)  VALUE       VALUE  FROM      YEAR
                                                  NORMAL
..................................................................
TEMPERATURE (F)
 YESTERDAY
  MAXIMUM         88   1258 PM  92    1873  86      2       87
  MINIMUM         81    632 AM  69    1940  77      4       75
  AVERAGE         85                        81      4       81

PRECIPITATION (IN)
  YESTERDAY        0.00          1.26 1946   0.13  -0.13     0.00
  MONTH TO DATE    1.07                      1.92  -0.85     0.91
  SINCE MAR 1      9.15                      6.02   3.13     5.25
  SINCE JAN 1     12.38                      9.55   2.83    12.85

SNOWFALL (IN)
  YESTERDAY        0.0
  MONTH TO DATE    0.0
  SINCE MAR 1      0.0
  SINCE JUL 1      0.0
  SNOW DEPTH       0

DEGREE DAYS
 HEATING
  YESTERDAY        0                         0      0        0
  MONTH TO DATE    0                         0      0        0
  SINCE MAR 1      0                         7     -7        0
  SINCE JUL 1     27                        73    -46       22

 COOLING
  YESTERDAY       20                        16      4       16
  MONTH TO DATE  371                       342     29      379
  SINCE MAR 1   1215                       948    267     1047
  SINCE JAN 1   1573                      1296    277     1473
..................................................................

WIND (MPH)
  HIGHEST WIND SPEED    21   HIGHEST WIND DIRECTION     E (100)
  HIGHEST GUST SPEED    27   HIGHEST GUST DIRECTION     E (100)
  AVERAGE WIND SPEED    12.1

SKY COVER
  POSSIBLE SUNSHINE  MM
  AVERAGE SKY COVER 0.1

WEATHER CONDITIONS
 THE FOLLOWING WEATHER WAS RECORDED YESTERDAY.
  THUNDERSTORM

RELATIVE HUMIDITY (PERCENT)
 HIGHEST    85
 LOWEST     61
 AVERAGE    73

..........................................................

THE KEY WEST CLIMATE NORMALS FOR TODAY
                         NORMAL    RECORD    YEAR
 MAXIMUM TEMPERATURE (F)   86        92      1873
 MINIMUM TEMPERATURE (F)   77        68      1900

SUNRISE AND SUNSET
MAY 24 2015...........SUNRISE   640 AM EDT   SUNSET   808 PM EDT
MAY 25 2015...........SUNRISE   640 AM EDT   SUNSET   808 PM EDT

-  INDICATES NEGATIVE NUMBERS.
R  INDICATES RECORD WAS SET OR TIED.
MM INDICATES DATA IS MISSING.
T  INDICATES TRACE AMOUNT.

$$
