000
CDUS42 KKEY 010533
CLIEYW

CLIMATE REPORT
NATIONAL WEATHER SERVICE KEY WEST, FL
129 AM EDT WED OCT 1 2014


...................................

...THE KEY WEST CLIMATE SUMMARY FOR SEPTEMBER 30 2014...

CLIMATE NORMAL PERIOD 1981 TO 2010
CLIMATE RECORD PERIOD 1871 TO 2014


WEATHER ITEM   OBSERVED TIME   RECORD YEAR NORMAL DEPARTURE LAST
               VALUE    (LST)  VALUE       VALUE  FROM      YEAR
                                                  NORMAL
..................................................................
TEMPERATURE (F)
 YESTERDAY
  MAXIMUM         88    435 PM  92    1959  87      1       87
                                      1958
                                      1952
  MINIMUM         82   1159 PM  69    1945  78      4       80
  AVERAGE         85                        82      3       84

PRECIPITATION (IN)
  YESTERDAY        0.00          5.73 1994   0.21  -0.21     0.00
  MONTH TO DATE    5.42                      6.71  -1.29     4.80
  SINCE SEP 1      5.42                      6.71  -1.29     4.80
  SINCE JAN 1     27.56                     30.38  -2.82    40.31

SNOWFALL (IN)
  YESTERDAY        0.0
  MONTH TO DATE    0.0
  SINCE SEP 1      0.0
  SINCE JUL 1      0.0
  SNOW DEPTH       0

DEGREE DAYS
 HEATING
  YESTERDAY        0                         0      0        0
  MONTH TO DATE    0                         0      0        0
  SINCE SEP 1      0                         0      0        0
  SINCE JUL 1      0                         0      0        0

 COOLING
  YESTERDAY       20                        17      3       19
  MONTH TO DATE  567                       546     21      542
  SINCE SEP 1    567                       546     21      542
  SINCE JAN 1   4087                      3735    352     3862
..................................................................


WIND (MPH)
  HIGHEST WIND SPEED    13   HIGHEST WIND DIRECTION    SW (230)
  HIGHEST GUST SPEED    15   HIGHEST GUST DIRECTION    SW (240)
  AVERAGE WIND SPEED     6.0


SKY COVER
  POSSIBLE SUNSHINE  MM
  AVERAGE SKY COVER 0.0


WEATHER CONDITIONS
 THE FOLLOWING WEATHER WAS RECORDED YESTERDAY.
  NO SIGNIFICANT WEATHER WAS OBSERVED.


RELATIVE HUMIDITY (PERCENT)
 HIGHEST    79
 LOWEST     63
 AVERAGE    71

..........................................................


THE KEY WEST CLIMATE NORMALS FOR TODAY
                         NORMAL    RECORD    YEAR
 MAXIMUM TEMPERATURE (F)   87        92      1958
 MINIMUM TEMPERATURE (F)   78        67      1920


SUNRISE AND SUNSET
OCTOBER  1 2014.......SUNRISE   719 AM EDT   SUNSET   714 PM EDT
OCTOBER  2 2014.......SUNRISE   719 AM EDT   SUNSET   713 PM EDT


-  INDICATES NEGATIVE NUMBERS.
R  INDICATES RECORD WAS SET OR TIED.
MM INDICATES DATA IS MISSING.
T  INDICATES TRACE AMOUNT.


$$
