307
CDUS42 KKEY 260529
CLIEYW


CLIMATE REPORT
NATIONAL WEATHER SERVICE KEY WEST, FL
128 AM EDT WED APR 26 2017


...................................

...THE KEY WEST CLIMATE SUMMARY FOR APRIL 25 2017...

CLIMATE NORMAL PERIOD 1981 TO 2010
CLIMATE RECORD PERIOD 1871 TO 2017


WEATHER ITEM   OBSERVED TIME   RECORD YEAR NORMAL DEPARTURE LAST
                VALUE   (LST)  VALUE       VALUE  FROM      YEAR
                                                  NORMAL
..................................................................
TEMPERATURE (F)
 YESTERDAY
  MAXIMUM         80    514 PM  90    1991  82     -2       82
  MINIMUM         72   1139 PM  64    2012  73     -1       72
  AVERAGE         76                        78     -2       77

PRECIPITATION (IN)
  YESTERDAY        0.00          2.21 1948   0.07  -0.07     0.00
  MONTH TO DATE    3.88                      1.78   2.10     1.40
  SINCE MAR 1      4.81                      3.83   0.98     1.70
  SINCE JAN 1      7.86                      7.36   0.50     8.78

SNOWFALL (IN)
  YESTERDAY        0.0
  MONTH TO DATE    0.0
  SINCE MAR 1      0.0
  SINCE JUL 1      0.0
  SNOW DEPTH       0

DEGREE DAYS
 HEATING
  YESTERDAY        0                         0      0        0
  MONTH TO DATE    0                         0      0        0
  SINCE MAR 1      0                         7     -7        0
  SINCE JUL 1      5                        73    -68       24

 COOLING
  YESTERDAY       11                        13     -2       12
  MONTH TO DATE  308                       278     30      292
  SINCE MAR 1    614                       540     74      617
  SINCE JAN 1   1154                       888    266      945
..................................................................


WIND (MPH)
  HIGHEST WIND SPEED    13   HIGHEST WIND DIRECTION    SW (230)
  HIGHEST GUST SPEED    19   HIGHEST GUST DIRECTION    SW (240)
  AVERAGE WIND SPEED     6.6


SKY COVER
  POSSIBLE SUNSHINE  MM
  AVERAGE SKY COVER 0.2


WEATHER CONDITIONS
 THE FOLLOWING WEATHER WAS RECORDED YESTERDAY.
  NO SIGNIFICANT WEATHER WAS OBSERVED.


RELATIVE HUMIDITY (PERCENT)
 HIGHEST    84
 LOWEST     58
 AVERAGE    71

..........................................................


THE KEY WEST CLIMATE NORMALS FOR TODAY
                         NORMAL    RECORD    YEAR
 MAXIMUM TEMPERATURE (F)   83        90      2015
                                             1991
                                             1955
 MINIMUM TEMPERATURE (F)   73        64      1983
                                             1937
                                             1888


SUNRISE AND SUNSET
APRIL 26 2017.........SUNRISE   656 AM EDT   SUNSET   754 PM EDT
APRIL 27 2017.........SUNRISE   655 AM EDT   SUNSET   755 PM EDT


-  INDICATES NEGATIVE NUMBERS.
R  INDICATES RECORD WAS SET OR TIED.
MM INDICATES DATA IS MISSING.
T  INDICATES TRACE AMOUNT.




$$
