000
CDAK49 PAFG 250954
CLIFAI

CLIMATE REPORT
NATIONAL WEATHER SERVICE FAIRBANKS AK
154 AM AKDT MON MAY 25 2015

...................................

...THE FAIRBANKS AK CLIMATE SUMMARY FOR MAY 24 2015...

CLIMATE NORMAL PERIOD 1981 TO 2010
CLIMATE RECORD PERIOD 1904 TO 2015


WEATHER ITEM   OBSERVED TIME   RECORD YEAR NORMAL DEPARTURE LAST
                VALUE   (LST)  VALUE       VALUE  FROM      YEAR
                                                  NORMAL
..................................................................
TEMPERATURE (F)
 YESTERDAY
  MAXIMUM         71    233 PM  89    1960  64      7       66
  MINIMUM         52    435 AM  28    1931  41     11       43
  AVERAGE         62                        53      9       55

PRECIPITATION (IN)
  YESTERDAY        0.00          0.30 1926   0.02  -0.02     0.00
  MONTH TO DATE    0.17                      0.43  -0.26     0.04
  SINCE MAR 1      0.82                      0.99  -0.17     0.45
  SINCE JAN 1      1.45                      1.99  -0.54     1.07

SNOWFALL (IN)
  YESTERDAY        0.0           T    1926   0.1   -0.1      0.0
  MONTH TO DATE    0.0                       0.9   -0.9       T
  SINCE MAR 1     10.2                       8.7    1.5      6.0
  SINCE JUL 1     43.8                      65.0  -21.2     48.9
  SNOW DEPTH       0

DEGREE DAYS
 HEATING
  YESTERDAY        3                        12     -9       10
  MONTH TO DATE  266                       409   -143      362
  SINCE MAR 1   2634                      3043   -409     2863
  SINCE JUL 1  12101                     13433  -1332    12255

 COOLING
  YESTERDAY        0                         0      0        0
  MONTH TO DATE    2                         0      2        0
  SINCE MAR 1      2                         0      2        0
  SINCE JAN 1      2                         0      2        0
..................................................................


WIND (MPH)
  HIGHEST GUST SPEED    23   HIGHEST GUST DIRECTION     W (260)


SKY COVER
  AVERAGE SKY COVER 0.6


WEATHER CONDITIONS
 THE FOLLOWING WEATHER WAS RECORDED YESTERDAY.
  NO SIGNIFICANT WEATHER WAS OBSERVED.


RELATIVE HUMIDITY (PERCENT)
 HIGHEST    66
 LOWEST     31
 AVERAGE    49

..........................................................


THE FAIRBANKS AK CLIMATE NORMALS FOR TODAY
                         NORMAL    RECORD    YEAR
 MAXIMUM TEMPERATURE (F)   65        87      1960
 MINIMUM TEMPERATURE (F)   41        29      1905


SUNRISE AND SUNSET
MAY 25 2015..........SUNRISE  356 AM AKDT   SUNSET  1145 PM AKDT
MAY 26 2015..........SUNRISE  352 AM AKDT   SUNSET  1148 PM AKDT


-  INDICATES NEGATIVE NUMBERS.
R  INDICATES RECORD WAS SET OR TIED.
MM INDICATES DATA IS MISSING.
T  INDICATES TRACE AMOUNT.

&&

SNOW DEPTH IS MEASURED AT 3AM AKST/4AM AKDT

----------------------------
AVAILABLE DAYLIGHT

AMOUNT OF DAYLIGHT TODAY  (HOUR:MIN)........19:49
GAIN SINCE YESTERDAY........................7 MINUTES
----------------------------

$$
MAY 15
