666
CDAK49 PAFG 280045
CLIFAI

CLIMATE REPORT
NATIONAL WEATHER SERVICE FAIRBANKS AK
345 PM AKST MON FEB 27 2017

...................................

...THE FAIRBANKS AK CLIMATE SUMMARY FOR FEBRUARY 27 2017...
VALID TODAY AS OF 0300 PM LOCAL TIME.

CLIMATE NORMAL PERIOD 1981 TO 2010
CLIMATE RECORD PERIOD 1904 TO 2017


WEATHER ITEM   OBSERVED TIME   RECORD YEAR NORMAL DEPARTURE LAST
                VALUE   (LST)  VALUE       VALUE  FROM      YEAR
                                                  NORMAL
..................................................................
TEMPERATURE (F)
 TODAY
  MAXIMUM         27    221 AM  45    1928  17     10       40
  MINIMUM         18    955 AM -51    1932  -8     26        8
  AVERAGE         23                         3     20       24

PRECIPITATION (IN)
  TODAY            0.05          0.20 1997   0.01   0.04     0.00
  MONTH TO DATE    1.23                      0.41   0.82     0.05
  SINCE DEC 1      4.15                      1.63   2.52     0.13
  SINCE JAN 1      2.19                      0.99   1.20     0.06

SNOWFALL (IN)
  TODAY            0.8           8.6  1938   0.2    0.6      0.0
  MONTH TO DATE   22.9                       7.9   15.0      0.6
  SINCE DEC 1     72.8                      30.3   42.5      2.5
  SINCE JUL 1     78.0                      56.1   21.9     52.6
  SNOW DEPTH      32

DEGREE DAYS
 HEATING
  TODAY           42                        62    -20       41
  MONTH TO DATE 1733                      1797    -64     1565
  SINCE DEC 1   6300                      6198    102     5536
  SINCE JUL 1  10070                     10329   -259     9324

 COOLING
  TODAY            0                         0      0        0
  MONTH TO DATE    0                         0      0        0
  SINCE DEC 1      0                         0      0        0
  SINCE JAN 1      0                         0      0        0
..................................................................


WIND (MPH)
  HIGHEST GUST SPEED    25   HIGHEST GUST DIRECTION     W (260)


SKY COVER
  AVERAGE SKY COVER 0.9


WEATHER CONDITIONS
 THE FOLLOWING WEATHER WAS RECORDED TODAY.
  LIGHT SNOW
  FOG


RELATIVE HUMIDITY (PERCENT)
 HIGHEST    96
 LOWEST     74
 AVERAGE    85

..........................................................


THE FAIRBANKS AK CLIMATE NORMALS FOR TOMORROW
                         NORMAL    RECORD    YEAR
 MAXIMUM TEMPERATURE (F)   17        45      1938
 MINIMUM TEMPERATURE (F)   -8       -51      1932


SUNRISE AND SUNSET
FEBRUARY 27 2017..........SUNRISE  806 AM AKST   SUNSET  603 PM AKST
FEBRUARY 28 2017..........SUNRISE  803 AM AKST   SUNSET  607 PM AKST


-  INDICATES NEGATIVE NUMBERS.
R  INDICATES RECORD WAS SET OR TIED.
MM INDICATES DATA IS MISSING.
T  INDICATES TRACE AMOUNT.

&&

SNOW DEPTH IS MEASURED AT 3AM AKST/4AM AKDT

----------------------------
AVAILABLE DAYLIGHT

AMOUNT OF DAYLIGHT TODAY  (HOUR:MIN)........9:57
GAIN SINCE YESTERDAY........................7 MINUTES
----------------------------

$$
FEB 17
