000
CDAK49 PAFG 280042
CLIFAI

CLIMATE REPORT
NATIONAL WEATHER SERVICE FAIRBANKS AK
442 PM AKDT TUE SEP 27 2016

...................................

...THE FAIRBANKS AK CLIMATE SUMMARY FOR SEPTEMBER 27 2016...
VALID TODAY AS OF 0400 PM LOCAL TIME.

CLIMATE NORMAL PERIOD 1981 TO 2010
CLIMATE RECORD PERIOD 1904 TO 2016


WEATHER ITEM   OBSERVED TIME   RECORD YEAR NORMAL DEPARTURE LAST
                VALUE   (LST)  VALUE       VALUE  FROM      YEAR
                                                  NORMAL
..................................................................
TEMPERATURE (F)
 TODAY
  MAXIMUM         44    238 PM  68    1929  48     -4       41
  MINIMUM         28    137 AM   8    1992  30     -2       33
  AVERAGE         36                        39     -3       37

PRECIPITATION (IN)
  TODAY            T             1.15 1960   0.03  -0.03     0.23
  MONTH TO DATE    1.90                      1.01   0.89     2.32
  SINCE SEP 1      1.90                      1.01   0.89     2.32
  SINCE JAN 1     13.61                      8.58   5.03    10.28

SNOWFALL (IN)
  TODAY            T             1.5  2004   0.1   -0.1      0.0
  MONTH TO DATE    T                         1.4   -1.4      6.7
  SINCE SEP 1      T                         1.4   -1.4      6.7
  SINCE JUL 1      T                         1.4   -1.4      6.7
  SNOW DEPTH       0

DEGREE DAYS
 HEATING
  TODAY           29                        26      3       28
  MONTH TO DATE  481                       524    -43      577
  SINCE SEP 1    481                       524    -43      577
  SINCE JUL 1    683                       913   -230     1002

 COOLING
  TODAY            0                         0      0        0
  MONTH TO DATE    0                         0      0        0
  SINCE SEP 1      0                         0      0        0
  SINCE JAN 1     76                        61     15       62
..................................................................


WIND (MPH)
  HIGHEST GUST SPEED    10   HIGHEST GUST DIRECTION    SW (240)


SKY COVER
  AVERAGE SKY COVER 0.9


WEATHER CONDITIONS
 THE FOLLOWING WEATHER WAS RECORDED TODAY.
  LIGHT SNOW


RELATIVE HUMIDITY (PERCENT)
 HIGHEST   100
 LOWEST     70
 AVERAGE    85

..........................................................


THE FAIRBANKS AK CLIMATE NORMALS FOR TOMORROW
                         NORMAL    RECORD    YEAR
 MAXIMUM TEMPERATURE (F)   47        64      1969
 MINIMUM TEMPERATURE (F)   30        12      1956
                                             1946


SUNRISE AND SUNSET
SEPTEMBER 27 2016..........SUNRISE  751 AM AKDT   SUNSET  731 PM AKDT
SEPTEMBER 28 2016..........SUNRISE  754 AM AKDT   SUNSET  728 PM AKDT


-  INDICATES NEGATIVE NUMBERS.
R  INDICATES RECORD WAS SET OR TIED.
MM INDICATES DATA IS MISSING.
T  INDICATES TRACE AMOUNT.

&&

SNOW DEPTH IS MEASURED AT 3AM AKST/4AM AKDT

----------------------------
AVAILABLE DAYLIGHT

AMOUNT OF DAYLIGHT TODAY  (HOUR:MIN)........11:40
LOSS SINCE YESTERDAY........................7 MINUTES
----------------------------

$$
CLE SEP 16
