000
CDAK49 PAFG 240051
CLIFAI

CLIMATE REPORT
NATIONAL WEATHER SERVICE FAIRBANKS AK
451 PM AKDT FRI JUN 23 2017

...................................

...THE FAIRBANKS AK CLIMATE SUMMARY FOR JUNE 23 2017...
VALID TODAY AS OF 0400 PM LOCAL TIME.

CLIMATE NORMAL PERIOD 1981 TO 2010
CLIMATE RECORD PERIOD 1904 TO 2017


WEATHER ITEM   OBSERVED TIME   RECORD YEAR NORMAL DEPARTURE LAST
                VALUE   (LST)  VALUE       VALUE  FROM      YEAR
                                                  NORMAL
..................................................................
TEMPERATURE (F)
 TODAY
  MAXIMUM         70    259 PM  90    1916  74     -4       78
  MINIMUM         56    416 AM  38    1947  52      4       46
  AVERAGE         63                        63      0       62

PRECIPITATION (IN)
  TODAY            0.06          0.61 1946   0.06   0.00     0.00
  MONTH TO DATE    1.73                      0.97   0.76     2.38
  SINCE JUN 1      1.73                      0.97   0.76     2.38
  SINCE JAN 1      4.78                      3.13   1.65     4.27

SNOWFALL (IN)
  TODAY            0.0           0.0  2002   0.0    0.0      0.0
                                      2001
                                      2000
  MONTH TO DATE    0.0                       0.0    0.0      0.0
  SINCE JUN 1      0.0                       0.0    0.0      0.0
  SINCE JUL 1     83.1                      65.0   18.1     60.0
  SNOW DEPTH       0

DEGREE DAYS
 HEATING
  TODAY            2                         4     -2        3
  MONTH TO DATE   89                       138    -49      155
  SINCE JUN 1     89                       138    -49      155
  SINCE JUL 1  13643                     13647     -4    11983

 COOLING
  TODAY            0                         1     -1        0
  MONTH TO DATE   28                        10     18        7
  SINCE JUN 1     28                        10     18        7
  SINCE JAN 1     28                        11     17       13
..................................................................


WIND (MPH)
  HIGHEST GUST SPEED    15   HIGHEST GUST DIRECTION    SW (240)


SKY COVER
  AVERAGE SKY COVER 0.8


WEATHER CONDITIONS
 THE FOLLOWING WEATHER WAS RECORDED TODAY.
  LIGHT RAIN


RELATIVE HUMIDITY (PERCENT)
 HIGHEST    93
 LOWEST     48
 AVERAGE    71

..........................................................


THE FAIRBANKS AK CLIMATE NORMALS FOR TOMORROW
                         NORMAL    RECORD    YEAR
 MAXIMUM TEMPERATURE (F)   74        91      1942
 MINIMUM TEMPERATURE (F)   52        36      1957
                                             1928


SUNRISE AND SUNSET
JUNE 23 2017..........SUNRISE  300 AM AKDT   SUNSET  1247 AM AKDT
JUNE 24 2017..........SUNRISE  301 AM AKDT   SUNSET  1246 AM AKDT


-  INDICATES NEGATIVE NUMBERS.
R  INDICATES RECORD WAS SET OR TIED.
MM INDICATES DATA IS MISSING.
T  INDICATES TRACE AMOUNT.

&&

SNOW DEPTH IS MEASURED AT 3AM AKST/4AM AKDT

----------------------------
AVAILABLE DAYLIGHT

AMOUNT OF DAYLIGHT TODAY  (HOUR:MIN)........21:47
GAIN SINCE YESTERDAY........................0 MINUTES
----------------------------

$$
JUN 17
