000
CDAK49 PAFG 190941
CLIFAI

CLIMATE REPORT
NATIONAL WEATHER SERVICE FAIRBANKS AK
141 AM AKDT SAT AUG 19 2017

...................................

...THE FAIRBANKS AK CLIMATE SUMMARY FOR AUGUST 18 2017...

CLIMATE NORMAL PERIOD 1981 TO 2010
CLIMATE RECORD PERIOD 1904 TO 2017


WEATHER ITEM   OBSERVED TIME   RECORD YEAR NORMAL DEPARTURE LAST
                VALUE   (LST)  VALUE       VALUE  FROM      YEAR
                                                  NORMAL
..................................................................
TEMPERATURE (F)
 YESTERDAY
  MAXIMUM         61    405 PM  82    1905  66     -5       70
  MINIMUM         45    749 AM  28    1947  46     -1       45
  AVERAGE         53                        56     -3       58

PRECIPITATION (IN)
  YESTERDAY        0.19          0.63 2006   0.06   0.13     0.00
  MONTH TO DATE    1.57                      1.16   0.41     0.77
  SINCE JUN 1      5.24                      4.69   0.55     9.03
  SINCE JAN 1      8.29                      6.85   1.44    10.92

SNOWFALL (IN)
  YESTERDAY        0.0           0.0  2002   0.0    0.0      0.0
                                      2001
                                      2000
  MONTH TO DATE    0.0                       0.0    0.0      0.0
  SINCE JUN 1      0.0                       0.0    0.0      0.0
  SINCE JUL 1      0.0                       0.0    0.0      0.0
  SNOW DEPTH       0

DEGREE DAYS
 HEATING
  YESTERDAY       12                         9      3        7
  MONTH TO DATE   75                       131    -56       48
  SINCE JUN 1    193                       399   -206      293
  SINCE JUL 1     99                       239   -140      132

 COOLING
  YESTERDAY        0                         0      0        0
  MONTH TO DATE   14                         0     14        8
  SINCE JUN 1    104                        54     50       70
  SINCE JAN 1    104                        55     49       76
..................................................................


WIND (MPH)
  HIGHEST GUST SPEED    22   HIGHEST GUST DIRECTION    SW (240)


SKY COVER
  AVERAGE SKY COVER 0.8


WEATHER CONDITIONS
 THE FOLLOWING WEATHER WAS RECORDED YESTERDAY.
  RAIN
  LIGHT RAIN
  FOG


RELATIVE HUMIDITY (PERCENT)
 HIGHEST   100
 LOWEST     53
 AVERAGE    77

..........................................................


THE FAIRBANKS AK CLIMATE NORMALS FOR TODAY
                         NORMAL    RECORD    YEAR
 MAXIMUM TEMPERATURE (F)   65        85      1950
 MINIMUM TEMPERATURE (F)   46        31      1914


SUNRISE AND SUNSET
AUGUST 19 2017........SUNRISE   552 AM AKDT  SUNSET   955 PM AKDT
AUGUST 20 2017........SUNRISE   555 AM AKDT  SUNSET   952 PM AKDT


-  INDICATES NEGATIVE NUMBERS.
R  INDICATES RECORD WAS SET OR TIED.
MM INDICATES DATA IS MISSING.
T  INDICATES TRACE AMOUNT.

&&

SNOW DEPTH IS MEASURED AT 3AM AKST/4AM AKDT

----------------------------
AVAILABLE DAYLIGHT

AMOUNT OF DAYLIGHT TODAY  (HOUR:MIN)........16:03
LOSS SINCE YESTERDAY........................7 MINUTES
----------------------------

$$
SDB AUG 17
