000
CDUS43 KFGF 132157
CLIFAR


CLIMATE REPORT
NATIONAL WEATHER SERVICE EASTERN NORTH DAKOTA/GRAND FORKS
454 PM CDT SUN JUL 13 2014


...................................

...THE FARGO HECTOR INTL AP ND CLIMATE SUMMARY FOR JULY 13 2014...
VALID TODAY AS OF 0400 PM LOCAL TIME.

CLIMATE NORMAL PERIOD 1981 TO 2010
CLIMATE RECORD PERIOD 1881 TO 2014


WEATHER ITEM   OBSERVED TIME   RECORD YEAR NORMAL DEPARTURE LAST
                VALUE   (LST)  VALUE       VALUE  FROM      YEAR
                                                  NORMAL
..................................................................
TEMPERATURE (F)
 TODAY
  MAXIMUM         77    253 PM 105    1936  83     -6       89
  MINIMUM         53    421 AM  42    1967  60     -7       68
                                      1950
  AVERAGE         65                        71     -6       79

PRECIPITATION (IN)
  TODAY            0.00          1.52 1919   0.10  -0.10     0.00
  MONTH TO DATE    1.08                      1.36  -0.28     0.26
  SINCE JUN 1      6.77                      5.26   1.51     7.99
  SINCE JAN 1     13.79                     12.07   1.72    20.89

SNOWFALL (IN)
  TODAY            0.0           0.0    MM   0.0    0.0      0.0
  MONTH TO DATE    0.0                       0.0    0.0      0.0
  SINCE JUN 1      0.0                       0.0    0.0      0.0
  SINCE JUL 1      0.0                       0.0    0.0      0.0
  SNOW DEPTH       0

DEGREE DAYS
 HEATING
  TODAY            0                         0      0        0
  MONTH TO DATE   10                        12     -2        0
  SINCE JUN 1     40                        85    -45       62
  SINCE JUL 1     10                        12     -2        0

 COOLING
  TODAY            0                         7     -7       14
  MONTH TO DATE   73                        81     -8      140
  SINCE JUN 1    175                       188    -13      286
  SINCE JAN 1    254                       219     35      315
..................................................................


WIND (MPH)
  HIGHEST WIND SPEED    28   HIGHEST WIND DIRECTION    NW (300)
  HIGHEST GUST SPEED    33   HIGHEST GUST DIRECTION    NW (310)
  AVERAGE WIND SPEED    11.9


SKY COVER
  POSSIBLE SUNSHINE  MM
  AVERAGE SKY COVER 0.1


WEATHER CONDITIONS
 THE FOLLOWING WEATHER WAS RECORDED TODAY.
  NO SIGNIFICANT WEATHER WAS OBSERVED.


RELATIVE HUMIDITY (PERCENT)
 HIGHEST    93           200 AM
 LOWEST     31           300 PM
 AVERAGE    62

..........................................................


THE FARGO HECTOR INTL AP ND CLIMATE NORMALS FOR TOMORROW
                         NORMAL    RECORD    YEAR
 MAXIMUM TEMPERATURE (F)   83        99      1936
 MINIMUM TEMPERATURE (F)   60        42      1967


SUNRISE AND SUNSET
JULY 13 2014..........SUNRISE   546 AM CDT   SUNSET   920 PM CDT
JULY 14 2014..........SUNRISE   547 AM CDT   SUNSET   919 PM CDT


-  INDICATES NEGATIVE NUMBERS.
R  INDICATES RECORD WAS SET OR TIED.
MM INDICATES DATA IS MISSING.
T  INDICATES TRACE AMOUNT.




$$
