000
CDUS43 KFGF 250641
CLIFAR


CLIMATE REPORT
NATIONAL WEATHER SERVICE EASTERN NORTH DAKOTA/GRAND FORKS
1238 AM CST SAT FEB 25 2017


...................................

...THE FARGO HECTOR INTL AP ND CLIMATE SUMMARY FOR FEBRUARY 24 2017...

CLIMATE NORMAL PERIOD 1981 TO 2010
CLIMATE RECORD PERIOD 1881 TO 2017


WEATHER ITEM   OBSERVED TIME   RECORD YEAR NORMAL DEPARTURE LAST
                VALUE   (LST)  VALUE       VALUE  FROM      YEAR
                                                  NORMAL
..................................................................
TEMPERATURE (F)
 YESTERDAY
  MAXIMUM         26   1254 PM  51    1976  27     -1       37
  MINIMUM         16   1159 PM -28    1889  10      6       21
  AVERAGE         21                        18      3       29

PRECIPITATION (IN)
  YESTERDAY        T             0.42 1930   0.03  -0.03      T
  MONTH TO DATE    0.68                      0.49   0.19     0.30
  SINCE DEC 1      2.93                      2.02   0.91     1.63
  SINCE JAN 1      1.66                      1.19   0.47     0.99

SNOWFALL (IN)
  YESTERDAY        T             5.1  1982   0.3   -0.3       T
  MONTH TO DATE    1.4                       5.8   -4.4      5.3
  SINCE DEC 1     22.8                      28.2   -5.4     21.4
  SINCE JUL 1     26.5                      36.8  -10.3     24.3
  SNOW DEPTH       0

DEGREE DAYS
 HEATING
  YESTERDAY       44                        47     -3       36
  MONTH TO DATE  965                      1228   -263     1027
  SINCE DEC 1   4023                      4534   -511     3914
  SINCE JUL 1   5328                      6496  -1168     5355

 COOLING
  YESTERDAY        0                         0      0        0
  MONTH TO DATE    0                         0      0        0
  SINCE DEC 1      0                         0      0        0
  SINCE JAN 1      0                         0      0        0
..................................................................


WIND (MPH)
  HIGHEST WIND SPEED    26   HIGHEST WIND DIRECTION     N (340)
  HIGHEST GUST SPEED    32   HIGHEST GUST DIRECTION     N (340)
  AVERAGE WIND SPEED    17.3


SKY COVER
  POSSIBLE SUNSHINE  MM
  AVERAGE SKY COVER 0.2


WEATHER CONDITIONS
 THE FOLLOWING WEATHER WAS RECORDED YESTERDAY.
  LIGHT SNOW


RELATIVE HUMIDITY (PERCENT)
 HIGHEST    74           400 PM
 LOWEST     62          1200 PM
 AVERAGE    68

..........................................................


THE FARGO HECTOR INTL AP ND CLIMATE NORMALS FOR TODAY
                         NORMAL    RECORD    YEAR
 MAXIMUM TEMPERATURE (F)   27        66      1958
 MINIMUM TEMPERATURE (F)   10       -30      1950


SUNRISE AND SUNSET
FEBRUARY 25 2017......SUNRISE   714 AM CST   SUNSET   607 PM CST
FEBRUARY 26 2017......SUNRISE   712 AM CST   SUNSET   609 PM CST


-  INDICATES NEGATIVE NUMBERS.
R  INDICATES RECORD WAS SET OR TIED.
MM INDICATES DATA IS MISSING.
T  INDICATES TRACE AMOUNT.




$$
