000
CDUS43 KFGF 010633
CLIFAR


CLIMATE REPORT
NATIONAL WEATHER SERVICE EASTERN NORTH DAKOTA/GRAND FORKS
1231 AM CST SUN FEB 1 2015


...................................

...THE FARGO HECTOR INTL AP ND CLIMATE SUMMARY FOR JANUARY 31 2015...

CLIMATE NORMAL PERIOD 1981 TO 2010
CLIMATE RECORD PERIOD 1881 TO 2015


WEATHER ITEM   OBSERVED TIME   RECORD YEAR NORMAL DEPARTURE LAST
                VALUE   (LST)  VALUE       VALUE  FROM      YEAR
                                                  NORMAL
..................................................................
TEMPERATURE (F)
 YESTERDAY
  MAXIMUM         25   1225 AM  44    2009  20      5       10
  MINIMUM         -2   1048 PM -34    1887   1     -3      -11
  AVERAGE         12                        10      2        0

PRECIPITATION (IN)
  YESTERDAY        0.00          0.12 2006   0.02  -0.02      T
                                      1926
                                      1893
  MONTH TO DATE    0.40                      0.70  -0.30     0.77
  SINCE DEC 1      0.65                      1.53  -0.88     1.98
  SINCE JAN 1      0.40                      0.70  -0.30     0.77

SNOWFALL (IN)
  YESTERDAY        0.0           1.9  1986   0.3   -0.3       T
  MONTH TO DATE    3.0                      11.2   -8.2      9.7
  SINCE DEC 1      3.9                      22.4  -18.5     25.8
  SINCE JUL 1      7.5                      31.0  -23.5     26.1
  SNOW DEPTH       0

DEGREE DAYS
 HEATING
  YESTERDAY       53                        55     -2       65
  MONTH TO DATE 1510                      1727   -217     1869
  SINCE DEC 1   2862                      3306   -444     3751
  SINCE JUL 1   4819                      5268   -449     5592

 COOLING
  YESTERDAY        0                         0      0        0
  MONTH TO DATE    0                         0      0        0
  SINCE DEC 1      0                         0      0        0
  SINCE JAN 1      0                         0      0        0
..................................................................


WIND (MPH)
  HIGHEST WIND SPEED    26   HIGHEST WIND DIRECTION     N (360)
  HIGHEST GUST SPEED    33   HIGHEST GUST DIRECTION     N (350)
  AVERAGE WIND SPEED    19.6


SKY COVER
  POSSIBLE SUNSHINE  MM
  AVERAGE SKY COVER 0.7


WEATHER CONDITIONS
 THE FOLLOWING WEATHER WAS RECORDED YESTERDAY.
  NO SIGNIFICANT WEATHER WAS OBSERVED.


RELATIVE HUMIDITY (PERCENT)
 HIGHEST    80           400 AM
 LOWEST     48           200 PM
 AVERAGE    64

..........................................................


THE FARGO HECTOR INTL AP ND CLIMATE NORMALS FOR TODAY
                         NORMAL    RECORD    YEAR
 MAXIMUM TEMPERATURE (F)   20        45      1931
 MINIMUM TEMPERATURE (F)    1       -39      1996
                                             1893


SUNRISE AND SUNSET
FEBRUARY  1 2015......SUNRISE   752 AM CST   SUNSET   530 PM CST
FEBRUARY  2 2015......SUNRISE   751 AM CST   SUNSET   532 PM CST


-  INDICATES NEGATIVE NUMBERS.
R  INDICATES RECORD WAS SET OR TIED.
MM INDICATES DATA IS MISSING.
T  INDICATES TRACE AMOUNT.




$$
