000
CDUS43 KFGF 302148
CLIFAR


CLIMATE REPORT
NATIONAL WEATHER SERVICE EASTERN NORTH DAKOTA/GRAND FORKS
448 PM CDT THU MAR 30 2017


...................................

...THE FARGO HECTOR INTL AP ND CLIMATE SUMMARY FOR MARCH 30 2017...
VALID TODAY AS OF 0400 PM LOCAL TIME.

CLIMATE NORMAL PERIOD 1981 TO 2010
CLIMATE RECORD PERIOD 1881 TO 2017


WEATHER ITEM   OBSERVED TIME   RECORD YEAR NORMAL DEPARTURE LAST
                VALUE   (LST)  VALUE       VALUE  FROM      YEAR
                                                  NORMAL
..................................................................
TEMPERATURE (F)
 TODAY
  MAXIMUM         56    259 PM  78    1967  45     11       57
  MINIMUM         32    658 AM -14    1969  26      6       34
  AVERAGE         44                        35      9       46

PRECIPITATION (IN)
  TODAY            0.00          0.54 1916   0.04  -0.04     0.43
  MONTH TO DATE    0.33                      1.25  -0.92     0.96
  SINCE MAR 1      0.33                      1.25  -0.92     0.96
  SINCE JAN 1      2.10                      2.56  -0.46     1.95

SNOWFALL (IN)
  TODAY            0.0           5.8  2009   0.1   -0.1      0.0
  MONTH TO DATE    1.6                       8.9   -7.3      2.5
  SINCE MAR 1      1.6                       8.9   -7.3      2.5
  SINCE JUL 1     30.9                      46.9  -16.0     26.8
  SNOW DEPTH       0

DEGREE DAYS
 HEATING
  TODAY           21                        30     -9       19
  MONTH TO DATE 1073                      1123    -50      799
  SINCE MAR 1   1073                      1123    -50      799
  SINCE JUL 1   6571                      7801  -1230     6322

 COOLING
  TODAY            0                         0      0        0
  MONTH TO DATE    0                         0      0        0
  SINCE MAR 1      0                         0      0        0
  SINCE JAN 1      0                         0      0        0
..................................................................


WIND (MPH)
  HIGHEST WIND SPEED    16   HIGHEST WIND DIRECTION     S (190)
  HIGHEST GUST SPEED    20   HIGHEST GUST DIRECTION     S (190)
  AVERAGE WIND SPEED     6.8


SKY COVER
  POSSIBLE SUNSHINE  MM
  AVERAGE SKY COVER 0.2


WEATHER CONDITIONS
 THE FOLLOWING WEATHER WAS RECORDED TODAY.
  FOG


RELATIVE HUMIDITY (PERCENT)
 HIGHEST   100           500 AM
 LOWEST     47           300 PM
 AVERAGE    74

..........................................................


THE FARGO HECTOR INTL AP ND CLIMATE NORMALS FOR TOMORROW
                         NORMAL    RECORD    YEAR
 MAXIMUM TEMPERATURE (F)   46        77      1963
 MINIMUM TEMPERATURE (F)   26         0      1881


SUNRISE AND SUNSET
MARCH 30 2017.........SUNRISE   710 AM CDT   SUNSET   754 PM CDT
MARCH 31 2017.........SUNRISE   708 AM CDT   SUNSET   756 PM CDT


-  INDICATES NEGATIVE NUMBERS.
R  INDICATES RECORD WAS SET OR TIED.
MM INDICATES DATA IS MISSING.
T  INDICATES TRACE AMOUNT.




$$
