000
CDUS43 KFGF 200633
CLIFAR


CLIMATE REPORT
NATIONAL WEATHER SERVICE EASTERN NORTH DAKOTA/GRAND FORKS
131 AM CDT MON OCT 20 2014


...................................

...THE FARGO HECTOR INTL AP ND CLIMATE SUMMARY FOR OCTOBER 19 2014...

CLIMATE NORMAL PERIOD 1981 TO 2010
CLIMATE RECORD PERIOD 1881 TO 2014


WEATHER ITEM   OBSERVED TIME   RECORD YEAR NORMAL DEPARTURE LAST
                VALUE   (LST)  VALUE       VALUE  FROM      YEAR
                                                  NORMAL
..................................................................
TEMPERATURE (F)
 YESTERDAY
  MAXIMUM         71    142 PM  84    2003  55     16       47
  MINIMUM         40    731 AM  12    1917  34      6       32
  AVERAGE         56                        44     12       40

PRECIPITATION (IN)
  YESTERDAY        0.00          1.26 1934   0.07  -0.07     0.02
  MONTH TO DATE    0.21                      1.47  -1.26     3.84
  SINCE SEP 1      2.66                      4.04  -1.38     8.23
  SINCE JAN 1     19.12                     20.10  -0.98    30.15

SNOWFALL (IN)
  YESTERDAY        0.0           0.4  1913   0.0    0.0       T
  MONTH TO DATE    T                         0.2   -0.2       T
  SINCE SEP 1      T                         0.2   -0.2       T
  SINCE JUL 1      T                         0.2   -0.2       T
  SNOW DEPTH       0

DEGREE DAYS
 HEATING
  YESTERDAY        9                        21    -12       25
  MONTH TO DATE  293                       319    -26      280
  SINCE SEP 1    453                       539    -86      371
  SINCE JUL 1    485                       589   -104      405

 COOLING
  YESTERDAY        0                         0      0        0
  MONTH TO DATE    0                         0      0        0
  SINCE SEP 1     43                        43      0       81
  SINCE JAN 1    544                       548     -4      699
..................................................................


WIND (MPH)
  HIGHEST WIND SPEED    23   HIGHEST WIND DIRECTION     N (350)
  HIGHEST GUST SPEED    29   HIGHEST GUST DIRECTION    NW (320)
  AVERAGE WIND SPEED    10.4


SKY COVER
  POSSIBLE SUNSHINE  MM
  AVERAGE SKY COVER 0.0


WEATHER CONDITIONS
 THE FOLLOWING WEATHER WAS RECORDED YESTERDAY.
  NO SIGNIFICANT WEATHER WAS OBSERVED.


RELATIVE HUMIDITY (PERCENT)
 HIGHEST    92           700 AM
 LOWEST     33           200 PM
 AVERAGE    63

..........................................................


THE FARGO HECTOR INTL AP ND CLIMATE NORMALS FOR TODAY
                         NORMAL    RECORD    YEAR
 MAXIMUM TEMPERATURE (F)   54        82      1953
 MINIMUM TEMPERATURE (F)   34        13      1913


SUNRISE AND SUNSET
OCTOBER 20 2014.......SUNRISE   752 AM CDT   SUNSET   631 PM CDT
OCTOBER 21 2014.......SUNRISE   754 AM CDT   SUNSET   629 PM CDT


-  INDICATES NEGATIVE NUMBERS.
R  INDICATES RECORD WAS SET OR TIED.
MM INDICATES DATA IS MISSING.
T  INDICATES TRACE AMOUNT.




$$
