000
CDUS43 KFGF 200634
CLIFAR


CLIMATE REPORT
NATIONAL WEATHER SERVICE EASTERN NORTH DAKOTA/GRAND FORKS
1233 AM CST SAT JAN 20 2018


...................................

...THE FARGO HECTOR INTL AP ND CLIMATE SUMMARY FOR JANUARY 19 2018...

CLIMATE NORMAL PERIOD 1981 TO 2010
CLIMATE RECORD PERIOD 1881 TO 2018


WEATHER ITEM   OBSERVED TIME   RECORD YEAR NORMAL DEPARTURE LAST
                VALUE   (LST)  VALUE       VALUE  FROM      YEAR
                                                  NORMAL
..................................................................
TEMPERATURE (F)
 YESTERDAY
  MAXIMUM         41    224 PM  52    1900  18     23       39
  MINIMUM         26    903 AM -37    1892  -1     27       25
  AVERAGE         34                         9     25       32

PRECIPITATION (IN)
  YESTERDAY        0.00          0.15 1977   0.02  -0.02     0.00
  MONTH TO DATE    0.21                      0.46  -0.25     0.92
  SINCE DEC 1      0.98                      1.29  -0.31     2.19
  SINCE JAN 1      0.21                      0.46  -0.25     0.92

SNOWFALL (IN)
  YESTERDAY        0.0           2.3  1979   0.4   -0.4      0.0
                                      1977
  MONTH TO DATE    3.6                       7.4   -3.8     12.9
  SINCE DEC 1     11.6                      18.6   -7.0     21.2
  SINCE JUL 1     15.3                      27.2  -11.9     24.9
  SNOW DEPTH       4

DEGREE DAYS
 HEATING
  YESTERDAY       31                        56    -25       33
  MONTH TO DATE 1102                      1060     42     1127
  SINCE DEC 1   2683                      2638     45     2637
  SINCE JUL 1   4481                      4600   -119     3942

 COOLING
  YESTERDAY        0                         0      0        0
  MONTH TO DATE    0                         0      0        0
  SINCE DEC 1      0                         0      0        0
  SINCE JAN 1      0                         0      0        0
..................................................................


WIND (MPH)
  HIGHEST WIND SPEED    16   HIGHEST WIND DIRECTION     S (170)
  HIGHEST GUST SPEED    22   HIGHEST GUST DIRECTION     S (170)
  AVERAGE WIND SPEED     8.5


SKY COVER
  POSSIBLE SUNSHINE  MM
  AVERAGE SKY COVER 0.0


WEATHER CONDITIONS
 THE FOLLOWING WEATHER WAS RECORDED YESTERDAY.
  NO SIGNIFICANT WEATHER WAS OBSERVED.


RELATIVE HUMIDITY (PERCENT)
 HIGHEST    92           900 AM
 LOWEST     70           100 PM
 AVERAGE    81

..........................................................


THE FARGO HECTOR INTL AP ND CLIMATE NORMALS FOR TODAY
                         NORMAL    RECORD    YEAR
 MAXIMUM TEMPERATURE (F)   18        54      1908
 MINIMUM TEMPERATURE (F)   -1       -42      1883


SUNRISE AND SUNSET
JANUARY 20 2018.......SUNRISE   804 AM CST   SUNSET   513 PM CST
JANUARY 21 2018.......SUNRISE   804 AM CST   SUNSET   514 PM CST


-  INDICATES NEGATIVE NUMBERS.
R  INDICATES RECORD WAS SET OR TIED.
MM INDICATES DATA IS MISSING.
T  INDICATES TRACE AMOUNT.




$$
