000
CDUS46 KHNX 270023
CLIFAT


CLIMATE REPORT
NATIONAL WEATHER SERVICE SAN JOAQUIN VALLEY, CA
523 PM PDT WED APR 26 2017


...................................

...THE FRESNO CA CLIMATE SUMMARY FOR APRIL 26 2017...
VALID AS OF 0400 PM LOCAL TIME.

CLIMATE NORMAL PERIOD 1981 TO 2010
CLIMATE RECORD PERIOD 1887 TO 2017


WEATHER ITEM   OBSERVED TIME   RECORD YEAR NORMAL DEPARTURE LAST
                VALUE   (LST)  VALUE       VALUE  FROM      YEAR
                                                  NORMAL
..................................................................
TEMPERATURE (F)
 TODAY
  MAXIMUM         75    343 PM  98    1926  78     -3       73
  MINIMUM         53    534 AM  37    1975  52      1       46
  AVERAGE         64                        65     -1       60

PRECIPITATION (IN)
  TODAY            0.00          0.80 1931   0.03  -0.03     0.00
  MONTH TO DATE    3.42                      0.85   2.57     1.04
  SINCE OCT 1     17.08                     10.57   6.51    13.92
  SINCE JAN 1     12.52                      7.10   5.42     8.72

SNOWFALL (IN)
  TODAY            0.0
  MONTH TO DATE    0.0
  SINCE MAR 1      0.0
  SINCE JUL 1      0.0
  SNOW DEPTH       0

DEGREE DAYS
 HEATING
  TODAY            1                         3     -2        5
  MONTH TO DATE   93                       128    -35       40
  SINCE MAR 1    295                       393    -98      229
  SINCE JUL 1   1909                      2305   -396     1930

 COOLING
  TODAY            0                         2     -2        0
  MONTH TO DATE    8                        35    -27       60
  SINCE MAR 1     25                        40    -15       61
  SINCE JAN 1     25                        40    -15       61
..................................................................


WIND (MPH)
  HIGHEST WIND SPEED    16   HIGHEST WIND DIRECTION    NW (300)
  HIGHEST GUST SPEED    23   HIGHEST GUST DIRECTION    NW (300)
  AVERAGE WIND SPEED     6.3




RELATIVE HUMIDITY (PERCENT)
 HIGHEST    93
 LOWEST     46
 AVERAGE    70

..........................................................


THE FRESNO CA CLIMATE NORMALS FOR TOMORROW
                         NORMAL    RECORD    YEAR
 MAXIMUM TEMPERATURE (F)   78        98      2004
                                             1987
 MINIMUM TEMPERATURE (F)   52        36      1955


SUNRISE AND SUNSET
APRIL 26 2017.........SUNRISE   610 AM PDT   SUNSET   743 PM PDT
APRIL 27 2017.........SUNRISE   609 AM PDT   SUNSET   744 PM PDT


-  INDICATES NEGATIVE NUMBERS.
R  INDICATES RECORD WAS SET OR TIED.
MM INDICATES DATA IS MISSING.
T  INDICATES TRACE AMOUNT.




$$
