000
CDUS46 KHNX 180823
CLIFAT


CLIMATE REPORT
NATIONAL WEATHER SERVICE SAN JOAQUIN VALLEY, CA
1222 AM PST MON DEC 18 2017


...................................

...THE FRESNO CA CLIMATE SUMMARY FOR DECEMBER 17 2017...

CLIMATE NORMAL PERIOD 1981 TO 2010
CLIMATE RECORD PERIOD 1887 TO 2017


WEATHER ITEM   OBSERVED TIME   RECORD YEAR NORMAL DEPARTURE
                VALUE   (LST)  VALUE       VALUE  FROM
                                                  NORMAL
...............................................................
TEMPERATURE (F)
 YESTERDAY
  MAXIMUM         60    352 PM  70    1958  54      6
  MINIMUM         36    759 AM  25    1967  38     -2
  AVERAGE         48                        46      2

PRECIPITATION (IN)
  YESTERDAY        0.00          1.12 2010   0.06  -0.06
  MONTH TO DATE    T                         0.83  -0.83
  SINCE OCT 1      0.37                      2.53  -2.16
  SINCE JAN 1     13.17                     10.56   2.61

SNOWFALL (IN)
  YESTERDAY        0.0
  MONTH TO DATE    0.0
  SINCE DEC 1      0.0
  SINCE JUL 1      0.0
  SNOW DEPTH       0

DEGREE DAYS
 HEATING
  YESTERDAY       17                               -2
  MONTH TO DATE  282                              -20
  SINCE DEC 1    282                              -20
  SINCE JUL 1    540                             -150

 COOLING
  YESTERDAY        0                                0
  MONTH TO DATE    0                                0
  SINCE DEC 1      0                                0
  SINCE JAN 1   2490                              366
...............................................................


WIND (MPH)
  HIGHEST WIND SPEED    10   HIGHEST WIND DIRECTION    NW (300)
  HIGHEST GUST SPEED    12   HIGHEST GUST DIRECTION    NW (300)
  AVERAGE WIND SPEED     2.0




RELATIVE HUMIDITY (PERCENT)
 HIGHEST    92
 LOWEST     23
 AVERAGE    58

..........................................................


THE FRESNO CA CLIMATE NORMALS FOR TODAY
                         NORMAL    RECORD    YEAR
 MAXIMUM TEMPERATURE (F)   54        71      1979
 MINIMUM TEMPERATURE (F)   38        26      1965


SUNRISE AND SUNSET
DECEMBER 18 2017......SUNRISE   706 AM PST   SUNSET   445 PM PST
DECEMBER 19 2017......SUNRISE   707 AM PST   SUNSET   446 PM PST


-  INDICATES NEGATIVE NUMBERS.
R  INDICATES RECORD WAS SET OR TIED.
MM INDICATES DATA IS MISSING.
T  INDICATES TRACE AMOUNT.




$$
