000
CDUS46 KHNX 290836
CLIFAT


CLIMATE REPORT
NATIONAL WEATHER SERVICE SAN JOAQUIN VALLEY, CA
1236 AM PST THU JAN 29 2015


...................................

...THE FRESNO CA CLIMATE SUMMARY FOR JANUARY 28 2015...

CLIMATE NORMAL PERIOD 1981 TO 2010
CLIMATE RECORD PERIOD 1887 TO 2015


WEATHER ITEM   OBSERVED TIME   RECORD YEAR NORMAL DEPARTURE
                VALUE   (LST)  VALUE       VALUE  FROM
                                                  NORMAL
...............................................................
TEMPERATURE (F)
 YESTERDAY
  MAXIMUM         59    421 PM  78    1986  57      2
  MINIMUM         44    817 AM  23    1975  39      5
  AVERAGE         52                        48      4

PRECIPITATION (IN)
  YESTERDAY        0.00          0.75 1950   0.07  -0.07
  MONTH TO DATE    0.21                      1.97  -1.76
  SINCE OCT 1      3.40                      5.44  -2.04
  SINCE JAN 1      0.21                      1.97  -1.76

SNOWFALL (IN)
  YESTERDAY        0.0
  MONTH TO DATE    0.0
  SINCE DEC 1      0.0
  SINCE JUL 1      0.0
  SNOW DEPTH       0

DEGREE DAYS
 HEATING
  YESTERDAY       13                               -4
  MONTH TO DATE  455                              -66
  SINCE DEC 1    856                             -240
  SINCE JUL 1   1077                             -407

 COOLING
  YESTERDAY        0                                0
  MONTH TO DATE    0                                0
  SINCE DEC 1      0                                0
  SINCE JAN 1      0                                0
...............................................................


WIND (MPH)
  HIGHEST WIND SPEED     6   HIGHEST WIND DIRECTION     W (250)
  HIGHEST GUST SPEED     9   HIGHEST GUST DIRECTION    SW (240)
  AVERAGE WIND SPEED     1.4




RELATIVE HUMIDITY (PERCENT)
 HIGHEST   100
 LOWEST     72
 AVERAGE    86

..........................................................


THE FRESNO CA CLIMATE NORMALS FOR TODAY
                         NORMAL    RECORD    YEAR
 MAXIMUM TEMPERATURE (F)   57        73      1960
 MINIMUM TEMPERATURE (F)   39        24      1902


SUNRISE AND SUNSET
JANUARY 29 2015.......SUNRISE   703 AM PST   SUNSET   521 PM PST
JANUARY 30 2015.......SUNRISE   703 AM PST   SUNSET   522 PM PST


-  INDICATES NEGATIVE NUMBERS.
R  INDICATES RECORD WAS SET OR TIED.
MM INDICATES DATA IS MISSING.
T  INDICATES TRACE AMOUNT.




$$
