000
CDUS46 KHNX 060823
CLIFAT


CLIMATE REPORT
NATIONAL WEATHER SERVICE SAN JOAQUIN VALLEY, CA
1223 AM PST TUE DEC 6 2016


...................................

...THE FRESNO CA CLIMATE SUMMARY FOR DECEMBER 5 2016...

CLIMATE NORMAL PERIOD 1981 TO 2010
CLIMATE RECORD PERIOD 1887 TO 2016


WEATHER ITEM   OBSERVED TIME   RECORD YEAR NORMAL DEPARTURE
                VALUE   (LST)  VALUE       VALUE  FROM
                                                  NORMAL
...............................................................
TEMPERATURE (F)
 YESTERDAY
  MAXIMUM         54    220 PM  72    1958  57     -3
  MINIMUM         37    652 AM  28    1903  39     -2
  AVERAGE         46                        48     -2

PRECIPITATION (IN)
  YESTERDAY        0.00          1.12 1894   0.05  -0.05
  MONTH TO DATE    0.00                      0.21  -0.21
  SINCE OCT 1      2.05                      1.91   0.14
  SINCE JAN 1     11.14                      9.94   1.20

SNOWFALL (IN)
  YESTERDAY        0.0
  MONTH TO DATE    0.0
  SINCE DEC 1      0.0
  SINCE JUL 1      0.0
  SNOW DEPTH       0

DEGREE DAYS
 HEATING
  YESTERDAY       19                                2
  MONTH TO DATE   94                               11
  SINCE DEC 1     94                               11
  SINCE JUL 1    345                             -126

 COOLING
  YESTERDAY        0                                0
  MONTH TO DATE    0                                0
  SINCE DEC 1      0                                0
  SINCE JAN 1   2342                              218
...............................................................


WIND (MPH)
  HIGHEST WIND SPEED     9   HIGHEST WIND DIRECTION    SW (240)
  HIGHEST GUST SPEED    13   HIGHEST GUST DIRECTION     W (270)
  AVERAGE WIND SPEED     2.4




RELATIVE HUMIDITY (PERCENT)
 HIGHEST    92
 LOWEST     68
 AVERAGE    80

..........................................................


THE FRESNO CA CLIMATE NORMALS FOR TODAY
                         NORMAL    RECORD    YEAR
 MAXIMUM TEMPERATURE (F)   57        70      2014
 MINIMUM TEMPERATURE (F)   39        28      1891


SUNRISE AND SUNSET
DECEMBER  6 2016......SUNRISE   658 AM PST   SUNSET   442 PM PST
DECEMBER  7 2016......SUNRISE   659 AM PST   SUNSET   442 PM PST


-  INDICATES NEGATIVE NUMBERS.
R  INDICATES RECORD WAS SET OR TIED.
MM INDICATES DATA IS MISSING.
T  INDICATES TRACE AMOUNT.




$$
