000
CDUS46 KHNX 240821
CLIFAT


CLIMATE REPORT
NATIONAL WEATHER SERVICE SAN JOAQUIN VALLEY, CA
121 AM PDT SUN MAY 24 2015


...................................

...THE FRESNO CA CLIMATE SUMMARY FOR MAY 23 2015...

CLIMATE NORMAL PERIOD 1981 TO 2010
CLIMATE RECORD PERIOD 1887 TO 2015


WEATHER ITEM   OBSERVED TIME   RECORD YEAR NORMAL DEPARTURE
                VALUE   (LST)  VALUE       VALUE  FROM
                                                  NORMAL
...............................................................
TEMPERATURE (F)
 YESTERDAY
  MAXIMUM         80    400 PM 103    1967  86     -6
  MINIMUM         57    417 AM  44    1960  58     -1
                                      1909
  AVERAGE         69                        72     -3

PRECIPITATION (IN)
  YESTERDAY        0.00          0.23 1990   0.01  -0.01
  MONTH TO DATE    0.57                      0.34   0.23
  SINCE OCT 1      6.41                     11.01  -4.60
  SINCE JAN 1      3.22                      7.54  -4.32

SNOWFALL (IN)
  YESTERDAY        0.0
  MONTH TO DATE    0.0
  SINCE MAR 1      0.0
  SINCE JUL 1      0.0
  SNOW DEPTH       0

DEGREE DAYS
 HEATING
  YESTERDAY        0                               -1
  MONTH TO DATE   25                               -4
  SINCE MAR 1    193                             -237
  SINCE JUL 1   1519                             -823

 COOLING
  YESTERDAY        4                               -3
  MONTH TO DATE   63                              -60
  SINCE MAR 1    191                               17
  SINCE JAN 1    191                               17
...............................................................


WIND (MPH)
  HIGHEST WIND SPEED    18   HIGHEST WIND DIRECTION    NW (310)
  HIGHEST GUST SPEED    23   HIGHEST GUST DIRECTION    NW (310)
  AVERAGE WIND SPEED     8.3




RELATIVE HUMIDITY (PERCENT)
 HIGHEST    77
 LOWEST     35
 AVERAGE    56

..........................................................


THE FRESNO CA CLIMATE NORMALS FOR TODAY
                         NORMAL    RECORD    YEAR
 MAXIMUM TEMPERATURE (F)   86       103      1943
                                             1890
 MINIMUM TEMPERATURE (F)   58        41      1953


SUNRISE AND SUNSET
MAY 24 2015...........SUNRISE   545 AM PDT   SUNSET   807 PM PDT
MAY 25 2015...........SUNRISE   545 AM PDT   SUNSET   807 PM PDT


-  INDICATES NEGATIVE NUMBERS.
R  INDICATES RECORD WAS SET OR TIED.
MM INDICATES DATA IS MISSING.
T  INDICATES TRACE AMOUNT.




$$
