000
CDUS46 KHNX 220829
CLIFAT


CLIMATE REPORT
NATIONAL WEATHER SERVICE SAN JOAQUIN VALLEY, CA
129 AM PDT THU JUN 22 2017


...................................

...THE FRESNO CA CLIMATE SUMMARY FOR JUNE 21 2017...

CLIMATE NORMAL PERIOD 1981 TO 2010
CLIMATE RECORD PERIOD 1887 TO 2017


WEATHER ITEM   OBSERVED TIME   RECORD YEAR NORMAL DEPARTURE
                VALUE   (LST)  VALUE       VALUE  FROM
                                                  NORMAL
...............................................................
TEMPERATURE (F)
 YESTERDAY
  MAXIMUM        107        MM 110    2008  94     13
  MINIMUM         75        MM  51    1912  64     11
  AVERAGE         91                        79     12

PRECIPITATION (IN)
  YESTERDAY        0.00          0.00 2016   0.00   0.00
                                      2015
                                      2014
  MONTH TO DATE    0.00                      0.19  -0.19
  SINCE OCT 1     17.20                     11.29   5.91
  SINCE JAN 1     12.64                      7.82   4.82

SNOWFALL (IN)
  YESTERDAY        0.0
  MONTH TO DATE    0.0
  SINCE JUN 1      0.0
  SINCE JUL 1      0.0
  SNOW DEPTH       0

DEGREE DAYS
 HEATING
  YESTERDAY        0                                0
  MONTH TO DATE    4                                4
  SINCE JUN 1      4                                4
  SINCE JUL 1   1940                             -403

 COOLING
  YESTERDAY       26                               12
  MONTH TO DATE  293                               58
  SINCE JUN 1    293                               58
  SINCE JAN 1    544                               68
...............................................................


WIND (MPH)
  HIGHEST WIND SPEED    12   HIGHEST WIND DIRECTION    NW (300)
  HIGHEST GUST SPEED    MM   HIGHEST GUST DIRECTION    MM
  AVERAGE WIND SPEED     6.8




RELATIVE HUMIDITY (PERCENT)
 HIGHEST    64
 LOWEST     14
 AVERAGE    39

..........................................................


THE FRESNO CA CLIMATE NORMALS FOR TODAY
                         NORMAL    RECORD    YEAR
 MAXIMUM TEMPERATURE (F)   94       108      1981
                                             1954
 MINIMUM TEMPERATURE (F)   64        49      1923


SUNRISE AND SUNSET
JUNE 22 2017..........SUNRISE   541 AM PDT   SUNSET   821 PM PDT
JUNE 23 2017..........SUNRISE   541 AM PDT   SUNSET   822 PM PDT


-  INDICATES NEGATIVE NUMBERS.
R  INDICATES RECORD WAS SET OR TIED.
MM INDICATES DATA IS MISSING.
T  INDICATES TRACE AMOUNT.




$$
