000
CDUS46 KHNX 270021
CLIFAT


CLIMATE REPORT
NATIONAL WEATHER SERVICE SAN JOAQUIN VALLEY, CA
520 PM PDT THU MAR 26 2015


...................................

...THE FRESNO CA CLIMATE SUMMARY FOR MARCH 26 2015...
VALID AS OF 0500 PM LOCAL TIME.

CLIMATE NORMAL PERIOD 1981 TO 2010
CLIMATE RECORD PERIOD 1887 TO 2015


WEATHER ITEM   OBSERVED TIME   RECORD YEAR NORMAL DEPARTURE LAST
                VALUE   (LST)  VALUE       VALUE  FROM      YEAR
                                                  NORMAL
..................................................................
TEMPERATURE (F)
 TODAY
  MAXIMUM         87R   359 PM  87    1988  69     18       62
  MINIMUM         53    545 AM  34    1942  46      7       52
                                      1936
                                      1898
  AVERAGE         70                        58     12       57

PRECIPITATION (IN)
  TODAY            0.00          1.35 1924   0.06  -0.06     0.17
  MONTH TO DATE    0.06                      1.77  -1.71     0.19
  SINCE OCT 1      4.59                      9.46  -4.87     3.59
  SINCE JAN 1      1.40                      5.99  -4.59     2.87

SNOWFALL (IN)
  TODAY            0.0
  MONTH TO DATE    0.0
  SINCE MAR 1      0.0
  SINCE JUL 1      0.0
  SNOW DEPTH       0

DEGREE DAYS
 HEATING
  TODAY            0                         7     -7        8
  MONTH TO DATE   83                       230   -147       62
  SINCE MAR 1     83                       230   -147       62
  SINCE JUL 1   1409                      2142   -733     1407

 COOLING
  TODAY            5                         0      5        0
  MONTH TO DATE   31                         0     31       12
  SINCE MAR 1     31                         0     31       12
  SINCE JAN 1     31                         0     31       12
..................................................................


WIND (MPH)
  HIGHEST WIND SPEED     8   HIGHEST WIND DIRECTION    SE (150)
  HIGHEST GUST SPEED    12   HIGHEST GUST DIRECTION     W (260)
  AVERAGE WIND SPEED     2.7




RELATIVE HUMIDITY (PERCENT)
 HIGHEST    83
 LOWEST     16
 AVERAGE    50

..........................................................


THE FRESNO CA CLIMATE NORMALS FOR TOMORROW
                         NORMAL    RECORD    YEAR
 MAXIMUM TEMPERATURE (F)   69        87      1986
 MINIMUM TEMPERATURE (F)   47        31      1972


SUNRISE AND SUNSET
MARCH 26 2015.........SUNRISE   654 AM PDT   SUNSET   716 PM PDT
MARCH 27 2015.........SUNRISE   652 AM PDT   SUNSET   717 PM PDT


-  INDICATES NEGATIVE NUMBERS.
R  INDICATES RECORD WAS SET OR TIED.
MM INDICATES DATA IS MISSING.
T  INDICATES TRACE AMOUNT.




$$
