000
CDUS42 KRAH 242044
CLIFAY

CLIMATE REPORT
NATIONAL WEATHER SERVICE RALEIGH NC
444 PM EDT THU APR 24 2014

...................................

...THE FAYETTEVILLE REGL AIRPORT NC CLIMATE SUMMARY FOR APRIL 24 2014...
VALID TODAY AS OF 0435 PM LOCAL TIME.

CLIMATE NORMAL PERIOD 1981 TO 2010
CLIMATE RECORD PERIOD 1910 TO 2014


WEATHER ITEM   OBSERVED TIME   RECORD YEAR NORMAL DEPARTURE LAST
                VALUE   (LST)  VALUE       VALUE  FROM      YEAR
                                                  NORMAL
..................................................................
TEMPERATURE (F)
 TODAY
  MAXIMUM         74    315 PM  95    1925  77     -3       79
  MINIMUM         44    521 AM  34    1986  52     -8       50
  AVERAGE         59                        65     -6       65

PRECIPITATION (IN)
  TODAY            0.00          0.96 1928   0.09  -0.09     0.00
  MONTH TO DATE    2.58                      2.43   0.15     2.01
  SINCE MAR 1      6.22                      5.98   0.24     3.68
  SINCE JAN 1     12.94                     12.04   0.90     9.32

DEGREE DAYS
 HEATING
  TODAY            6                         3      3        0
  MONTH TO DATE  107                       122    -15      116
  SINCE MAR 1    604                       466    138      622
  SINCE JUL 1   2929                      2691    238     2718

 COOLING
  TODAY            0                         3     -3        0
  MONTH TO DATE   36                        47    -11       59
  SINCE MAR 1     37                        59    -22       62
  SINCE JAN 1     40                        63    -23       67
..................................................................


WIND (MPH)
  HIGHEST WIND SPEED    13   HIGHEST WIND DIRECTION     E (90)
  HIGHEST GUST SPEED    16   HIGHEST GUST DIRECTION     E (100)
  AVERAGE WIND SPEED     6.0


SKY COVER
  POSSIBLE SUNSHINE  MM
  AVERAGE SKY COVER 0.0


WEATHER CONDITIONS
 THE FOLLOWING WEATHER WAS RECORDED TODAY.
  NO SIGNIFICANT WEATHER WAS OBSERVED.


RELATIVE HUMIDITY (PERCENT)
 HIGHEST    76           500 AM
 LOWEST     24           300 PM
 AVERAGE    50

..........................................................


THE FAYETTEVILLE REGL AIRPORT NC CLIMATE NORMALS FOR TOMORROW
                         NORMAL    RECORD    YEAR
 MAXIMUM TEMPERATURE (F)   77        94      1925
 MINIMUM TEMPERATURE (F)   53        36      1969


SUNRISE AND SUNSET
APRIL 24 2014.........SUNRISE   633 AM EDT   SUNSET   755 PM EDT
APRIL 25 2014.........SUNRISE   631 AM EDT   SUNSET   756 PM EDT


-  INDICATES NEGATIVE NUMBERS.
R  INDICATES RECORD WAS SET OR TIED.
MM INDICATES DATA IS MISSING.
T  INDICATES TRACE AMOUNT.

$$

DJF
