000
CDUS42 KRAH 180729
CLIFAY


CLIMATE REPORT
NATIONAL WEATHER SERVICE RALEIGH NC
228 AM EST THU DEC 18 2014


...................................

...THE FAYETTEVILLE REGL AIRPORT NC CLIMATE SUMMARY FOR DECEMBER 17 2014...

CLIMATE NORMAL PERIOD 1981 TO 2010
CLIMATE RECORD PERIOD 1910 TO 2014


WEATHER ITEM   OBSERVED TIME   RECORD YEAR NORMAL DEPARTURE LAST
                VALUE   (LST)  VALUE       VALUE  FROM      YEAR
                                                  NORMAL
..................................................................
TEMPERATURE (F)
 YESTERDAY
  MAXIMUM         61    346 PM  80    1971  55      6       64
  MINIMUM         38    755 AM   7    1958  35      3       32
  AVERAGE         50                        45      5       48

PRECIPITATION (IN)
  YESTERDAY        0.00          1.68 1970   0.09  -0.09     0.00
  MONTH TO DATE    0.54                      1.64  -1.10     2.03
  SINCE DEC 1      0.54                      1.64  -1.10     2.03
  SINCE JAN 1     38.47                     43.45  -4.98    41.11

DEGREE DAYS
 HEATING
  YESTERDAY       15                        20     -5       17
  MONTH TO DATE  285                       308    -23      275
  SINCE DEC 1    285                       308    -23      275
  SINCE JUL 1    829                       756     73      791

 COOLING
  YESTERDAY        0                         0      0        0
  MONTH TO DATE    0                         0      0        7
  SINCE DEC 1      0                         0      0        7
  SINCE JAN 1   2139                      1991    148     1945
..................................................................


WIND (MPH)
  HIGHEST WIND SPEED    14   HIGHEST WIND DIRECTION    NW (320)
  HIGHEST GUST SPEED    16   HIGHEST GUST DIRECTION    NW (320)
  AVERAGE WIND SPEED     5.7


SKY COVER
  POSSIBLE SUNSHINE  MM
  AVERAGE SKY COVER 0.0


WEATHER CONDITIONS
 THE FOLLOWING WEATHER WAS RECORDED YESTERDAY.
  HAZE


RELATIVE HUMIDITY (PERCENT)
 HIGHEST    96           400 AM
 LOWEST     42           300 PM
 AVERAGE    69

..........................................................


THE FAYETTEVILLE REGL AIRPORT NC CLIMATE NORMALS FOR TODAY
                         NORMAL    RECORD    YEAR
 MAXIMUM TEMPERATURE (F)   54        79      1924
 MINIMUM TEMPERATURE (F)   34        13      1943


SUNRISE AND SUNSET
DECEMBER 18 2014......SUNRISE   718 AM EST   SUNSET   506 PM EST
DECEMBER 19 2014......SUNRISE   719 AM EST   SUNSET   507 PM EST


-  INDICATES NEGATIVE NUMBERS.
R  INDICATES RECORD WAS SET OR TIED.
MM INDICATES DATA IS MISSING.
T  INDICATES TRACE AMOUNT.




$$
