000
CDUS42 KRAH 200729
CLIFAY


CLIMATE REPORT
NATIONAL WEATHER SERVICE RALEIGH NC
328 AM EDT WED AUG 20 2014


...................................

...THE FAYETTEVILLE REGL AIRPORT NC CLIMATE SUMMARY FOR AUGUST 19 2014...

CLIMATE NORMAL PERIOD 1981 TO 2010
CLIMATE RECORD PERIOD 1910 TO 2014


WEATHER ITEM   OBSERVED TIME   RECORD YEAR NORMAL DEPARTURE LAST
                VALUE   (LST)  VALUE       VALUE  FROM      YEAR
                                                  NORMAL
..................................................................
TEMPERATURE (F)
 YESTERDAY
  MAXIMUM         92    202 PM 105    1988  89      3       74
  MINIMUM         73   1131 PM  55    1979  69      4       70
  AVERAGE         83                        79      4       72

PRECIPITATION (IN)
  YESTERDAY        T             3.21 1986   0.18  -0.18     1.01
  MONTH TO DATE    2.95                      3.54  -0.59     3.19
  SINCE JUN 1      7.50                     13.81  -6.31    18.87
  SINCE JAN 1     25.95                     29.48  -3.53    32.21

DEGREE DAYS
 HEATING
  YESTERDAY        0                         0      0        0
  MONTH TO DATE    0                         0      0        0
  SINCE JUN 1      0                         0      0        0
  SINCE JUL 1      0                         0      0        0

 COOLING
  YESTERDAY       18                        14      4        7
  MONTH TO DATE  252                       291    -39      276
  SINCE JUN 1   1193                      1194     -1     1170
  SINCE JAN 1   1559                      1478     81     1419
..................................................................


WIND (MPH)
  HIGHEST WIND SPEED    21   HIGHEST WIND DIRECTION     S (200)
  HIGHEST GUST SPEED    23   HIGHEST GUST DIRECTION     S (200)
  AVERAGE WIND SPEED     5.2


SKY COVER
  POSSIBLE SUNSHINE  MM
  AVERAGE SKY COVER 0.3


WEATHER CONDITIONS
 THE FOLLOWING WEATHER WAS RECORDED YESTERDAY.
  THUNDERSTORM
  LIGHT RAIN


RELATIVE HUMIDITY (PERCENT)
 HIGHEST    94          1200 AM
 LOWEST     52          1200 PM
 AVERAGE    73

..........................................................


THE FAYETTEVILLE REGL AIRPORT NC CLIMATE NORMALS FOR TODAY
                         NORMAL    RECORD    YEAR
 MAXIMUM TEMPERATURE (F)   89       102      2007
 MINIMUM TEMPERATURE (F)   69        57      1918


SUNRISE AND SUNSET
AUGUST 20 2014........SUNRISE   639 AM EDT   SUNSET   758 PM EDT
AUGUST 21 2014........SUNRISE   640 AM EDT   SUNSET   757 PM EDT


-  INDICATES NEGATIVE NUMBERS.
R  INDICATES RECORD WAS SET OR TIED.
MM INDICATES DATA IS MISSING.
T  INDICATES TRACE AMOUNT.




$$
