000
CDUS42 KRAH 270651
CLIFAY

CLIMATE REPORT
NATIONAL WEATHER SERVICE RALEIGH NC
249 AM EDT MON MAR 27 2017
...................................

...THE FAYETTEVILLE REGL AIRPORT NC CLIMATE SUMMARY FOR MARCH 26 2017...

CLIMATE NORMAL PERIOD 1981 TO 2010
CLIMATE RECORD PERIOD 1910 TO 2017


WEATHER ITEM   OBSERVED TIME   RECORD YEAR NORMAL DEPARTURE LAST
                VALUE   (LST)  VALUE       VALUE  FROM      YEAR
                                                  NORMAL
..................................................................
TEMPERATURE (F)
 YESTERDAY
  MAXIMUM         80    252 PM  89    1929  69     11       69
  MINIMUM         49    630 AM  21    1940  45      4       58
  AVERAGE         65                        57      8       64

PRECIPITATION (IN)
  YESTERDAY        0.00          1.47 1984   0.13  -0.13     0.03
  MONTH TO DATE    1.77                      2.86  -1.09     0.56
  SINCE MAR 1      1.77                      2.86  -1.09     0.56
  SINCE JAN 1      5.19                      8.92  -3.73     8.40

DEGREE DAYS
 HEATING
  YESTERDAY        0                         8     -8        1
  MONTH TO DATE  348                       305     43      170
  SINCE MAR 1    348                       305     43      170
  SINCE JUL 1   1970                      2530   -560     1983

 COOLING
  YESTERDAY        0                         1     -1        0
  MONTH TO DATE   13                         1     12       57
  SINCE MAR 1     13                         1     12       57
  SINCE JAN 1     28                         5     23       57
..................................................................


WIND (MPH)
  HIGHEST WIND SPEED    16   HIGHEST WIND DIRECTION     S (170)
  HIGHEST GUST SPEED    23   HIGHEST GUST DIRECTION     S (160)
  AVERAGE WIND SPEED     6.7


SKY COVER
  POSSIBLE SUNSHINE  MM
  AVERAGE SKY COVER 0.4


WEATHER CONDITIONS
 THE FOLLOWING WEATHER WAS RECORDED YESTERDAY.
  FOG
  FOG W/VISIBILITY <= 1/4 MILE
  HAZE


RELATIVE HUMIDITY (PERCENT)
 HIGHEST    96           600 AM
 LOWEST     35           100 PM
 AVERAGE    66

..........................................................


THE FAYETTEVILLE REGL AIRPORT NC CLIMATE NORMALS FOR TODAY
                         NORMAL    RECORD    YEAR
 MAXIMUM TEMPERATURE (F)   70        87      1946
 MINIMUM TEMPERATURE (F)   46        21      1955


SUNRISE AND SUNSET
MARCH 27 2017.........SUNRISE   709 AM EDT   SUNSET   733 PM EDT
MARCH 28 2017.........SUNRISE   708 AM EDT   SUNSET   734 PM EDT


-  INDICATES NEGATIVE NUMBERS.
R  INDICATES RECORD WAS SET OR TIED.
MM INDICATES DATA IS MISSING.
T  INDICATES TRACE AMOUNT.




$$
