000
CDUS42 KRAH 050736
CLIFAY


CLIMATE REPORT
NATIONAL WEATHER SERVICE RALEIGH NC
235 AM EST THU MAR 5 2015


...................................

...THE FAYETTEVILLE REGL AIRPORT NC CLIMATE SUMMARY FOR MARCH 4 2015...

CLIMATE NORMAL PERIOD 1981 TO 2010
CLIMATE RECORD PERIOD 1910 TO 2015


WEATHER ITEM   OBSERVED TIME   RECORD YEAR NORMAL DEPARTURE LAST
                VALUE   (LST)  VALUE       VALUE  FROM      YEAR
                                                  NORMAL
..................................................................
TEMPERATURE (F)
 YESTERDAY
  MAXIMUM         79    432 PM  89    1976  63     16       39
  MINIMUM         39   1208 AM  15    1980  39      0       20
  AVERAGE         59                        51      8       30

PRECIPITATION (IN)
  YESTERDAY        0.00          1.54 1952   0.10  -0.10     0.00
  MONTH TO DATE    0.22                      0.42  -0.20     0.44
  SINCE MAR 1      0.22                      0.42  -0.20     0.44
  SINCE JAN 1      7.87                      6.48   1.39     7.16

DEGREE DAYS
 HEATING
  YESTERDAY        6                        14     -8       35
  MONTH TO DATE   73                        59     14       89
  SINCE MAR 1     73                        59     14       89
  SINCE JUL 1   2569                      2284    285     2414

 COOLING
  YESTERDAY        0                         0      0        0
  MONTH TO DATE    0                         0      0        0
  SINCE MAR 1      0                         0      0        0
  SINCE JAN 1      0                         4     -4        3
..................................................................


WIND (MPH)
  HIGHEST WIND SPEED    30   HIGHEST WIND DIRECTION    SW (220)
  HIGHEST GUST SPEED    37   HIGHEST GUST DIRECTION    SW (220)
  AVERAGE WIND SPEED    11.4


SKY COVER
  POSSIBLE SUNSHINE  MM
  AVERAGE SKY COVER 0.7


WEATHER CONDITIONS
 THE FOLLOWING WEATHER WAS RECORDED YESTERDAY.
  FOG
  FOG W/VISIBILITY <= 1/4 MILE


RELATIVE HUMIDITY (PERCENT)
 HIGHEST   100          1200 AM
 LOWEST     52           400 PM
 AVERAGE    76

..........................................................


THE FAYETTEVILLE REGL AIRPORT NC CLIMATE NORMALS FOR TODAY
                         NORMAL    RECORD    YEAR
 MAXIMUM TEMPERATURE (F)   63        87      1976
 MINIMUM TEMPERATURE (F)   39        17      1980


SUNRISE AND SUNSET
MARCH  5 2015.........SUNRISE   640 AM EST   SUNSET   615 PM EST
MARCH  6 2015.........SUNRISE   639 AM EST   SUNSET   615 PM EST


-  INDICATES NEGATIVE NUMBERS.
R  INDICATES RECORD WAS SET OR TIED.
MM INDICATES DATA IS MISSING.
T  INDICATES TRACE AMOUNT.




$$
