000
CDUS42 KRAH 270638
CLIFAY


CLIMATE REPORT
NATIONAL WEATHER SERVICE RALEIGH NC
236 AM EDT SAT MAY 27 2017


...................................

...THE FAYETTEVILLE REGL AIRPORT NC CLIMATE SUMMARY FOR MAY 26 2017...

CLIMATE NORMAL PERIOD 1981 TO 2010
CLIMATE RECORD PERIOD 1910 TO 2017


WEATHER ITEM   OBSERVED TIME   RECORD YEAR NORMAL DEPARTURE LAST
                VALUE   (LST)  VALUE       VALUE  FROM      YEAR
                                                  NORMAL
..................................................................
TEMPERATURE (F)
 YESTERDAY
  MAXIMUM         86    435 PM  98    1926  85      1       89
  MINIMUM         61    535 AM  44    1988  62     -1       66
  AVERAGE         74                        73      1       78

PRECIPITATION (IN)
  YESTERDAY        0.00          1.95 2003   0.13  -0.13     0.00
  MONTH TO DATE    4.25                      2.52   1.73     3.93
  SINCE MAR 1     11.19                      8.89   2.30     8.47
  SINCE JAN 1     14.61                     14.95  -0.34    16.31

DEGREE DAYS
 HEATING
  YESTERDAY        0                         0      0        0
  MONTH TO DATE   12                        23    -11       27
  SINCE MAR 1    405                       505   -100      356
  SINCE JUL 1   2027                      2730   -703     2169

 COOLING
  YESTERDAY        9                         9      0       13
  MONTH TO DATE  209                       153     56      141
  SINCE MAR 1    412                       232    180      276
  SINCE JAN 1    427                       236    191      276
..................................................................


WIND (MPH)
  HIGHEST WIND SPEED    18   HIGHEST WIND DIRECTION     W (270)
  HIGHEST GUST SPEED    24   HIGHEST GUST DIRECTION     W (270)
  AVERAGE WIND SPEED     9.7


SKY COVER
  POSSIBLE SUNSHINE  MM
  AVERAGE SKY COVER 0.0


WEATHER CONDITIONS
 THE FOLLOWING WEATHER WAS RECORDED YESTERDAY.
  NO SIGNIFICANT WEATHER WAS OBSERVED.


RELATIVE HUMIDITY (PERCENT)
 HIGHEST    73          1000 PM
 LOWEST     30           400 PM
 AVERAGE    52

..........................................................


THE FAYETTEVILLE REGL AIRPORT NC CLIMATE NORMALS FOR TODAY
                         NORMAL    RECORD    YEAR
 MAXIMUM TEMPERATURE (F)   85       100      1953
 MINIMUM TEMPERATURE (F)   63        42      1961


SUNRISE AND SUNSET
MAY 27 2017...........SUNRISE   605 AM EDT   SUNSET   821 PM EDT
MAY 28 2017...........SUNRISE   604 AM EDT   SUNSET   822 PM EDT


-  INDICATES NEGATIVE NUMBERS.
R  INDICATES RECORD WAS SET OR TIED.
MM INDICATES DATA IS MISSING.
T  INDICATES TRACE AMOUNT.

$$
