000
CDUS42 KRAH 240635
CLIFAY


CLIMATE REPORT
NATIONAL WEATHER SERVICE RALEIGH NC
232 AM EDT SUN SEP 24 2017


...................................

...THE FAYETTEVILLE REGL AIRPORT NC CLIMATE SUMMARY FOR SEPTEMBER 23 2017...

CLIMATE NORMAL PERIOD 1981 TO 2010
CLIMATE RECORD PERIOD 1910 TO 2017


WEATHER ITEM   OBSERVED TIME   RECORD YEAR NORMAL DEPARTURE LAST
                VALUE   (LST)  VALUE       VALUE  FROM      YEAR
                                                  NORMAL
..................................................................
TEMPERATURE (F)
 YESTERDAY
  MAXIMUM         89    127 PM 101    1931  81      8       84
  MINIMUM         65    439 AM  42    1983  61      4       71
  AVERAGE         77                        71      6       78

PRECIPITATION (IN)
  YESTERDAY        0.00          1.58 1920   0.14  -0.14     0.00
  MONTH TO DATE    3.73                      3.41   0.32     5.45
  SINCE SEP 1      3.73                      3.41   0.32     5.45
  SINCE JAN 1     35.53                     34.84   0.69    32.11

DEGREE DAYS
 HEATING
  YESTERDAY        0                         1     -1        0
  MONTH TO DATE    2                         1      1        0
  SINCE SEP 1      2                         1      1        0
  SINCE JUL 1      2                         1      1        0

 COOLING
  YESTERDAY       12                         7      5       13
  MONTH TO DATE  238                       228     10      323
  SINCE SEP 1    238                       228     10      323
  SINCE JAN 1   2217                      1868    349     2317
..................................................................


WIND (MPH)
  HIGHEST WIND SPEED    16   HIGHEST WIND DIRECTION     N (20)
  HIGHEST GUST SPEED    21   HIGHEST GUST DIRECTION     N (10)
  AVERAGE WIND SPEED     5.4


SKY COVER
  POSSIBLE SUNSHINE  MM
  AVERAGE SKY COVER 0.0


WEATHER CONDITIONS
 THE FOLLOWING WEATHER WAS RECORDED YESTERDAY.
  FOG


RELATIVE HUMIDITY (PERCENT)
 HIGHEST   100           300 AM
 LOWEST     36           100 PM
 AVERAGE    68

..........................................................


THE FAYETTEVILLE REGL AIRPORT NC CLIMATE NORMALS FOR TODAY
                         NORMAL    RECORD    YEAR
 MAXIMUM TEMPERATURE (F)   81       100      1931
 MINIMUM TEMPERATURE (F)   61        42      1983


SUNRISE AND SUNSET
SEPTEMBER 24 2017.....SUNRISE   705 AM EDT   SUNSET   709 PM EDT
SEPTEMBER 25 2017.....SUNRISE   706 AM EDT   SUNSET   708 PM EDT


-  INDICATES NEGATIVE NUMBERS.
R  INDICATES RECORD WAS SET OR TIED.
MM INDICATES DATA IS MISSING.
T  INDICATES TRACE AMOUNT.

$$
