000
CDUS42 KFFC 200816
CLIFFC


CLIMATE REPORT
NATIONAL WEATHER SERVICE PEACHTREE CITY GA
416 AM EDT SUN APR 20 2014


...................................

...THE PEACHTREE CITY CLIMATE SUMMARY FOR APRIL 19 2014...

CLIMATE NORMAL PERIOD 1981 TO 2010
CLIMATE RECORD PERIOD 9999 TO 9999


WEATHER ITEM   OBSERVED TIME   RECORD YEAR NORMAL DEPARTURE LAST
                VALUE   (LST)  VALUE       VALUE  FROM      YEAR
                                                  NORMAL
..................................................................
TEMPERATURE (F)
 YESTERDAY
  MAXIMUM         62    329 PM  MM      MM  75    -13       72
  MINIMUM         51    158 AM  MM      MM  48      3       45
  AVERAGE         57                        61     -4       59

PRECIPITATION (IN)
  YESTERDAY        0.15         MM      MM   0.12   0.03     0.24
  MONTH TO DATE    4.72                      2.59   2.13     2.25
  SINCE MAR 1      8.77                      7.70   1.07     2.77
  SINCE JAN 1     15.11                     16.80  -1.69     2.77

SNOWFALL (IN)
  YESTERDAY       MM            MM      MM  MM     MM       MM
  MONTH TO DATE    0.0                      MM     MM        0.0
  SINCE MAR 1      0.0                      MM     MM        0.0
  SINCE JUL 1      1.8                      MM     MM        0.0
  SNOW DEPTH      MM

DEGREE DAYS
 HEATING
  YESTERDAY        8                         5      3        6
  MONTH TO DATE  122                       126     -4      106
  SINCE MAR 1    538                       496     42      126
  SINCE JUL 1   3068                      2878    190      126

 COOLING
  YESTERDAY        0                         1     -1        0
  MONTH TO DATE   10                        13     -3       22
  SINCE MAR 1     10                        18     -8       22
  SINCE JAN 1     10                        18     -8       22
..................................................................


WIND (MPH)
  RESULTANT WIND SPEED   5   RESULTANT WIND DIRECTION  NE (50)
  HIGHEST WIND SPEED    16   HIGHEST WIND DIRECTION    NE (40)
  HIGHEST GUST SPEED    25   HIGHEST GUST DIRECTION     N (20)
  AVERAGE WIND SPEED     8.0


SKY COVER
  POSSIBLE SUNSHINE  MM
  AVERAGE SKY COVER 1.0


WEATHER CONDITIONS
 THE FOLLOWING WEATHER WAS RECORDED YESTERDAY.
  LIGHT RAIN
  FOG
  HAZE


RELATIVE HUMIDITY (PERCENT)
 HIGHEST   100           600 AM
 LOWEST     61          1000 PM
 AVERAGE    81

..........................................................


THE PEACHTREE CITY CLIMATE NORMALS FOR TODAY
                         NORMAL    RECORD    YEAR
 MAXIMUM TEMPERATURE (F)   75        MM        MM
 MINIMUM TEMPERATURE (F)   48        MM        MM


SUNRISE AND SUNSET
APRIL 20 2014.........SUNRISE   702 AM EDT   SUNSET   813 PM EDT
APRIL 21 2014.........SUNRISE   701 AM EDT   SUNSET   813 PM EDT


-  INDICATES NEGATIVE NUMBERS.
R  INDICATES RECORD WAS SET OR TIED.
MM INDICATES DATA IS MISSING.
T  INDICATES TRACE AMOUNT.




$$
