536
CDUS42 KFFC 182132
CLIFFC


CLIMATE REPORT
NATIONAL WEATHER SERVICE PEACHTREE CITY GA
432 PM EST SUN FEB 18 2018


...................................

...THE PEACHTREE CITY CLIMATE SUMMARY FOR FEBRUARY 18 2018...
VALID TODAY AS OF 0400 PM LOCAL TIME.

CLIMATE NORMAL PERIOD 1981 TO 2010
CLIMATE RECORD PERIOD 9999 TO 9999


WEATHER ITEM   OBSERVED TIME   RECORD YEAR NORMAL DEPARTURE LAST
                VALUE   (LST)  VALUE       VALUE  FROM      YEAR
                                                  NORMAL
..................................................................
TEMPERATURE (F)
 TODAY
  MAXIMUM         65    304 PM  MM      MM  60      5       63
  MINIMUM         51    805 AM  MM      MM  35     16       44
  AVERAGE         58                        47     11       54

PRECIPITATION (IN)
  TODAY            T            MM      MM   0.20  -0.20     0.08
  MONTH TO DATE    3.82                      3.00   0.82     1.80
  SINCE DEC 1     10.52                     11.34  -0.82    12.06
  SINCE JAN 1      7.91                      7.20   0.71     9.41

SNOWFALL (IN)
  TODAY            0.0          MM      MM  MM     MM        0.0
  MONTH TO DATE    0.0                      MM     MM        0.0
  SINCE DEC 1      2.9                      MM     MM        0.0
  SINCE JUL 1      2.9                      MM     MM        0.0
  SNOW DEPTH       0

DEGREE DAYS
 HEATING
  TODAY            7                        18    -11       11
  MONTH TO DATE  195                       348   -153      230
  SINCE DEC 1   1500                      1675   -175     1212
  SINCE JUL 1   1952                      2217   -265     1562

 COOLING
  TODAY            0                         0      0        0
  MONTH TO DATE    3                         0      3        1
  SINCE DEC 1      3                         0      3        1
  SINCE JAN 1      3                         0      3        1
..................................................................


WIND (MPH)
  RESULTANT WIND SPEED   3   RESULTANT WIND DIRECTION  NW (330)
  HIGHEST WIND SPEED    14   HIGHEST WIND DIRECTION     N (340)
  HIGHEST GUST SPEED    18   HIGHEST GUST DIRECTION    NW (330)
  AVERAGE WIND SPEED     5.7


SKY COVER
  POSSIBLE SUNSHINE  MM
  AVERAGE SKY COVER 0.8


WEATHER CONDITIONS
 THE FOLLOWING WEATHER WAS RECORDED TODAY.
  LIGHT RAIN


RELATIVE HUMIDITY (PERCENT)
 HIGHEST    93           100 AM
 LOWEST     52           100 PM
 AVERAGE    73

..........................................................


THE PEACHTREE CITY CLIMATE NORMALS FOR TOMORROW
                         NORMAL    RECORD    YEAR
 MAXIMUM TEMPERATURE (F)   60        MM        MM
 MINIMUM TEMPERATURE (F)   35        MM        MM


SUNRISE AND SUNSET
FEBRUARY 18 2018......SUNRISE   719 AM EST   SUNSET   626 PM EST
FEBRUARY 19 2018......SUNRISE   718 AM EST   SUNSET   627 PM EST


-  INDICATES NEGATIVE NUMBERS.
R  INDICATES RECORD WAS SET OR TIED.
MM INDICATES DATA IS MISSING.
T  INDICATES TRACE AMOUNT.




$$
