000
CDUS42 KFFC 250920
CLIFFC


CLIMATE REPORT
NATIONAL WEATHER SERVICE PEACHTREE CITY GA
420 AM EST SAT NOV 25 2017


...................................

...THE PEACHTREE CITY CLIMATE SUMMARY FOR NOVEMBER 24 2017...

CLIMATE NORMAL PERIOD 1981 TO 2010
CLIMATE RECORD PERIOD 9999 TO 9999


WEATHER ITEM   OBSERVED TIME   RECORD YEAR NORMAL DEPARTURE LAST
                VALUE   (LST)  VALUE       VALUE  FROM      YEAR
                                                  NORMAL
..................................................................
TEMPERATURE (F)
 YESTERDAY
  MAXIMUM         66    349 PM  MM      MM  62      4       75
  MINIMUM         33    750 AM  MM      MM  38     -5       47
  AVERAGE         50                        50      0       61

PRECIPITATION (IN)
  YESTERDAY        0.00         MM      MM   0.12  -0.12      T
  MONTH TO DATE    0.82                      3.03  -2.21      T
  SINCE SEP 1     10.60                     10.28   0.32     2.91
  SINCE JAN 1     48.08                     45.01   3.07    27.78

SNOWFALL (IN)
  YESTERDAY        0.0          MM      MM  MM     MM        0.0
  MONTH TO DATE    0.0                      MM     MM        0.0
  SINCE SEP 1      0.0                      MM     MM        0.0
  SINCE JUL 1      0.0                      MM     MM        0.0
  SNOW DEPTH       0

DEGREE DAYS
 HEATING
  YESTERDAY       15                        15      0        4
  MONTH TO DATE  237                       280    -43      235
  SINCE SEP 1    374                       446    -72      291
  SINCE JUL 1    374                       446    -72      291

 COOLING
  YESTERDAY        0                         0      0        0
  MONTH TO DATE   16                         2     14        6
  SINCE SEP 1    373                       270    103      451
  SINCE JAN 1   1872                      1650    222     2097
..................................................................


WIND (MPH)
  RESULTANT WIND SPEED   1   RESULTANT WIND DIRECTION   E (100)
  HIGHEST WIND SPEED     6   HIGHEST WIND DIRECTION     N (20)
  HIGHEST GUST SPEED     9   HIGHEST GUST DIRECTION    SE (140)
  AVERAGE WIND SPEED     0.6


SKY COVER
  POSSIBLE SUNSHINE  MM
  AVERAGE SKY COVER 0.2


WEATHER CONDITIONS
 THE FOLLOWING WEATHER WAS RECORDED YESTERDAY.
  FOG
  FOG W/VISIBILITY <= 1/4 MILE


RELATIVE HUMIDITY (PERCENT)
 HIGHEST   100          1200 AM
 LOWEST     44           300 PM
 AVERAGE    72

..........................................................


THE PEACHTREE CITY CLIMATE NORMALS FOR TODAY
                         NORMAL    RECORD    YEAR
 MAXIMUM TEMPERATURE (F)   62        MM        MM
 MINIMUM TEMPERATURE (F)   38        MM        MM


SUNRISE AND SUNSET
NOVEMBER 25 2017......SUNRISE   719 AM EST   SUNSET   532 PM EST
NOVEMBER 26 2017......SUNRISE   720 AM EST   SUNSET   531 PM EST


-  INDICATES NEGATIVE NUMBERS.
R  INDICATES RECORD WAS SET OR TIED.
MM INDICATES DATA IS MISSING.
T  INDICATES TRACE AMOUNT.




$$
