000
CDUS42 KFFC 060020
CLIFFC


CLIMATE REPORT
NATIONAL WEATHER SERVICE PEACHTREE CITY GA
720 PM EST THU MAR 5 2015


...................................

...THE PEACHTREE CITY CLIMATE SUMMARY FOR MARCH 5 2015...
VALID AS OF 0700 PM LOCAL TIME.

CLIMATE NORMAL PERIOD 1981 TO 2010
CLIMATE RECORD PERIOD 9999 TO 9999


WEATHER ITEM   OBSERVED RECORD YEAR NORMAL DEPARTURE LAST
                VALUE   VALUE       VALUE  FROM      YEAR
                                           NORMAL
...........................................................
TEMPERATURE (F)
 TODAY
  MAXIMUM         69     MM      MM  64      5       60
  MINIMUM         37     MM      MM  38     -1       34
  AVERAGE         53

PRECIPITATION (IN)
  TODAY            0.14  MM      MM   0.17  -0.03     0.03
  MONTH TO DATE    0.43               0.85  -0.42     0.29
  SINCE MAR 1      0.43               0.85  -0.42     0.29

SNOWFALL (IN)
  TODAY           MM     MM      MM  MM              MM
  MONTH TO DATE   MM                 MM               0.0
  SINCE MAR 1     MM                 MM               0.0
  SINCE JUL 1      T                 MM               1.8

DEGREE DAYS
 HEATING
  TODAY           12

 COOLING
  TODAY            0
...........................................................


WIND (MPH)
  RESULTANT WIND SPEED   5   RESULTANT WIND DIRECTION  NW (300)
  HIGHEST WIND SPEED    24   HIGHEST WIND DIRECTION    NW (320)
  HIGHEST GUST SPEED    30   HIGHEST GUST DIRECTION    NW (330)


SKY COVER
  POSSIBLE SUNSHINE  MM
  AVERAGE SKY COVER 1.0


WEATHER CONDITIONS
 THE FOLLOWING WEATHER WAS RECORDED TODAY.
  RAIN
  LIGHT RAIN
  FOG


RELATIVE HUMIDITY (PERCENT)
 HIGHEST    93
 LOWEST     85
 AVERAGE    89

..........................................................


THE PEACHTREE CITY CLIMATE NORMALS FOR TOMORROW
                         NORMAL    RECORD    YEAR
 MAXIMUM TEMPERATURE (F)   64        MM        MM
 MINIMUM TEMPERATURE (F)   38        MM        MM


SUNRISE AND SUNSET
MARCH  5 2015.........SUNRISE   702 AM EST   SUNSET   638 PM EST
MARCH  6 2015.........SUNRISE   701 AM EST   SUNSET   639 PM EST


-  INDICATES NEGATIVE NUMBERS.
R  INDICATES RECORD WAS SET OR TIED.
MM INDICATES DATA IS MISSING.
T  INDICATES TRACE AMOUNT.




$$
