000
CDUS42 KFFC 280817
CLIFFC


CLIMATE REPORT
NATIONAL WEATHER SERVICE PEACHTREE CITY GA
417 AM EDT FRI APR 28 2017


...................................

...THE PEACHTREE CITY CLIMATE SUMMARY FOR APRIL 27 2017...

CLIMATE NORMAL PERIOD 1981 TO 2010
CLIMATE RECORD PERIOD 9999 TO 9999


WEATHER ITEM   OBSERVED TIME   RECORD YEAR NORMAL DEPARTURE LAST
                VALUE   (LST)  VALUE       VALUE  FROM      YEAR
                                                  NORMAL
..................................................................
TEMPERATURE (F)
 YESTERDAY
  MAXIMUM         78    535 PM  MM      MM  77      1       83
  MINIMUM         60    301 AM  MM      MM  50     10       56
  AVERAGE         69                        64      5       70

PRECIPITATION (IN)
  YESTERDAY        0.09         MM      MM   0.12  -0.03     0.04
  MONTH TO DATE    2.94                      3.60  -0.66     3.93
  SINCE MAR 1      5.01                      8.71  -3.70     6.96
  SINCE JAN 1     15.26                     17.81  -2.55    18.23

SNOWFALL (IN)
  YESTERDAY        0.0          MM      MM  MM     MM       MM
  MONTH TO DATE    0.0                      MM     MM        0.0
  SINCE MAR 1      0.0                      MM     MM        0.0
  SINCE JUL 1      0.0                      MM     MM        0.2
  SNOW DEPTH       0

DEGREE DAYS
 HEATING
  YESTERDAY        0                         3     -3        0
  MONTH TO DATE   63                       157    -94      145
  SINCE MAR 1    371                       527   -156      367
  SINCE JUL 1   2010                      2909   -899     2292

 COOLING
  YESTERDAY        4                         2      2        5
  MONTH TO DATE   57                        25     32       14
  SINCE MAR 1     81                        30     51       25
  SINCE JAN 1     82                        30     52       25
..................................................................


WIND (MPH)
  RESULTANT WIND SPEED   4   RESULTANT WIND DIRECTION  SE (130)
  HIGHEST WIND SPEED    14   HIGHEST WIND DIRECTION    SE (130)
  HIGHEST GUST SPEED    22   HIGHEST GUST DIRECTION    SE (140)
  AVERAGE WIND SPEED     4.0


SKY COVER
  POSSIBLE SUNSHINE  MM
  AVERAGE SKY COVER 0.5


WEATHER CONDITIONS
 THE FOLLOWING WEATHER WAS RECORDED YESTERDAY.
  NO SIGNIFICANT WEATHER WAS OBSERVED.


RELATIVE HUMIDITY (PERCENT)
 HIGHEST   100           800 PM
 LOWEST     74           300 PM
 AVERAGE    87

..........................................................


THE PEACHTREE CITY CLIMATE NORMALS FOR TODAY
                         NORMAL    RECORD    YEAR
 MAXIMUM TEMPERATURE (F)   77        MM        MM
 MINIMUM TEMPERATURE (F)   51        MM        MM


SUNRISE AND SUNSET
APRIL 28 2017.........SUNRISE   653 AM EDT   SUNSET   819 PM EDT
APRIL 29 2017.........SUNRISE   652 AM EDT   SUNSET   820 PM EDT


-  INDICATES NEGATIVE NUMBERS.
R  INDICATES RECORD WAS SET OR TIED.
MM INDICATES DATA IS MISSING.
T  INDICATES TRACE AMOUNT.




$$
