000
CDUS43 KLMK 212040
CLIFFT


CLIMATE REPORT
NATIONAL WEATHER SERVICE LOUISVILLE KY
440 PM EDT THU SEP 21 2017


...................................

...THE FRANKFORT KY CLIMATE SUMMARY FOR SEPTEMBER 21 2017...
VALID TODAY AS OF 0400 PM LOCAL TIME.

CLIMATE NORMAL PERIOD 1981 TO 2010
CLIMATE RECORD PERIOD 1895 TO 2017


WEATHER ITEM   OBSERVED TIME   RECORD YEAR NORMAL DEPARTURE LAST
                VALUE   (LST)  VALUE       VALUE  FROM      YEAR
                                                  NORMAL
..................................................................
TEMPERATURE (F)
 TODAY
  MAXIMUM         90    259 PM  98    1940  78     12       91
                                      1931
  MINIMUM         64    626 AM  37    1962  54     10       58
                                      1897
  AVERAGE         77                        66     11       75

PRECIPITATION (IN)
  TODAY            T             1.65 1932   0.10  -0.10     0.00
  MONTH TO DATE    4.96                      2.35   2.61     0.92
  SINCE SEP 1      4.96                      2.35   2.61     0.92
  SINCE JAN 1     38.68                     33.66   5.02    36.97

SNOWFALL (IN)
  TODAY           MM            MM      MM  MM     MM       MM
  MONTH TO DATE   MM                        MM     MM       MM
  SINCE SEP 1     MM                        MM     MM       MM
  SINCE JUL 1     MM                        MM     MM       MM
  SNOW DEPTH      MM

DEGREE DAYS
 HEATING
  TODAY            0                         3     -3        0
  MONTH TO DATE   29                        18     11        0
  SINCE SEP 1     29                        18     11        0
  SINCE JUL 1     29                        19     10        0

 COOLING
  TODAY           12                         3      9       10
  MONTH TO DATE   75                       112    -37      214
  SINCE SEP 1     75                       112    -37      214
  SINCE JAN 1   1162                      1114     48     1505
..................................................................


WIND (MPH)
  HIGHEST WIND SPEED     6   HIGHEST WIND DIRECTION     N (20)
  HIGHEST GUST SPEED     7   HIGHEST GUST DIRECTION     N (10)
  AVERAGE WIND SPEED     0.3


SKY COVER
  POSSIBLE SUNSHINE  MM
  AVERAGE SKY COVER 0.1


WEATHER CONDITIONS
 THE FOLLOWING WEATHER WAS RECORDED TODAY.
  FOG
  HAZE


RELATIVE HUMIDITY (PERCENT)
 HIGHEST    93           200 AM
 LOWEST     47           200 PM
 AVERAGE    70

..........................................................


THE FRANKFORT KY CLIMATE NORMALS FOR TOMORROW
                         NORMAL    RECORD    YEAR
 MAXIMUM TEMPERATURE (F)   77        97      1936
                                             1931
 MINIMUM TEMPERATURE (F)   53        36      1918


SUNRISE AND SUNSET
SEPTEMBER 21 2017.....SUNRISE   727 AM EDT   SUNSET   738 PM EDT
SEPTEMBER 22 2017.....SUNRISE   728 AM EDT   SUNSET   736 PM EDT


-  INDICATES NEGATIVE NUMBERS.
R  INDICATES RECORD WAS SET OR TIED.
MM INDICATES DATA IS MISSING.
T  INDICATES TRACE AMOUNT.




$$
