662
CDUS43 KLMK 240628
CLIFFT


CLIMATE REPORT
NATIONAL WEATHER SERVICE LOUISVILLE KY
127 AM EST FRI NOV 24 2017


...................................

...THE FRANKFORT KY CLIMATE SUMMARY FOR NOVEMBER 23 2017...

CLIMATE NORMAL PERIOD 1981 TO 2010
CLIMATE RECORD PERIOD 1895 TO 2017


WEATHER ITEM   OBSERVED TIME   RECORD YEAR NORMAL DEPARTURE LAST
                VALUE   (LST)  VALUE       VALUE  FROM      YEAR
                                                  NORMAL
..................................................................
TEMPERATURE (F)
 YESTERDAY
  MAXIMUM         48    427 PM  77    1931  53     -5       62
  MINIMUM         20    642 AM  10    1964  33    -13       36
  AVERAGE         34                        43     -9       49

PRECIPITATION (IN)
  YESTERDAY        0.00          1.80 1953   0.13  -0.13     0.19
  MONTH TO DATE    2.77                      2.76   0.01     0.60
  SINCE SEP 1     13.17                      9.33   3.84     3.30
  SINCE JAN 1     46.89                     40.64   6.25    39.35

SNOWFALL (IN)
  YESTERDAY       MM            MM      MM  MM     MM       MM
  MONTH TO DATE   MM                        MM     MM       MM
  SINCE SEP 1     MM                        MM     MM       MM
  SINCE JUL 1     MM                        MM     MM       MM
  SNOW DEPTH      MM

DEGREE DAYS
 HEATING
  YESTERDAY       31                        22      9       16
  MONTH TO DATE  418                       405     13      345
  SINCE SEP 1    677                       745    -68      490
  SINCE JUL 1    677                       746    -69      490

 COOLING
  YESTERDAY        0                         0      0        0
  MONTH TO DATE    6                         0      6       12
  SINCE SEP 1    192                       152     40      348
  SINCE JAN 1   1279                      1154    125     1639
..................................................................


WIND (MPH)
  HIGHEST WIND SPEED     8   HIGHEST WIND DIRECTION    SE (140)
  HIGHEST GUST SPEED    12   HIGHEST GUST DIRECTION     S (160)
  AVERAGE WIND SPEED     1.1


SKY COVER
  POSSIBLE SUNSHINE  MM
  AVERAGE SKY COVER 0.0


WEATHER CONDITIONS
 THE FOLLOWING WEATHER WAS RECORDED YESTERDAY.
  NO SIGNIFICANT WEATHER WAS OBSERVED.


RELATIVE HUMIDITY (PERCENT)
 HIGHEST    88           200 AM
 LOWEST     34           400 PM
 AVERAGE    61

..........................................................


THE FRANKFORT KY CLIMATE NORMALS FOR TODAY
                         NORMAL    RECORD    YEAR
 MAXIMUM TEMPERATURE (F)   53        74      1999
 MINIMUM TEMPERATURE (F)   33        10      1956
                                             1950


SUNRISE AND SUNSET
NOVEMBER 24 2017......SUNRISE   730 AM EST   SUNSET   522 PM EST
NOVEMBER 25 2017......SUNRISE   732 AM EST   SUNSET   522 PM EST


-  INDICATES NEGATIVE NUMBERS.
R  INDICATES RECORD WAS SET OR TIED.
MM INDICATES DATA IS MISSING.
T  INDICATES TRACE AMOUNT.




$$
