000
CDUS43 KLMK 260627
CLIFFT


CLIMATE REPORT
NATIONAL WEATHER SERVICE LOUISVILLE KY
126 AM EST SUN FEB 26 2017


...................................

...THE FRANKFORT KY CLIMATE SUMMARY FOR FEBRUARY 25 2017...

CLIMATE NORMAL PERIOD 1981 TO 2010
CLIMATE RECORD PERIOD 1895 TO 2017


WEATHER ITEM   OBSERVED TIME   RECORD YEAR NORMAL DEPARTURE LAST
                VALUE   (LST)  VALUE       VALUE  FROM      YEAR
                                                  NORMAL
..................................................................
TEMPERATURE (F)
 YESTERDAY
  MAXIMUM         56   1202 AM  73    1930  49      7       39
  MINIMUM         28   1159 PM  -3    1967  29     -1       34
  AVERAGE         42                        39      3       37

PRECIPITATION (IN)
  YESTERDAY        0.00          1.33 1965   0.12  -0.12     0.01
  MONTH TO DATE    1.52                      2.91  -1.39     4.35
  SINCE DEC 1     10.93                     10.18   0.75    12.06
  SINCE JAN 1      5.46                      6.17  -0.71     5.80

SNOWFALL (IN)
  YESTERDAY       MM            MM      MM  MM     MM       MM
  MONTH TO DATE   MM                        MM     MM       MM
  SINCE DEC 1     MM                        MM     MM       MM
  SINCE JUL 1     MM                        MM     MM       MM
  SNOW DEPTH      MM

DEGREE DAYS
 HEATING
  YESTERDAY       23                        26     -3       28
  MONTH TO DATE  465                       723   -258      700
  SINCE DEC 1   2098                      2650   -552     2260
  SINCE JUL 1   2716                      3561   -845     2994

 COOLING
  YESTERDAY        0                         0      0        0
  MONTH TO DATE    3                         0      3        0
  SINCE DEC 1      3                         0      3        1
  SINCE JAN 1      3                         0      3        0
..................................................................


WIND (MPH)
  HIGHEST WIND SPEED    21   HIGHEST WIND DIRECTION     W (270)
  HIGHEST GUST SPEED    30   HIGHEST GUST DIRECTION     W (270)
  AVERAGE WIND SPEED     9.3


SKY COVER
  POSSIBLE SUNSHINE  MM
  AVERAGE SKY COVER 0.8


WEATHER CONDITIONS
 THE FOLLOWING WEATHER WAS RECORDED YESTERDAY.
  NO SIGNIFICANT WEATHER WAS OBSERVED.


RELATIVE HUMIDITY (PERCENT)
 HIGHEST    72          1200 AM
 LOWEST     44           400 PM
 AVERAGE    58

..........................................................


THE FRANKFORT KY CLIMATE NORMALS FOR TODAY
                         NORMAL    RECORD    YEAR
 MAXIMUM TEMPERATURE (F)   49        75      2000
 MINIMUM TEMPERATURE (F)   29        -3      1967


SUNRISE AND SUNSET
FEBRUARY 26 2017......SUNRISE   715 AM EST   SUNSET   630 PM EST
FEBRUARY 27 2017......SUNRISE   714 AM EST   SUNSET   631 PM EST


-  INDICATES NEGATIVE NUMBERS.
R  INDICATES RECORD WAS SET OR TIED.
MM INDICATES DATA IS MISSING.
T  INDICATES TRACE AMOUNT.




$$
