000
CDUS43 KLMK 010626
CLIFFT


CLIMATE REPORT
NATIONAL WEATHER SERVICE LOUISVILLE KY
226 AM EDT SUN MAY 1 2016


...................................

...THE FRANKFORT KY CLIMATE SUMMARY FOR APRIL 30 2016...

CLIMATE NORMAL PERIOD 1981 TO 2010
CLIMATE RECORD PERIOD 1895 TO 2016


WEATHER ITEM   OBSERVED TIME   RECORD YEAR NORMAL DEPARTURE LAST
                VALUE   (LST)  VALUE       VALUE  FROM      YEAR
                                                  NORMAL
..................................................................
TEMPERATURE (F)
 YESTERDAY
  MAXIMUM         65    552 PM  91    1942  71     -6       64
  MINIMUM         58   1047 AM  32    2008  48     10       43
                                      1958
  AVERAGE         62                        60      2       54

PRECIPITATION (IN)
  YESTERDAY        0.50          2.62 1909   0.15   0.35     0.15
  MONTH TO DATE    3.07                      3.69  -0.62    11.24
  SINCE MAR 1      9.15                      8.07   1.08    18.92
  SINCE JAN 1     15.17                     14.62   0.55    22.48

SNOWFALL (IN)
  YESTERDAY       MM            MM      MM  MM     MM       MM
  MONTH TO DATE   MM                        MM     MM       MM
  SINCE MAR 1     MM                        MM     MM       MM
  SINCE JUL 1     MM                        MM     MM       MM
  SNOW DEPTH      MM

DEGREE DAYS
 HEATING
  YESTERDAY        3                         6     -3       11
  MONTH TO DATE  256                       315    -59      273
  SINCE MAR 1    666                       939   -273      945
  SINCE JUL 1   3738                      4578   -840     5065

 COOLING
  YESTERDAY        0                         1     -1        0
  MONTH TO DATE   25                        18      7        8
  SINCE MAR 1     26                        20      6        8
  SINCE JAN 1     26                        20      6        8
..................................................................


WIND (MPH)
  HIGHEST WIND SPEED    15   HIGHEST WIND DIRECTION    SE (130)
  HIGHEST GUST SPEED    20   HIGHEST GUST DIRECTION     E (100)
  AVERAGE WIND SPEED     7.2


SKY COVER
  POSSIBLE SUNSHINE  MM
  AVERAGE SKY COVER 1.0


WEATHER CONDITIONS
 THE FOLLOWING WEATHER WAS RECORDED YESTERDAY.
  RAIN
  LIGHT RAIN
  FOG


RELATIVE HUMIDITY (PERCENT)
 HIGHEST    93           800 PM
 LOWEST     60          1200 AM
 AVERAGE    77

..........................................................


THE FRANKFORT KY CLIMATE NORMALS FOR TODAY
                         NORMAL    RECORD    YEAR
 MAXIMUM TEMPERATURE (F)   72        91      1942
 MINIMUM TEMPERATURE (F)   48        27      1963


SUNRISE AND SUNSET
MAY  1 2016...........SUNRISE   643 AM EDT   SUNSET   831 PM EDT
MAY  2 2016...........SUNRISE   641 AM EDT   SUNSET   832 PM EDT


-  INDICATES NEGATIVE NUMBERS.
R  INDICATES RECORD WAS SET OR TIED.
MM INDICATES DATA IS MISSING.
T  INDICATES TRACE AMOUNT.




$$
