000
CDUS43 KLMK 070634
CLIFFT


CLIMATE REPORT
NATIONAL WEATHER SERVICE LOUISVILLE KY
134 AM EST WED DEC 7 2016


...................................

...THE FRANKFORT KY CLIMATE SUMMARY FOR DECEMBER 6 2016...

CLIMATE NORMAL PERIOD 1981 TO 2010
CLIMATE RECORD PERIOD 1895 TO 2016


WEATHER ITEM   OBSERVED TIME   RECORD YEAR NORMAL DEPARTURE LAST
                VALUE   (LST)  VALUE       VALUE  FROM      YEAR
                                                  NORMAL
..................................................................
TEMPERATURE (F)
 YESTERDAY
  MAXIMUM         46    308 PM  73    2001  47     -1       56
  MINIMUM         39   1159 PM  11    2002  29     10       24
                                      1937
  AVERAGE         43                        38      5       40

PRECIPITATION (IN)
  YESTERDAY        0.81          1.33 1971   0.14   0.67     0.00
  MONTH TO DATE    0.94                      0.85   0.09     0.90
  SINCE DEC 1      0.94                      0.85   0.09     0.90
  SINCE JAN 1     41.18                     42.46  -1.28    56.05

SNOWFALL (IN)
  YESTERDAY       MM            MM      MM  MM     MM       MM
  MONTH TO DATE   MM                        MM     MM       MM
  SINCE DEC 1     MM                        MM     MM       MM
  SINCE JUL 1     MM                        MM     MM       MM
  SNOW DEPTH      MM

DEGREE DAYS
 HEATING
  YESTERDAY       22                        27     -5       25
  MONTH TO DATE  145                       157    -12      147
  SINCE DEC 1    145                       157    -12      147
  SINCE JUL 1    763                      1068   -305      881

 COOLING
  YESTERDAY        0                         0      0        0
  MONTH TO DATE    0                         0      0        0
  SINCE DEC 1      0                         0      0        0
  SINCE JAN 1   1639                      1155    484     1232
..................................................................


WIND (MPH)
  HIGHEST WIND SPEED    16   HIGHEST WIND DIRECTION    NW (300)
  HIGHEST GUST SPEED    23   HIGHEST GUST DIRECTION     W (290)
  AVERAGE WIND SPEED     6.8


SKY COVER
  POSSIBLE SUNSHINE  MM
  AVERAGE SKY COVER 1.0


WEATHER CONDITIONS
 THE FOLLOWING WEATHER WAS RECORDED YESTERDAY.
  HEAVY RAIN
  RAIN
  LIGHT RAIN
  FOG


RELATIVE HUMIDITY (PERCENT)
 HIGHEST    93           600 AM
 LOWEST     70           100 AM
 AVERAGE    82

..........................................................


THE FRANKFORT KY CLIMATE NORMALS FOR TODAY
                         NORMAL    RECORD    YEAR
 MAXIMUM TEMPERATURE (F)   47        73      1998
 MINIMUM TEMPERATURE (F)   28         0      1984


SUNRISE AND SUNSET
DECEMBER  7 2016......SUNRISE   743 AM EST   SUNSET   519 PM EST
DECEMBER  8 2016......SUNRISE   744 AM EST   SUNSET   519 PM EST


-  INDICATES NEGATIVE NUMBERS.
R  INDICATES RECORD WAS SET OR TIED.
MM INDICATES DATA IS MISSING.
T  INDICATES TRACE AMOUNT.




$$
