000
CDUS43 KLMK 270626
CLIFFT


CLIMATE REPORT
NATIONAL WEATHER SERVICE LOUISVILLE KY
226 AM EDT SAT MAY 27 2017


...................................

...THE FRANKFORT KY CLIMATE SUMMARY FOR MAY 26 2017...

CLIMATE NORMAL PERIOD 1981 TO 2010
CLIMATE RECORD PERIOD 1895 TO 2017


WEATHER ITEM   OBSERVED TIME   RECORD YEAR NORMAL DEPARTURE LAST
                VALUE   (LST)  VALUE       VALUE  FROM      YEAR
                                                  NORMAL
..................................................................
TEMPERATURE (F)
 YESTERDAY
  MAXIMUM         80    511 PM  97    1914  78      2       83
  MINIMUM         53    554 AM  37    1925  55     -2       63
  AVERAGE         67                        67      0       73

PRECIPITATION (IN)
  YESTERDAY        0.00          1.36 1902   0.15  -0.15     0.16
  MONTH TO DATE    5.41                      4.12   1.29     4.49
  SINCE MAR 1     13.84                     12.19   1.65    13.64
  SINCE JAN 1     19.94                     18.74   1.20    19.66

SNOWFALL (IN)
  YESTERDAY       MM            MM      MM  MM     MM       MM
  MONTH TO DATE   MM                        MM     MM       MM
  SINCE MAR 1     MM                        MM     MM       MM
  SINCE JUL 1     MM                        MM     MM       MM
  SNOW DEPTH      MM

DEGREE DAYS
 HEATING
  YESTERDAY        0                         2     -2        0
  MONTH TO DATE   92                       104    -12      135
  SINCE MAR 1    761                      1043   -282      801
  SINCE JUL 1   3531                      4682  -1151     3873

 COOLING
  YESTERDAY        2                         4     -2        8
  MONTH TO DATE   78                        58     20       38
  SINCE MAR 1    151                        78     73       64
  SINCE JAN 1    154                        78     76       64
..................................................................


WIND (MPH)
  HIGHEST WIND SPEED    16   HIGHEST WIND DIRECTION    SW (230)
  HIGHEST GUST SPEED    20   HIGHEST GUST DIRECTION    SW (240)
  AVERAGE WIND SPEED     7.3


SKY COVER
  POSSIBLE SUNSHINE  MM
  AVERAGE SKY COVER 0.3


WEATHER CONDITIONS
 THE FOLLOWING WEATHER WAS RECORDED YESTERDAY.
  FOG


RELATIVE HUMIDITY (PERCENT)
 HIGHEST    89           500 AM
 LOWEST     45           200 PM
 AVERAGE    67

..........................................................


THE FRANKFORT KY CLIMATE NORMALS FOR TODAY
                         NORMAL    RECORD    YEAR
 MAXIMUM TEMPERATURE (F)   78        96      1914
 MINIMUM TEMPERATURE (F)   56        35      1961


SUNRISE AND SUNSET
MAY 27 2017...........SUNRISE   620 AM EDT   SUNSET   854 PM EDT
MAY 28 2017...........SUNRISE   620 AM EDT   SUNSET   854 PM EDT


-  INDICATES NEGATIVE NUMBERS.
R  INDICATES RECORD WAS SET OR TIED.
MM INDICATES DATA IS MISSING.
T  INDICATES TRACE AMOUNT.




$$
