000
CDUS43 KLMK 160626
CLIFFT


CLIMATE REPORT
NATIONAL WEATHER SERVICE LOUISVILLE KY
226 AM EDT TUE SEP 16 2014


...................................

...THE FRANKFORT KY CLIMATE SUMMARY FOR SEPTEMBER 15 2014...

CLIMATE NORMAL PERIOD 1981 TO 2010
CLIMATE RECORD PERIOD 1895 TO 2014


WEATHER ITEM   OBSERVED TIME   RECORD YEAR NORMAL DEPARTURE LAST
                VALUE   (LST)  VALUE       VALUE  FROM      YEAR
                                                  NORMAL
..................................................................
TEMPERATURE (F)
 YESTERDAY
  MAXIMUM         75    227 PM  97    1897  80     -5       81
  MINIMUM         47    637 AM  38    1964  56     -9       44
                                      1902
  AVERAGE         61                        68     -7       63

PRECIPITATION (IN)
  YESTERDAY        0.09          0.75 1901   0.11  -0.02     0.00
  MONTH TO DATE    2.83                      1.75   1.08     0.09
  SINCE SEP 1      2.83                      1.75   1.08     0.09
  SINCE JAN 1     36.12                     33.06   3.06    35.15

SNOWFALL (IN)
  YESTERDAY       MM            MM      MM  MM     MM       MM
  MONTH TO DATE   MM                        MM     MM       MM
  SINCE SEP 1     MM                        MM     MM       MM
  SINCE JUL 1     MM                        MM     MM       MM
  SNOW DEPTH      MM

DEGREE DAYS
 HEATING
  YESTERDAY        4                         1      3        2
  MONTH TO DATE   21                         6     15       11
  SINCE SEP 1     21                         6     15       11
  SINCE JUL 1     24                         7     17       15

 COOLING
  YESTERDAY        0                         4     -4        0
  MONTH TO DATE  100                        91      9      118
  SINCE SEP 1    100                        91      9      118
  SINCE JAN 1   1026                      1093    -67     1054
..................................................................


WIND (MPH)
  HIGHEST WIND SPEED    13   HIGHEST WIND DIRECTION     N (360)
  HIGHEST GUST SPEED    20   HIGHEST GUST DIRECTION     N (360)
  AVERAGE WIND SPEED     3.1


SKY COVER
  POSSIBLE SUNSHINE  MM
  AVERAGE SKY COVER 0.4


WEATHER CONDITIONS
 THE FOLLOWING WEATHER WAS RECORDED YESTERDAY.
  FOG
  FOG W/VISIBILITY <= 1/4 MILE


RELATIVE HUMIDITY (PERCENT)
 HIGHEST   100           600 AM
 LOWEST     49           500 PM
 AVERAGE    75

..........................................................


THE FRANKFORT KY CLIMATE NORMALS FOR TODAY
                         NORMAL    RECORD    YEAR
 MAXIMUM TEMPERATURE (F)   80        96      1954
                                             1939
                                             1936
 MINIMUM TEMPERATURE (F)   56        38      1916


SUNRISE AND SUNSET
SEPTEMBER 16 2014.....SUNRISE   722 AM EDT   SUNSET   746 PM EDT
SEPTEMBER 17 2014.....SUNRISE   723 AM EDT   SUNSET   744 PM EDT


-  INDICATES NEGATIVE NUMBERS.
R  INDICATES RECORD WAS SET OR TIED.
MM INDICATES DATA IS MISSING.
T  INDICATES TRACE AMOUNT.




$$
