000
CDUS43 KLMK 302029
CLIFFT


CLIMATE REPORT
NATIONAL WEATHER SERVICE LOUISVILLE KY
428 PM EDT MON MAR 30 2015


...................................

...THE FRANKFORT KY CLIMATE SUMMARY FOR MARCH 30 2015...
VALID TODAY AS OF 0400 PM LOCAL TIME.

CLIMATE NORMAL PERIOD 1981 TO 2010
CLIMATE RECORD PERIOD 1895 TO 2015


WEATHER ITEM   OBSERVED TIME   RECORD YEAR NORMAL DEPARTURE LAST
                VALUE   (LST)  VALUE       VALUE  FROM      YEAR
                                                  NORMAL
..................................................................
TEMPERATURE (F)
 TODAY
  MAXIMUM         61    206 PM  83    1910  61      0       56
  MINIMUM         37    655 AM  19    1966  38     -1       31
                                      1964
  AVERAGE         49                        50     -1       44

PRECIPITATION (IN)
  TODAY            0.00          2.08 1987   0.17  -0.17     0.00
  MONTH TO DATE    7.68                      4.21   3.47     2.22
  SINCE MAR 1      7.68                      4.21   3.47     2.22
  SINCE JAN 1     11.24                     10.76   0.48     8.42

SNOWFALL (IN)
  TODAY          999.0          MM      MM  MM     MM       MM
  MONTH TO DATE  999.0                      MM     MM       MM
  SINCE MAR 1    999.0                      MM     MM       MM
  SINCE JUL 1    999.0                      MM     MM       MM
  SNOW DEPTH      MM

DEGREE DAYS
 HEATING
  TODAY           16                        16      0       21
  MONTH TO DATE  662                       613     49      735
  SINCE MAR 1    662                       613     49      735
  SINCE JUL 1   4782                      4252    530     4847

 COOLING
  TODAY            0                         0      0        0
  MONTH TO DATE    0                         0      0        0
  SINCE MAR 1      0                         0      0        0
  SINCE JAN 1      0                         0      0        0
..................................................................


WIND (MPH)
  HIGHEST WIND SPEED    17   HIGHEST WIND DIRECTION    NW (300)
  HIGHEST GUST SPEED    23   HIGHEST GUST DIRECTION    SW (230)
  AVERAGE WIND SPEED     7.8


SKY COVER
  POSSIBLE SUNSHINE  MM
  AVERAGE SKY COVER 0.3


WEATHER CONDITIONS
 THE FOLLOWING WEATHER WAS RECORDED TODAY.
  NO SIGNIFICANT WEATHER WAS OBSERVED.


RELATIVE HUMIDITY (PERCENT)
 HIGHEST    92           700 AM
 LOWEST     23           300 PM
 AVERAGE    58

..........................................................


THE FRANKFORT KY CLIMATE NORMALS FOR TOMORROW
                         NORMAL    RECORD    YEAR
 MAXIMUM TEMPERATURE (F)   62        82      1998
                                             1977
 MINIMUM TEMPERATURE (F)   38        16      1969


SUNRISE AND SUNSET
MARCH 30 2015.........SUNRISE   728 AM EDT   SUNSET   801 PM EDT
MARCH 31 2015.........SUNRISE   727 AM EDT   SUNSET   802 PM EDT


-  INDICATES NEGATIVE NUMBERS.
R  INDICATES RECORD WAS SET OR TIED.
MM INDICATES DATA IS MISSING.
T  INDICATES TRACE AMOUNT.




$$
