000
CDUS43 KLMK 250632
CLIFFT


CLIMATE REPORT
NATIONAL WEATHER SERVICE LOUISVILLE KY
230 AM EDT FRI APR 25 2014


...................................

...THE FRANKFORT KY CLIMATE SUMMARY FOR APRIL 24 2014...

CLIMATE NORMAL PERIOD 1981 TO 2010
CLIMATE RECORD PERIOD 1895 TO 2014


WEATHER ITEM   OBSERVED TIME   RECORD YEAR NORMAL DEPARTURE LAST
                VALUE   (LST)  VALUE       VALUE  FROM      YEAR
                                                  NORMAL
..................................................................
TEMPERATURE (F)
 YESTERDAY
  MAXIMUM         71    440 PM  89    1925  70      1       64
  MINIMUM         44   1200 AM  28    1986  46     -2       35
  AVERAGE         58                        58      0       50

PRECIPITATION (IN)
  YESTERDAY        0.00          1.52 1970   0.15  -0.15     0.82
  MONTH TO DATE    3.06                      2.84   0.22     2.57
  SINCE MAR 1      5.28                      7.22  -1.94     6.76
  SINCE JAN 1     11.48                     13.77  -2.29    13.40

SNOWFALL (IN)
  YESTERDAY       MM            MM      MM  MM     MM       MM
  MONTH TO DATE   MM                        MM     MM       MM
  SINCE MAR 1     MM                        MM     MM       MM
  SINCE JUL 1     MM                        MM     MM       MM
  SNOW DEPTH      MM

DEGREE DAYS
 HEATING
  YESTERDAY        7                         8     -1       15
  MONTH TO DATE  235                       273    -38      270
  SINCE MAR 1    987                       898     89     1086
  SINCE JUL 1   5099                      4537    562     4624

 COOLING
  YESTERDAY        0                         1     -1        0
  MONTH TO DATE    8                        16     -8       19
  SINCE MAR 1      8                        18    -10       19
  SINCE JAN 1      8                        18    -10       19
..................................................................


WIND (MPH)
  HIGHEST WIND SPEED    16   HIGHEST WIND DIRECTION     E (100)
  HIGHEST GUST SPEED    22   HIGHEST GUST DIRECTION    SE (140)
  AVERAGE WIND SPEED     8.7


SKY COVER
  POSSIBLE SUNSHINE  MM
  AVERAGE SKY COVER 0.1


WEATHER CONDITIONS
 THE FOLLOWING WEATHER WAS RECORDED YESTERDAY.
  NO SIGNIFICANT WEATHER WAS OBSERVED.


RELATIVE HUMIDITY (PERCENT)
 HIGHEST    70          1200 AM
 LOWEST     33           300 PM
 AVERAGE    52

..........................................................


THE FRANKFORT KY CLIMATE NORMALS FOR TODAY
                         NORMAL    RECORD    YEAR
 MAXIMUM TEMPERATURE (F)   70        89      1948
                                             1915
 MINIMUM TEMPERATURE (F)   46        29      1919


SUNRISE AND SUNSET
APRIL 25 2014.........SUNRISE   651 AM EDT   SUNSET   825 PM EDT
APRIL 26 2014.........SUNRISE   649 AM EDT   SUNSET   826 PM EDT


-  INDICATES NEGATIVE NUMBERS.
R  INDICATES RECORD WAS SET OR TIED.
MM INDICATES DATA IS MISSING.
T  INDICATES TRACE AMOUNT.




$$
