000
CDUS43 KLMK 210628
CLIFFT


CLIMATE REPORT
NATIONAL WEATHER SERVICE LOUISVILLE KY
227 AM EDT FRI JUL 21 2017


...................................

...THE FRANKFORT KY CLIMATE SUMMARY FOR JULY 20 2017...

CLIMATE NORMAL PERIOD 1981 TO 2010
CLIMATE RECORD PERIOD 1895 TO 2017


WEATHER ITEM   OBSERVED TIME   RECORD YEAR NORMAL DEPARTURE LAST
                VALUE   (LST)  VALUE       VALUE  FROM      YEAR
                                                  NORMAL
..................................................................
TEMPERATURE (F)
 YESTERDAY
  MAXIMUM         92    353 PM 101    1930  87      5       91
  MINIMUM         69    431 AM  52    1947  66      3       71
  AVERAGE         81                        76      5       81

PRECIPITATION (IN)
  YESTERDAY        0.00          4.35 1896   0.15  -0.15     0.39
  MONTH TO DATE    3.65                      2.80   0.85     3.27
  SINCE JUN 1      9.13                      6.89   2.24     7.70
  SINCE JAN 1     29.61                     26.36   3.25    27.36

SNOWFALL (IN)
  YESTERDAY       MM            MM      MM  MM     MM       MM
  MONTH TO DATE   MM                        MM     MM       MM
  SINCE JUN 1     MM                        MM     MM       MM
  SINCE JUL 1     MM                        MM     MM       MM
  SNOW DEPTH      MM

DEGREE DAYS
 HEATING
  YESTERDAY        0                         0      0        0
  MONTH TO DATE    0                         0      0        0
  SINCE JUN 1      1                        10     -9        1
  SINCE JUL 1      0                         0      0        0

 COOLING
  YESTERDAY       16                        11      5       16
  MONTH TO DATE  250                       220     30      250
  SINCE JUN 1    488                       456     32      567
  SINCE JAN 1    674                       555    119      682
..................................................................


WIND (MPH)
  HIGHEST WIND SPEED    15   HIGHEST WIND DIRECTION    SW (230)
  HIGHEST GUST SPEED    20   HIGHEST GUST DIRECTION    SW (230)
  AVERAGE WIND SPEED     3.8


SKY COVER
  POSSIBLE SUNSHINE  MM
  AVERAGE SKY COVER 0.1


WEATHER CONDITIONS
 THE FOLLOWING WEATHER WAS RECORDED YESTERDAY.
  HAZE


RELATIVE HUMIDITY (PERCENT)
 HIGHEST    90           500 AM
 LOWEST     49           400 PM
 AVERAGE    70

..........................................................


THE FRANKFORT KY CLIMATE NORMALS FOR TODAY
                         NORMAL    RECORD    YEAR
 MAXIMUM TEMPERATURE (F)   87       104      1934
 MINIMUM TEMPERATURE (F)   66        51      1944


SUNRISE AND SUNSET
JULY 21 2017..........SUNRISE   633 AM EDT   SUNSET   858 PM EDT
JULY 22 2017..........SUNRISE   634 AM EDT   SUNSET   858 PM EDT


-  INDICATES NEGATIVE NUMBERS.
R  INDICATES RECORD WAS SET OR TIED.
MM INDICATES DATA IS MISSING.
T  INDICATES TRACE AMOUNT.




$$
