951
CDUS43 KFGF 250642
CLIFGF


CLIMATE REPORT
NATIONAL WEATHER SERVICE EASTERN NORTH DAKOTA/GRAND FORKS
141 AM CDT WED MAY 25 2016


...................................

...THE GRAND FORKS UNIV. (NWS) ND CLIMATE SUMMARY FOR MAY 24 2016...

CLIMATE NORMAL PERIOD 1981 TO 2010
CLIMATE RECORD PERIOD 1890 TO 2016


WEATHER ITEM   OBSERVED TIME   RECORD YEAR NORMAL DEPARTURE LAST
                VALUE   (LST)  VALUE       VALUE  FROM      YEAR
                                                  NORMAL
..................................................................
TEMPERATURE (F)
 YESTERDAY
  MAXIMUM         79        MM  90    1980  71      8       76
  MINIMUM         56        MM  27    2002  46     10       49
  AVERAGE         68                        58     10       63

PRECIPITATION (IN)
  YESTERDAY        0.18          1.40 2010   0.09   0.09     0.00
  MONTH TO DATE    1.06                      2.00  -0.94     4.01
  SINCE MAR 1      3.85                      4.00  -0.15     5.03
  SINCE JAN 1      4.50                      5.30  -0.80     5.56

SNOWFALL (IN)
  YESTERDAY        0.0           0.0    MM   0.0    0.0      0.0
  MONTH TO DATE    T                         0.1   -0.1       T
  SINCE MAR 1      2.3                       8.1   -5.8      3.0
  SINCE JUL 1     29.6                      43.4  -13.8     19.3
  SNOW DEPTH       0

DEGREE DAYS
 HEATING
  YESTERDAY        0                         7     -7        2
  MONTH TO DATE  185                       265    -80      302
  SINCE MAR 1   1792                      2120   -328     1906
  SINCE JUL 1   7724                      9080  -1356     8755

 COOLING
  YESTERDAY        3                         1      2        0
  MONTH TO DATE   21                        19      2        2
  SINCE MAR 1     21                        22     -1        2
  SINCE JAN 1     21                        22     -1        2
..................................................................


WIND (MPH)
  RESULTANT WIND SPEED  MM   RESULTANT WIND DIRECTION  MM
  HIGHEST WIND SPEED    MM   HIGHEST WIND DIRECTION    MM
  HIGHEST GUST SPEED    MM   HIGHEST GUST DIRECTION    MM
  AVERAGE WIND SPEED    MM


SKY COVER
  POSSIBLE SUNSHINE  MM
  AVERAGE SKY COVER  MM


WEATHER CONDITIONS
 THE FOLLOWING WEATHER WAS RECORDED YESTERDAY.
  NO SIGNIFICANT WEATHER WAS OBSERVED.


RELATIVE HUMIDITY (PERCENT)
 HIGHEST    MM
 LOWEST     MM
 AVERAGE    MM

..........................................................


THE GRAND FORKS UNIV. (NWS) ND CLIMATE NORMALS FOR TODAY
                         NORMAL    RECORD    YEAR
 MAXIMUM TEMPERATURE (F)   71        90      1980
                                             1959
 MINIMUM TEMPERATURE (F)   47        30      1924
                                             1905


SUNRISE AND SUNSET
MAY 25 2016...........SUNRISE   538 AM CDT   SUNSET   913 PM CDT
MAY 26 2016...........SUNRISE   538 AM CDT   SUNSET   914 PM CDT


-  INDICATES NEGATIVE NUMBERS.
R  INDICATES RECORD WAS SET OR TIED.
MM INDICATES DATA IS MISSING.
T  INDICATES TRACE AMOUNT.




$$
