000
CDUS43 KFGF 300638
CLIFGF


CLIMATE REPORT
NATIONAL WEATHER SERVICE EASTERN NORTH DAKOTA/GRAND FORKS
137 AM CDT THU JUL 30 2015


...................................

...THE GRAND FORKS UNIV. (NWS) ND CLIMATE SUMMARY FOR JULY 29 2015...

CLIMATE NORMAL PERIOD 1981 TO 2010
CLIMATE RECORD PERIOD 1890 TO 2015


WEATHER ITEM   OBSERVED TIME   RECORD YEAR NORMAL DEPARTURE LAST
                VALUE   (LST)  VALUE       VALUE  FROM      YEAR
                                                  NORMAL
..................................................................
TEMPERATURE (F)
 YESTERDAY
  MAXIMUM         82        MM  97    1975  82      0       78
  MINIMUM         65        MM  43    1925  58      7       52
  AVERAGE         74                        70      4       65

PRECIPITATION (IN)
  YESTERDAY        0.00          1.28   MM   0.10  -0.10     0.00
  MONTH TO DATE    4.95                      2.99   1.96     3.44
  SINCE JUN 1      7.27                      6.73   0.54    10.19
  SINCE JAN 1     13.17                     12.78   0.39    17.18

SNOWFALL (IN)
  YESTERDAY        0.0           0.0    MM   0.0    0.0      0.0
  MONTH TO DATE    0.0                       0.0    0.0      0.0
  SINCE JUN 1      0.1                       0.0    0.1      0.0
  SINCE JUL 1      0.0                       0.0    0.0      0.0
  SNOW DEPTH       0

DEGREE DAYS
 HEATING
  YESTERDAY        0                         1     -1        0
  MONTH TO DATE   12                        21     -9       32
  SINCE JUN 1     58                       104    -46       84
  SINCE JUL 1     12                        21     -9       32

 COOLING
  YESTERDAY        9                         6      3        0
  MONTH TO DATE  207                       164     43      116
  SINCE JUN 1    308                       255     53      179
  SINCE JAN 1    319                       281     38      234
..................................................................


WIND (MPH)
  RESULTANT WIND SPEED  MM   RESULTANT WIND DIRECTION  MM
  HIGHEST WIND SPEED    MM   HIGHEST WIND DIRECTION    MM
  HIGHEST GUST SPEED    MM   HIGHEST GUST DIRECTION    MM
  AVERAGE WIND SPEED    MM


SKY COVER
  POSSIBLE SUNSHINE  MM
  AVERAGE SKY COVER  MM


WEATHER CONDITIONS
 THE FOLLOWING WEATHER WAS RECORDED YESTERDAY.
  NO SIGNIFICANT WEATHER WAS OBSERVED.


RELATIVE HUMIDITY (PERCENT)
 HIGHEST    MM
 LOWEST     MM
 AVERAGE    MM

..........................................................


THE GRAND FORKS UNIV. (NWS) ND CLIMATE NORMALS FOR TODAY
                         NORMAL    RECORD    YEAR
 MAXIMUM TEMPERATURE (F)   82       102      1929
 MINIMUM TEMPERATURE (F)   58        43      1952
                                             1907


SUNRISE AND SUNSET
JULY 30 2015..........SUNRISE   602 AM CDT   SUNSET   907 PM CDT
JULY 31 2015..........SUNRISE   603 AM CDT   SUNSET   905 PM CDT


-  INDICATES NEGATIVE NUMBERS.
R  INDICATES RECORD WAS SET OR TIED.
MM INDICATES DATA IS MISSING.
T  INDICATES TRACE AMOUNT.




$$
