000
CDUS43 KFGF 010644
CLIFGF


CLIMATE REPORT
NATIONAL WEATHER SERVICE EASTERN NORTH DAKOTA/GRAND FORKS
144 AM CDT SUN MAY 1 2016


...................................

...THE GRAND FORKS UNIV. (NWS) ND CLIMATE SUMMARY FOR APRIL 30 2016...

CLIMATE NORMAL PERIOD 1981 TO 2010
CLIMATE RECORD PERIOD 1890 TO 2016


WEATHER ITEM   OBSERVED TIME   RECORD YEAR NORMAL DEPARTURE LAST
                VALUE   (LST)  VALUE       VALUE  FROM      YEAR
                                                  NORMAL
..................................................................
TEMPERATURE (F)
 YESTERDAY
  MAXIMUM         61        MM  92    1992  63     -2       80
  MINIMUM         41        MM  16    1905  37      4       46
  AVERAGE         51                        50      1       63

PRECIPITATION (IN)
  YESTERDAY        0.00          3.48 1898   0.05  -0.05     0.14
  MONTH TO DATE    2.10                      0.98   1.12     0.68
  SINCE MAR 1      2.79                      2.00   0.79     1.02
  SINCE JAN 1      3.44                      3.30   0.14     1.55

SNOWFALL (IN)
  YESTERDAY        0.0           3.5  1950   0.0    0.0      0.0
  MONTH TO DATE    0.6                       1.6   -1.0      0.3
  SINCE MAR 1      2.3                       8.0   -5.7      3.0
  SINCE JUL 1     29.6                      43.3  -13.7     19.3
  SNOW DEPTH       0

DEGREE DAYS
 HEATING
  YESTERDAY       14                        15     -1        2
  MONTH TO DATE  719                       663     56      577
  SINCE MAR 1   1607                      1855   -248     1604
  SINCE JUL 1   7539                      8815  -1276     8453

 COOLING
  YESTERDAY        0                         0      0        0
  MONTH TO DATE    0                         3     -3        0
  SINCE MAR 1      0                         3     -3        0
  SINCE JAN 1      0                         3     -3        0
..................................................................


WIND (MPH)
  RESULTANT WIND SPEED  MM   RESULTANT WIND DIRECTION  MM
  HIGHEST WIND SPEED    MM   HIGHEST WIND DIRECTION    MM
  HIGHEST GUST SPEED    MM   HIGHEST GUST DIRECTION    MM
  AVERAGE WIND SPEED    MM


SKY COVER
  POSSIBLE SUNSHINE  MM
  AVERAGE SKY COVER  MM


WEATHER CONDITIONS
 THE FOLLOWING WEATHER WAS RECORDED YESTERDAY.
  NO SIGNIFICANT WEATHER WAS OBSERVED.


RELATIVE HUMIDITY (PERCENT)
 HIGHEST    MM
 LOWEST     MM
 AVERAGE    MM

..........................................................


THE GRAND FORKS UNIV. (NWS) ND CLIMATE NORMALS FOR TODAY
                         NORMAL    RECORD    YEAR
 MAXIMUM TEMPERATURE (F)   63        89      1934
 MINIMUM TEMPERATURE (F)   38        18      1958


SUNRISE AND SUNSET
MAY  1 2016...........SUNRISE   610 AM CDT   SUNSET   842 PM CDT
MAY  2 2016...........SUNRISE   608 AM CDT   SUNSET   844 PM CDT


-  INDICATES NEGATIVE NUMBERS.
R  INDICATES RECORD WAS SET OR TIED.
MM INDICATES DATA IS MISSING.
T  INDICATES TRACE AMOUNT.




$$
