168
CDUS43 KFGF 072329
CLIFGF


CLIMATE REPORT
NATIONAL WEATHER SERVICE EASTERN NORTH DAKOTA/GRAND FORKS
528 PM CST WED DEC 7 2016


...................................

...THE GRAND FORKS UNIV. (NWS) ND CLIMATE SUMMARY FOR DECEMBER 7 2016...
VALID TODAY AS OF 0400 PM LOCAL TIME.

CLIMATE NORMAL PERIOD 1981 TO 2010
CLIMATE RECORD PERIOD 1890 TO 2016


WEATHER ITEM   OBSERVED TIME   RECORD YEAR NORMAL DEPARTURE LAST
                VALUE   (LST)  VALUE       VALUE  FROM      YEAR
                                                  NORMAL
..................................................................
TEMPERATURE (F)
 TODAY
  MAXIMUM         19        MM  46    1907  23     -4       36
  MINIMUM         14        MM -21    1908   8      6       25
  AVERAGE         17                        15      2       31

PRECIPITATION (IN)
  TODAY           MM             0.63 1951   0.02  MM        0.00
  MONTH TO DATE    0.79                      0.14   0.65     0.30
  SINCE DEC 1      0.79                      0.14   0.65     0.30
  SINCE JAN 1     30.22                     21.11   9.11    19.71

SNOWFALL (IN)
  TODAY           MM             5.0  1963   0.4   MM        0.0
  MONTH TO DATE   13.7                       2.1   11.6      2.7
  SINCE DEC 1     13.7                       2.1   11.6      2.7
  SINCE JUL 1     14.6                       9.2    5.4      6.1
  SNOW DEPTH      13

DEGREE DAYS
 HEATING
  TODAY           48                        50     -2       34
  MONTH TO DATE  266                       338    -72      258
  SINCE DEC 1    266                       338    -72      258
  SINCE JUL 1   1720                      2432   -712     1867

 COOLING
  TODAY            0                         0      0        0
  MONTH TO DATE    0                         0      0        0
  SINCE DEC 1      0                         0      0        0
  SINCE JAN 1    461                       463     -2      580
..................................................................


WIND (MPH)
  HIGHEST WIND SPEED    MM   HIGHEST WIND DIRECTION    MM
  HIGHEST GUST SPEED    MM   HIGHEST GUST DIRECTION    MM
  AVERAGE WIND SPEED    MM


SKY COVER
  POSSIBLE SUNSHINE  MM
  AVERAGE SKY COVER  MM


WEATHER CONDITIONS
 THE FOLLOWING WEATHER WAS RECORDED TODAY.
  SNOW
  LIGHT SNOW


RELATIVE HUMIDITY (PERCENT)
 HIGHEST    MM
 LOWEST     MM
 AVERAGE    MM

..........................................................


THE GRAND FORKS UNIV. (NWS) ND CLIMATE NORMALS FOR TOMORROW
                         NORMAL    RECORD    YEAR
 MAXIMUM TEMPERATURE (F)   23        54      1990
 MINIMUM TEMPERATURE (F)    7       -28      1919


SUNRISE AND SUNSET
DECEMBER  7 2016......SUNRISE   804 AM CST   SUNSET   436 PM CST
DECEMBER  8 2016......SUNRISE   805 AM CST   SUNSET   436 PM CST


-  INDICATES NEGATIVE NUMBERS.
R  INDICATES RECORD WAS SET OR TIED.
MM INDICATES DATA IS MISSING.
T  INDICATES TRACE AMOUNT.




$$
