000
CDUS45 KFGZ 310104
CLIFLG
CLIMATE REPORT
NATIONAL WEATHER SERVICE FLAGSTAFF, AZ
603 PM MST FRI JAN 30 2015


...................................

...THE FLAGSTAFF AZ AIRPORT CLIMATE SUMMARY FOR JANUARY 30 2015...
VALID TODAY AS OF 0500 PM LOCAL TIME.

CLIMATE NORMAL PERIOD 1981 TO 2010
CLIMATE RECORD PERIOD 1898 TO 2015


WEATHER ITEM   OBSERVED TIME   RECORD YEAR NORMAL DEPARTURE LAST
                VALUE   (LST)  VALUE       VALUE  FROM      YEAR
                                                  NORMAL
..................................................................
TEMPERATURE (F)
 TODAY
  MAXIMUM         41    358 PM  66    1971  43     -2       49
  MINIMUM         36   1003 AM -19    1979  18     18       27
  AVERAGE         39                        30      9       38

PRECIPITATION (IN)
  TODAY            0.73          1.21 1922   0.07   0.66      T
  MONTH TO DATE    2.11                      1.98   0.13      T
  SINCE SEP 1      9.94                      9.65   0.29     7.11
  SINCE JAN 1      2.11                      1.98   0.13      T

SNOWFALL (IN)
  TODAY            0.0           9.6  1980   0.8   -0.8       T
  MONTH TO DATE   10.7                      22.4  -11.7       T
  SINCE SEP 1     29.7                      51.5  -21.8     29.9
  SNOW DEPTH       0

DEGREE DAYS
 HEATING
  TODAY           26                        35     -9       27
  MONTH TO DATE  927                      1056   -129      877
  SINCE JUL 1   3322                      3884   -562     3790

 COOLING
  TODAY            0                         0      0        0
  MONTH TO DATE    0                         0      0        0
  SINCE JAN 1      0                         0      0        0
..................................................................


WIND (MPH)
  HIGHEST WIND SPEED    14   HIGHEST WIND DIRECTION     E (70)
  HIGHEST GUST SPEED    19   HIGHEST GUST DIRECTION     E (70)
  AVERAGE WIND SPEED     7.9


SKY COVER
  POSSIBLE SUNSHINE  MM
  AVERAGE SKY COVER 1.0


WEATHER CONDITIONS
 THE FOLLOWING WEATHER WAS RECORDED TODAY.
  LIGHT RAIN
  FOG


RELATIVE HUMIDITY (PERCENT)
 HIGHEST   100           800 AM
 LOWEST     86           200 PM
 AVERAGE    93

..........................................................


THE FLAGSTAFF AZ AIRPORT CLIMATE NORMALS FOR TOMORROW
                         NORMAL    RECORD    YEAR
 MAXIMUM TEMPERATURE (F)   43        63      1971
 MINIMUM TEMPERATURE (F)   18       -25      1916


SUNRISE AND SUNSET
JANUARY 30 2015.......SUNRISE   727 AM MST   SUNSET   553 PM MST
JANUARY 31 2015.......SUNRISE   727 AM MST   SUNSET   554 PM MST


-  INDICATES NEGATIVE NUMBERS.
R  INDICATES RECORD WAS SET OR TIED.
MM INDICATES DATA IS MISSING.
T  INDICATES TRACE AMOUNT.




$$


&&

-------------------------------------------------------------------
SNOW DEPTH DATA FOR FLAGSTAFF AIRPORT IS REPORTED AT 5 AM MST


-------------------------------------------------------------------
SUPPLEMENTARY CLIMATE DATA FOR NWS BELLEMONT, ARIZONA

SNOW DEPTH (IN) AT 11 AM........................................0
WATER EQUIVALENT OF SNOW PACK (IN) AT 11 AM*....................
* ONLY MEASURED IF SNOW DEPTH IS 2.0 INCHES OR GREATER
-------------------------------------------------------------------
