000
CDUS45 KFGZ 140058
CLIFLG
CLIMATE REPORT
NATIONAL WEATHER SERVICE FLAGSTAFF, AZ
557 PM MST SUN JUL 13 2014


...................................

...THE FLAGSTAFF AZ AIRPORT CLIMATE SUMMARY FOR JULY 13 2014...
VALID TODAY AS OF 0500 PM LOCAL TIME.

CLIMATE NORMAL PERIOD 1981 TO 2010
CLIMATE RECORD PERIOD 1898 TO 2014


WEATHER ITEM   OBSERVED TIME   RECORD YEAR NORMAL DEPARTURE LAST
                VALUE   (LST)  VALUE       VALUE  FROM      YEAR
                                                  NORMAL
..................................................................
TEMPERATURE (F)
 TODAY
  MAXIMUM         84    313 PM  94    1972  82      2       80
  MINIMUM         54    531 AM  35    1904  51      3       51
  AVERAGE         69                        66      3       66

PRECIPITATION (IN)
  TODAY            0.00          1.55 1976   0.08  -0.08     0.00
  MONTH TO DATE    2.77                      0.75   2.02     3.43
  SINCE SEP 1     13.09                     16.89  -3.80    13.08
  SINCE JAN 1      5.98                      9.22  -3.24     8.69

SNOWFALL (IN)
  TODAY            0.0           0.0  2002   0.0    0.0      0.0
                                      2001
                                      2000
  MONTH TO DATE    0.0                       0.0    0.0      0.0
  SINCE SEP 1     44.4                     101.7  -57.3     69.7
  SNOW DEPTH       0

DEGREE DAYS
 HEATING
  TODAY            0                         1     -1        0
  MONTH TO DATE    1                        18    -17        0
  SINCE JUL 1      1                        18    -17        0

 COOLING
  TODAY            4                         2      2        1
  MONTH TO DATE   30                        26      4       54
  SINCE JAN 1     44                        43      1      104
..................................................................


WIND (MPH)
  HIGHEST WIND SPEED    20   HIGHEST WIND DIRECTION    SW (210)
  HIGHEST GUST SPEED    25   HIGHEST GUST DIRECTION    SW (210)
  AVERAGE WIND SPEED     4.5


SKY COVER
  POSSIBLE SUNSHINE  MM
  AVERAGE SKY COVER 0.3


WEATHER CONDITIONS
 THE FOLLOWING WEATHER WAS RECORDED TODAY.
  NO SIGNIFICANT WEATHER WAS OBSERVED.


RELATIVE HUMIDITY (PERCENT)
 HIGHEST    93           100 AM
 LOWEST     26           300 PM
 AVERAGE    60

..........................................................


THE FLAGSTAFF AZ AIRPORT CLIMATE NORMALS FOR TOMORROW
                         NORMAL    RECORD    YEAR
 MAXIMUM TEMPERATURE (F)   82        92      1902
 MINIMUM TEMPERATURE (F)   51        38      1962
                                             1952


SUNRISE AND SUNSET
JULY 13 2014..........SUNRISE   522 AM MST   SUNSET   742 PM MST
JULY 14 2014..........SUNRISE   523 AM MST   SUNSET   742 PM MST


-  INDICATES NEGATIVE NUMBERS.
R  INDICATES RECORD WAS SET OR TIED.
MM INDICATES DATA IS MISSING.
T  INDICATES TRACE AMOUNT.




$$


&&

-------------------------------------------------------------------
SNOW DEPTH DATA FOR FLAGSTAFF AIRPORT IS REPORTED AT 5 AM MST


-------------------------------------------------------------------
SUPPLEMENTARY CLIMATE DATA FOR NWS BELLEMONT, ARIZONA

SNOW DEPTH (IN) AT 11 AM..........................................0
WATER EQUIVALENT OF SNOW PACK (IN) AT 11 AM*......................0
* ONLY MEASURED IF SNOW DEPTH IS 2.0 INCHES OR GREATER
-------------------------------------------------------------------
