000
CDUS45 KFGZ 280808
CLIFLG
CLIMATE REPORT
NATIONAL WEATHER SERVICE FLAGSTAFF, AZ
107 AM MST SUN MAY 28 2017


...................................

...THE FLAGSTAFF AZ AIRPORT CLIMATE SUMMARY FOR MAY 27 2017...

CLIMATE NORMAL PERIOD 1981 TO 2010
CLIMATE RECORD PERIOD 1898 TO 2017


WEATHER ITEM   OBSERVED TIME   RECORD YEAR NORMAL DEPARTURE LAST
                VALUE   (LST)  VALUE       VALUE  FROM      YEAR
                                                  NORMAL
..................................................................
TEMPERATURE (F)
 YESTERDAY
  MAXIMUM         72    326 PM  87    1974  72      0       65
  MINIMUM         34    534 AM  23    1916  37     -3       30
  AVERAGE         53                        54     -1

PRECIPITATION (IN)
  YESTERDAY        0.00          0.68 1901   0.02  -0.02     0.00
  MONTH TO DATE    0.79                      0.55   0.24     1.57
  SINCE SEP 1     18.25                     15.70   2.55    15.85
  SINCE JAN 1      9.64                      8.03   1.61     7.02

SNOWFALL (IN)
  YESTERDAY        0.0           0.8  1962   0.0             0.0
  MONTH TO DATE    1.2                       0.7             1.9
  SINCE JUL 1     96.7                     101.7            78.3
  SNOW DEPTH       0

DEGREE DAYS
 HEATING
  YESTERDAY       12                        11      1       17
  MONTH TO DATE  406                       376     30      456
  SINCE JUL 1   6189                      6732   -543     6538

 COOLING
  YESTERDAY        0                         0      0        0
  MONTH TO DATE    0                         0      0        0
  SINCE JAN 1      0                         0      0        0
..................................................................


WIND (MPH)
  HIGHEST WIND SPEED    20   HIGHEST WIND DIRECTION    SW (210)
  HIGHEST GUST SPEED    28   HIGHEST GUST DIRECTION     W (250)
  AVERAGE WIND SPEED     5.6


SKY COVER
  POSSIBLE SUNSHINE  MM
  AVERAGE SKY COVER 0.1


WEATHER CONDITIONS
 THE FOLLOWING WEATHER WAS RECORDED YESTERDAY.
  NO SIGNIFICANT WEATHER WAS OBSERVED.


RELATIVE HUMIDITY (PERCENT)
 HIGHEST    64           600 AM
 LOWEST     13           500 PM
 AVERAGE    39

..........................................................


THE FLAGSTAFF AZ AIRPORT CLIMATE NORMALS FOR TODAY
                         NORMAL    RECORD    YEAR
 MAXIMUM TEMPERATURE (F)   72        86      2000
                                             1958
 MINIMUM TEMPERATURE (F)   37        24      1929


SUNRISE AND SUNSET
MAY 28 2017...........SUNRISE   515 AM MST   SUNSET   733 PM MST
MAY 29 2017...........SUNRISE   515 AM MST   SUNSET   734 PM MST


-  INDICATES NEGATIVE NUMBERS.
R  INDICATES RECORD WAS SET OR TIED.
MM INDICATES DATA IS MISSING.
T  INDICATES TRACE AMOUNT.




$$
&&

-------------------------------------------------------------------
SNOW DEPTH DATA FOR FLAGSTAFF AIRPORT IS REPORTED AT 5 AM MST


-------------------------------------------------------------------
SUPPLEMENTARY CLIMATE DATA FOR NWS BELLEMONT, ARIZONA

SNOW DEPTH (IN) AT 11 AM...................................0.0
WATER EQUIVALENT OF SNOW PACK (IN) AT 11 AM*...............
* ONLY MEASURED IF SNOW DEPTH IS 2.0 INCHES OR GREATER
-------------------------------------------------------------------
