000
CDUS45 KFGZ 290759
CLIFLG
CLIMATE REPORT
NATIONAL WEATHER SERVICE FLAGSTAFF, AZ
1259 AM MST WED MAR 29 2017


...................................

...THE FLAGSTAFF AZ AIRPORT CLIMATE SUMMARY FOR MARCH 28 2017...

CLIMATE NORMAL PERIOD 1981 TO 2010
CLIMATE RECORD PERIOD 1898 TO 2017


WEATHER ITEM   OBSERVED TIME   RECORD YEAR NORMAL DEPARTURE LAST
                VALUE   (LST)  VALUE       VALUE  FROM      YEAR
                                                  NORMAL
..................................................................
TEMPERATURE (F)
 YESTERDAY
  MAXIMUM         51    523 PM  70    2015  53     -2       54
  MINIMUM         28    709 AM  -7    1975  25      3       26
  AVERAGE         40                        39      1

PRECIPITATION (IN)
  YESTERDAY        T             1.13 1998   0.05  -0.05     0.01
  MONTH TO DATE    1.43                      1.96  -0.53     0.23
  SINCE SEP 1     16.93                     13.84   3.09    12.84
  SINCE JAN 1      8.32                      6.17   2.15     4.01

SNOWFALL (IN)
  YESTERDAY       MM            11.6  1973   0.5             0.0
  MONTH TO DATE    8.0                      19.4             0.5
  SINCE JUL 1     90.3                      92.6            72.2
  SNOW DEPTH       0

DEGREE DAYS
 HEATING
  YESTERDAY       25                        26     -1       25
  MONTH TO DATE  648                       790   -142      663
  SINCE JUL 1   5113                      5629   -516     5350

 COOLING
  YESTERDAY        0                         0      0        0
  MONTH TO DATE    0                         0      0        0
  SINCE JAN 1      0                         0      0        0
..................................................................


WIND (MPH)
  HIGHEST WIND SPEED    16   HIGHEST WIND DIRECTION     N (10)
  HIGHEST GUST SPEED    22   HIGHEST GUST DIRECTION     N (10)
  AVERAGE WIND SPEED     5.0


SKY COVER
  POSSIBLE SUNSHINE  MM
  AVERAGE SKY COVER 0.4


WEATHER CONDITIONS
 THE FOLLOWING WEATHER WAS RECORDED YESTERDAY.
  LIGHT SNOW
  FOG


RELATIVE HUMIDITY (PERCENT)
 HIGHEST    92           600 AM
 LOWEST     36           400 PM
 AVERAGE    64

..........................................................


THE FLAGSTAFF AZ AIRPORT CLIMATE NORMALS FOR TODAY
                         NORMAL    RECORD    YEAR
 MAXIMUM TEMPERATURE (F)   53        70      1934
 MINIMUM TEMPERATURE (F)   25        10      1944


SUNRISE AND SUNSET
MARCH 29 2017.........SUNRISE   617 AM MST   SUNSET   646 PM MST
MARCH 30 2017.........SUNRISE   616 AM MST   SUNSET   647 PM MST


-  INDICATES NEGATIVE NUMBERS.
R  INDICATES RECORD WAS SET OR TIED.
MM INDICATES DATA IS MISSING.
T  INDICATES TRACE AMOUNT.




$$
&&

-------------------------------------------------------------------
SNOW DEPTH DATA FOR FLAGSTAFF AIRPORT IS REPORTED AT 5 AM MST


-------------------------------------------------------------------
SUPPLEMENTARY CLIMATE DATA FOR NWS BELLEMONT, ARIZONA

SNOW DEPTH (IN) AT 11 AM.........................................0
WATER EQUIVALENT OF SNOW PACK (IN) AT 11 AM*...................
* ONLY MEASURED IF SNOW DEPTH IS 2.0 INCHES OR GREATER
-------------------------------------------------------------------
