000
CDUS45 KFGZ 180800
CLIFLG
CLIMATE REPORT
NATIONAL WEATHER SERVICE FLAGSTAFF, AZ
1259 AM MST SUN FEB 18 2018


...................................

...THE FLAGSTAFF AZ AIRPORT CLIMATE SUMMARY FOR FEBRUARY 17 2018...

CLIMATE NORMAL PERIOD 1981 TO 2010
CLIMATE RECORD PERIOD 1898 TO 2018


WEATHER ITEM   OBSERVED TIME   RECORD YEAR NORMAL DEPARTURE LAST
                VALUE   (LST)  VALUE       VALUE  FROM      YEAR
                                                  NORMAL
..................................................................
TEMPERATURE (F)
 YESTERDAY
  MAXIMUM         54    318 PM  66    1996  45      9       45
                                      1977
  MINIMUM         20    735 AM  -8    1956  20      0       32
  AVERAGE         37                        32      5

PRECIPITATION (IN)
  YESTERDAY        0.00          0.49 1971   0.08  -0.08     0.02
  MONTH TO DATE    1.32                      1.27   0.05     0.31
  SINCE SEP 1      3.46                     10.99  -7.53    13.48
  SINCE JAN 1      3.03                      3.32  -0.29     4.87

SNOWFALL (IN)
  YESTERDAY        0.0           4.8  1971   0.8              T
  MONTH TO DATE    6.0                      13.3              T
  SINCE JUL 1     17.3                      65.6            64.1
  SNOW DEPTH       0

DEGREE DAYS
 HEATING
  YESTERDAY       28                        33     -5       26
  MONTH TO DATE  447                       572   -125      469
  SINCE JUL 1   3684                      4488   -804     4122

 COOLING
  YESTERDAY        0                         0      0        0
  MONTH TO DATE    0                         0      0        0
  SINCE JAN 1      0                         0      0        0
..................................................................


WIND (MPH)
  HIGHEST WIND SPEED    17   HIGHEST WIND DIRECTION     S (200)
  HIGHEST GUST SPEED    22   HIGHEST GUST DIRECTION    SW (220)
  AVERAGE WIND SPEED     3.3


SKY COVER
  POSSIBLE SUNSHINE  MM
  AVERAGE SKY COVER 0.0


WEATHER CONDITIONS
 THE FOLLOWING WEATHER WAS RECORDED YESTERDAY.
  NO SIGNIFICANT WEATHER WAS OBSERVED.


RELATIVE HUMIDITY (PERCENT)
 HIGHEST    96           500 AM
 LOWEST     22           200 PM
 AVERAGE    59

..........................................................


THE FLAGSTAFF AZ AIRPORT CLIMATE NORMALS FOR TODAY
                         NORMAL    RECORD    YEAR
 MAXIMUM TEMPERATURE (F)   45        65      1977
 MINIMUM TEMPERATURE (F)   20       -11      1942


SUNRISE AND SUNSET
FEBRUARY 18 2018......SUNRISE   709 AM MST   SUNSET   612 PM MST
FEBRUARY 19 2018......SUNRISE   708 AM MST   SUNSET   613 PM MST


-  INDICATES NEGATIVE NUMBERS.
R  INDICATES RECORD WAS SET OR TIED.
MM INDICATES DATA IS MISSING.
T  INDICATES TRACE AMOUNT.




$$
&&

-------------------------------------------------------------------
SNOW DEPTH DATA FOR FLAGSTAFF AIRPORT IS REPORTED AT 5 AM MST
