000
CDUS42 KMFL 282016
CLIFLL


CLIMATE REPORT
NATIONAL WEATHER SERVICE MIAMI, FL
415 PM EDT THU JUL 28 2016


...................................

...THE FORT LAUDERDALE CLIMATE SUMMARY FOR JULY 28 2016...
VALID TODAY AS OF 0400 PM LOCAL TIME.

CLIMATE NORMAL PERIOD 1981 TO 2010
CLIMATE RECORD PERIOD 1912 TO 2016


WEATHER ITEM   OBSERVED TIME   RECORD YEAR NORMAL DEPARTURE LAST
                VALUE   (LST)  VALUE       VALUE  FROM      YEAR
                                                  NORMAL
..................................................................
TEMPERATURE (F)
 TODAY
  MAXIMUM         90    235 PM  96    1980  91     -1       95
  MINIMUM         83    558 AM  69    1946  79      4       79
                                      1928
                                      1924
  AVERAGE         87                        85      2       87

PRECIPITATION (IN)
  TODAY            0.00          5.27 1915   0.18  -0.18     0.00
  MONTH TO DATE    2.04                      5.45  -3.41     2.70
  SINCE JUN 1     11.09                     15.61  -4.52     3.79
  SINCE JAN 1     30.04                     33.10  -3.06    17.84

SNOWFALL (IN)
  TODAY            0.0
  MONTH TO DATE    0.0
  SINCE JUN 1      0.0
  SINCE JUL 1      0.0
  SNOW DEPTH       0

DEGREE DAYS
 HEATING
  TODAY            0                         0      0        0
  MONTH TO DATE    0                         0      0        0
  SINCE JUN 1      0                         0      0        0
  SINCE JUL 1      0                         0      0        0

 COOLING
  TODAY           22                        20      2       22
  MONTH TO DATE  571                       541     30      559
  SINCE JUN 1   1132                      1084     48     1121
  SINCE JAN 1   2546                      2502     44     2657
..................................................................


WIND (MPH)
  HIGHEST WIND SPEED    17   HIGHEST WIND DIRECTION     E (100)
  HIGHEST GUST SPEED    22   HIGHEST GUST DIRECTION    SE (130)
  AVERAGE WIND SPEED    10.6


SKY COVER
  AVERAGE SKY COVER 0.4


WEATHER CONDITIONS
 THE FOLLOWING WEATHER WAS RECORDED TODAY.
  NO SIGNIFICANT WEATHER WAS OBSERVED.


RELATIVE HUMIDITY (PERCENT)
 HIGHEST    74
 LOWEST     64
 AVERAGE    69

..........................................................


THE FORT LAUDERDALE CLIMATE NORMALS FOR TOMORROW
                         NORMAL    RECORD    YEAR
 MAXIMUM TEMPERATURE (F)   91        96      2014
                                             1990
 MINIMUM TEMPERATURE (F)   79        68      1924


SUNRISE AND SUNSET
JULY 28 2016..........SUNRISE   645 AM EDT   SUNSET   809 PM EDT
JULY 29 2016..........SUNRISE   645 AM EDT   SUNSET   809 PM EDT


-  INDICATES NEGATIVE NUMBERS.
R  INDICATES RECORD WAS SET OR TIED.
MM INDICATES DATA IS MISSING.
T  INDICATES TRACE AMOUNT.




$$
