000
CDUS42 KMFL 300839
CLIFLL


CLIMATE REPORT
NATIONAL WEATHER SERVICE MIAMI, FL
436 AM EDT THU OCT 30 2014


...................................

...THE FORT LAUDERDALE CLIMATE SUMMARY FOR OCTOBER 29 2014...

CLIMATE NORMAL PERIOD 1981 TO 2010
CLIMATE RECORD PERIOD 1839 TO 2014


WEATHER ITEM   OBSERVED TIME   RECORD YEAR NORMAL DEPARTURE LAST
                VALUE   (LST)  VALUE       VALUE  FROM      YEAR
                                                  NORMAL
..................................................................
TEMPERATURE (F)
 YESTERDAY
  MAXIMUM         85    224 PM  91    1925  84      1       85
  MINIMUM         77   1159 PM  46    1937  73      4       70
  AVERAGE         81                        78      3       78

PRECIPITATION (IN)
  YESTERDAY        0.00          3.48 2011   0.17  -0.17     0.00
  MONTH TO DATE    2.36                      6.50  -4.14     3.56
  SINCE JUN 1     35.73                     38.67  -2.94    39.54
  SINCE JAN 1     56.33                     56.16   0.17    64.32

SNOWFALL (IN)
  YESTERDAY        0.0
  MONTH TO DATE    0.0
  SINCE SEP 1      0.0
  SINCE JUL 1      0.0
  SNOW DEPTH       0

DEGREE DAYS
 HEATING
  YESTERDAY        0                         0      0        0
  MONTH TO DATE    0                         0      0        0
  SINCE SEP 1      0                         0      0        0
  SINCE JUL 1      0                         0      0        0

 COOLING
  YESTERDAY       16                        13      3       13
  MONTH TO DATE  455                       455      0      436
  SINCE SEP 1   1010                      1001      9      949
  SINCE JAN 1   4320                      4167    153     3996
..................................................................


WIND (MPH)
  HIGHEST WIND SPEED    16   HIGHEST WIND DIRECTION    SE (120)
  HIGHEST GUST SPEED    19   HIGHEST GUST DIRECTION    SE (130)
  AVERAGE WIND SPEED     8.8


SKY COVER
  AVERAGE SKY COVER 0.3


WEATHER CONDITIONS
 THE FOLLOWING WEATHER WAS RECORDED YESTERDAY.
  NO SIGNIFICANT WEATHER WAS OBSERVED.


RELATIVE HUMIDITY (PERCENT)
 HIGHEST    71
 LOWEST     51
 AVERAGE    61

..........................................................


THE FORT LAUDERDALE CLIMATE NORMALS FOR TODAY
                         NORMAL    RECORD    YEAR
 MAXIMUM TEMPERATURE (F)   84        92      1925
 MINIMUM TEMPERATURE (F)   73        52      1953


SUNRISE AND SUNSET
OCTOBER 30 2014.......SUNRISE   728 AM EDT   SUNSET   640 PM EDT
OCTOBER 31 2014.......SUNRISE   729 AM EDT   SUNSET   639 PM EDT


-  INDICATES NEGATIVE NUMBERS.
R  INDICATES RECORD WAS SET OR TIED.
MM INDICATES DATA IS MISSING.
T  INDICATES TRACE AMOUNT.




$$
