000
CDUS42 KMFL 020821
CLIFLL


CLIMATE REPORT
NATIONAL WEATHER SERVICE MIAMI, FL
420 AM EDT WED SEP 2 2015


...................................

...THE FORT LAUDERDALE CLIMATE SUMMARY FOR SEPTEMBER 1 2015...

CLIMATE NORMAL PERIOD 1981 TO 2010
CLIMATE RECORD PERIOD 1839 TO 2015


WEATHER ITEM   OBSERVED TIME   RECORD YEAR NORMAL DEPARTURE LAST
                VALUE   (LST)  VALUE       VALUE  FROM      YEAR
                                                  NORMAL
..................................................................
TEMPERATURE (F)
 YESTERDAY
  MAXIMUM         89    211 PM  96    1998  90     -1       91
                                      1944
  MINIMUM         78    330 AM  69    1923  78      0       78
                                      1920
  AVERAGE         84                        84      0       85

PRECIPITATION (IN)
  YESTERDAY        0.10          2.64 1980   0.31  -0.21     0.05
  MONTH TO DATE    0.10                      0.31  -0.21     0.05
  SINCE JUN 1      9.97                     23.89 -13.92    23.58
  SINCE JAN 1     24.02                     41.38 -17.36    44.18

SNOWFALL (IN)
  YESTERDAY        0.0
  MONTH TO DATE    0.0
  SINCE SEP 1      0.0
  SINCE JUL 1      0.0
  SNOW DEPTH       0

DEGREE DAYS
 HEATING
  YESTERDAY        0                         0      0        0
  MONTH TO DATE    0                         0      0        0
  SINCE SEP 1      0                         0      0        0
  SINCE JUL 1      0                         0      0        0

 COOLING
  YESTERDAY       19                        19      0       20
  MONTH TO DATE   19                        19      0       20
  SINCE SEP 1     19                        19      0       20
  SINCE JAN 1   3350                      3185    165     3330
..................................................................


WIND (MPH)
  HIGHEST WIND SPEED    18   HIGHEST WIND DIRECTION    SE (140)
  HIGHEST GUST SPEED    22   HIGHEST GUST DIRECTION     S (160)
  AVERAGE WIND SPEED     7.6


SKY COVER
  AVERAGE SKY COVER 0.4


WEATHER CONDITIONS
 THE FOLLOWING WEATHER WAS RECORDED YESTERDAY.
  NO SIGNIFICANT WEATHER WAS OBSERVED.


RELATIVE HUMIDITY (PERCENT)
 HIGHEST    91
 LOWEST     64
 AVERAGE    78

..........................................................


THE FORT LAUDERDALE CLIMATE NORMALS FOR TODAY
                         NORMAL    RECORD    YEAR
 MAXIMUM TEMPERATURE (F)   90        94      1924
 MINIMUM TEMPERATURE (F)   78        70      1934
                                             1920
                                             1919


SUNRISE AND SUNSET
SEPTEMBER  2 2015.....SUNRISE   701 AM EDT   SUNSET   739 PM EDT
SEPTEMBER  3 2015.....SUNRISE   701 AM EDT   SUNSET   738 PM EDT


-  INDICATES NEGATIVE NUMBERS.
R  INDICATES RECORD WAS SET OR TIED.
MM INDICATES DATA IS MISSING.
T  INDICATES TRACE AMOUNT.




$$
