000
CDUS42 KMFL 260829
CLIFLL


CLIMATE REPORT
NATIONAL WEATHER SERVICE MIAMI, FL
429 AM EDT WED APR 26 2017


...................................

...THE FORT LAUDERDALE CLIMATE SUMMARY FOR APRIL 25 2017...

CLIMATE NORMAL PERIOD 1981 TO 2010
CLIMATE RECORD PERIOD 1912 TO 2017


WEATHER ITEM   OBSERVED TIME   RECORD YEAR NORMAL DEPARTURE LAST
                VALUE   (LST)  VALUE       VALUE  FROM      YEAR
                                                  NORMAL
..................................................................
TEMPERATURE (F)
 YESTERDAY
  MAXIMUM         85    400 PM  94    1971  84      1       83
  MINIMUM         65    540 AM  55    2005  71     -6       74
  AVERAGE         75                        77     -2       79

PRECIPITATION (IN)
  YESTERDAY        0.00         14.59 1979   0.09  -0.09     0.00
  MONTH TO DATE    4.00                      2.55   1.45     0.73
  SINCE NOV 1     13.41                     18.20  -4.79    25.52
  SINCE JAN 1      8.78                     12.50  -3.72    14.30

SNOWFALL (IN)
  YESTERDAY        0.0
  MONTH TO DATE    0.0
  SINCE MAR 1      0.0
  SINCE JUL 1      0.0
  SNOW DEPTH       0

DEGREE DAYS
 HEATING
  YESTERDAY        0                         0      0        0
  MONTH TO DATE    0                         0      0        0
  SINCE MAR 1      6                         9     -3        2
  SINCE JUL 1     35                       111    -76       87

 COOLING
  YESTERDAY       10                        12     -2       14
  MONTH TO DATE  301                       273     28      294
  SINCE MAR 1    554                       527     27      617
  SINCE JAN 1   1010                       883    127      876
..................................................................


WIND (MPH)
  HIGHEST WIND SPEED   244   HIGHEST WIND DIRECTION     W (250)
  HIGHEST GUST SPEED   244   HIGHEST GUST DIRECTION     W (250)
  AVERAGE WIND SPEED     8.7


SKY COVER
  AVERAGE SKY COVER 0.4


WEATHER CONDITIONS
 THE FOLLOWING WEATHER WAS RECORDED YESTERDAY.
  NO SIGNIFICANT WEATHER WAS OBSERVED.


RELATIVE HUMIDITY (PERCENT)
 HIGHEST    87
 LOWEST     40
 AVERAGE    64

..........................................................


THE FORT LAUDERDALE CLIMATE NORMALS FOR TODAY
                         NORMAL    RECORD    YEAR
 MAXIMUM TEMPERATURE (F)   84        96      2015
 MINIMUM TEMPERATURE (F)   71        53      1983


SUNRISE AND SUNSET
APRIL 26 2017.........SUNRISE   647 AM EDT   SUNSET   750 PM EDT
APRIL 27 2017.........SUNRISE   646 AM EDT   SUNSET   750 PM EDT


-  INDICATES NEGATIVE NUMBERS.
R  INDICATES RECORD WAS SET OR TIED.
MM INDICATES DATA IS MISSING.
T  INDICATES TRACE AMOUNT.




$$
