000
CDUS42 KMFL 210824
CLIFLL


CLIMATE REPORT
NATIONAL WEATHER SERVICE MIAMI, FL
423 AM EDT MON AUG 21 2017


...................................

...THE FORT LAUDERDALE CLIMATE SUMMARY FOR AUGUST 20 2017...

CLIMATE NORMAL PERIOD 1981 TO 2010
CLIMATE RECORD PERIOD 1912 TO 2017


WEATHER ITEM   OBSERVED TIME   RECORD YEAR NORMAL DEPARTURE LAST
                VALUE   (LST)  VALUE       VALUE  FROM      YEAR
                                                  NORMAL
..................................................................
TEMPERATURE (F)
 YESTERDAY
  MAXIMUM         89    211 PM  96    1964  90     -1       91
                                      1921
                                      1915
  MINIMUM         79   1013 AM  66    1981  79      0       81
                                      1916
  AVERAGE         84                        84      0       86

PRECIPITATION (IN)
  YESTERDAY        0.18          2.84 2003   0.23  -0.05     0.00
  MONTH TO DATE    4.78                      4.57   0.21     4.32
  SINCE JUN 1     22.36                     20.71   1.65    15.78
  SINCE JAN 1     33.96                     38.20  -4.24    34.73

SNOWFALL (IN)
  YESTERDAY        0.0
  MONTH TO DATE    0.0
  SINCE JUN 1      0.0
  SINCE JUL 1      0.0
  SNOW DEPTH       0

DEGREE DAYS
 HEATING
  YESTERDAY        0                         0      0        0
  MONTH TO DATE    0                         0      0        0
  SINCE JUN 1      0                         0      0        0
  SINCE JUL 1      0                         0      0        0

 COOLING
  YESTERDAY       19                        19      0       21
  MONTH TO DATE  407                       399      8      376
  SINCE JUN 1   1546                      1540      6     1571
  SINCE JAN 1   3123                      2958    165     2985
..................................................................


WIND (MPH)
  HIGHEST WIND SPEED    20   HIGHEST WIND DIRECTION     E (100)
  HIGHEST GUST SPEED    27   HIGHEST GUST DIRECTION    NE (30)
  AVERAGE WIND SPEED     9.7


SKY COVER
  AVERAGE SKY COVER 0.7


WEATHER CONDITIONS
 THE FOLLOWING WEATHER WAS RECORDED YESTERDAY.
  THUNDERSTORM
  LIGHT RAIN


RELATIVE HUMIDITY (PERCENT)
 HIGHEST    94
 LOWEST     68
 AVERAGE    81

..........................................................


THE FORT LAUDERDALE CLIMATE NORMALS FOR TODAY
                         NORMAL    RECORD    YEAR
 MAXIMUM TEMPERATURE (F)   90        96      1958
 MINIMUM TEMPERATURE (F)   79        70      1946
                                             1922
                                             1921


SUNRISE AND SUNSET
AUGUST 21 2017........SUNRISE   656 AM EDT   SUNSET   751 PM EDT
AUGUST 22 2017........SUNRISE   657 AM EDT   SUNSET   750 PM EDT


-  INDICATES NEGATIVE NUMBERS.
R  INDICATES RECORD WAS SET OR TIED.
MM INDICATES DATA IS MISSING.
T  INDICATES TRACE AMOUNT.




$$
