000
CDUS42 KMFL 140820
CLIFLL


CLIMATE REPORT
NATIONAL WEATHER SERVICE MIAMI, FL
420 AM EDT MON JUL 14 2014


...................................

...THE FORT LAUDERDALE CLIMATE SUMMARY FOR JULY 13 2014...

CLIMATE NORMAL PERIOD 1981 TO 2010
CLIMATE RECORD PERIOD 1839 TO 2014


WEATHER ITEM   OBSERVED TIME   RECORD YEAR NORMAL DEPARTURE LAST
                VALUE   (LST)  VALUE       VALUE  FROM      YEAR
                                                  NORMAL
..................................................................
TEMPERATURE (F)
 YESTERDAY
  MAXIMUM         90    324 PM  99    1980  90      0       84
  MINIMUM         81   1209 PM  65    1957  78      3       72
  AVERAGE         86                        84      2       78

PRECIPITATION (IN)
  YESTERDAY        T             5.68 2013   0.20  -0.20     5.68
  MONTH TO DATE    4.58                      2.80   1.78     8.68
  SINCE JUN 1     13.22                     12.96   0.26    23.40
  SINCE JAN 1     33.82                     30.45   3.37    48.18

SNOWFALL (IN)
  YESTERDAY        0.0
  MONTH TO DATE    0.0
  SINCE JUN 1      0.0
  SINCE JUL 1      0.0
  SNOW DEPTH       0

DEGREE DAYS
 HEATING
  YESTERDAY        0                         0      0        0
  MONTH TO DATE    0                         0      0        0
  SINCE JUN 1      0                         0      0        0
  SINCE JUL 1      0                         0      0        0

 COOLING
  YESTERDAY       21                        19      2       13
  MONTH TO DATE  250                       247      3      222
  SINCE JUN 1    766                       790    -24      766
  SINCE JAN 1   2301                      2208     93     2162
..................................................................


WIND (MPH)
  HIGHEST WIND SPEED    22   HIGHEST WIND DIRECTION    SE (120)
  HIGHEST GUST SPEED    26   HIGHEST GUST DIRECTION    SE (120)
  AVERAGE WIND SPEED    11.3


SKY COVER
  AVERAGE SKY COVER 0.7


WEATHER CONDITIONS
 THE FOLLOWING WEATHER WAS RECORDED YESTERDAY.
  LIGHT RAIN


RELATIVE HUMIDITY (PERCENT)
 HIGHEST    79
 LOWEST     61
 AVERAGE    70

..........................................................


THE FORT LAUDERDALE CLIMATE NORMALS FOR TODAY
                         NORMAL    RECORD    YEAR
 MAXIMUM TEMPERATURE (F)   90        95      2000
                                             1969
 MINIMUM TEMPERATURE (F)   78        69      1965
                                             1937
                                             1922


SUNRISE AND SUNSET
JULY 14 2014..........SUNRISE   638 AM EDT   SUNSET   815 PM EDT
JULY 15 2014..........SUNRISE   638 AM EDT   SUNSET   815 PM EDT


-  INDICATES NEGATIVE NUMBERS.
R  INDICATES RECORD WAS SET OR TIED.
MM INDICATES DATA IS MISSING.
T  INDICATES TRACE AMOUNT.




$$
