000
CDUS42 KMFL 200927
CLIFLL


CLIMATE REPORT
NATIONAL WEATHER SERVICE MIAMI, FL
427 AM EST SAT DEC 20 2014


...................................

...THE FORT LAUDERDALE CLIMATE SUMMARY FOR DECEMBER 19 2014...

CLIMATE NORMAL PERIOD 1981 TO 2010
CLIMATE RECORD PERIOD 1839 TO 2014


WEATHER ITEM   OBSERVED TIME   RECORD YEAR NORMAL DEPARTURE LAST
                VALUE   (LST)  VALUE       VALUE  FROM      YEAR
                                                  NORMAL
..................................................................
TEMPERATURE (F)
 YESTERDAY
  MAXIMUM         77   1211 PM  86    1961  77      0       78
  MINIMUM         59    744 AM  32    1950  64     -5       59
  AVERAGE         68                        70     -2       69

PRECIPITATION (IN)
  YESTERDAY        0.00          1.63 1915   0.09  -0.09     0.00
  MONTH TO DATE    1.73                      1.64   0.09     1.13
  SINCE NOV 1      4.65                      4.88  -0.23    12.05
  SINCE JAN 1     61.09                     61.36  -0.27    76.38

SNOWFALL (IN)
  YESTERDAY        0.0
  MONTH TO DATE    0.0
  SINCE DEC 1      0.0
  SINCE JUL 1      0.0
  SNOW DEPTH       0

DEGREE DAYS
 HEATING
  YESTERDAY        0                         1     -1        0
  MONTH TO DATE   16                        14      2        0
  SINCE DEC 1     16                        14      2        0
  SINCE JUL 1     26                        16     10        4

 COOLING
  YESTERDAY        3                         7     -4        4
  MONTH TO DATE  106                       146    -40      159
  SINCE DEC 1    106                       146    -40      159
  SINCE JAN 1   4707                      4659     48     4511
..................................................................


WIND (MPH)
  HIGHEST WIND SPEED    13   HIGHEST WIND DIRECTION    SE (120)
  HIGHEST GUST SPEED    17   HIGHEST GUST DIRECTION     E (90)
  AVERAGE WIND SPEED     6.0


SKY COVER
  AVERAGE SKY COVER 0.4


WEATHER CONDITIONS
 THE FOLLOWING WEATHER WAS RECORDED YESTERDAY.
  NO SIGNIFICANT WEATHER WAS OBSERVED.


RELATIVE HUMIDITY (PERCENT)
 HIGHEST    87
 LOWEST     60
 AVERAGE    74

..........................................................


THE FORT LAUDERDALE CLIMATE NORMALS FOR TODAY
                         NORMAL    RECORD    YEAR
 MAXIMUM TEMPERATURE (F)   77        86      1948
                                             1922
 MINIMUM TEMPERATURE (F)   63        35      1950


SUNRISE AND SUNSET
DECEMBER 20 2014......SUNRISE   703 AM EST   SUNSET   534 PM EST
DECEMBER 21 2014......SUNRISE   703 AM EST   SUNSET   534 PM EST


-  INDICATES NEGATIVE NUMBERS.
R  INDICATES RECORD WAS SET OR TIED.
MM INDICATES DATA IS MISSING.
T  INDICATES TRACE AMOUNT.




$$
