000
CDUS42 KMFL 200921
CLIFLL


CLIMATE REPORT
NATIONAL WEATHER SERVICE MIAMI, FL
420 AM EST FRI JAN 20 2017


...................................

...THE FORT LAUDERDALE CLIMATE SUMMARY FOR JANUARY 19 2017...

CLIMATE NORMAL PERIOD 1981 TO 2010
CLIMATE RECORD PERIOD 1912 TO 2017


WEATHER ITEM   OBSERVED TIME   RECORD YEAR NORMAL DEPARTURE LAST
                VALUE   (LST)  VALUE       VALUE  FROM      YEAR
                                                  NORMAL
..................................................................
TEMPERATURE (F)
 YESTERDAY
  MAXIMUM         80    237 PM  87    1936  76      4       65
  MINIMUM         63    716 AM  28    1977  62      1       52
  AVERAGE         72                        69      3       59

PRECIPITATION (IN)
  YESTERDAY        0.00          2.90 1942   0.12  -0.12     0.00
  MONTH TO DATE    0.65                      1.61  -0.96     2.98
  SINCE NOV 1      5.28                      7.31  -2.03    14.20
  SINCE JAN 1      0.65                      1.61  -0.96     2.98

SNOWFALL (IN)
  YESTERDAY        0.0
  MONTH TO DATE    0.0
  SINCE DEC 1      0.0
  SINCE JUL 1      0.0
  SNOW DEPTH      MM

DEGREE DAYS
 HEATING
  YESTERDAY        0                         1     -1        6
  MONTH TO DATE   11                        35    -24       12
  SINCE DEC 1     13                        65    -52       12
  SINCE JUL 1     13                        67    -54       12

 COOLING
  YESTERDAY        7                         5      2        0
  MONTH TO DATE  150                       104     46       93
  SINCE DEC 1    493                       320    173      490
  SINCE JAN 1    150                       104     46       93
..................................................................


WIND (MPH)
  HIGHEST WIND SPEED    14   HIGHEST WIND DIRECTION    SE (130)
  HIGHEST GUST SPEED    17   HIGHEST GUST DIRECTION    SE (130)
  AVERAGE WIND SPEED     4.6


SKY COVER
  AVERAGE SKY COVER  MM


WEATHER CONDITIONS
 THE FOLLOWING WEATHER WAS RECORDED YESTERDAY.
  NO SIGNIFICANT WEATHER WAS OBSERVED.


RELATIVE HUMIDITY (PERCENT)
 HIGHEST    MM
 LOWEST     MM
 AVERAGE    MM

..........................................................


THE FORT LAUDERDALE CLIMATE NORMALS FOR TODAY
                         NORMAL    RECORD    YEAR
 MAXIMUM TEMPERATURE (F)   76        88      1947
                                             1925
 MINIMUM TEMPERATURE (F)   62        28      1977


SUNRISE AND SUNSET
JANUARY 20 2017.......SUNRISE   709 AM EST   SUNSET   555 PM EST
JANUARY 21 2017.......SUNRISE   708 AM EST   SUNSET   556 PM EST


-  INDICATES NEGATIVE NUMBERS.
R  INDICATES RECORD WAS SET OR TIED.
MM INDICATES DATA IS MISSING.
T  INDICATES TRACE AMOUNT.




$$
