000
CDUS42 KMFL 022116
CLIFLL


CLIMATE REPORT
NATIONAL WEATHER SERVICE MIAMI, FL
415 PM EST FRI DEC 2 2016


...................................

...THE FORT LAUDERDALE CLIMATE SUMMARY FOR DECEMBER 2 2016...
VALID TODAY AS OF 0400 PM LOCAL TIME.

CLIMATE NORMAL PERIOD 1981 TO 2010
CLIMATE RECORD PERIOD 1912 TO 2016


WEATHER ITEM   OBSERVED TIME   RECORD YEAR NORMAL DEPARTURE LAST
                VALUE   (LST)  VALUE       VALUE  FROM      YEAR
                                                  NORMAL
..................................................................
TEMPERATURE (F)
 TODAY
  MAXIMUM         84    143 PM  87    1977  80      4       80
                                      1921
  MINIMUM         68    903 AM  39    1956  67      1       72
  AVERAGE         76                        73      3       76

PRECIPITATION (IN)
  TODAY            0.17          2.04 1983   0.07   0.10     0.89
  MONTH TO DATE    0.59                      0.14   0.45     1.06
  SINCE NOV 1      1.63                      3.38  -1.75     5.94
  SINCE JAN 1     47.30                     59.86 -12.56    42.67

SNOWFALL (IN)
  TODAY            0.0
  MONTH TO DATE    0.0
  SINCE DEC 1      0.0
  SINCE JUL 1      0.0
  SNOW DEPTH       0

DEGREE DAYS
 HEATING
  TODAY            0                         0      0        0
  MONTH TO DATE    0                         0      0        0
  SINCE DEC 1      0                         0      0        0
  SINCE JUL 1      0                         2     -2        0

 COOLING
  TODAY           11                         8      3       11
  MONTH TO DATE   22                        17      5       22
  SINCE DEC 1     22                        17      5       22
  SINCE JAN 1   4548                      4530     18     4815
..................................................................


WIND (MPH)
  HIGHEST WIND SPEED    16   HIGHEST WIND DIRECTION    NE (50)
  HIGHEST GUST SPEED    22   HIGHEST GUST DIRECTION    NE (50)
  AVERAGE WIND SPEED     5.8


SKY COVER
  AVERAGE SKY COVER 0.9


WEATHER CONDITIONS
 THE FOLLOWING WEATHER WAS RECORDED TODAY.
  HEAVY RAIN
  LIGHT RAIN
  FOG


RELATIVE HUMIDITY (PERCENT)
 HIGHEST   100
 LOWEST     74
 AVERAGE    87

..........................................................


THE FORT LAUDERDALE CLIMATE NORMALS FOR TOMORROW
                         NORMAL    RECORD    YEAR
 MAXIMUM TEMPERATURE (F)   80        89      2009
 MINIMUM TEMPERATURE (F)   67        42      1935


SUNRISE AND SUNSET
DECEMBER  2 2016......SUNRISE   652 AM EST   SUNSET   529 PM EST
DECEMBER  3 2016......SUNRISE   652 AM EST   SUNSET   529 PM EST


-  INDICATES NEGATIVE NUMBERS.
R  INDICATES RECORD WAS SET OR TIED.
MM INDICATES DATA IS MISSING.
T  INDICATES TRACE AMOUNT.




$$
