000
CDUS42 KMFL 192134
CLIFLL


CLIMATE REPORT
NATIONAL WEATHER SERVICE MIAMI, FL
433 PM EST SUN FEB 19 2017


...................................

...THE FORT LAUDERDALE CLIMATE SUMMARY FOR FEBRUARY 19 2017...
VALID TODAY AS OF 0400 PM LOCAL TIME.

CLIMATE NORMAL PERIOD 1981 TO 2010
CLIMATE RECORD PERIOD 1912 TO 2017


WEATHER ITEM   OBSERVED TIME   RECORD YEAR NORMAL DEPARTURE LAST
                VALUE   (LST)  VALUE       VALUE  FROM      YEAR
                                                  NORMAL
..................................................................
TEMPERATURE (F)
 TODAY
  MAXIMUM         88    409 PM  89    1926  78     10       76
  MINIMUM         70    652 AM  35    1958  64      6       67
  AVERAGE         79                        71      8       72

PRECIPITATION (IN)
  TODAY            0.00          2.56 1981   0.08  -0.08     0.00
  MONTH TO DATE    0.13                      2.12  -1.99     3.18
  SINCE NOV 1      6.47                     11.45  -4.98    21.81
  SINCE JAN 1      1.84                      5.75  -3.91    10.59

SNOWFALL (IN)
  TODAY            0.0
  MONTH TO DATE    0.0
  SINCE DEC 1      0.0
  SINCE JUL 1      0.0
  SNOW DEPTH       0

DEGREE DAYS
 HEATING
  TODAY            0                         1     -1        0
  MONTH TO DATE    0                        19    -19       33
  SINCE DEC 1     29                        97    -68       78
  SINCE JUL 1     29                        99    -70       78

 COOLING
  TODAY           14                         7      7        7
  MONTH TO DATE  155                       124     31       81
  SINCE DEC 1    711                       510    201      602
  SINCE JAN 1    368                       294     74      205
..................................................................


WIND (MPH)
  HIGHEST WIND SPEED    16   HIGHEST WIND DIRECTION     W (260)
  HIGHEST GUST SPEED    22   HIGHEST GUST DIRECTION    NW (330)
  AVERAGE WIND SPEED     8.0


SKY COVER
  AVERAGE SKY COVER 0.6


WEATHER CONDITIONS
 THE FOLLOWING WEATHER WAS RECORDED TODAY.
  NO SIGNIFICANT WEATHER WAS OBSERVED.


RELATIVE HUMIDITY (PERCENT)
 HIGHEST   100
 LOWEST     40
 AVERAGE    70

..........................................................


THE FORT LAUDERDALE CLIMATE NORMALS FOR TOMORROW
                         NORMAL    RECORD    YEAR
 MAXIMUM TEMPERATURE (F)   78        87      1984
                                             1956
 MINIMUM TEMPERATURE (F)   64        40      2015
                                             1960
                                             1958


SUNRISE AND SUNSET
FEBRUARY 19 2017......SUNRISE   653 AM EST   SUNSET   616 PM EST
FEBRUARY 20 2017......SUNRISE   652 AM EST   SUNSET   617 PM EST


-  INDICATES NEGATIVE NUMBERS.
R  INDICATES RECORD WAS SET OR TIED.
MM INDICATES DATA IS MISSING.
T  INDICATES TRACE AMOUNT.




$$
