000
CDUS42 KMFL 280839
CLIFLL


CLIMATE REPORT
NATIONAL WEATHER SERVICE MIAMI, FL
439 AM EDT WED SEP 28 2016


...................................

...THE FORT LAUDERDALE CLIMATE SUMMARY FOR SEPTEMBER 27 2016...

CLIMATE NORMAL PERIOD 1981 TO 2010
CLIMATE RECORD PERIOD 1912 TO 2016


WEATHER ITEM   OBSERVED TIME   RECORD YEAR NORMAL DEPARTURE LAST
                VALUE   (LST)  VALUE       VALUE  FROM      YEAR
                                                  NORMAL
..................................................................
TEMPERATURE (F)
 YESTERDAY
  MAXIMUM         87   1020 AM  93    1931  88     -1       87
                                      1921
  MINIMUM         73   1223 PM  67    1935  77     -4       79
  AVERAGE         80                        83     -3       83

PRECIPITATION (IN)
  YESTERDAY        1.46          4.61 1968   0.26   1.20     0.00
  MONTH TO DATE    4.38                      7.82  -3.44     9.77
  SINCE JUN 1     23.01                     31.40  -8.39    19.64
  SINCE JAN 1     41.96                     48.89  -6.93    33.69

SNOWFALL (IN)
  YESTERDAY        0.0
  MONTH TO DATE    0.0
  SINCE SEP 1      0.0
  SINCE JUL 1      0.0
  SNOW DEPTH       0

DEGREE DAYS
 HEATING
  YESTERDAY        0                         0      0        0
  MONTH TO DATE    0                         0      0        0
  SINCE SEP 1      0                         0      0        0
  SINCE JUL 1      0                         0      0        0

 COOLING
  YESTERDAY       15                        18     -3       18
  MONTH TO DATE  494                       492      2      483
  SINCE SEP 1    494                       492      2      483
  SINCE JAN 1   3695                      3658     37     3814
..................................................................


WIND (MPH)
  HIGHEST WIND SPEED    23   HIGHEST WIND DIRECTION     W (270)
  HIGHEST GUST SPEED    29   HIGHEST GUST DIRECTION     W (270)
  AVERAGE WIND SPEED     4.3


SKY COVER
  AVERAGE SKY COVER 0.8


WEATHER CONDITIONS
 THE FOLLOWING WEATHER WAS RECORDED YESTERDAY.
  THUNDERSTORM
  HEAVY RAIN
  RAIN
  LIGHT RAIN
  FOG


RELATIVE HUMIDITY (PERCENT)
 HIGHEST    91
 LOWEST     61
 AVERAGE    76

..........................................................


THE FORT LAUDERDALE CLIMATE NORMALS FOR TODAY
                         NORMAL    RECORD    YEAR
 MAXIMUM TEMPERATURE (F)   88        94      1958
                                             1940
 MINIMUM TEMPERATURE (F)   77        69      1983
                                             1969


SUNRISE AND SUNSET
SEPTEMBER 28 2016.....SUNRISE   712 AM EDT   SUNSET   710 PM EDT
SEPTEMBER 29 2016.....SUNRISE   712 AM EDT   SUNSET   709 PM EDT


-  INDICATES NEGATIVE NUMBERS.
R  INDICATES RECORD WAS SET OR TIED.
MM INDICATES DATA IS MISSING.
T  INDICATES TRACE AMOUNT.




$$
