000
CDUS42 KILM 210841
CLIFLO


CLIMATE REPORT
NATIONAL WEATHER SERVICE WILMINGTON NC
441 AM EDT THU SEP 21 2017


...................................

...THE FLORENCE SC CLIMATE SUMMARY FOR SEPTEMBER 20 2017...

CLIMATE NORMAL PERIOD 1981 TO 2010
CLIMATE RECORD PERIOD 1948 TO 2017


WEATHER ITEM   OBSERVED TIME   RECORD YEAR NORMAL DEPARTURE LAST
                VALUE   (LST)  VALUE       VALUE  FROM      YEAR
                                                  NORMAL
..................................................................
TEMPERATURE (F)
 YESTERDAY
  MAXIMUM         89    250 PM  96    2010  83      6       81
  MINIMUM         65    558 AM  45    1984  63      2       72
  AVERAGE         77                        73      4       77

PRECIPITATION (IN)
  YESTERDAY        0.00          1.28 1952   0.12  -0.12     0.07
  MONTH TO DATE    4.04                      2.53   1.51     7.00
  SINCE SEP 1      4.04                      2.53   1.51     7.00
  SINCE JAN 1     35.62                     33.01   2.61    39.88

DEGREE DAYS
 HEATING
  YESTERDAY        0                         0      0        0
  MONTH TO DATE    0                         0      0        0
  SINCE SEP 1      0                         0      0        0
  SINCE JUL 1      0                         0      0        0

 COOLING
  YESTERDAY       12                         8      4       12
  MONTH TO DATE  182                       218    -36      284
  SINCE SEP 1    182                       218    -36      284
  SINCE JAN 1   1964                      1888     76     2321
..................................................................


WIND (MPH)
  HIGHEST WIND SPEED    10   HIGHEST WIND DIRECTION     W (260)
  HIGHEST GUST SPEED    17   HIGHEST GUST DIRECTION    SW (230)
  AVERAGE WIND SPEED     3.2


SKY COVER
  POSSIBLE SUNSHINE  MM
  AVERAGE SKY COVER 0.1


WEATHER CONDITIONS
 THE FOLLOWING WEATHER WAS RECORDED YESTERDAY.
  THUNDERSTORM


RELATIVE HUMIDITY (PERCENT)
 HIGHEST   100           300 AM
 LOWEST     50           100 PM
 AVERAGE    75

..........................................................


THE FLORENCE SC CLIMATE NORMALS FOR TODAY
                         NORMAL    RECORD    YEAR
 MAXIMUM TEMPERATURE (F)   83        97      1954
 MINIMUM TEMPERATURE (F)   63        45      1962


SUNRISE AND SUNSET
SEPTEMBER 21 2017.....SUNRISE   706 AM EDT   SUNSET   717 PM EDT
SEPTEMBER 22 2017.....SUNRISE   707 AM EDT   SUNSET   715 PM EDT


-  INDICATES NEGATIVE NUMBERS.
R  INDICATES RECORD WAS SET OR TIED.
MM INDICATES DATA IS MISSING.
T  INDICATES TRACE AMOUNT.




$$
