000
CDUS42 KILM 160941
CLIFLO


CLIMATE REPORT
NATIONAL WEATHER SERVICE WILMINGTON NC
441 AM EST MON JAN 16 2017


...................................

...THE FLORENCE SC CLIMATE SUMMARY FOR JANUARY 15 2017...

CLIMATE NORMAL PERIOD 1981 TO 2010
CLIMATE RECORD PERIOD 1948 TO 2017


WEATHER ITEM   OBSERVED TIME   RECORD YEAR NORMAL DEPARTURE LAST
                VALUE   (LST)  VALUE       VALUE  FROM      YEAR
                                                  NORMAL
..................................................................
TEMPERATURE (F)
 YESTERDAY
  MAXIMUM         70    301 PM  79    2013  55     15       59
  MINIMUM         43    741 AM  12    1948  34      9       37
  AVERAGE         57                        45     12       48

PRECIPITATION (IN)
  YESTERDAY        0.00          2.06 1995   0.10  -0.10     0.69
  MONTH TO DATE    2.13                      1.59   0.54     0.79
  SINCE DEC 1      6.70                      4.60   2.10     7.88
  SINCE JAN 1      2.13                      1.59   0.54     0.79

SNOWFALL (IN)
  YESTERDAY       MM
  MONTH TO DATE   MM
  SINCE DEC 1     MM
  SINCE JUL 1     MM
  SNOW DEPTH      MM

DEGREE DAYS
 HEATING
  YESTERDAY        8                        20    -12       17
  MONTH TO DATE  223                       307    -84      309
  SINCE DEC 1    718                       864   -146      530
  SINCE JUL 1   1031                      1286   -255      794

 COOLING
  YESTERDAY        0                         0      0        0
  MONTH TO DATE    0                         0      0        0
  SINCE DEC 1      4                         4      0       57
  SINCE JAN 1      0                         0      0        0
..................................................................


WIND (MPH)
  HIGHEST WIND SPEED    10   HIGHEST WIND DIRECTION     E (80)
  HIGHEST GUST SPEED    13   HIGHEST GUST DIRECTION     E (70)
  AVERAGE WIND SPEED     3.5


SKY COVER
  POSSIBLE SUNSHINE  MM
  AVERAGE SKY COVER 0.2


WEATHER CONDITIONS
 THE FOLLOWING WEATHER WAS RECORDED YESTERDAY.
  FOG
  FOG W/VISIBILITY <= 1/4 MILE


RELATIVE HUMIDITY (PERCENT)
 HIGHEST   100           100 AM
 LOWEST     63           200 PM
 AVERAGE    82

..........................................................


THE FLORENCE SC CLIMATE NORMALS FOR TODAY
                         NORMAL    RECORD    YEAR
 MAXIMUM TEMPERATURE (F)   55        81      1950
 MINIMUM TEMPERATURE (F)   34        12      1994


SUNRISE AND SUNSET
JANUARY 16 2017.......SUNRISE   724 AM EST   SUNSET   534 PM EST
JANUARY 17 2017.......SUNRISE   724 AM EST   SUNSET   535 PM EST


-  INDICATES NEGATIVE NUMBERS.
R  INDICATES RECORD WAS SET OR TIED.
MM INDICATES DATA IS MISSING.
T  INDICATES TRACE AMOUNT.




$$
