000
CDUS42 KILM 160841
CLIFLO


CLIMATE REPORT
NATIONAL WEATHER SERVICE WILMINGTON NC
441 AM EDT WED APR 16 2014


...................................

...THE FLORENCE SC CLIMATE SUMMARY FOR APRIL 15 2014...

CLIMATE NORMAL PERIOD 1981 TO 2010
CLIMATE RECORD PERIOD 1948 TO 2014


WEATHER ITEM   OBSERVED TIME   RECORD YEAR NORMAL DEPARTURE LAST
                VALUE   (LST)  VALUE       VALUE  FROM      YEAR
                                                  NORMAL
..................................................................
TEMPERATURE (F)
 YESTERDAY
  MAXIMUM         76    404 PM  94    2006  76      0       74
  MINIMUM         44   1159 PM  32    1950  51     -7       62
  AVERAGE         60                        63     -3       68

PRECIPITATION (IN)
  YESTERDAY        0.66          2.37 1987   0.08   0.58      T
  MONTH TO DATE    1.59                      1.30   0.29     1.50
  SINCE MAR 1      6.14                      4.63   1.51     3.99
  SINCE JAN 1     11.86                     10.78   1.08    10.51

SNOWFALL (IN)
  YESTERDAY       MM
  MONTH TO DATE   MM
  SINCE MAR 1     MM
  SINCE JUL 1     MM
  SNOW DEPTH      MM

DEGREE DAYS
 HEATING
  YESTERDAY        5                         4      1        0
  MONTH TO DATE   28                        80    -52       65
  SINCE MAR 1    471                       390     81      529
  SINCE JUL 1   2600                      2456    144     2276

 COOLING
  YESTERDAY        0                         2     -2        3
  MONTH TO DATE   36                        27      9       34
  SINCE MAR 1     40                        45     -5       42
  SINCE JAN 1     46                        51     -5       63
..................................................................


WIND (MPH)
  HIGHEST WIND SPEED    25   HIGHEST WIND DIRECTION     N (350)
  HIGHEST GUST SPEED    34   HIGHEST GUST DIRECTION     N (10)
  AVERAGE WIND SPEED    13.7


SKY COVER
  POSSIBLE SUNSHINE  MM
  AVERAGE SKY COVER 0.9


WEATHER CONDITIONS
 THE FOLLOWING WEATHER WAS RECORDED YESTERDAY.
  HEAVY RAIN
  RAIN
  LIGHT RAIN
  FOG


RELATIVE HUMIDITY (PERCENT)
 HIGHEST    93           800 AM
 LOWEST     65          1100 PM
 AVERAGE    79

..........................................................


THE FLORENCE SC CLIMATE NORMALS FOR TODAY
                         NORMAL    RECORD    YEAR
 MAXIMUM TEMPERATURE (F)   76        90      2006
                                             1967
 MINIMUM TEMPERATURE (F)   51        32      1962


SUNRISE AND SUNSET
APRIL 16 2014.........SUNRISE   647 AM EDT   SUNSET   751 PM EDT
APRIL 17 2014.........SUNRISE   645 AM EDT   SUNSET   752 PM EDT


-  INDICATES NEGATIVE NUMBERS.
R  INDICATES RECORD WAS SET OR TIED.
MM INDICATES DATA IS MISSING.
T  INDICATES TRACE AMOUNT.




$$
