000
CDUS42 KILM 212142
CLIFLO


CLIMATE REPORT
NATIONAL WEATHER SERVICE WILMINGTON NC
441 PM EST SUN DEC 21 2014


...................................

...THE FLORENCE SC CLIMATE SUMMARY FOR DECEMBER 21 2014...
VALID TODAY AS OF 0400 PM LOCAL TIME.

CLIMATE NORMAL PERIOD 1981 TO 2010
CLIMATE RECORD PERIOD 1948 TO 2014


WEATHER ITEM   OBSERVED TIME   RECORD YEAR NORMAL DEPARTURE LAST
                VALUE   (LST)  VALUE       VALUE  FROM      YEAR
                                                  NORMAL
..................................................................
TEMPERATURE (F)
 TODAY
  MAXIMUM         55    155 PM  79    2013  56     -1       79
  MINIMUM         37    105 AM  16    1981  36      1       47
  AVERAGE         46                        46      0       63

PRECIPITATION (IN)
  TODAY            0.00          1.30 1972   0.10  -0.10     0.00
  MONTH TO DATE    0.22                      1.99  -1.77     2.66
  SINCE DEC 1      0.22                      1.99  -1.77     2.66
  SINCE JAN 1     41.51                     41.89  -0.38    53.00

SNOWFALL (IN)
  TODAY           MM
  MONTH TO DATE   MM
  SINCE DEC 1     MM
  SINCE JUL 1     MM
  SNOW DEPTH      MM

DEGREE DAYS
 HEATING
  TODAY           19                        19      0        2
  MONTH TO DATE  323                       358    -35      289
  SINCE DEC 1    323                       358    -35      289
  SINCE JUL 1    823                       780     43      759

 COOLING
  TODAY            0                         0      0        0
  MONTH TO DATE    0                         0      0        8
  SINCE DEC 1      0                         0      0        8
  SINCE JAN 1   2282                      2059    223     2054
..................................................................


WIND (MPH)
  HIGHEST WIND SPEED    15   HIGHEST WIND DIRECTION    NE (60)
  HIGHEST GUST SPEED    18   HIGHEST GUST DIRECTION    NE (40)
  AVERAGE WIND SPEED     7.9


SKY COVER
  POSSIBLE SUNSHINE  MM
  AVERAGE SKY COVER 0.8


WEATHER CONDITIONS
 THE FOLLOWING WEATHER WAS RECORDED TODAY.
  FOG
  HAZE


RELATIVE HUMIDITY (PERCENT)
 HIGHEST    92          1200 AM
 LOWEST     55           100 PM
 AVERAGE    74

..........................................................


THE FLORENCE SC CLIMATE NORMALS FOR TOMORROW
                         NORMAL    RECORD    YEAR
 MAXIMUM TEMPERATURE (F)   56        83      2013
 MINIMUM TEMPERATURE (F)   35        18      1985


SUNRISE AND SUNSET
DECEMBER 21 2014......SUNRISE   721 AM EST   SUNSET   513 PM EST
DECEMBER 22 2014......SUNRISE   721 AM EST   SUNSET   514 PM EST


-  INDICATES NEGATIVE NUMBERS.
R  INDICATES RECORD WAS SET OR TIED.
MM INDICATES DATA IS MISSING.
T  INDICATES TRACE AMOUNT.




$$
