000
CDUS42 KILM 292041
CLIFLO


CLIMATE REPORT
NATIONAL WEATHER SERVICE WILMINGTON NC
441 PM EDT MON MAY 29 2017


...................................

...THE FLORENCE SC CLIMATE SUMMARY FOR MAY 29 2017...
VALID TODAY AS OF 0400 PM LOCAL TIME.

CLIMATE NORMAL PERIOD 1981 TO 2010
CLIMATE RECORD PERIOD 1948 TO 2017


WEATHER ITEM   OBSERVED TIME   RECORD YEAR NORMAL DEPARTURE LAST
                VALUE   (LST)  VALUE       VALUE  FROM      YEAR
                                                  NORMAL
..................................................................
TEMPERATURE (F)
 TODAY
  MAXIMUM         89    256 PM  95    1991  85      4       85
  MINIMUM         67    330 AM  51    1961  64      3       72
  AVERAGE         78                        74      4       79

PRECIPITATION (IN)
  TODAY            0.00          1.14 2001   0.13  -0.13     0.19
  MONTH TO DATE    3.53                      3.00   0.53     6.56
  SINCE MAR 1      9.68                      8.95   0.73    13.53
  SINCE JAN 1     14.55                     15.10  -0.55    20.99

DEGREE DAYS
 HEATING
  TODAY            0                         0      0        0
  MONTH TO DATE   11                        22    -11       10
  SINCE MAR 1    391                       456    -65      288
  SINCE JUL 1   1836                      2522   -686     1948

 COOLING
  TODAY           13                        10      3       14
  MONTH TO DATE  214                       190     24      188
  SINCE MAR 1    392                       280    112      319
  SINCE JAN 1    405                       286    119      320
..................................................................


WIND (MPH)
  HIGHEST WIND SPEED    16   HIGHEST WIND DIRECTION    SW (240)
  HIGHEST GUST SPEED    20   HIGHEST GUST DIRECTION     W (270)
  AVERAGE WIND SPEED     6.0


SKY COVER
  POSSIBLE SUNSHINE  MM
  AVERAGE SKY COVER 0.0


WEATHER CONDITIONS
 THE FOLLOWING WEATHER WAS RECORDED TODAY.
  NO SIGNIFICANT WEATHER WAS OBSERVED.


RELATIVE HUMIDITY (PERCENT)
 HIGHEST   100          1200 AM
 LOWEST     46           100 PM
 AVERAGE    73

..........................................................


THE FLORENCE SC CLIMATE NORMALS FOR TOMORROW
                         NORMAL    RECORD    YEAR
 MAXIMUM TEMPERATURE (F)   86        96      1953
 MINIMUM TEMPERATURE (F)   64        53      1984


SUNRISE AND SUNSET
MAY 29 2017...........SUNRISE   609 AM EDT   SUNSET   824 PM EDT
MAY 30 2017...........SUNRISE   609 AM EDT   SUNSET   824 PM EDT


-  INDICATES NEGATIVE NUMBERS.
R  INDICATES RECORD WAS SET OR TIED.
MM INDICATES DATA IS MISSING.
T  INDICATES TRACE AMOUNT.




$$
