000
CDUS42 KTBW 192214
CLIFMY


CLIMATE REPORT
NATIONAL WEATHER SERVICE TAMPA BAY FL
511 PM EST FRI DEC 19 2014


...................................

...THE FORT MYERS CLIMATE SUMMARY FOR DECEMBER 19 2014...
VALID TODAY AS OF 0500 PM LOCAL TIME.

CLIMATE NORMAL PERIOD 1981 TO 2010
CLIMATE RECORD PERIOD 1902 TO 2014


WEATHER ITEM   OBSERVED TIME   RECORD YEAR NORMAL DEPARTURE LAST
                VALUE   (LST)  VALUE       VALUE  FROM      YEAR
                                                  NORMAL
..................................................................
TEMPERATURE (F)
 TODAY
  MAXIMUM         78    259 PM  88    1990  76      2       80
  MINIMUM         49    728 AM  35    1988  56     -7       52
  AVERAGE         64                        66     -2       66

PRECIPITATION (IN)
  TODAY            0.00          0.96 1916   0.06  -0.06     0.00
  MONTH TO DATE    0.01                      0.97  -0.96     0.32
  SINCE DEC 1      0.01                      0.97  -0.96     0.32
  SINCE JAN 1     42.28                     55.19 -12.91    53.61

DEGREE DAYS
 HEATING
  TODAY            1                         3     -2        0
  MONTH TO DATE   48                        35     13        4
  SINCE DEC 1     48                        35     13        4
  SINCE JUL 1     89                        53     36       13

 COOLING
  TODAY            0                         4     -4        1
  MONTH TO DATE   57                        83    -26      123
  SINCE DEC 1     57                        83    -26      123
  SINCE JAN 1   3984                      3946     38     3997
..................................................................


WIND (MPH)
  RESULTANT WIND SPEED   2   RESULTANT WIND DIRECTION   E (70)
  HIGHEST WIND SPEED     8   HIGHEST WIND DIRECTION    NE (50)
  HIGHEST GUST SPEED    10   HIGHEST GUST DIRECTION    NE (50)
  AVERAGE WIND SPEED     2.9


SKY COVER
  POSSIBLE SUNSHINE  MM
  AVERAGE SKY COVER 0.0


WEATHER CONDITIONS
 THE FOLLOWING WEATHER WAS RECORDED TODAY.
  FOG


RELATIVE HUMIDITY (PERCENT)
 HIGHEST   100           700 AM
 LOWEST     33           300 PM

..........................................................


THE FORT MYERS CLIMATE NORMALS FOR TOMORROW
                         NORMAL    RECORD    YEAR
 MAXIMUM TEMPERATURE (F)   76        87      1990
 MINIMUM TEMPERATURE (F)   56        33      1981


SUNRISE AND SUNSET
DECEMBER 19 2014......SUNRISE   710 AM EST   SUNSET   539 PM EST
DECEMBER 20 2014......SUNRISE   711 AM EST   SUNSET   539 PM EST


-  INDICATES NEGATIVE NUMBERS.
R  INDICATES RECORD WAS SET OR TIED.
MM INDICATES DATA IS MISSING.
T  INDICATES TRACE AMOUNT.




$$


&&
------------------------------------------------------------------
******************** SUPPLEMENTAL DATA ***************************

...GULF WATER TEMPERATURE AT FORT MYERS BEACH 67
