000
CDUS42 KTBW 220931
CLIFMY


CLIMATE REPORT
NATIONAL WEATHER SERVICE TAMPA BAY FL
429 AM EST WED FEB 22 2017


...................................

...THE FORT MYERS CLIMATE SUMMARY FOR FEBRUARY 21 2017...

CLIMATE NORMAL PERIOD 1981 TO 2010
CLIMATE RECORD PERIOD 1902 TO 2017


WEATHER ITEM   OBSERVED TIME   RECORD YEAR NORMAL DEPARTURE LAST
                VALUE   (LST)  VALUE       VALUE  FROM      YEAR
                                                  NORMAL
..................................................................
TEMPERATURE (F)
 YESTERDAY
  MAXIMUM         81    247 PM  91    1944  78      3       78
  MINIMUM         66    740 AM  30    1958  57      9       57
  AVERAGE         74                        67      7       68

PRECIPITATION (IN)
  YESTERDAY        0.00          0.52 1904   0.07  -0.07     0.00
  MONTH TO DATE    0.10                      1.56  -1.46     1.68
  SINCE DEC 1      1.87                      5.21  -3.34    18.26
  SINCE JAN 1      1.63                      3.50  -1.87    14.66

DEGREE DAYS
 HEATING
  YESTERDAY        0                         2     -2        0
  MONTH TO DATE    1                        48    -47       65
  SINCE DEC 1     60                       231   -171      172
  SINCE JUL 1     65                       249   -184      172

 COOLING
  YESTERDAY        9                         4      5        3
  MONTH TO DATE  127                        74     53       47
  SINCE DEC 1    556                       278    278      369
  SINCE JAN 1    280                       157    123       91
..................................................................


WIND (MPH)
  RESULTANT WIND SPEED   5   RESULTANT WIND DIRECTION  SE (140)
  HIGHEST WIND SPEED    15   HIGHEST WIND DIRECTION    SE (150)
  HIGHEST GUST SPEED    21   HIGHEST GUST DIRECTION     S (160)
  AVERAGE WIND SPEED     5.8


SKY COVER
  POSSIBLE SUNSHINE  MM
  AVERAGE SKY COVER 0.4


WEATHER CONDITIONS
 THE FOLLOWING WEATHER WAS RECORDED YESTERDAY.
  NO SIGNIFICANT WEATHER WAS OBSERVED.


RELATIVE HUMIDITY (PERCENT)
 HIGHEST    87          1200 AM
 LOWEST     45           300 PM

..........................................................


THE FORT MYERS CLIMATE NORMALS FOR TODAY
                         NORMAL    RECORD    YEAR
 MAXIMUM TEMPERATURE (F)   78        91      1975
 MINIMUM TEMPERATURE (F)   57        36      1977


SUNRISE AND SUNSET
FEBRUARY 22 2017......SUNRISE   657 AM EST   SUNSET   625 PM EST
FEBRUARY 23 2017......SUNRISE   657 AM EST   SUNSET   625 PM EST


-  INDICATES NEGATIVE NUMBERS.
R  INDICATES RECORD WAS SET OR TIED.
MM INDICATES DATA IS MISSING.
T  INDICATES TRACE AMOUNT.




$$


&&
------------------------------------------------------------------
******************** SUPPLEMENTAL DATA ***************************

...GULF WATER TEMPERATURE AT FORT MYERS BEACH 72 DEGREES
