000
CDUS42 KTBW 232214
CLIFMY


CLIMATE REPORT
NATIONAL WEATHER SERVICE TAMPA BAY FL
511 PM EST SUN NOV 23 2014


...................................

...THE FORT MYERS CLIMATE SUMMARY FOR NOVEMBER 23 2014...
VALID TODAY AS OF 0500 PM LOCAL TIME.

CLIMATE NORMAL PERIOD 1981 TO 2010
CLIMATE RECORD PERIOD 1902 TO 2014


WEATHER ITEM   OBSERVED TIME   RECORD YEAR NORMAL DEPARTURE LAST
                VALUE   (LST)  VALUE       VALUE  FROM      YEAR
                                                  NORMAL
..................................................................
TEMPERATURE (F)
 TODAY
  MAXIMUM         86    219 PM  95    1986  80      6       86
  MINIMUM         71    602 AM  40    1956  61     10       67
  AVERAGE         79                        70      9       77

PRECIPITATION (IN)
  TODAY            0.00          0.65 1893   0.04  -0.04     0.00
  MONTH TO DATE    1.58                      1.63  -0.05     0.96
  SINCE SEP 1     10.14                     12.82  -2.68    13.22
  SINCE JAN 1     39.38                     53.89 -14.51    52.82

DEGREE DAYS
 HEATING
  TODAY            0                         1     -1        0
  MONTH TO DATE   28                         8     20        0
  SINCE SEP 1     28                        10     18        0
  SINCE JUL 1     28                        10     18        0

 COOLING
  TODAY           14                         6      8       12
  MONTH TO DATE  104                       176    -72      218
  SINCE SEP 1    984                      1100   -116     1123
  SINCE JAN 1   3895                      3824     71     3841
..................................................................


WIND (MPH)
  RESULTANT WIND SPEED   8   RESULTANT WIND DIRECTION   S (160)
  HIGHEST WIND SPEED    17   HIGHEST WIND DIRECTION     S (200)
  HIGHEST GUST SPEED    23   HIGHEST GUST DIRECTION    SW (210)
  AVERAGE WIND SPEED    10.0


SKY COVER
  POSSIBLE SUNSHINE  MM
  AVERAGE SKY COVER 0.7


WEATHER CONDITIONS
 THE FOLLOWING WEATHER WAS RECORDED TODAY.
  FOG


RELATIVE HUMIDITY (PERCENT)
 HIGHEST   100           200 AM
 LOWEST     65          1200 PM

..........................................................


THE FORT MYERS CLIMATE NORMALS FOR TOMORROW
                         NORMAL    RECORD    YEAR
 MAXIMUM TEMPERATURE (F)   80        88      1992
 MINIMUM TEMPERATURE (F)   60        36      1956


SUNRISE AND SUNSET
NOVEMBER 23 2014......SUNRISE   653 AM EST   SUNSET   535 PM EST
NOVEMBER 24 2014......SUNRISE   653 AM EST   SUNSET   535 PM EST


-  INDICATES NEGATIVE NUMBERS.
R  INDICATES RECORD WAS SET OR TIED.
MM INDICATES DATA IS MISSING.
T  INDICATES TRACE AMOUNT.




$$


&&
------------------------------------------------------------------
******************** SUPPLEMENTAL DATA ***************************

...GULF WATER TEMPERATURE AT FORT MYERS BEACH 70
