000
CDUS42 KTBW 012219
CLIFMY


CLIMATE REPORT
NATIONAL WEATHER SERVICE TAMPA BAY FL
516 PM EST SUN MAR 1 2015


...................................

...THE FORT MYERS CLIMATE SUMMARY FOR MARCH 1 2015...
VALID TODAY AS OF 0500 PM LOCAL TIME.

CLIMATE NORMAL PERIOD 1981 TO 2010
CLIMATE RECORD PERIOD 1902 TO 2015


WEATHER ITEM   OBSERVED TIME   RECORD YEAR NORMAL DEPARTURE LAST
                VALUE   (LST)  VALUE       VALUE  FROM      YEAR
                                                  NORMAL
..................................................................
TEMPERATURE (F)
 TODAY
  MAXIMUM         87    338 PM  89    1945  79      8       81
  MINIMUM         69    754 AM  39    1968  58     11       50
                                      1941
  AVERAGE         78                        68     10       66

PRECIPITATION (IN)
  TODAY            0.01          3.41 1980   0.08  -0.07     0.00
  MONTH TO DATE    0.01                      0.08  -0.07     0.00
  SINCE MAR 1      0.01                      0.08  -0.07     0.00
  SINCE JAN 1      3.20                      4.17  -0.97     3.44

DEGREE DAYS
 HEATING
  TODAY            0                         1     -1        0
  MONTH TO DATE    0                         1     -1        0
  SINCE MAR 1      0                         1     -1        0
  SINCE JUL 1    231                       261    -30      169

 COOLING
  TODAY           13                         5      8        1
  MONTH TO DATE   13                         5      8        1
  SINCE MAR 1     13                         5      8        1
  SINCE JAN 1    161                       190    -29      262
..................................................................


WIND (MPH)
  RESULTANT WIND SPEED   7   RESULTANT WIND DIRECTION   E (90)
  HIGHEST WIND SPEED    15   HIGHEST WIND DIRECTION    SE (120)
  HIGHEST GUST SPEED    20   HIGHEST GUST DIRECTION    SE (130)
  AVERAGE WIND SPEED     7.7


SKY COVER
  POSSIBLE SUNSHINE  MM
  AVERAGE SKY COVER 0.6


WEATHER CONDITIONS
 THE FOLLOWING WEATHER WAS RECORDED TODAY.
  LIGHT RAIN


RELATIVE HUMIDITY (PERCENT)
 HIGHEST   100          1200 AM
 LOWEST     51           200 PM

..........................................................


THE FORT MYERS CLIMATE NORMALS FOR TOMORROW
                         NORMAL    RECORD    YEAR
 MAXIMUM TEMPERATURE (F)   79        89      1979
 MINIMUM TEMPERATURE (F)   58        33      1920


SUNRISE AND SUNSET
MARCH  1 2015.........SUNRISE   651 AM EST   SUNSET   629 PM EST
MARCH  2 2015.........SUNRISE   650 AM EST   SUNSET   629 PM EST


-  INDICATES NEGATIVE NUMBERS.
R  INDICATES RECORD WAS SET OR TIED.
MM INDICATES DATA IS MISSING.
T  INDICATES TRACE AMOUNT.




$$


&&
------------------------------------------------------------------
******************** SUPPLEMENTAL DATA ***************************

...GULF WATER TEMPERATURE AT FORT MYERS BEACH 67
